148.222.199.27 - - [11/Apr/2025:13:53:22 +0000] "GET /2025/04/09/sicario-acuso-a-mujer-de-haber-enviado-a-matar-a-su-esposo/ HTTP/1.1" 200 24376 "https://www.abranoticias.com/2025/04/11/en-sandona-allanaron-5-viviendas-este-seria-el-delito/" "Mozilla/5.0 (Linux; Android 13; SM-A127M Build/TP1A.220624.014; wv) AppleWebKit/537.36 (KHTML, like Gecko) Version/4.0 Chrome/134.0.6998.135 Mobile Safari/537.36[FBAN/EMA;FBLC/es_ES;FBAV/453.0.0.18.113;FBCX/modulariab;]"
148.222.199.27 - - [11/Apr/2025:13:53:22 +0000] "GET /2025/04/09/sicario-acuso-a-mujer-de-haber-enviado-a-matar-a-su-esposo/ HTTP/1.1" 200 24376 "https://www.abranoticias.com/2025/04/11/en-sandona-allanaron-5-viviendas-este-seria-el-delito/" "Mozilla/5.0 (Linux; Android 13; SM-A127M Build/TP1A.220624.014; wv) AppleWebKit/537.36 (KHTML, like Gecko) Version/4.0 Chrome/134.0.6998.135 Mobile Safari/537.36[FBAN/EMA;FBLC/es_ES;FBAV/453.0.0.18.113;FBCX/modulariab;]"
148.222.199.27 - - [11/Apr/2025:13:53:23 +0000] "GET /2025/04/09/sicario-acuso-a-mujer-de-haber-enviado-a-matar-a-su-esposo/ HTTP/1.1" 200 24376 "https://www.abranoticias.com/2025/04/11/en-sandona-allanaron-5-viviendas-este-seria-el-delito/" "Mozilla/5.0 (Linux; Android 13; SM-A127M Build/TP1A.220624.014; wv) AppleWebKit/537.36 (KHTML, like Gecko) Version/4.0 Chrome/134.0.6998.135 Mobile Safari/537.36[FBAN/EMA;FBLC/es_ES;FBAV/453.0.0.18.113;FBCX/modulariab;]"
148.222.199.27 - - [11/Apr/2025:13:53:24 +0000] "GET /2025/04/09/sicario-acuso-a-mujer-de-haber-enviado-a-matar-a-su-esposo/ HTTP/1.1" 200 24376 "https://www.abranoticias.com/2025/04/11/en-sandona-allanaron-5-viviendas-este-seria-el-delito/" "Mozilla/5.0 (Linux; Android 13; SM-A127M Build/TP1A.220624.014; wv) AppleWebKit/537.36 (KHTML, like Gecko) Version/4.0 Chrome/134.0.6998.135 Mobile Safari/537.36[FBAN/EMA;FBLC/es_ES;FBAV/453.0.0.18.113;FBCX/modulariab;]"
148.222.199.27 - - [11/Apr/2025:13:53:23 +0000] "GET /2025/04/09/sicario-acuso-a-mujer-de-haber-enviado-a-matar-a-su-esposo/ HTTP/1.1" 200 24376 "https://www.abranoticias.com/2025/04/11/en-sandona-allanaron-5-viviendas-este-seria-el-delito/" "Mozilla/5.0 (Linux; Android 13; SM-A127M Build/TP1A.220624.014; wv) AppleWebKit/537.36 (KHTML, like Gecko) Version/4.0 Chrome/134.0.6998.135 Mobile Safari/537.36[FBAN/EMA;FBLC/es_ES;FBAV/453.0.0.18.113;FBCX/modulariab;]"
148.222.199.27 - - [11/Apr/2025:13:53:25 +0000] "GET /2025/04/09/sicario-acuso-a-mujer-de-haber-enviado-a-matar-a-su-esposo/ HTTP/1.1" 200 24376 "https://www.abranoticias.com/2025/04/11/en-sandona-allanaron-5-viviendas-este-seria-el-delito/" "Mozilla/5.0 (Linux; Android 13; SM-A127M Build/TP1A.220624.014; wv) AppleWebKit/537.36 (KHTML, like Gecko) Version/4.0 Chrome/134.0.6998.135 Mobile Safari/537.36[FBAN/EMA;FBLC/es_ES;FBAV/453.0.0.18.113;FBCX/modulariab;]"
148.222.199.27 - - [11/Apr/2025:13:53:26 +0000] "GET /2025/04/09/sicario-acuso-a-mujer-de-haber-enviado-a-matar-a-su-esposo/ HTTP/1.1" 200 24376 "https://www.abranoticias.com/2025/04/11/en-sandona-allanaron-5-viviendas-este-seria-el-delito/" "Mozilla/5.0 (Linux; Android 13; SM-A127M Build/TP1A.220624.014; wv) AppleWebKit/537.36 (KHTML, like Gecko) Version/4.0 Chrome/134.0.6998.135 Mobile Safari/537.36[FBAN/EMA;FBLC/es_ES;FBAV/453.0.0.18.113;FBCX/modulariab;]"
148.222.199.27 - - [11/Apr/2025:13:53:26 +0000] "GET /2025/04/09/sicario-acuso-a-mujer-de-haber-enviado-a-matar-a-su-esposo/ HTTP/1.1" 200 24376 "https://www.abranoticias.com/2025/04/11/en-sandona-allanaron-5-viviendas-este-seria-el-delito/" "Mozilla/5.0 (Linux; Android 13; SM-A127M Build/TP1A.220624.014; wv) AppleWebKit/537.36 (KHTML, like Gecko) Version/4.0 Chrome/134.0.6998.135 Mobile Safari/537.36[FBAN/EMA;FBLC/es_ES;FBAV/453.0.0.18.113;FBCX/modulariab;]"
185.191.171.11 - - [11/Apr/2025:13:53:49 +0000] "GET /2023/12/22/este-dineral-pedian-por-mujer-secuestrada-en-samaniego-gaula-militar-la-libero/ HTTP/1.1" 200 25498 "-" "Mozilla/5.0 (compatible; SemrushBot/7~bl; +http://www.semrush.com/bot.html)"
148.222.199.27 - - [11/Apr/2025:13:53:16 +0000] "GET /2025/04/09/sicario-acuso-a-mujer-de-haber-enviado-a-matar-a-su-esposo/ HTTP/1.1" 200 24376 "https://www.abranoticias.com/2025/04/11/en-sandona-allanaron-5-viviendas-este-seria-el-delito/" "Mozilla/5.0 (Linux; Android 13; SM-A127M Build/TP1A.220624.014; wv) AppleWebKit/537.36 (KHTML, like Gecko) Version/4.0 Chrome/134.0.6998.135 Mobile Safari/537.36[FBAN/EMA;FBLC/es_ES;FBAV/453.0.0.18.113;FBCX/modulariab;]"
148.222.199.27 - - [11/Apr/2025:13:53:17 +0000] "GET /2025/04/09/sicario-acuso-a-mujer-de-haber-enviado-a-matar-a-su-esposo/ HTTP/1.1" 200 24376 "https://www.abranoticias.com/2025/04/11/en-sandona-allanaron-5-viviendas-este-seria-el-delito/" "Mozilla/5.0 (Linux; Android 13; SM-A127M Build/TP1A.220624.014; wv) AppleWebKit/537.36 (KHTML, like Gecko) Version/4.0 Chrome/134.0.6998.135 Mobile Safari/537.36[FBAN/EMA;FBLC/es_ES;FBAV/453.0.0.18.113;FBCX/modulariab;]"
148.222.199.27 - - [11/Apr/2025:13:53:18 +0000] "GET /2025/04/09/sicario-acuso-a-mujer-de-haber-enviado-a-matar-a-su-esposo/ HTTP/1.1" 200 24376 "https://www.abranoticias.com/2025/04/11/en-sandona-allanaron-5-viviendas-este-seria-el-delito/" "Mozilla/5.0 (Linux; Android 13; SM-A127M Build/TP1A.220624.014; wv) AppleWebKit/537.36 (KHTML, like Gecko) Version/4.0 Chrome/134.0.6998.135 Mobile Safari/537.36[FBAN/EMA;FBLC/es_ES;FBAV/453.0.0.18.113;FBCX/modulariab;]"
66.249.77.68 - - [11/Apr/2025:13:53:26 +0000] "GET /tag/corregimiento-de-genoy/ HTTP/1.1" 200 18988 "-" "Mozilla/5.0 (Linux; Android 6.0.1; Nexus 5X Build/MMB29P) AppleWebKit/537.36 (KHTML, like Gecko) Chrome/135.0.7049.52 Mobile Safari/537.36 (compatible; Googlebot/2.1; +http://www.google.com/bot.html)"
148.222.199.27 - - [11/Apr/2025:13:53:26 +0000] "GET /2025/04/09/sicario-acuso-a-mujer-de-haber-enviado-a-matar-a-su-esposo/ HTTP/1.1" 200 24376 "https://www.abranoticias.com/2025/04/11/en-sandona-allanaron-5-viviendas-este-seria-el-delito/" "Mozilla/5.0 (Linux; Android 13; SM-A127M Build/TP1A.220624.014; wv) AppleWebKit/537.36 (KHTML, like Gecko) Version/4.0 Chrome/134.0.6998.135 Mobile Safari/537.36[FBAN/EMA;FBLC/es_ES;FBAV/453.0.0.18.113;FBCX/modulariab;]"
217.113.194.214 - - [11/Apr/2025:13:53:30 +0000] "GET /tag/francisco-ceron/ HTTP/1.1" 200 23209 "-" "Mozilla/5.0 (compatible; Barkrowler/0.9; +https://babbar.tech/crawler)"
170.10.163.108 - - [11/Apr/2025:13:53:48 +0000] "POST /wp-cron.php?doing_wp_cron=1744379627.9889330863952636718750 HTTP/1.1" 200 0 "-" "WordPress/6.7.2; https://www.abranoticias.com"
217.113.194.219 - - [11/Apr/2025:13:53:47 +0000] "GET /tag/franciscanas/feed/ HTTP/1.1" 200 1475 "-" "Mozilla/5.0 (compatible; Barkrowler/0.9; +https://babbar.tech/crawler)"
34.48.178.162 - - [11/Apr/2025:13:53:59 +0000] "GET /category/opinion/feed/ HTTP/1.1" 200 14364 "-" "Mozilla/5.0 (Windows NT 6.3; WOW64; rv:33.0) Gecko/20100101 Firefox/33.0"
217.113.194.221 - - [11/Apr/2025:13:54:03 +0000] "GET /tag/lago-digital-tv/ HTTP/1.1" 200 22798 "-" "Mozilla/5.0 (compatible; Barkrowler/0.9; +https://babbar.tech/crawler)"
66.249.77.66 - - [11/Apr/2025:13:54:08 +0000] "GET /pcmypage?callback=product%2Fdetail%2FPLNE85306631 HTTP/1.1" 200 18450 "-" "Mozilla/5.0 (Linux; Android 6.0.1; Nexus 5X Build/MMB29P) AppleWebKit/537.36 (KHTML, like Gecko) Chrome/135.0.7049.52 Mobile Safari/537.36 (compatible; GoogleOther)"
217.113.194.217 - - [11/Apr/2025:13:54:19 +0000] "GET /tag/lago-agrio/ HTTP/1.1" 200 22762 "-" "Mozilla/5.0 (compatible; Barkrowler/0.9; +https://babbar.tech/crawler)"
38.191.190.67 - - [11/Apr/2025:13:54:22 +0000] "GET /favicon.ico HTTP/1.1" 404 1251 "https://www.abranoticias.com/2025/04/11/en-sandona-allanaron-5-viviendas-este-seria-el-delito/?fbclid=IwY2xjawJl_lZleHRuA2FlbQIxMQABHly10LCVmUPHSRGsve7MMdPr59xOu8mD2X6F9Ce5Wt0pIhrI8ZrUG4mcToTZ_aem_ifU89jaH8P6zZ2jd-Elb3A" "Mozilla/5.0 (Linux; Android 14; moto g24 power Build/UTAS34.82-97-1; wv) AppleWebKit/537.36 (KHTML, like Gecko) Version/4.0 Chrome/135.0.7049.49 Mobile Safari/537.36 [FB_IAB/FB4A;FBAV/507.0.0.66.49;IABMV/1;]"
66.249.77.66 - - [11/Apr/2025:13:53:33 +0000] "GET /311229649.shtml HTTP/1.1" 200 20851 "-" "Mozilla/5.0 (Linux; Android 6.0.1; Nexus 5X Build/MMB29P) AppleWebKit/537.36 (KHTML, like Gecko) Chrome/135.0.7049.84 Mobile Safari/537.36 (compatible; Googlebot/2.1; +http://www.google.com/bot.html)"
52.167.144.197 - - [11/Apr/2025:13:53:36 +0000] "GET /2023/08/07/a-bala-segaron-la-vida-de-un-joven-en-pasto/ HTTP/1.1" 200 18910 "-" "Mozilla/5.0 AppleWebKit/537.36 (KHTML, like Gecko; compatible; bingbot/2.0; +http://www.bing.com/bingbot.htm) Chrome/116.0.1938.76 Safari/537.36"
170.10.163.108 - - [11/Apr/2025:13:53:50 +0000] "POST /wp-cron.php?doing_wp_cron=1744379630.5068700313568115234375 HTTP/1.1" 200 0 "-" "WordPress/6.7.2; https://www.abranoticias.com"
85.208.96.194 - - [11/Apr/2025:13:53:59 +0000] "GET /2024/09/17/acribillaron-a-otro-taxista-en-via-de-ricaurte/ HTTP/1.1" 200 24701 "-" "Mozilla/5.0 (compatible; SemrushBot/7~bl; +http://www.semrush.com/bot.html)"
170.10.163.108 - - [11/Apr/2025:13:54:16 +0000] "POST /wp-cron.php?doing_wp_cron=1744379656.9305579662322998046875 HTTP/1.1" 200 0 "-" "WordPress/6.7.2; https://www.abranoticias.com"
38.191.190.67 - - [11/Apr/2025:13:54:15 +0000] "GET /2025/04/11/en-sandona-allanaron-5-viviendas-este-seria-el-delito/?fbclid=IwY2xjawJl_lZleHRuA2FlbQIxMQABHly10LCVmUPHSRGsve7MMdPr59xOu8mD2X6F9Ce5Wt0pIhrI8ZrUG4mcToTZ_aem_ifU89jaH8P6zZ2jd-Elb3A HTTP/1.1" 200 24349 "https://lm.facebook.com/" "Mozilla/5.0 (Linux; Android 14; moto g24 power Build/UTAS34.82-97-1; wv) AppleWebKit/537.36 (KHTML, like Gecko) Version/4.0 Chrome/135.0.7049.49 Mobile Safari/537.36 [FB_IAB/FB4A;FBAV/507.0.0.66.49;IABMV/1;]"
66.249.77.66 - - [11/Apr/2025:13:54:32 +0000] "GET /286054583.shtml HTTP/1.1" 200 20018 "-" "Mozilla/5.0 (Linux; Android 6.0.1; Nexus 5X Build/MMB29P) AppleWebKit/537.36 (KHTML, like Gecko) Chrome/135.0.7049.84 Mobile Safari/537.36 (compatible; Googlebot/2.1; +http://www.google.com/bot.html)"
45.113.224.7 - - [11/Apr/2025:13:54:24 +0000] "POST /wp-login.php HTTP/1.1" 200 0 "https://www.abranoticias.com" "Mozilla/5.0 (Windows NT 10.0; Win64; x64) AppleWebKit/537.36 (KHTML, like Gecko) Chrome/114.0.5735.134 Safari/537.36"
217.113.194.217 - - [11/Apr/2025:13:54:35 +0000] "GET /tag/salazar/feed/ HTTP/1.1" 200 2230 "-" "Mozilla/5.0 (compatible; Barkrowler/0.9; +https://babbar.tech/crawler)"
51.222.253.17 - - [11/Apr/2025:13:54:38 +0000] "GET /20235217.htm HTTP/1.1" 301 0 "-" "Mozilla/5.0 (compatible; AhrefsBot/7.0; +http://ahrefs.com/robot/)"
170.10.163.108 - - [11/Apr/2025:13:54:52 +0000] "POST /wp-cron.php?doing_wp_cron=1744379692.7121469974517822265625 HTTP/1.1" 200 0 "-" "WordPress/6.7.2; https://www.abranoticias.com"
154.54.249.216 - - [11/Apr/2025:13:54:51 +0000] "GET /tag/salahonda/feed/ HTTP/1.1" 200 3298 "-" "Mozilla/5.0 (compatible; Barkrowler/0.9; +https://babbar.tech/crawler)"
66.249.77.66 - - [11/Apr/2025:13:54:52 +0000] "POST /get-message-notify HTTP/1.1" 200 19385 "https://www.abranoticias.com/pcmypage?callback=product%2Fdetail%2FPLNE85306631" "Mozilla/5.0 (Linux; Android 6.0.1; Nexus 5X Build/MMB29P) AppleWebKit/537.36 (KHTML, like Gecko) Chrome/134.0.6998.165 Mobile Safari/537.36 (compatible; Googlebot/2.1; +http://www.google.com/bot.html)"
191.106.219.169 - - [11/Apr/2025:13:54:58 +0000] "GET /2025/04/11/en-sandona-allanaron-5-viviendas-este-seria-el-delito/?fbclid=IwZXh0bgNhZW0CMTEAAR6saB_KKwbjvcsR0U1QLShzRjcstjgrEKBKnGtNgZ7gB4bbTjELvNQS1OizUw_aem_-fkkBfwCdqVcnRNd4dnh2g HTTP/1.1" 200 24349 "http://m.facebook.com/" "Mozilla/5.0 (Linux; Android 13; CPH2577 Build/TP1A.220905.001; wv) AppleWebKit/537.36 (KHTML, like Gecko) Version/4.0 Chrome/135.0.7049.37 Mobile Safari/537.36[FBAN/EMA;FBLC/es_LA;FBAV/452.1.0.14.109;FBCX/modulariab;]"
38.191.190.67 - - [11/Apr/2025:13:54:57 +0000] "GET /2025/04/11/en-sandona-allanaron-5-viviendas-este-seria-el-delito/ HTTP/1.1" 200 24349 "https://www.abranoticias.com/2025/04/11/en-sandona-allanaron-5-viviendas-este-seria-el-delito/?fbclid=IwY2xjawJl_lZleHRuA2FlbQIxMQABHly10LCVmUPHSRGsve7MMdPr59xOu8mD2X6F9Ce5Wt0pIhrI8ZrUG4mcToTZ_aem_ifU89jaH8P6zZ2jd-Elb3A" "Mozilla/5.0 (Linux; Android 14; moto g24 power Build/UTAS34.82-97-1; wv) AppleWebKit/537.36 (KHTML, like Gecko) Version/4.0 Chrome/135.0.7049.49 Mobile Safari/537.36 [FB_IAB/FB4A;FBAV/507.0.0.66.49;IABMV/1;]"
170.10.163.108 - - [11/Apr/2025:13:55:08 +0000] "POST /wp-cron.php?doing_wp_cron=1744379708.8802518844604492187500 HTTP/1.1" 200 0 "-" "WordPress/6.7.2; https://www.abranoticias.com"
170.10.163.108 - - [11/Apr/2025:13:55:09 +0000] "POST /wp-admin/admin-ajax.php?action=async_litespeed&nonce=A2jsf4YoB3lTbQPAQrlUgZI601mliONM&litespeed_type=imgoptm HTTP/1.1" 200 5 "-" "WordPress/6.7.2; https://www.abranoticias.com"
8.29.198.26 - - [11/Apr/2025:13:55:18 +0000] "GET /feed/ HTTP/1.1" 200 10591 "-" "Feedly/1.0 (+https://feedly.com/poller.html; 1 subscribers; )"
2800:484:a38c:8800:9e3c:6489:935f:f1b4 - - [11/Apr/2025:13:55:24 +0000] "GET /favicon.ico HTTP/1.1" 404 1251 "https://www.abranoticias.com/2025/04/11/en-sandona-allanaron-5-viviendas-este-seria-el-delito/?fbclid=IwY2xjawJl_pRleHRuA2FlbQIxMQABHjJeZLneeVfAW-_rFDKaazCPAIeov-nPkSKigmd2D1BzUnpmQaix4mNpUcDp_aem_NnPGyfNJdlrVZ_L1602oAw" "Mozilla/5.0 (Linux; Android 14; TECNO LH7n Build/UP1A.231005.007; wv) AppleWebKit/537.36 (KHTML, like Gecko) Version/4.0 Chrome/135.0.7049.49 Mobile Safari/537.36 [FB_IAB/FB4A;FBAV/507.0.0.66.49;IABMV/1;]"
2a03:2880:25ff:4:: - - [11/Apr/2025:13:55:29 +0000] "GET /2025/04/09/en-narino-y-otras-regiones-del-pais-iniciaria-fumigacion-con-glifosato-a-cultivos-ilicitos/ HTTP/1.1" 200 24626 "-" "facebookexternalhit/1.1 (+http://www.facebook.com/externalhit_uatext.php)"
170.10.163.108 - - [11/Apr/2025:13:55:44 +0000] "POST /wp-cron.php?doing_wp_cron=1744379744.5884530544281005859375 HTTP/1.1" 200 0 "-" "WordPress/6.7.2; https://www.abranoticias.com"
2a03:2880:31ff:4a:: - - [11/Apr/2025:13:55:48 +0000] "GET /wp-content/themes/colormag/assets/js/jquery.bxslider.min.js?ver=4.0.11 HTTP/1.1" 304 0 "https://www.abranoticias.com/2025/04/10/que-asco-ser-pobres-frase-clasistas-y-ofensiva-de-universitarias-en-pasto/?fbclid=IwZXh0bgNhZW0CMTEAAR4H200FGuor_sBId2FERK_NYAa3xx8ZrlAJF3HDJOdRA2nEC0tyOZDn3XsVIQ_aem_pnD9l2Hv2DpKXIZiIY3stw" "Mozilla/5.0 (iPhone; CPU iPhone OS 18_3_2 like Mac OS X) AppleWebKit/605.1.15 (KHTML, like Gecko) Version/18.3.1 Mobile/15E148 Safari/604.1"
2a03:2880:31ff:46:: - - [11/Apr/2025:13:55:48 +0000] "GET /wp-content/themes/colormag/assets/js/navigation.min.js?ver=4.0.11 HTTP/1.1" 304 0 "https://www.abranoticias.com/2025/04/10/que-asco-ser-pobres-frase-clasistas-y-ofensiva-de-universitarias-en-pasto/?fbclid=IwZXh0bgNhZW0CMTEAAR4H200FGuor_sBId2FERK_NYAa3xx8ZrlAJF3HDJOdRA2nEC0tyOZDn3XsVIQ_aem_pnD9l2Hv2DpKXIZiIY3stw" "Mozilla/5.0 (iPhone; CPU iPhone OS 18_3_2 like Mac OS X) AppleWebKit/605.1.15 (KHTML, like Gecko) Version/18.3.1 Mobile/15E148 Safari/604.1"
2a03:2880:31ff:4a:: - - [11/Apr/2025:13:55:48 +0000] "GET /wp-content/themes/colormag/assets/js/skip-link-focus-fix.min.js?ver=4.0.11 HTTP/1.1" 304 0 "https://www.abranoticias.com/2025/04/10/que-asco-ser-pobres-frase-clasistas-y-ofensiva-de-universitarias-en-pasto/?fbclid=IwZXh0bgNhZW0CMTEAAR4H200FGuor_sBId2FERK_NYAa3xx8ZrlAJF3HDJOdRA2nEC0tyOZDn3XsVIQ_aem_pnD9l2Hv2DpKXIZiIY3stw" "Mozilla/5.0 (iPhone; CPU iPhone OS 18_3_2 like Mac OS X) AppleWebKit/605.1.15 (KHTML, like Gecko) Version/18.3.1 Mobile/15E148 Safari/604.1"
2800:484:a38c:8800:9e3c:6489:935f:f1b4 - - [11/Apr/2025:13:55:17 +0000] "GET /2025/04/11/en-sandona-allanaron-5-viviendas-este-seria-el-delito/?fbclid=IwY2xjawJl_pRleHRuA2FlbQIxMQABHjJeZLneeVfAW-_rFDKaazCPAIeov-nPkSKigmd2D1BzUnpmQaix4mNpUcDp_aem_NnPGyfNJdlrVZ_L1602oAw HTTP/1.1" 200 24349 "https://lm.facebook.com/" "Mozilla/5.0 (Linux; Android 14; TECNO LH7n Build/UP1A.231005.007; wv) AppleWebKit/537.36 (KHTML, like Gecko) Version/4.0 Chrome/135.0.7049.49 Mobile Safari/537.36 [FB_IAB/FB4A;FBAV/507.0.0.66.49;IABMV/1;]"
217.113.194.221 - - [11/Apr/2025:13:55:24 +0000] "GET /tag/pulzo/feed/ HTTP/1.1" 200 5902 "-" "Mozilla/5.0 (compatible; Barkrowler/0.9; +https://babbar.tech/crawler)"
35.241.129.214 - - [11/Apr/2025:13:55:36 +0000] "GET /feed/ HTTP/1.1" 200 10591 "-" "okhttp/4.12.0"
170.10.163.108 - - [11/Apr/2025:13:55:41 +0000] "POST /wp-cron.php?doing_wp_cron=1744379741.6115629673004150390625 HTTP/1.1" 200 0 "-" "WordPress/6.7.2; https://www.abranoticias.com"
217.113.194.221 - - [11/Apr/2025:13:55:40 +0000] "GET /tag/ever-rosales/ HTTP/1.1" 200 22776 "-" "Mozilla/5.0 (compatible; Barkrowler/0.9; +https://babbar.tech/crawler)"
47.128.122.118 - - [11/Apr/2025:13:55:43 +0000] "GET /2023/02/24/una-mujer-murio-en-cumbal-tras-sufrir-un-accidente-transito/ HTTP/1.1" 200 24519 "-" "Mozilla/5.0 (Linux; Android 5.0) AppleWebKit/537.36 (KHTML, like Gecko) Mobile Safari/537.36 (compatible; TikTokSpider; ttspider-feedback@tiktok.com)"
47.128.122.118 - - [11/Apr/2025:13:55:45 +0000] "GET /wp-content/uploads/2023/02/cumbal-accidente-muerto-768x372.jpg HTTP/1.1" 200 79010 "https://www.abranoticias.com/2023/02/24/una-mujer-murio-en-cumbal-tras-sufrir-un-accidente-transito/" "Mozilla/5.0 (Linux; Android 5.0) AppleWebKit/537.36 (KHTML, like Gecko) Mobile Safari/537.36 (compatible; TikTokSpider; ttspider-feedback@tiktok.com)"
47.128.122.118 - - [11/Apr/2025:13:55:45 +0000] "GET /wp-content/themes/colormag/inc/customizer/customind/assets/fontawesome/v6/css/all.min.css?ver=6.2.4 HTTP/1.1" 200 22056 "https://www.abranoticias.com/2023/02/24/una-mujer-murio-en-cumbal-tras-sufrir-un-accidente-transito/" "Mozilla/5.0 (Linux; Android 5.0) AppleWebKit/537.36 (KHTML, like Gecko) Mobile Safari/537.36 (compatible; TikTokSpider; ttspider-feedback@tiktok.com)"
2a03:2880:31ff:73:: - - [11/Apr/2025:13:55:47 +0000] "GET /wp-includes/js/jquery/jquery.min.js?ver=3.7.1 HTTP/1.1" 304 0 "https://www.abranoticias.com/2025/04/10/que-asco-ser-pobres-frase-clasistas-y-ofensiva-de-universitarias-en-pasto/?fbclid=IwZXh0bgNhZW0CMTEAAR4H200FGuor_sBId2FERK_NYAa3xx8ZrlAJF3HDJOdRA2nEC0tyOZDn3XsVIQ_aem_pnD9l2Hv2DpKXIZiIY3stw" "Mozilla/5.0 (iPhone; CPU iPhone OS 18_3_2 like Mac OS X) AppleWebKit/605.1.15 (KHTML, like Gecko) Version/18.3.1 Mobile/15E148 Safari/604.1"
2a03:2880:31ff:74:: - - [11/Apr/2025:13:55:48 +0000] "GET /wp-content/themes/colormag/assets/js/fitvids/jquery.fitvids.min.js?ver=4.0.11 HTTP/1.1" 304 0 "https://www.abranoticias.com/2025/04/10/que-asco-ser-pobres-frase-clasistas-y-ofensiva-de-universitarias-en-pasto/?fbclid=IwZXh0bgNhZW0CMTEAAR4H200FGuor_sBId2FERK_NYAa3xx8ZrlAJF3HDJOdRA2nEC0tyOZDn3XsVIQ_aem_pnD9l2Hv2DpKXIZiIY3stw" "Mozilla/5.0 (iPhone; CPU iPhone OS 18_3_2 like Mac OS X) AppleWebKit/605.1.15 (KHTML, like Gecko) Version/18.3.1 Mobile/15E148 Safari/604.1"
2a03:2880:31ff:74:: - - [11/Apr/2025:13:55:48 +0000] "GET /wp-includes/js/wp-emoji-release.min.js?ver=6.7.2 HTTP/1.1" 304 0 "https://www.abranoticias.com/2025/04/10/que-asco-ser-pobres-frase-clasistas-y-ofensiva-de-universitarias-en-pasto/?fbclid=IwZXh0bgNhZW0CMTEAAR4H200FGuor_sBId2FERK_NYAa3xx8ZrlAJF3HDJOdRA2nEC0tyOZDn3XsVIQ_aem_pnD9l2Hv2DpKXIZiIY3stw" "Mozilla/5.0 (iPhone; CPU iPhone OS 18_3_2 like Mac OS X) AppleWebKit/605.1.15 (KHTML, like Gecko) Version/18.3.1 Mobile/15E148 Safari/604.1"
85.208.96.208 - - [11/Apr/2025:13:55:50 +0000] "GET /2020/05/27/condenan-a-excandidato-a-la-alcaldia-de-el-rosario-y-a-una-de-sus-colaboradores/ HTTP/1.1" 200 24776 "-" "Mozilla/5.0 (compatible; SemrushBot/7~bl; +http://www.semrush.com/bot.html)"
2800:484:c47e:a700:fac1:b960:df89:d482 - - [11/Apr/2025:13:53:53 +0000] "GET /2025/04/11/en-sandona-allanaron-5-viviendas-este-seria-el-delito/?fbclid=IwZXh0bgNhZW0CMTEAAR6uARS8bluWi6VPl7TJSt6FMmZsosN__quKwfhoPgVWEsZNP1cDxl0TovSURg_aem_jhNsZ7kigSG2uMYFiZGNBQ HTTP/1.1" 200 24347 "http://m.facebook.com/" "Mozilla/5.0 (Linux; Android 14; CPH2669 Build/UP1A.231005.007; wv) AppleWebKit/537.36 (KHTML, like Gecko) Version/4.0 Chrome/135.0.7049.38 Mobile Safari/537.36[FBAN/EMA;FBLC/es_LA;FBAV/453.0.0.18.113;FBCX/modulariab;]"
52.10.17.74 - - [11/Apr/2025:13:54:15 +0000] "GET / HTTP/1.1" 200 25906 "-" "Mozilla/5.0 (X11; Ubuntu; Linux x86_64; rv:80.0) Gecko/20100101 Firefox/80.0"
170.10.163.108 - - [11/Apr/2025:13:54:18 +0000] "POST /wp-admin/admin-ajax.php?action=async_litespeed&nonce=XRQhqFxKGeoXLUupRZmg20kdQ6wxZP9l&litespeed_type=imgoptm HTTP/1.1" 200 5 "-" "WordPress/6.7.2; https://www.abranoticias.com"
66.249.77.67 - - [11/Apr/2025:13:54:21 +0000] "GET /2022/08/13/por-matar-a-drako-2-hombres-quedaron-tras-las-rejas-en-pasto/ HTTP/1.1" 200 18308 "-" "Mozilla/5.0 (Linux; Android 6.0.1; Nexus 5X Build/MMB29P) AppleWebKit/537.36 (KHTML, like Gecko) Chrome/135.0.7049.84 Mobile Safari/537.36 (compatible; Googlebot/2.1; +http://www.google.com/bot.html)"
193.228.14.139 - - [11/Apr/2025:13:54:28 +0000] "GET /author/midiariodepasto/page/9/ HTTP/1.1" 200 25380 "-" "Mozilla/5.0 (Macintosh; Intel Mac OS X 10.15; rv:78.0) Gecko/20100101 Firefox/78.0"
154.54.249.216 - - [11/Apr/2025:13:55:08 +0000] "GET /tag/unicentro/ HTTP/1.1" 200 23283 "-" "Mozilla/5.0 (compatible; Barkrowler/0.9; +https://babbar.tech/crawler)"
35.87.199.253 - - [11/Apr/2025:13:55:22 +0000] "GET / HTTP/1.1" 200 25905 "-" "Mozilla/5.0 (X11; Ubuntu; Linux x86_64; rv:80.0) Gecko/20100101 Firefox/80.0"
47.128.122.118 - - [11/Apr/2025:13:55:45 +0000] "GET /wp-content/themes/colormag/style.css?ver=4.0.11 HTTP/1.1" 200 20920 "https://www.abranoticias.com/2023/02/24/una-mujer-murio-en-cumbal-tras-sufrir-un-accidente-transito/" "Mozilla/5.0 (Linux; Android 5.0) AppleWebKit/537.36 (KHTML, like Gecko) Mobile Safari/537.36 (compatible; TikTokSpider; ttspider-feedback@tiktok.com)"
2a03:2880:31ff:74:: - - [11/Apr/2025:13:55:46 +0000] "GET /2025/04/10/que-asco-ser-pobres-frase-clasistas-y-ofensiva-de-universitarias-en-pasto/?fbclid=IwZXh0bgNhZW0CMTEAAR4H200FGuor_sBId2FERK_NYAa3xx8ZrlAJF3HDJOdRA2nEC0tyOZDn3XsVIQ_aem_pnD9l2Hv2DpKXIZiIY3stw HTTP/1.1" 200 24298 "-" "Mozilla/5.0 (iPhone; CPU iPhone OS 18_3_2 like Mac OS X) AppleWebKit/605.1.15 (KHTML, like Gecko) Version/18.3.1 Mobile/15E148 Safari/604.1"
2a03:2880:31ff:74:: - - [11/Apr/2025:13:55:47 +0000] "GET /wp-includes/js/jquery/jquery-migrate.min.js?ver=3.4.1 HTTP/1.1" 304 0 "https://www.abranoticias.com/2025/04/10/que-asco-ser-pobres-frase-clasistas-y-ofensiva-de-universitarias-en-pasto/?fbclid=IwZXh0bgNhZW0CMTEAAR4H200FGuor_sBId2FERK_NYAa3xx8ZrlAJF3HDJOdRA2nEC0tyOZDn3XsVIQ_aem_pnD9l2Hv2DpKXIZiIY3stw" "Mozilla/5.0 (iPhone; CPU iPhone OS 18_3_2 like Mac OS X) AppleWebKit/605.1.15 (KHTML, like Gecko) Version/18.3.1 Mobile/15E148 Safari/604.1"
66.249.77.66 - - [11/Apr/2025:13:56:06 +0000] "GET /351346299.shtml HTTP/1.1" 200 20699 "-" "Mozilla/5.0 (Linux; Android 6.0.1; Nexus 5X Build/MMB29P) AppleWebKit/537.36 (KHTML, like Gecko) Chrome/135.0.7049.84 Mobile Safari/537.36 (compatible; Googlebot/2.1; +http://www.google.com/bot.html)"
2800:484:a38c:8800:9e3c:6489:935f:f1b4 - - [11/Apr/2025:13:56:28 +0000] "GET /2025/04/11/en-sandona-allanaron-5-viviendas-este-seria-el-delito/?fbclid=IwY2xjawJl_pRleHRuA2FlbQIxMQABHjJeZLneeVfAW-_rFDKaazCPAIeov-nPkSKigmd2D1BzUnpmQaix4mNpUcDp_aem_NnPGyfNJdlrVZ_L1602oAw HTTP/1.1" 200 24349 "https://lm.facebook.com/" "Mozilla/5.0 (Linux; Android 14; TECNO LH7n Build/UP1A.231005.007; wv) AppleWebKit/537.36 (KHTML, like Gecko) Version/4.0 Chrome/135.0.7049.49 Mobile Safari/537.36 [FB_IAB/FB4A;FBAV/507.0.0.66.49;IABMV/1;] FBNV/5"
2a03:2880:31ff:46:: - - [11/Apr/2025:13:55:48 +0000] "GET /wp-content/themes/colormag/assets/js/colormag-custom.min.js?ver=4.0.11 HTTP/1.1" 304 0 "https://www.abranoticias.com/2025/04/10/que-asco-ser-pobres-frase-clasistas-y-ofensiva-de-universitarias-en-pasto/?fbclid=IwZXh0bgNhZW0CMTEAAR4H200FGuor_sBId2FERK_NYAa3xx8ZrlAJF3HDJOdRA2nEC0tyOZDn3XsVIQ_aem_pnD9l2Hv2DpKXIZiIY3stw" "Mozilla/5.0 (iPhone; CPU iPhone OS 18_3_2 like Mac OS X) AppleWebKit/605.1.15 (KHTML, like Gecko) Version/18.3.1 Mobile/15E148 Safari/604.1"
2a03:2880:25ff:6:: - - [11/Apr/2025:13:55:48 +0000] "GET /2025/04/09/en-narino-y-otras-regiones-del-pais-iniciaria-fumigacion-con-glifosato-a-cultivos-ilicitos/ HTTP/1.1" 200 24626 "-" "facebookexternalhit/1.1 (+http://www.facebook.com/externalhit_uatext.php)"
170.10.163.108 - - [11/Apr/2025:13:55:51 +0000] "POST /wp-cron.php?doing_wp_cron=1744379751.6583371162414550781250 HTTP/1.1" 200 0 "-" "WordPress/6.7.2; https://www.abranoticias.com"
217.113.194.213 - - [11/Apr/2025:13:55:57 +0000] "GET /tag/kia-sportage/ HTTP/1.1" 200 22762 "-" "Mozilla/5.0 (compatible; Barkrowler/0.9; +https://babbar.tech/crawler)"
207.46.13.157 - - [11/Apr/2025:13:56:02 +0000] "GET /pcmypage?callback=product/review/XLUB7061461 HTTP/1.1" 200 19061 "-" "Mozilla/5.0 AppleWebKit/537.36 (KHTML, like Gecko; compatible; bingbot/2.0; +http://www.bing.com/bingbot.htm) Chrome/116.0.1938.76 Safari/537.36"
207.46.13.157 - - [11/Apr/2025:13:56:04 +0000] "GET /2023/03/12/3-capturados-dejo-operativo-policial-en-una-mina-de-piedra-en-zona-de-ipiales/ HTTP/1.1" 200 18159 "-" "Mozilla/5.0 AppleWebKit/537.36 (KHTML, like Gecko; compatible; bingbot/2.0; +http://www.bing.com/bingbot.htm) Chrome/116.0.1938.76 Safari/537.36"
66.249.77.67 - - [11/Apr/2025:13:56:14 +0000] "GET /234792257.shtml HTTP/1.1" 200 19295 "-" "Mozilla/5.0 (Linux; Android 6.0.1; Nexus 5X Build/MMB29P) AppleWebKit/537.36 (KHTML, like Gecko) Chrome/135.0.7049.84 Mobile Safari/537.36 (compatible; Googlebot/2.1; +http://www.google.com/bot.html)"
190.90.19.123 - - [11/Apr/2025:13:56:13 +0000] "GET /2025/04/11/en-sandona-allanaron-5-viviendas-este-seria-el-delito/ HTTP/1.1" 200 24349 "https://www.abranoticias.com/2025/04/11/en-sandona-allanaron-5-viviendas-este-seria-el-delito/?fbclid=IwY2xjawJl_dhleHRuA2FlbQIxMQABHjUzhwV7Dt0LQ86Ruz6UyJInTKQP0qrlthrUdjZrriVB8ZP1N_mcZWRzu4zL_aem_wvP_9ZHTma_mhF_805tgSQ" "Mozilla/5.0 (Linux; Android 11; moto e20 Build/RONS31.267-94-14; wv) AppleWebKit/537.36 (KHTML, like Gecko) Version/4.0 Chrome/134.0.6998.135 Mobile Safari/537.36 [FB_IAB/FB4A;FBAV/507.0.0.66.49;IABMV/1;]"
170.10.163.108 - - [11/Apr/2025:13:56:15 +0000] "POST /wp-admin/admin-ajax.php?action=async_litespeed&nonce=Z8yA148v9jWAp6jK6iq2jCfCbR8M35i1&litespeed_type=imgoptm HTTP/1.1" 200 5 "-" "WordPress/6.7.2; https://www.abranoticias.com"
170.10.163.108 - - [11/Apr/2025:13:56:47 +0000] "POST /wp-cron.php?doing_wp_cron=1744379807.3862640857696533203125 HTTP/1.1" 200 0 "-" "WordPress/6.7.2; https://www.abranoticias.com"
2800:484:a396:c400:1c70:4ecc:2da4:8b24 - - [11/Apr/2025:13:56:51 +0000] "GET /2025/04/11/en-sandona-allanaron-5-viviendas-este-seria-el-delito/?fbclid=IwZXh0bgNhZW0CMTEAAR4LylpL8Ia06rsZeMwmqgy8bs-pGnfXy_Od8D-J7XD4pWlLg_RorRLGljg7GA_aem_IW0L72r7IqTQTU2iQr7khg HTTP/1.1" 200 24349 "http://m.facebook.com/" "Mozilla/5.0 (Linux; Android 14; SM-A047M Build/UP1A.231005.007; wv) AppleWebKit/537.36 (KHTML, like Gecko) Version/4.0 Chrome/135.0.7049.37 Mobile Safari/537.36[FBAN/EMA;FBLC/es_LA;FBAV/453.0.0.18.113;FBCX/modulariab;]"
109.239.229.239 - - [11/Apr/2025:13:56:59 +0000] "GET /category/judicial/ HTTP/1.1" 200 25228 "-" "Mozilla/5.0 (Macintosh; Intel Mac OS X 10_9_2) AppleWebKit/537.36 (KHTML, like Gecko) Chrome/34.0.1847.131 Safari/537.36"
170.10.163.108 - - [11/Apr/2025:13:57:07 +0000] "POST /wp-admin/admin-ajax.php?action=async_litespeed&nonce=lgU4nSmpNCpWGGzfMUvFRxSzzZZMHNuQ&litespeed_type=imgoptm HTTP/1.1" 200 5 "-" "WordPress/6.7.2; https://www.abranoticias.com"
170.10.163.108 - - [11/Apr/2025:13:56:14 +0000] "POST /wp-cron.php?doing_wp_cron=1744379774.7299768924713134765625 HTTP/1.1" 200 0 "-" "WordPress/6.7.2; https://www.abranoticias.com"
217.113.194.212 - - [11/Apr/2025:13:56:13 +0000] "GET /tag/kia-picanto/ HTTP/1.1" 200 22780 "-" "Mozilla/5.0 (compatible; Barkrowler/0.9; +https://babbar.tech/crawler)"
66.249.77.66 - - [11/Apr/2025:13:56:22 +0000] "GET /310014651.shtml HTTP/1.1" 200 22139 "-" "Mozilla/5.0 (Linux; Android 6.0.1; Nexus 5X Build/MMB29P) AppleWebKit/537.36 (KHTML, like Gecko) Chrome/135.0.7049.84 Mobile Safari/537.36 (compatible; Googlebot/2.1; +http://www.google.com/bot.html)"
217.113.194.219 - - [11/Apr/2025:13:56:30 +0000] "GET /tag/polo-polo/feed/ HTTP/1.1" 200 6793 "-" "Mozilla/5.0 (compatible; Barkrowler/0.9; +https://babbar.tech/crawler)"
154.54.249.216 - - [11/Apr/2025:13:56:46 +0000] "GET /tag/tricolor/feed/ HTTP/1.1" 200 4082 "-" "Mozilla/5.0 (compatible; Barkrowler/0.9; +https://babbar.tech/crawler)"
66.249.77.66 - - [11/Apr/2025:13:56:47 +0000] "GET /280344373.shtml HTTP/1.1" 200 19574 "-" "Mozilla/5.0 (Linux; Android 6.0.1; Nexus 5X Build/MMB29P) AppleWebKit/537.36 (KHTML, like Gecko) Chrome/135.0.7049.84 Mobile Safari/537.36 (compatible; Googlebot/2.1; +http://www.google.com/bot.html)"
170.10.163.108 - - [11/Apr/2025:13:56:52 +0000] "POST /wp-cron.php?doing_wp_cron=1744379812.8801109790802001953125 HTTP/1.1" 200 0 "-" "WordPress/6.7.2; https://www.abranoticias.com"
170.10.163.108 - - [11/Apr/2025:13:57:06 +0000] "POST /wp-cron.php?doing_wp_cron=1744379826.3317909240722656250000 HTTP/1.1" 200 0 "-" "WordPress/6.7.2; https://www.abranoticias.com"
109.239.229.239 - - [11/Apr/2025:13:56:59 +0000] "GET /category/mundo/ HTTP/1.1" 200 25504 "-" "Mozilla/5.0 (Windows NT 6.1; WOW64) AppleWebKit/537.36 (KHTML, like Gecko) Chrome/34.0.1847.137 Safari/537.36"
109.239.229.239 - - [11/Apr/2025:13:56:59 +0000] "GET /category/deportes/ HTTP/1.1" 200 25617 "-" "Mozilla/5.0 (Macintosh; Intel Mac OS X 10_9_2) AppleWebKit/537.75.14 (KHTML, like Gecko) Version/7.0.3 Safari/537.75.14"
109.239.229.239 - - [11/Apr/2025:13:56:59 +0000] "GET /category/entretenimiento/ HTTP/1.1" 200 25293 "-" "Mozilla/5.0 (Windows NT 6.1; WOW64) AppleWebKit/537.36 (KHTML, like Gecko) Chrome/34.0.1847.131 Safari/537.36"
154.54.249.216 - - [11/Apr/2025:13:57:03 +0000] "GET /tag/medicina-legal/feed/ HTTP/1.1" 200 10458 "-" "Mozilla/5.0 (compatible; Barkrowler/0.9; +https://babbar.tech/crawler)"
109.239.229.239 - - [11/Apr/2025:13:56:59 +0000] "GET / HTTP/1.1" 200 25906 "-" "Mozilla/5.0 (Macintosh; Intel Mac OS X 10_9_2) AppleWebKit/537.36 (KHTML, like Gecko) Chrome/34.0.1847.131 Safari/537.36"
191.106.204.153 - - [11/Apr/2025:13:57:20 +0000] "GET /2025/04/11/en-sandona-allanaron-5-viviendas-este-seria-el-delito/ HTTP/1.1" 200 24349 "https://www.abranoticias.com/2025/04/11/en-sandona-allanaron-5-viviendas-este-seria-el-delito/?fbclid=IwZXh0bgNhZW0CMTEAAR6K7YRbJDiABAH3cFSpmOdEyM157DInOf_US-6xFmSooex5UNDZ7it_-tQ8cw_aem_csd9Awx3JnjAnNlICDzTog" "Mozilla/5.0 (Linux; Android 14; 24049RN28L Build/UP1A.231005.007; wv) AppleWebKit/537.36 (KHTML, like Gecko) Version/4.0 Chrome/135.0.7049.38 Mobile Safari/537.36[FBAN/EMA;FBLC/es_LA;FBAV/453.0.0.18.113;FBCX/modulariab;]"
207.46.13.157 - - [11/Apr/2025:13:57:32 +0000] "GET /23331121.shtml HTTP/1.1" 200 20266 "-" "Mozilla/5.0 AppleWebKit/537.36 (KHTML, like Gecko; compatible; bingbot/2.0; +http://www.bing.com/bingbot.htm) Chrome/116.0.1938.76 Safari/537.36"
111.225.149.205 - - [11/Apr/2025:13:57:44 +0000] "GET /tag/james-rodriguez/ HTTP/1.1" 200 24396 "-" "Mozilla/5.0 (Linux; Android 5.0) AppleWebKit/537.36 (KHTML, like Gecko) Mobile Safari/537.36 (compatible; Bytespider; https://zhanzhang.toutiao.com/)"
111.225.149.205 - - [11/Apr/2025:13:57:46 +0000] "GET /wp-includes/js/jquery/jquery-migrate.min.js?ver=3.4.1 HTTP/1.1" 304 0 "https://www.abranoticias.com/tag/james-rodriguez/" "Mozilla/5.0 (Linux; Android 5.0) AppleWebKit/537.36 (KHTML, like Gecko) Mobile Safari/537.36 (compatible; Bytespider; https://zhanzhang.toutiao.com/)"
217.113.194.217 - - [11/Apr/2025:13:57:22 +0000] "GET /tag/medicina-legal/page/2/ HTTP/1.1" 200 23589 "-" "Mozilla/5.0 (compatible; Barkrowler/0.9; +https://babbar.tech/crawler)"
34.48.178.162 - - [11/Apr/2025:13:57:29 +0000] "GET /category/deportes/feed/ HTTP/1.1" 200 11768 "-" "Mozilla/5.0 (Windows NT 6.3; WOW64; rv:33.0) Gecko/20100101 Firefox/33.0"
2800:484:c47f:6500:c856:479c:c6ce:a572 - - [11/Apr/2025:13:57:30 +0000] "GET /2025/04/09/sicario-acuso-a-mujer-de-haber-enviado-a-matar-a-su-esposo/?fbclid=IwY2xjawJl_xpleHRuA2FlbQIxMQABHp4Xjk1C84ZYBfujFoteq6262iT5Q30YcC7SPY3QuCHjYosMy3rYUNZKPdT8_aem_4_0eY_O3s6LXnWGb36JoUg HTTP/1.1" 200 24376 "https://lm.facebook.com/" "Mozilla/5.0 (Linux; Android 14; REA-NX9 Build/HONORREA-N39; wv) AppleWebKit/537.36 (KHTML, like Gecko) Version/4.0 Chrome/135.0.7049.49 Mobile Safari/537.36 [FB_IAB/FB4A;FBAV/507.0.0.66.49;IABMV/1;]"
217.113.194.221 - - [11/Apr/2025:13:57:38 +0000] "GET /tag/medicina-critica/ HTTP/1.1" 200 22720 "-" "Mozilla/5.0 (compatible; Barkrowler/0.9; +https://babbar.tech/crawler)"
111.225.149.205 - - [11/Apr/2025:13:57:47 +0000] "GET /wp-content/uploads/2022/09/colombia-4-vs-guatemala-1-24S-800x387.jpg HTTP/1.1" 200 64652 "https://www.abranoticias.com/tag/james-rodriguez/" "Mozilla/5.0 (Linux; Android 5.0) AppleWebKit/537.36 (KHTML, like Gecko) Mobile Safari/537.36 (compatible; Bytespider; https://zhanzhang.toutiao.com/)"
111.225.149.205 - - [11/Apr/2025:13:57:47 +0000] "GET /wp-content/uploads/2021/11/Screenshot_20211111-212904_Twitter-768x428.jpg HTTP/1.1" 200 66770 "https://www.abranoticias.com/tag/james-rodriguez/" "Mozilla/5.0 (Linux; Android 5.0) AppleWebKit/537.36 (KHTML, like Gecko) Mobile Safari/537.36 (compatible; Bytespider; https://zhanzhang.toutiao.com/)"
111.225.149.205 - - [11/Apr/2025:13:57:47 +0000] "GET /wp-content/themes/colormag/assets/js/navigation.min.js?ver=4.0.11 HTTP/1.1" 304 0 "https://www.abranoticias.com/tag/james-rodriguez/" "Mozilla/5.0 (Linux; Android 5.0) AppleWebKit/537.36 (KHTML, like Gecko) Mobile Safari/537.36 (compatible; Bytespider; https://zhanzhang.toutiao.com/)"
217.113.194.217 - - [11/Apr/2025:13:57:55 +0000] "GET /tag/medicina-critica/feed/ HTTP/1.1" 200 1687 "-" "Mozilla/5.0 (compatible; Barkrowler/0.9; +https://babbar.tech/crawler)"
217.113.194.217 - - [11/Apr/2025:13:58:11 +0000] "GET /tag/evangelico/amp/ HTTP/1.1" 301 0 "-" "Mozilla/5.0 (compatible; Barkrowler/0.9; +https://babbar.tech/crawler)"
154.83.103.113 - - [11/Apr/2025:13:58:11 +0000] "GET / HTTP/1.1" 200 25904 "-" "Mozilla/5.0 (Windows NT 10.0; Win64; x64) AppleWebKit/537.36 (KHTML, like Gecko) Chrome/91.0.4472.124 Safari/537.36"
38.154.40.36 - - [11/Apr/2025:13:58:12 +0000] "GET /author/midiariodepasto/page/7/ HTTP/1.1" 200 25004 "-" "Mozilla/5.0 (Macintosh; Intel Mac OS X 10.15; rv:78.0) Gecko/20100101 Firefox/78.0"
154.83.103.113 - - [11/Apr/2025:13:58:13 +0000] "GET /.AWS_/credentials HTTP/1.1" 404 13656 "-" "Mozilla/5.0 (Windows NT 10.0; Win64; x64) AppleWebKit/537.36 (KHTML, like Gecko) Chrome/91.0.4472.124 Safari/537.36"
154.83.103.113 - - [11/Apr/2025:13:58:20 +0000] "GET /.aws/config HTTP/1.1" 404 13656 "-" "Mozilla/5.0 (Windows NT 10.0; Win64; x64) AppleWebKit/537.36 (KHTML, like Gecko) Chrome/91.0.4472.124 Safari/537.36"
154.83.103.113 - - [11/Apr/2025:13:58:21 +0000] "GET /.aws/credentials HTTP/1.1" 404 13656 "-" "Mozilla/5.0 (Windows NT 10.0; Win64; x64) AppleWebKit/537.36 (KHTML, like Gecko) Chrome/91.0.4472.124 Safari/537.36"
154.83.103.113 - - [11/Apr/2025:13:58:22 +0000] "GET /.env HTTP/1.1" 404 13656 "-" "Mozilla/5.0 (Windows NT 10.0; Win64; x64) AppleWebKit/537.36 (KHTML, like Gecko) Chrome/91.0.4472.124 Safari/537.36"
217.113.194.218 - - [11/Apr/2025:13:58:27 +0000] "GET /tag/planilla/amp/ HTTP/1.1" 301 0 "-" "Mozilla/5.0 (compatible; Barkrowler/0.9; +https://babbar.tech/crawler)"
111.225.149.205 - - [11/Apr/2025:13:57:46 +0000] "GET /wp-content/uploads/2025/02/mexico-james-rodriguez-768x372.jpg HTTP/1.1" 200 47629 "https://www.abranoticias.com/tag/james-rodriguez/" "Mozilla/5.0 (Linux; Android 5.0) AppleWebKit/537.36 (KHTML, like Gecko) Mobile Safari/537.36 (compatible; Bytespider; https://zhanzhang.toutiao.com/)"
111.225.149.205 - - [11/Apr/2025:13:57:47 +0000] "GET /wp-content/themes/colormag/assets/js/jquery.bxslider.min.js?ver=4.0.11 HTTP/1.1" 304 0 "https://www.abranoticias.com/tag/james-rodriguez/" "Mozilla/5.0 (Linux; Android 5.0) AppleWebKit/537.36 (KHTML, like Gecko) Mobile Safari/537.36 (compatible; Bytespider; https://zhanzhang.toutiao.com/)"
111.225.149.205 - - [11/Apr/2025:13:57:47 +0000] "GET /wp-content/uploads/2023/09/colombia-0-vs-chile-0-12S-800x387.jpg HTTP/1.1" 200 64752 "https://www.abranoticias.com/tag/james-rodriguez/" "Mozilla/5.0 (Linux; Android 5.0) AppleWebKit/537.36 (KHTML, like Gecko) Mobile Safari/537.36 (compatible; Bytespider; https://zhanzhang.toutiao.com/)"
111.225.149.205 - - [11/Apr/2025:13:57:47 +0000] "GET /wp-content/themes/colormag/assets/js/fitvids/jquery.fitvids.min.js?ver=4.0.11 HTTP/1.1" 304 0 "https://www.abranoticias.com/tag/james-rodriguez/" "Mozilla/5.0 (Linux; Android 5.0) AppleWebKit/537.36 (KHTML, like Gecko) Mobile Safari/537.36 (compatible; Bytespider; https://zhanzhang.toutiao.com/)"
111.225.149.205 - - [11/Apr/2025:13:57:47 +0000] "GET /wp-content/themes/colormag/assets/js/colormag-custom.min.js?ver=4.0.11 HTTP/1.1" 304 0 "https://www.abranoticias.com/tag/james-rodriguez/" "Mozilla/5.0 (Linux; Android 5.0) AppleWebKit/537.36 (KHTML, like Gecko) Mobile Safari/537.36 (compatible; Bytespider; https://zhanzhang.toutiao.com/)"
111.225.149.205 - - [11/Apr/2025:13:57:48 +0000] "GET /wp-includes/js/wp-emoji-release.min.js?ver=6.7.2 HTTP/1.1" 304 0 "https://www.abranoticias.com/tag/james-rodriguez/" "Mozilla/5.0 (Linux; Android 5.0) AppleWebKit/537.36 (KHTML, like Gecko) Mobile Safari/537.36 (compatible; Bytespider; https://zhanzhang.toutiao.com/)"
2800:484:c47f:6500:c856:479c:c6ce:a572 - - [11/Apr/2025:13:58:07 +0000] "GET /favicon.ico HTTP/1.1" 404 1251 "https://www.abranoticias.com/2025/04/09/sicario-acuso-a-mujer-de-haber-enviado-a-matar-a-su-esposo/?fbclid=IwY2xjawJl_xpleHRuA2FlbQIxMQABHp4Xjk1C84ZYBfujFoteq6262iT5Q30YcC7SPY3QuCHjYosMy3rYUNZKPdT8_aem_4_0eY_O3s6LXnWGb36JoUg" "Mozilla/5.0 (Linux; Android 14; REA-NX9 Build/HONORREA-N39; wv) AppleWebKit/537.36 (KHTML, like Gecko) Version/4.0 Chrome/135.0.7049.49 Mobile Safari/537.36 [FB_IAB/FB4A;FBAV/507.0.0.66.49;IABMV/1;]"
170.10.163.108 - - [11/Apr/2025:13:58:09 +0000] "POST /wp-admin/admin-ajax.php?action=async_litespeed&nonce=zRT7lG3XknmOcJMZF7ZjJsgDaRi3TXNn&litespeed_type=imgoptm HTTP/1.1" 200 5 "-" "WordPress/6.7.2; https://www.abranoticias.com"
154.83.103.113 - - [11/Apr/2025:13:58:35 +0000] "GET /.env.bak HTTP/1.1" 404 13656 "-" "Mozilla/5.0 (Windows NT 10.0; Win64; x64) AppleWebKit/537.36 (KHTML, like Gecko) Chrome/91.0.4472.124 Safari/537.36"
154.83.103.113 - - [11/Apr/2025:13:58:36 +0000] "GET /.env.example HTTP/1.1" 404 13656 "-" "Mozilla/5.0 (Windows NT 10.0; Win64; x64) AppleWebKit/537.36 (KHTML, like Gecko) Chrome/91.0.4472.124 Safari/537.36"
154.83.103.113 - - [11/Apr/2025:13:58:43 +0000] "GET /.env.local HTTP/1.1" 404 13656 "-" "Mozilla/5.0 (Windows NT 10.0; Win64; x64) AppleWebKit/537.36 (KHTML, like Gecko) Chrome/91.0.4472.124 Safari/537.36"
38.51.234.136 - - [11/Apr/2025:13:58:45 +0000] "GET /2025/04/11/en-sandona-allanaron-5-viviendas-este-seria-el-delito/?fbclid=IwZXh0bgNhZW0CMTEAAR62AGwOnCyMWUVgji-1vqL9zR1WB866GX6zFefoiqlZo6jV-5i122msQ20Rtw_aem_WikmTZKlMlT_5QQSELweAg HTTP/1.1" 200 24349 "http://m.facebook.com/" "Mozilla/5.0 (Linux; Android 11; SM-A032M Build/RP1A.201005.001; wv) AppleWebKit/537.36 (KHTML, like Gecko) Version/4.0 Chrome/132.0.6834.163 Mobile Safari/537.36[FBAN/EMA;FBLC/es_ES;FBAV/453.0.0.18.113;FBCX/modulariab;]"
38.154.40.182 - - [11/Apr/2025:13:56:36 +0000] "GET /author/midiariodepasto/page/2/ HTTP/1.1" 200 25146 "-" "Mozilla/5.0 (Macintosh; Intel Mac OS X 10.15; rv:78.0) Gecko/20100101 Firefox/78.0"
18.117.196.112 - - [11/Apr/2025:13:56:59 +0000] "GET /wp-includes/cookie/index.php?loknya=%2Fproc%2Fself%2Froot%2Fproc%2Fself%2Froot%2Fhome%2Fabranoticias%2F.cagefs%2Fopt%2Falt%2Fphp81%2Flink&opsi=scanr&opsidua=autoscan HTTP/1.1" 200 2477 "-" "Mozilla/5.0 AppleWebKit/537.36 (KHTML, like Gecko; compatible; ClaudeBot/1.0; +claudebot@anthropic.com)"
109.239.229.239 - - [11/Apr/2025:13:56:59 +0000] "GET /category/noticias/ HTTP/1.1" 200 25055 "-" "Mozilla/5.0 (X11; Linux x86_64; rv:29.0) Gecko/20100101 Firefox/29.0"
109.239.229.239 - - [11/Apr/2025:13:56:59 +0000] "GET /category/region/ HTTP/1.1" 200 24981 "-" "Mozilla/5.0 (Windows NT 6.1; WOW64) AppleWebKit/537.36 (KHTML, like Gecko) Chrome/34.0.1847.137 Safari/537.36"
109.239.229.239 - - [11/Apr/2025:13:56:59 +0000] "GET /category/opinion/ HTTP/1.1" 200 25541 "-" "Mozilla/5.0 (Windows NT 6.1; WOW64; rv:29.0) Gecko/20100101 Firefox/29.0"
66.249.77.66 - - [11/Apr/2025:13:57:24 +0000] "GET /201255555.shtml HTTP/1.1" 200 18677 "-" "Mozilla/5.0 (Linux; Android 6.0.1; Nexus 5X Build/MMB29P) AppleWebKit/537.36 (KHTML, like Gecko) Chrome/135.0.7049.84 Mobile Safari/537.36 (compatible; Googlebot/2.1; +http://www.google.com/bot.html)"
170.10.163.108 - - [11/Apr/2025:13:57:45 +0000] "POST /wp-cron.php?doing_wp_cron=1744379865.3393568992614746093750 HTTP/1.1" 200 0 "-" "WordPress/6.7.2; https://www.abranoticias.com"
111.225.149.205 - - [11/Apr/2025:13:57:46 +0000] "GET /wp-includes/js/jquery/jquery.min.js?ver=3.7.1 HTTP/1.1" 304 0 "https://www.abranoticias.com/tag/james-rodriguez/" "Mozilla/5.0 (Linux; Android 5.0) AppleWebKit/537.36 (KHTML, like Gecko) Mobile Safari/537.36 (compatible; Bytespider; https://zhanzhang.toutiao.com/)"
66.249.77.67 - - [11/Apr/2025:13:57:58 +0000] "GET /15761387.shtml HTTP/1.1" 200 19088 "-" "Mozilla/5.0 (Linux; Android 6.0.1; Nexus 5X Build/MMB29P) AppleWebKit/537.36 (KHTML, like Gecko) Chrome/135.0.7049.84 Mobile Safari/537.36 (compatible; Googlebot/2.1; +http://www.google.com/bot.html)"
191.156.5.70 - - [11/Apr/2025:13:58:21 +0000] "GET /2025/04/11/en-sandona-allanaron-5-viviendas-este-seria-el-delito/?fbclid=IwY2xjawJl_0tleHRuA2FlbQIxMQABHuzC070Uy3ME1b5JlI43mU5Xj4mgFYSkbcCbH_FPGubWDGX3HosjChuz1J9t_aem_NSG9r3Mnlzc4u_t_kEeHoQ HTTP/1.1" 200 24349 "https://lm.facebook.com/" "Mozilla/5.0 (Linux; Android 9; SM-A105M Build/PPR1.180610.011; wv) AppleWebKit/537.36 (KHTML, like Gecko) Version/4.0 Chrome/135.0.7049.49 Mobile Safari/537.36 [FB_IAB/FB4A;FBAV/507.0.0.66.49;IABMV/1;]"
217.113.194.220 - - [11/Apr/2025:13:58:43 +0000] "GET /tag/heriods/feed/ HTTP/1.1" 200 1669 "-" "Mozilla/5.0 (compatible; Barkrowler/0.9; +https://babbar.tech/crawler)"
170.10.163.108 - - [11/Apr/2025:13:58:59 +0000] "POST /wp-cron.php?doing_wp_cron=1744379939.7531828880310058593750 HTTP/1.1" 200 0 "-" "WordPress/6.7.2; https://www.abranoticias.com"
154.83.103.113 - - [11/Apr/2025:13:58:58 +0000] "GET /.env.prod HTTP/1.1" 404 13656 "-" "Mozilla/5.0 (Windows NT 10.0; Win64; x64) AppleWebKit/537.36 (KHTML, like Gecko) Chrome/91.0.4472.124 Safari/537.36"
154.83.103.113 - - [11/Apr/2025:13:59:00 +0000] "GET /.env.production.local HTTP/1.1" 404 13656 "-" "Mozilla/5.0 (Windows NT 10.0; Win64; x64) AppleWebKit/537.36 (KHTML, like Gecko) Chrome/91.0.4472.124 Safari/537.36"
154.83.103.113 - - [11/Apr/2025:13:59:02 +0000] "GET /.env.stage HTTP/1.1" 404 13656 "-" "Mozilla/5.0 (Windows NT 10.0; Win64; x64) AppleWebKit/537.36 (KHTML, like Gecko) Chrome/91.0.4472.124 Safari/537.36"
154.83.103.113 - - [11/Apr/2025:13:59:03 +0000] "GET /.env_sample HTTP/1.1" 404 13656 "-" "Mozilla/5.0 (Windows NT 10.0; Win64; x64) AppleWebKit/537.36 (KHTML, like Gecko) Chrome/91.0.4472.124 Safari/537.36"
154.83.103.113 - - [11/Apr/2025:13:59:04 +0000] "GET /.git/ HTTP/1.1" 403 1242 "-" "Mozilla/5.0 (Windows NT 10.0; Win64; x64) AppleWebKit/537.36 (KHTML, like Gecko) Chrome/91.0.4472.124 Safari/537.36"
154.83.103.113 - - [11/Apr/2025:13:59:04 +0000] "GET /.git/COMMIT_EDITMSG HTTP/1.1" 403 1242 "-" "Mozilla/5.0 (Windows NT 10.0; Win64; x64) AppleWebKit/537.36 (KHTML, like Gecko) Chrome/91.0.4472.124 Safari/537.36"
154.83.103.113 - - [11/Apr/2025:13:59:05 +0000] "GET /.git/FETCH_HEAD HTTP/1.1" 403 1242 "-" "Mozilla/5.0 (Windows NT 10.0; Win64; x64) AppleWebKit/537.36 (KHTML, like Gecko) Chrome/91.0.4472.124 Safari/537.36"
154.83.103.113 - - [11/Apr/2025:13:59:10 +0000] "GET /.git/HEAD HTTP/1.1" 403 1242 "-" "Mozilla/5.0 (Windows NT 10.0; Win64; x64) AppleWebKit/537.36 (KHTML, like Gecko) Chrome/91.0.4472.124 Safari/537.36"
154.83.103.113 - - [11/Apr/2025:13:59:11 +0000] "GET /.git/ORIG_HEAD HTTP/1.1" 403 1242 "-" "Mozilla/5.0 (Windows NT 10.0; Win64; x64) AppleWebKit/537.36 (KHTML, like Gecko) Chrome/91.0.4472.124 Safari/537.36"
154.83.103.113 - - [11/Apr/2025:13:59:11 +0000] "GET /.git/config HTTP/1.1" 403 1242 "-" "Mozilla/5.0 (Windows NT 10.0; Win64; x64) AppleWebKit/537.36 (KHTML, like Gecko) Chrome/91.0.4472.124 Safari/537.36"
154.83.103.113 - - [11/Apr/2025:13:59:11 +0000] "GET /.git/description HTTP/1.1" 403 1242 "-" "Mozilla/5.0 (Windows NT 10.0; Win64; x64) AppleWebKit/537.36 (KHTML, like Gecko) Chrome/91.0.4472.124 Safari/537.36"
154.83.103.113 - - [11/Apr/2025:13:59:12 +0000] "GET /.git/hooks/post-commit HTTP/1.1" 403 1242 "-" "Mozilla/5.0 (Windows NT 10.0; Win64; x64) AppleWebKit/537.36 (KHTML, like Gecko) Chrome/91.0.4472.124 Safari/537.36"
154.83.103.113 - - [11/Apr/2025:13:59:12 +0000] "GET /.git/hooks/pre-commit HTTP/1.1" 403 1242 "-" "Mozilla/5.0 (Windows NT 10.0; Win64; x64) AppleWebKit/537.36 (KHTML, like Gecko) Chrome/91.0.4472.124 Safari/537.36"
154.83.103.113 - - [11/Apr/2025:13:59:12 +0000] "GET /.git/hooks/pre-push HTTP/1.1" 403 1242 "-" "Mozilla/5.0 (Windows NT 10.0; Win64; x64) AppleWebKit/537.36 (KHTML, like Gecko) Chrome/91.0.4472.124 Safari/537.36"
154.83.103.113 - - [11/Apr/2025:13:59:12 +0000] "GET /.git/index HTTP/1.1" 403 1242 "-" "Mozilla/5.0 (Windows NT 10.0; Win64; x64) AppleWebKit/537.36 (KHTML, like Gecko) Chrome/91.0.4472.124 Safari/537.36"
154.83.103.113 - - [11/Apr/2025:13:59:12 +0000] "GET /.git/info/exclude HTTP/1.1" 403 1242 "-" "Mozilla/5.0 (Windows NT 10.0; Win64; x64) AppleWebKit/537.36 (KHTML, like Gecko) Chrome/91.0.4472.124 Safari/537.36"
154.83.103.113 - - [11/Apr/2025:13:59:12 +0000] "GET /.git/logs/HEAD HTTP/1.1" 403 1242 "-" "Mozilla/5.0 (Windows NT 10.0; Win64; x64) AppleWebKit/537.36 (KHTML, like Gecko) Chrome/91.0.4472.124 Safari/537.36"
154.83.103.113 - - [11/Apr/2025:13:59:12 +0000] "GET /.git/logs/refs/heads/master HTTP/1.1" 403 1242 "-" "Mozilla/5.0 (Windows NT 10.0; Win64; x64) AppleWebKit/537.36 (KHTML, like Gecko) Chrome/91.0.4472.124 Safari/537.36"
154.83.103.113 - - [11/Apr/2025:13:59:12 +0000] "GET /.git/logs/refs/remotes/origin/HEAD HTTP/1.1" 403 1242 "-" "Mozilla/5.0 (Windows NT 10.0; Win64; x64) AppleWebKit/537.36 (KHTML, like Gecko) Chrome/91.0.4472.124 Safari/537.36"
154.83.103.113 - - [11/Apr/2025:13:59:13 +0000] "GET /.git/objects/ HTTP/1.1" 403 1242 "-" "Mozilla/5.0 (Windows NT 10.0; Win64; x64) AppleWebKit/537.36 (KHTML, like Gecko) Chrome/91.0.4472.124 Safari/537.36"
154.83.103.113 - - [11/Apr/2025:13:59:13 +0000] "GET /.git/packed-refs HTTP/1.1" 403 1242 "-" "Mozilla/5.0 (Windows NT 10.0; Win64; x64) AppleWebKit/537.36 (KHTML, like Gecko) Chrome/91.0.4472.124 Safari/537.36"
170.10.163.108 - - [11/Apr/2025:13:59:13 +0000] "POST /wp-cron.php?doing_wp_cron=1744379953.3444049358367919921875 HTTP/1.1" 200 0 "-" "WordPress/6.7.2; https://www.abranoticias.com"
154.83.103.113 - - [11/Apr/2025:13:59:13 +0000] "GET /.git/refs/ HTTP/1.1" 403 1242 "-" "Mozilla/5.0 (Windows NT 10.0; Win64; x64) AppleWebKit/537.36 (KHTML, like Gecko) Chrome/91.0.4472.124 Safari/537.36"
154.83.103.113 - - [11/Apr/2025:13:59:13 +0000] "GET /.git/refs/heads/ HTTP/1.1" 403 1242 "-" "Mozilla/5.0 (Windows NT 10.0; Win64; x64) AppleWebKit/537.36 (KHTML, like Gecko) Chrome/91.0.4472.124 Safari/537.36"
191.156.5.70 - - [11/Apr/2025:13:58:29 +0000] "GET /favicon.ico HTTP/1.1" 404 1251 "https://www.abranoticias.com/2025/04/11/en-sandona-allanaron-5-viviendas-este-seria-el-delito/?fbclid=IwY2xjawJl_0tleHRuA2FlbQIxMQABHuzC070Uy3ME1b5JlI43mU5Xj4mgFYSkbcCbH_FPGubWDGX3HosjChuz1J9t_aem_NSG9r3Mnlzc4u_t_kEeHoQ" "Mozilla/5.0 (Linux; Android 9; SM-A105M Build/PPR1.180610.011; wv) AppleWebKit/537.36 (KHTML, like Gecko) Version/4.0 Chrome/135.0.7049.49 Mobile Safari/537.36 [FB_IAB/FB4A;FBAV/507.0.0.66.49;IABMV/1;]"
66.249.77.67 - - [11/Apr/2025:13:58:32 +0000] "GET /113053581.shtml HTTP/1.1" 200 19228 "-" "Mozilla/5.0 (Linux; Android 6.0.1; Nexus 5X Build/MMB29P) AppleWebKit/537.36 (KHTML, like Gecko) Chrome/135.0.7049.84 Mobile Safari/537.36 (compatible; Googlebot/2.1; +http://www.google.com/bot.html)"
2800:484:c47f:6500:c856:479c:c6ce:a572 - - [11/Apr/2025:13:58:46 +0000] "GET /2025/04/11/en-sandona-allanaron-5-viviendas-este-seria-el-delito/ HTTP/1.1" 200 24349 "https://www.abranoticias.com/2025/04/09/sicario-acuso-a-mujer-de-haber-enviado-a-matar-a-su-esposo/?fbclid=IwY2xjawJl_xpleHRuA2FlbQIxMQABHp4Xjk1C84ZYBfujFoteq6262iT5Q30YcC7SPY3QuCHjYosMy3rYUNZKPdT8_aem_4_0eY_O3s6LXnWGb36JoUg" "Mozilla/5.0 (Linux; Android 14; REA-NX9 Build/HONORREA-N39; wv) AppleWebKit/537.36 (KHTML, like Gecko) Version/4.0 Chrome/135.0.7049.49 Mobile Safari/537.36 [FB_IAB/FB4A;FBAV/507.0.0.66.49;IABMV/1;]"
85.208.96.209 - - [11/Apr/2025:13:58:47 +0000] "GET /2021/06/12/en-pitalito-busca-familia-de-paciente-narinense/ HTTP/1.1" 200 24281 "-" "Mozilla/5.0 (compatible; SemrushBot/7~bl; +http://www.semrush.com/bot.html)"
66.249.77.68 - - [11/Apr/2025:13:59:00 +0000] "GET /193929333.shtml HTTP/1.1" 200 19128 "-" "Mozilla/5.0 (Linux; Android 6.0.1; Nexus 5X Build/MMB29P) AppleWebKit/537.36 (KHTML, like Gecko) Chrome/135.0.7049.84 Mobile Safari/537.36 (compatible; Googlebot/2.1; +http://www.google.com/bot.html)"
157.55.39.63 - - [11/Apr/2025:13:59:02 +0000] "GET /pcmypage?callback=product/review/UCGD52138246 HTTP/1.1" 200 20668 "-" "Mozilla/5.0 AppleWebKit/537.36 (KHTML, like Gecko; compatible; bingbot/2.0; +http://www.bing.com/bingbot.htm) Chrome/116.0.1938.76 Safari/537.36"
170.10.163.108 - - [11/Apr/2025:13:59:14 +0000] "POST /wp-admin/admin-ajax.php?action=async_litespeed&nonce=0b1YaSXTeYGYdIdDSEXgUNCgh5DwpJnJ&litespeed_type=imgoptm HTTP/1.1" 200 5 "-" "WordPress/6.7.2; https://www.abranoticias.com"
217.113.194.214 - - [11/Apr/2025:13:59:18 +0000] "GET /tag/yaje/feed/ HTTP/1.1" 200 1490 "-" "Mozilla/5.0 (compatible; Barkrowler/0.9; +https://babbar.tech/crawler)"
154.83.103.113 - - [11/Apr/2025:13:59:40 +0000] "GET /_phpinfo.php HTTP/1.1" 404 13656 "-" "Mozilla/5.0 (Windows NT 10.0; Win64; x64) AppleWebKit/537.36 (KHTML, like Gecko) Chrome/91.0.4472.124 Safari/537.36"
