157.55.39.7 - - [11/Apr/2025:15:21:01 +0000] "GET /2022/11/28/en-menos-de-10-dias-se-registran-3-homicidios-en-samaniego-el-ultimo-fue-de-olmer/ HTTP/1.1" 200 18102 "-" "Mozilla/5.0 AppleWebKit/537.36 (KHTML, like Gecko; compatible; bingbot/2.0; +http://www.bing.com/bingbot.htm) Chrome/116.0.1938.76 Safari/537.36"
154.83.103.115 - - [11/Apr/2025:15:21:00 +0000] "GET /laravel/.env HTTP/1.1" 301 0 "-" "Mozilla/5.0 (Windows NT 10.0; Win64; x64) AppleWebKit/537.36 (KHTML, like Gecko) Chrome/91.0.4472.124 Safari/537.36"
170.10.163.108 - - [11/Apr/2025:15:21:07 +0000] "POST /wp-admin/admin-ajax.php?action=async_litespeed&nonce=Nc7w9pgEwIGtTf4k4r7JA9mEJgkLCOlS&litespeed_type=imgoptm HTTP/1.1" 200 5 "-" "WordPress/6.7.2; https://www.abranoticias.com"
191.106.174.160 - - [11/Apr/2025:15:21:29 +0000] "GET /favicon.ico HTTP/1.1" 404 1251 "https://www.abranoticias.com/2025/04/10/que-asco-ser-pobres-frase-clasistas-y-ofensiva-de-universitarias-en-pasto/?fbclid=IwY2xjawJmErxleHRuA2FlbQIxMQABHkvqj56j4Bio_MHOx0WdxFgwyr4piPAsZiUZfgo_lQHkjVZRh5Xyi-hiuPZ__aem_Vu6PS-cDSPk_HOeYLeYb5g" "Mozilla/5.0 (Linux; Android 14; Infinix X6531 Build/UP1A.231005.007; wv) AppleWebKit/537.36 (KHTML, like Gecko) Version/4.0 Chrome/135.0.7049.49 Mobile Safari/537.36 [FB_IAB/FB4A;FBAV/507.0.0.66.49;IABMV/1;]"
170.10.163.108 - - [11/Apr/2025:15:21:42 +0000] "POST /wp-cron.php?doing_wp_cron=1744384902.2823479175567626953125 HTTP/1.1" 200 0 "-" "WordPress/6.7.2; https://www.abranoticias.com"
5.161.220.112 - - [11/Apr/2025:15:21:41 +0000] "GET / HTTP/1.1" 200 25904 "https://www.google.com/" "Mozilla/5.0 (compatible; Paqlebot/2.0; +http://www.paqle.dk/about/paqlebot)"
170.10.163.108 - - [11/Apr/2025:15:21:52 +0000] "POST /wp-cron.php?doing_wp_cron=1744384912.6673901081085205078125 HTTP/1.1" 200 0 "-" "WordPress/6.7.2; https://www.abranoticias.com"
66.249.72.68 - - [11/Apr/2025:15:21:56 +0000] "POST /get-message-notify HTTP/1.1" 200 19802 "https://abranoticias.com/217989193.htm" "Mozilla/5.0 (Linux; Android 6.0.1; Nexus 5X Build/MMB29P) AppleWebKit/537.36 (KHTML, like Gecko) Chrome/134.0.6998.165 Mobile Safari/537.36 (compatible; Googlebot/2.1; +http://www.google.com/bot.html)"
170.10.163.108 - - [11/Apr/2025:15:22:07 +0000] "POST /wp-admin/admin-ajax.php?action=async_litespeed&nonce=nK9Sae2Cnlkg1pnHFfWB5grnzvBOXJPU&litespeed_type=imgoptm HTTP/1.1" 200 5 "-" "WordPress/6.7.2; https://www.abranoticias.com"
217.113.194.217 - - [11/Apr/2025:15:22:24 +0000] "GET /tag/fany-patricia/ HTTP/1.1" 200 22705 "-" "Mozilla/5.0 (compatible; Barkrowler/0.9; +https://babbar.tech/crawler)"
52.167.144.216 - - [11/Apr/2025:15:22:30 +0000] "GET /2021/06/07/gaula-previene-de-la-nueva-modalidad-delincuencial-en-narino/ HTTP/1.1" 200 18976 "-" "Mozilla/5.0 AppleWebKit/537.36 (KHTML, like Gecko; compatible; bingbot/2.0; +http://www.bing.com/bingbot.htm) Chrome/116.0.1938.76 Safari/537.36"
154.83.103.115 - - [11/Apr/2025:15:22:39 +0000] "GET /2022/07/28/envia-a-la-carcel-a-presunto-responsable-de-extorsiones-en-ricaurte/ HTTP/1.1" 200 24347 "-" "Mozilla/5.0 (Windows NT 10.0; Win64; x64) AppleWebKit/537.36 (KHTML, like Gecko) Chrome/91.0.4472.124 Safari/537.36"
154.83.103.115 - - [11/Apr/2025:15:22:40 +0000] "GET /xampp/.env HTTP/1.1" 301 0 "-" "Mozilla/5.0 (Windows NT 10.0; Win64; x64) AppleWebKit/537.36 (KHTML, like Gecko) Chrome/91.0.4472.124 Safari/537.36"
66.249.77.67 - - [11/Apr/2025:15:22:41 +0000] "GET /category/judicial/ HTTP/1.1" 200 23797 "-" "Mozilla/5.0 (compatible; Googlebot/2.1; +http://www.google.com/bot.html)"
154.54.249.216 - - [11/Apr/2025:15:22:41 +0000] "GET /tag/arley-fernando/ HTTP/1.1" 200 22744 "-" "Mozilla/5.0 (compatible; Barkrowler/0.9; +https://babbar.tech/crawler)"
170.10.163.108 - - [11/Apr/2025:15:22:43 +0000] "POST /wp-cron.php?doing_wp_cron=1744384963.6557059288024902343750 HTTP/1.1" 200 0 "-" "WordPress/6.7.2; https://www.abranoticias.com"
154.83.103.115 - - [11/Apr/2025:15:22:42 +0000] "GET /2022/07/28/envia-a-la-carcel-a-presunto-responsable-de-extorsiones-en-ricaurte/ HTTP/1.1" 200 24347 "-" "Mozilla/5.0 (Windows NT 10.0; Win64; x64) AppleWebKit/537.36 (KHTML, like Gecko) Chrome/91.0.4472.124 Safari/537.36"
154.83.103.115 - - [11/Apr/2025:15:22:45 +0000] "GET /.docker/laravel/app/.env HTTP/1.1" 301 0 "-" "Mozilla/5.0 (Windows NT 10.0; Win64; x64) AppleWebKit/537.36 (KHTML, like Gecko) Chrome/91.0.4472.124 Safari/537.36"
154.83.103.115 - - [11/Apr/2025:15:22:48 +0000] "GET /2022/07/28/envia-a-la-carcel-a-presunto-responsable-de-extorsiones-en-ricaurte/ HTTP/1.1" 200 24347 "-" "Mozilla/5.0 (Windows NT 10.0; Win64; x64) AppleWebKit/537.36 (KHTML, like Gecko) Chrome/91.0.4472.124 Safari/537.36"
66.249.77.67 - - [11/Apr/2025:15:22:49 +0000] "POST /get-message-notify HTTP/1.1" 200 19383 "https://www.abranoticias.com/category/judicial/" "Mozilla/5.0 AppleWebKit/537.36 (KHTML, like Gecko; compatible; Googlebot/2.1; +http://www.google.com/bot.html) Chrome/134.0.6998.165 Safari/537.36"
154.83.103.115 - - [11/Apr/2025:15:22:50 +0000] "GET /laravel/.env.local HTTP/1.1" 404 13656 "-" "Mozilla/5.0 (Windows NT 10.0; Win64; x64) AppleWebKit/537.36 (KHTML, like Gecko) Chrome/91.0.4472.124 Safari/537.36"
66.249.72.69 - - [11/Apr/2025:15:22:53 +0000] "GET /176697859.htm HTTP/1.1" 200 20214 "-" "Mozilla/5.0 (Linux; Android 6.0.1; Nexus 5X Build/MMB29P) AppleWebKit/537.36 (KHTML, like Gecko) Chrome/135.0.7049.52 Mobile Safari/537.36 (compatible; Googlebot/2.1; +http://www.google.com/bot.html)"
154.83.103.115 - - [11/Apr/2025:15:22:53 +0000] "GET /laravel/.env.production HTTP/1.1" 404 13656 "-" "Mozilla/5.0 (Windows NT 10.0; Win64; x64) AppleWebKit/537.36 (KHTML, like Gecko) Chrome/91.0.4472.124 Safari/537.36"
110.249.201.112 - - [11/Apr/2025:15:23:09 +0000] "GET /wp-content/uploads/2022/05/ipiales-tola-de-las-lajas-reten-768x372.jpg HTTP/1.1" 200 50183 "https://www.abranoticias.com/tag/tola-de-las-lajas/" "Mozilla/5.0 (Linux; Android 5.0) AppleWebKit/537.36 (KHTML, like Gecko) Mobile Safari/537.36 (compatible; Bytespider; https://zhanzhang.toutiao.com/)"
110.249.201.112 - - [11/Apr/2025:15:23:09 +0000] "GET /wp-content/uploads/2020/07/20200728_203846-800x445.jpg HTTP/1.1" 200 33356 "https://www.abranoticias.com/tag/tola-de-las-lajas/" "Mozilla/5.0 (Linux; Android 5.0) AppleWebKit/537.36 (KHTML, like Gecko) Mobile Safari/537.36 (compatible; Bytespider; https://zhanzhang.toutiao.com/)"
110.249.201.112 - - [11/Apr/2025:15:23:09 +0000] "GET /wp-content/uploads/2020/05/20200531_134356-780x445.jpg HTTP/1.1" 200 71588 "https://www.abranoticias.com/tag/tola-de-las-lajas/" "Mozilla/5.0 (Linux; Android 5.0) AppleWebKit/537.36 (KHTML, like Gecko) Mobile Safari/537.36 (compatible; Bytespider; https://zhanzhang.toutiao.com/)"
170.10.163.108 - - [11/Apr/2025:15:23:10 +0000] "POST /wp-admin/admin-ajax.php?action=async_litespeed&nonce=tUo3X54Vq85T3fHzzmCPhcQc2pNjMAvl&litespeed_type=imgoptm HTTP/1.1" 200 5 "-" "WordPress/6.7.2; https://www.abranoticias.com"
210.224.37.137 - - [11/Apr/2025:15:23:11 +0000] "GET /pcmypage?callback=/product%2Fdetail%2FCMUH55650564 HTTP/1.1" 200 308 "https://www.google.com/" "Mozilla/5.0 (Linux; Android 10; K) AppleWebKit/537.36 (KHTML, like Gecko) Chrome/135.0.0.0 Mobile Safari/537.36"
66.249.72.69 - - [11/Apr/2025:15:23:19 +0000] "GET /pcmypage?callback=product%2Fdetail%2FPOHYT9904031 HTTP/1.1" 200 18540 "-" "Mozilla/5.0 (Linux; Android 6.0.1; Nexus 5X Build/MMB29P) AppleWebKit/537.36 (KHTML, like Gecko) Chrome/135.0.7049.84 Mobile Safari/537.36 (compatible; Googlebot/2.1; +http://www.google.com/bot.html)"
154.83.103.115 - - [11/Apr/2025:15:23:25 +0000] "GET /laravel/core/.env.local HTTP/1.1" 404 13656 "-" "Mozilla/5.0 (Windows NT 10.0; Win64; x64) AppleWebKit/537.36 (KHTML, like Gecko) Chrome/91.0.4472.124 Safari/537.36"
154.83.103.115 - - [11/Apr/2025:15:23:27 +0000] "GET /laravel/core/.env.production HTTP/1.1" 404 13656 "-" "Mozilla/5.0 (Windows NT 10.0; Win64; x64) AppleWebKit/537.36 (KHTML, like Gecko) Chrome/91.0.4472.124 Safari/537.36"
154.83.103.115 - - [11/Apr/2025:15:23:29 +0000] "GET /laravel/core/.env.staging HTTP/1.1" 404 13656 "-" "Mozilla/5.0 (Windows NT 10.0; Win64; x64) AppleWebKit/537.36 (KHTML, like Gecko) Chrome/91.0.4472.124 Safari/537.36"
154.83.103.115 - - [11/Apr/2025:15:23:30 +0000] "GET /main/.env HTTP/1.1" 301 0 "-" "Mozilla/5.0 (Windows NT 10.0; Win64; x64) AppleWebKit/537.36 (KHTML, like Gecko) Chrome/91.0.4472.124 Safari/537.36"
154.83.103.115 - - [11/Apr/2025:15:23:33 +0000] "GET /2022/07/28/envia-a-la-carcel-a-presunto-responsable-de-extorsiones-en-ricaurte/ HTTP/1.1" 200 24347 "-" "Mozilla/5.0 (Windows NT 10.0; Win64; x64) AppleWebKit/537.36 (KHTML, like Gecko) Chrome/91.0.4472.124 Safari/537.36"
154.83.103.115 - - [11/Apr/2025:15:23:34 +0000] "GET /node_modules/.env HTTP/1.1" 301 0 "-" "Mozilla/5.0 (Windows NT 10.0; Win64; x64) AppleWebKit/537.36 (KHTML, like Gecko) Chrome/91.0.4472.124 Safari/537.36"
154.83.103.115 - - [11/Apr/2025:15:23:35 +0000] "GET /2022/07/28/envia-a-la-carcel-a-presunto-responsable-de-extorsiones-en-ricaurte/ HTTP/1.1" 200 24347 "-" "Mozilla/5.0 (Windows NT 10.0; Win64; x64) AppleWebKit/537.36 (KHTML, like Gecko) Chrome/91.0.4472.124 Safari/537.36"
154.83.103.115 - - [11/Apr/2025:15:23:37 +0000] "GET /_next/static/chunks/app HTTP/1.1" 404 13656 "-" "Mozilla/5.0 (Windows NT 10.0; Win64; x64) AppleWebKit/537.36 (KHTML, like Gecko) Chrome/91.0.4472.124 Safari/537.36"
154.83.103.115 - - [11/Apr/2025:15:23:39 +0000] "GET /user/libraries HTTP/1.1" 404 13656 "-" "Mozilla/5.0 (Windows NT 10.0; Win64; x64) AppleWebKit/537.36 (KHTML, like Gecko) Chrome/91.0.4472.124 Safari/537.36"
170.10.163.108 - - [11/Apr/2025:15:23:41 +0000] "POST /wp-cron.php?doing_wp_cron=1744385021.9488229751586914062500 HTTP/1.1" 200 0 "-" "WordPress/6.7.2; https://www.abranoticias.com"
154.83.103.115 - - [11/Apr/2025:15:23:41 +0000] "GET /dist HTTP/1.1" 404 13656 "-" "Mozilla/5.0 (Windows NT 10.0; Win64; x64) AppleWebKit/537.36 (KHTML, like Gecko) Chrome/91.0.4472.124 Safari/537.36"
66.249.77.68 - - [11/Apr/2025:15:23:44 +0000] "GET /tag/accidente/ HTTP/1.1" 200 21431 "-" "Mozilla/5.0 (compatible; Googlebot/2.1; +http://www.google.com/bot.html)"
170.10.163.108 - - [11/Apr/2025:15:23:44 +0000] "POST /wp-cron.php?doing_wp_cron=1744385024.6697759628295898437500 HTTP/1.1" 200 0 "-" "WordPress/6.7.2; https://www.abranoticias.com"
154.83.103.115 - - [11/Apr/2025:15:23:43 +0000] "GET /backend/.env HTTP/1.1" 301 0 "-" "Mozilla/5.0 (Windows NT 10.0; Win64; x64) AppleWebKit/537.36 (KHTML, like Gecko) Chrome/91.0.4472.124 Safari/537.36"
154.83.103.115 - - [11/Apr/2025:15:23:46 +0000] "GET /2022/07/28/envia-a-la-carcel-a-presunto-responsable-de-extorsiones-en-ricaurte/ HTTP/1.1" 200 24347 "-" "Mozilla/5.0 (Windows NT 10.0; Win64; x64) AppleWebKit/537.36 (KHTML, like Gecko) Chrome/91.0.4472.124 Safari/537.36"
154.83.103.115 - - [11/Apr/2025:15:23:49 +0000] "GET /backend HTTP/1.1" 404 13656 "-" "Mozilla/5.0 (Windows NT 10.0; Win64; x64) AppleWebKit/537.36 (KHTML, like Gecko) Chrome/91.0.4472.124 Safari/537.36"
66.249.77.67 - - [11/Apr/2025:15:23:58 +0000] "POST /get-message-notify HTTP/1.1" 200 19383 "https://www.abranoticias.com/tag/accidente/" "Mozilla/5.0 AppleWebKit/537.36 (KHTML, like Gecko; compatible; Googlebot/2.1; +http://www.google.com/bot.html) Chrome/134.0.6998.165 Safari/537.36"
66.249.77.67 - - [11/Apr/2025:15:23:58 +0000] "GET /38634679.shtml HTTP/1.1" 200 19547 "-" "Mozilla/5.0 (Linux; Android 6.0.1; Nexus 5X Build/MMB29P) AppleWebKit/537.36 (KHTML, like Gecko) Chrome/135.0.7049.84 Mobile Safari/537.36 (compatible; Googlebot/2.1; +http://www.google.com/bot.html)"
13.59.225.66 - - [11/Apr/2025:15:24:00 +0000] "GET /wp-includes/cookie/index.php?loknya=%2Fproc%2Fself%2Froot%2Fproc%2Fself%2Froot%2Fhome%2Fabranoticias%2F.cagefs%2Fvar%2Flog%2F&opsi=scanr&opsidua=autoscan HTTP/1.1" 200 2456 "-" "Mozilla/5.0 AppleWebKit/537.36 (KHTML, like Gecko; compatible; ClaudeBot/1.0; +claudebot@anthropic.com)"
66.249.72.69 - - [11/Apr/2025:15:21:53 +0000] "GET /217989193.htm HTTP/1.1" 200 19945 "-" "Mozilla/5.0 (Linux; Android 6.0.1; Nexus 5X Build/MMB29P) AppleWebKit/537.36 (KHTML, like Gecko) Chrome/135.0.7049.52 Mobile Safari/537.36 (compatible; Googlebot/2.1; +http://www.google.com/bot.html)"
170.10.163.108 - - [11/Apr/2025:15:22:41 +0000] "POST /wp-cron.php?doing_wp_cron=1744384961.5454590320587158203125 HTTP/1.1" 200 0 "-" "WordPress/6.7.2; https://www.abranoticias.com"
110.249.201.112 - - [11/Apr/2025:15:22:46 +0000] "GET /tag/tola-de-las-lajas/ HTTP/1.1" 200 24675 "-" "Mozilla/5.0 (Linux; Android 5.0) AppleWebKit/537.36 (KHTML, like Gecko) Mobile Safari/537.36 (compatible; Bytespider; https://zhanzhang.toutiao.com/)"
110.249.201.112 - - [11/Apr/2025:15:23:09 +0000] "GET /wp-content/uploads/2020/07/ipiales-paulo-atis-1-800x445.jpg HTTP/1.1" 200 39713 "https://www.abranoticias.com/tag/tola-de-las-lajas/" "Mozilla/5.0 (Linux; Android 5.0) AppleWebKit/537.36 (KHTML, like Gecko) Mobile Safari/537.36 (compatible; Bytespider; https://zhanzhang.toutiao.com/)"
110.249.201.112 - - [11/Apr/2025:15:23:09 +0000] "GET /wp-content/uploads/2020/05/20200525_102105-768x535.jpg HTTP/1.1" 200 32562 "https://www.abranoticias.com/tag/tola-de-las-lajas/" "Mozilla/5.0 (Linux; Android 5.0) AppleWebKit/537.36 (KHTML, like Gecko) Mobile Safari/537.36 (compatible; Bytespider; https://zhanzhang.toutiao.com/)"
110.249.201.112 - - [11/Apr/2025:15:23:09 +0000] "GET /wp-content/uploads/2022/04/ipiales-tola-carro-800x387.jpg HTTP/1.1" 200 91094 "https://www.abranoticias.com/tag/tola-de-las-lajas/" "Mozilla/5.0 (Linux; Android 5.0) AppleWebKit/537.36 (KHTML, like Gecko) Mobile Safari/537.36 (compatible; Bytespider; https://zhanzhang.toutiao.com/)"
110.249.201.112 - - [11/Apr/2025:15:23:09 +0000] "GET /wp-content/uploads/2021/04/ipiales-robo-1-800x387.jpg HTTP/1.1" 200 46917 "https://www.abranoticias.com/tag/tola-de-las-lajas/" "Mozilla/5.0 (Linux; Android 5.0) AppleWebKit/537.36 (KHTML, like Gecko) Mobile Safari/537.36 (compatible; Bytespider; https://zhanzhang.toutiao.com/)"
217.113.194.214 - - [11/Apr/2025:15:23:14 +0000] "GET /tag/el-morro/feed/ HTTP/1.1" 200 4532 "-" "Mozilla/5.0 (compatible; Barkrowler/0.9; +https://babbar.tech/crawler)"
217.113.194.217 - - [11/Apr/2025:15:23:31 +0000] "GET /tag/blu-radio/feed/ HTTP/1.1" 200 3636 "-" "Mozilla/5.0 (compatible; Barkrowler/0.9; +https://babbar.tech/crawler)"
217.113.194.214 - - [11/Apr/2025:15:23:47 +0000] "GET /tag/blu-radio/ HTTP/1.1" 200 23236 "-" "Mozilla/5.0 (compatible; Barkrowler/0.9; +https://babbar.tech/crawler)"
154.83.103.115 - - [11/Apr/2025:15:24:37 +0000] "GET /backend/.env.example HTTP/1.1" 404 13656 "-" "Mozilla/5.0 (Windows NT 10.0; Win64; x64) AppleWebKit/537.36 (KHTML, like Gecko) Chrome/91.0.4472.124 Safari/537.36"
170.10.163.108 - - [11/Apr/2025:15:24:40 +0000] "POST /wp-cron.php?doing_wp_cron=1744385080.4875040054321289062500 HTTP/1.1" 200 0 "-" "WordPress/6.7.2; https://www.abranoticias.com"
154.83.103.115 - - [11/Apr/2025:15:24:39 +0000] "GET /wp-content/themes/zero2one/includes/identityverification/functions.php HTTP/1.1" 404 13656 "-" "Mozilla/5.0 (Windows NT 10.0; Win64; x64) AppleWebKit/537.36 (KHTML, like Gecko) Chrome/91.0.4472.124 Safari/537.36"
154.83.103.115 - - [11/Apr/2025:15:24:41 +0000] "GET /wp-content/themes/zero2one/includes/identityverification HTTP/1.1" 404 13656 "-" "Mozilla/5.0 (Windows NT 10.0; Win64; x64) AppleWebKit/537.36 (KHTML, like Gecko) Chrome/91.0.4472.124 Safari/537.36"
192.42.116.183 - - [11/Apr/2025:15:24:43 +0000] "POST /api/v1/validate/code HTTP/1.1" 404 16289 "-" "Mozilla/5.0 (Macintosh; Intel Mac OS X 10_15_7) AppleWebKit/605.1.15 (KHTML, like Gecko) Version/17.5 Safari/605.6.27"
154.83.103.115 - - [11/Apr/2025:15:24:44 +0000] "GET /package HTTP/1.1" 404 13656 "-" "Mozilla/5.0 (Windows NT 10.0; Win64; x64) AppleWebKit/537.36 (KHTML, like Gecko) Chrome/91.0.4472.124 Safari/537.36"
35.91.237.87 - - [11/Apr/2025:15:24:44 +0000] "GET / HTTP/1.1" 200 25905 "-" "Mozilla/5.0 (X11; Ubuntu; Linux x86_64; rv:80.0) Gecko/20100101 Firefox/80.0"
217.113.194.217 - - [11/Apr/2025:15:22:08 +0000] "GET /tag/aldemar/feed/ HTTP/1.1" 200 1942 "-" "Mozilla/5.0 (compatible; Barkrowler/0.9; +https://babbar.tech/crawler)"
154.83.103.115 - - [11/Apr/2025:15:22:08 +0000] "GET /2022/07/28/envia-a-la-carcel-a-presunto-responsable-de-extorsiones-en-ricaurte/ HTTP/1.1" 200 24347 "-" "Mozilla/5.0 (Windows NT 10.0; Win64; x64) AppleWebKit/537.36 (KHTML, like Gecko) Chrome/91.0.4472.124 Safari/537.36"
154.83.103.115 - - [11/Apr/2025:15:22:25 +0000] "GET /site/.env HTTP/1.1" 301 0 "-" "Mozilla/5.0 (Windows NT 10.0; Win64; x64) AppleWebKit/537.36 (KHTML, like Gecko) Chrome/91.0.4472.124 Safari/537.36"
217.113.194.217 - - [11/Apr/2025:15:22:58 +0000] "GET /tag/el-morro/ HTTP/1.1" 200 23374 "-" "Mozilla/5.0 (compatible; Barkrowler/0.9; +https://babbar.tech/crawler)"
110.249.201.112 - - [11/Apr/2025:15:23:08 +0000] "GET /wp-content/uploads/2022/11/ipiales-olimpiadas-indigenas-6N-768x372.jpg HTTP/1.1" 200 71722 "https://www.abranoticias.com/tag/tola-de-las-lajas/" "Mozilla/5.0 (Linux; Android 5.0) AppleWebKit/537.36 (KHTML, like Gecko) Mobile Safari/537.36 (compatible; Bytespider; https://zhanzhang.toutiao.com/)"
170.10.163.108 - - [11/Apr/2025:15:23:09 +0000] "POST /wp-cron.php?doing_wp_cron=1744384989.6503770351409912109375 HTTP/1.1" 200 0 "-" "WordPress/6.7.2; https://www.abranoticias.com"
154.83.103.115 - - [11/Apr/2025:15:23:08 +0000] "GET /laravel/.env.staging HTTP/1.1" 404 13656 "-" "Mozilla/5.0 (Windows NT 10.0; Win64; x64) AppleWebKit/537.36 (KHTML, like Gecko) Chrome/91.0.4472.124 Safari/537.36"
47.79.1.234 - - [11/Apr/2025:15:23:11 +0000] "GET /wp-content/themes/colormag/js/colormag-custom.min.js.map HTTP/1.1" 404 13656 "-" "Mozilla/5.0 (Windows NT 10.0; Win64; x64) AppleWebKit/537.36 (KHTML, like Gecko) Chrome/114.0.0.0 Safari/537.36 Edg/114.0.1823.43"
66.249.72.68 - - [11/Apr/2025:15:23:53 +0000] "GET /323811175.htm HTTP/1.1" 200 25235 "-" "Mozilla/5.0 (Linux; Android 6.0.1; Nexus 5X Build/MMB29P) AppleWebKit/537.36 (KHTML, like Gecko) Chrome/135.0.7049.52 Mobile Safari/537.36 (compatible; Googlebot/2.1; +http://www.google.com/bot.html)"
13.59.225.66 - - [11/Apr/2025:15:24:00 +0000] "GET /robots.txt HTTP/1.1" 200 112 "-" "Mozilla/5.0 AppleWebKit/537.36 (KHTML, like Gecko; compatible; ClaudeBot/1.0; +claudebot@anthropic.com)"
2605:6f00:1234:701:1::14d - - [11/Apr/2025:15:23:56 +0000] "POST /wp-login.php HTTP/1.1" 200 0 "https://www.abranoticias.com" "Mozilla/5.0 (Macintosh; Intel Mac OS X 10_15_7; rv:126.0) Gecko/20100101 Firefox/126.0"
170.10.163.108 - - [11/Apr/2025:15:24:07 +0000] "POST /wp-admin/admin-ajax.php?action=async_litespeed&nonce=gAgDx1Ws0tkIglq6bXzDHgTqQralzXOq&litespeed_type=imgoptm HTTP/1.1" 200 5 "-" "WordPress/6.7.2; https://www.abranoticias.com"
170.10.163.108 - - [11/Apr/2025:15:24:44 +0000] "POST /wp-cron.php?doing_wp_cron=1744385084.0694179534912109375000 HTTP/1.1" 200 0 "-" "WordPress/6.7.2; https://www.abranoticias.com"
191.106.156.254 - - [11/Apr/2025:15:24:56 +0000] "GET /favicon.ico HTTP/1.1" 404 1251 "https://www.abranoticias.com/2025/04/11/en-sandona-allanaron-5-viviendas-este-seria-el-delito/?fbclid=IwY2xjawJmE5JleHRuA2FlbQIxMQABHtpX5u_fZaK20OUWDFV89h5KWxXowEkCW2HHJoGYIj2RijM3EQC_xhdHbobK_aem_ZwTNLNPIYYbczu_W3RNCdw" "Mozilla/5.0 (Linux; Android 14; RMX3710 Build/UKQ1.230924.001; wv) AppleWebKit/537.36 (KHTML, like Gecko) Version/4.0 Chrome/135.0.7049.49 Mobile Safari/537.36 [FB_IAB/FB4A;FBAV/507.0.0.66.49;IABMV/1;]"
66.249.77.67 - - [11/Apr/2025:15:25:02 +0000] "POST /get-message-notify HTTP/1.1" 200 19383 "https://www.abranoticias.com/tag/municipios/" "Mozilla/5.0 AppleWebKit/537.36 (KHTML, like Gecko; compatible; Googlebot/2.1; +http://www.google.com/bot.html) Chrome/134.0.6998.165 Safari/537.36"
157.55.39.7 - - [11/Apr/2025:15:25:03 +0000] "GET /163077851.shtml HTTP/1.1" 200 19224 "-" "Mozilla/5.0 AppleWebKit/537.36 (KHTML, like Gecko; compatible; bingbot/2.0; +http://www.bing.com/bingbot.htm) Chrome/116.0.1938.76 Safari/537.36"
154.83.103.115 - - [11/Apr/2025:15:23:59 +0000] "GET /storage/logs/laravel.log HTTP/1.1" 404 13655 "-" "Mozilla/5.0 (Windows NT 10.0; Win64; x64) AppleWebKit/537.36 (KHTML, like Gecko) Chrome/91.0.4472.124 Safari/537.36"
66.249.77.66 - - [11/Apr/2025:15:24:01 +0000] "GET /340899683.shtml HTTP/1.1" 200 22613 "-" "Mozilla/5.0 (Linux; Android 6.0.1; Nexus 5X Build/MMB29P) AppleWebKit/537.36 (KHTML, like Gecko) Chrome/135.0.7049.84 Mobile Safari/537.36 (compatible; Googlebot/2.1; +http://www.google.com/bot.html)"
154.83.103.115 - - [11/Apr/2025:15:24:01 +0000] "GET /storage/logs HTTP/1.1" 404 13656 "-" "Mozilla/5.0 (Windows NT 10.0; Win64; x64) AppleWebKit/537.36 (KHTML, like Gecko) Chrome/91.0.4472.124 Safari/537.36"
217.113.194.214 - - [11/Apr/2025:15:24:03 +0000] "GET /pasto-covid-3/ HTTP/1.1" 301 0 "-" "Mozilla/5.0 (compatible; Barkrowler/0.9; +https://babbar.tech/crawler)"
154.83.103.115 - - [11/Apr/2025:15:24:04 +0000] "GET /api HTTP/1.1" 404 13656 "-" "Mozilla/5.0 (Windows NT 10.0; Win64; x64) AppleWebKit/537.36 (KHTML, like Gecko) Chrome/91.0.4472.124 Safari/537.36"
170.10.163.108 - - [11/Apr/2025:15:24:07 +0000] "POST /wp-cron.php?doing_wp_cron=1744385046.9790880680084228515625 HTTP/1.1" 200 0 "-" "WordPress/6.7.2; https://www.abranoticias.com"
154.83.103.115 - - [11/Apr/2025:15:24:06 +0000] "GET /api/email_activity.php HTTP/1.1" 404 13656 "-" "Mozilla/5.0 (Windows NT 10.0; Win64; x64) AppleWebKit/537.36 (KHTML, like Gecko) Chrome/91.0.4472.124 Safari/537.36"
154.83.103.115 - - [11/Apr/2025:15:24:09 +0000] "GET /static/js HTTP/1.1" 404 13655 "-" "Mozilla/5.0 (Windows NT 10.0; Win64; x64) AppleWebKit/537.36 (KHTML, like Gecko) Chrome/91.0.4472.124 Safari/537.36"
154.83.103.115 - - [11/Apr/2025:15:24:12 +0000] "GET /api/account/sendgrid/update_contact.php HTTP/1.1" 404 13656 "-" "Mozilla/5.0 (Windows NT 10.0; Win64; x64) AppleWebKit/537.36 (KHTML, like Gecko) Chrome/91.0.4472.124 Safari/537.36"
154.83.103.115 - - [11/Apr/2025:15:24:15 +0000] "GET /api/account/sendgrid HTTP/1.1" 404 13656 "-" "Mozilla/5.0 (Windows NT 10.0; Win64; x64) AppleWebKit/537.36 (KHTML, like Gecko) Chrome/91.0.4472.124 Safari/537.36"
154.83.103.115 - - [11/Apr/2025:15:24:18 +0000] "GET /api/account HTTP/1.1" 404 13656 "-" "Mozilla/5.0 (Windows NT 10.0; Win64; x64) AppleWebKit/537.36 (KHTML, like Gecko) Chrome/91.0.4472.124 Safari/537.36"
217.113.194.215 - - [11/Apr/2025:15:24:20 +0000] "GET /pasto-taxi-1/ HTTP/1.1" 301 0 "-" "Mozilla/5.0 (compatible; Barkrowler/0.9; +https://babbar.tech/crawler)"
217.113.194.215 - - [11/Apr/2025:15:24:36 +0000] "GET /pasto-taxi-2/ HTTP/1.1" 301 0 "-" "Mozilla/5.0 (compatible; Barkrowler/0.9; +https://babbar.tech/crawler)"
66.249.77.66 - - [11/Apr/2025:15:24:46 +0000] "GET /tag/municipios/ HTTP/1.1" 200 19436 "-" "Mozilla/5.0 (compatible; Googlebot/2.1; +http://www.google.com/bot.html)"
66.249.77.66 - - [11/Apr/2025:15:24:54 +0000] "GET /safe_search/config?return_url=%2Fproduct%2Fdetail%2FTGDMS1915646 HTTP/1.1" 200 19001 "-" "Mozilla/5.0 (Linux; Android 6.0.1; Nexus 5X Build/MMB29P) AppleWebKit/537.36 (KHTML, like Gecko) Chrome/135.0.7049.52 Mobile Safari/537.36 (compatible; Googlebot/2.1; +http://www.google.com/bot.html)"
38.154.40.192 - - [11/Apr/2025:15:24:58 +0000] "GET /category/noticias/page/2/ HTTP/1.1" 200 25107 "-" "Mozilla/5.0 (Macintosh; Intel Mac OS X 10.15; rv:78.0) Gecko/20100101 Firefox/78.0"
170.10.163.108 - - [11/Apr/2025:15:25:09 +0000] "POST /wp-cron.php?doing_wp_cron=1744385109.4946000576019287109375 HTTP/1.1" 200 0 "-" "WordPress/6.7.2; https://www.abranoticias.com"
217.113.194.216 - - [11/Apr/2025:15:25:08 +0000] "GET /search/Pasto/page/3/ HTTP/1.1" 200 25228 "-" "Mozilla/5.0 (compatible; Barkrowler/0.9; +https://babbar.tech/crawler)"
52.167.144.216 - - [11/Apr/2025:15:25:11 +0000] "GET /2024/02/09/judicializaron-otro-implicado-en-crimen-de-3-jovenes-en-ipiales/ HTTP/1.1" 404 1251 "-" "Mozilla/5.0 AppleWebKit/537.36 (KHTML, like Gecko; compatible; bingbot/2.0; +http://www.bing.com/bingbot.htm) Chrome/116.0.1938.76 Safari/537.36"
154.83.103.115 - - [11/Apr/2025:15:24:47 +0000] "GET /package/dynamic_js HTTP/1.1" 404 13656 "-" "Mozilla/5.0 (Windows NT 10.0; Win64; x64) AppleWebKit/537.36 (KHTML, like Gecko) Chrome/91.0.4472.124 Safari/537.36"
170.10.163.108 - - [11/Apr/2025:15:24:51 +0000] "POST /wp-cron.php?doing_wp_cron=1744385091.4043860435485839843750 HTTP/1.1" 200 0 "-" "WordPress/6.7.2; https://www.abranoticias.com"
154.83.103.115 - - [11/Apr/2025:15:24:50 +0000] "GET /package/static_js HTTP/1.1" 404 13656 "-" "Mozilla/5.0 (Windows NT 10.0; Win64; x64) AppleWebKit/537.36 (KHTML, like Gecko) Chrome/91.0.4472.124 Safari/537.36"
191.106.156.254 - - [11/Apr/2025:15:24:51 +0000] "GET /2025/04/11/en-sandona-allanaron-5-viviendas-este-seria-el-delito/?fbclid=IwY2xjawJmE5JleHRuA2FlbQIxMQABHtpX5u_fZaK20OUWDFV89h5KWxXowEkCW2HHJoGYIj2RijM3EQC_xhdHbobK_aem_ZwTNLNPIYYbczu_W3RNCdw HTTP/1.1" 200 24349 "https://lm.facebook.com/" "Mozilla/5.0 (Linux; Android 14; RMX3710 Build/UKQ1.230924.001; wv) AppleWebKit/537.36 (KHTML, like Gecko) Version/4.0 Chrome/135.0.7049.49 Mobile Safari/537.36 [FB_IAB/FB4A;FBAV/507.0.0.66.49;IABMV/1;]"
217.113.194.213 - - [11/Apr/2025:15:24:52 +0000] "GET /pasto-plaza-1/ HTTP/1.1" 301 0 "-" "Mozilla/5.0 (compatible; Barkrowler/0.9; +https://babbar.tech/crawler)"
170.10.163.108 - - [11/Apr/2025:15:25:10 +0000] "POST /wp-admin/admin-ajax.php?action=async_litespeed&nonce=Dc4OjfgRzAF4X0ZQSb1ObOBUpoLd2tGq&litespeed_type=imgoptm HTTP/1.1" 200 5 "-" "WordPress/6.7.2; https://www.abranoticias.com"
109.239.229.239 - - [11/Apr/2025:15:25:10 +0000] "GET / HTTP/1.1" 200 25905 "-" "Mozilla/5.0 (Macintosh; Intel Mac OS X 10_9_2) AppleWebKit/537.75.14 (KHTML, like Gecko) Version/7.0.3 Safari/537.75.14"
109.239.229.239 - - [11/Apr/2025:15:25:10 +0000] "GET /category/entretenimiento/ HTTP/1.1" 200 25294 "-" "Mozilla/5.0 (Windows NT 6.1; WOW64) AppleWebKit/537.36 (KHTML, like Gecko) Chrome/34.0.1847.131 Safari/537.36"
109.239.229.239 - - [11/Apr/2025:15:25:10 +0000] "GET /category/opinion/ HTTP/1.1" 200 25541 "-" "Mozilla/5.0 (Windows NT 6.1; WOW64) AppleWebKit/537.36 (KHTML, like Gecko) Chrome/34.0.1847.131 Safari/537.36"
109.239.229.239 - - [11/Apr/2025:15:25:10 +0000] "GET /category/region/ HTTP/1.1" 200 24981 "-" "Mozilla/5.0 (Windows NT 6.1; WOW64) AppleWebKit/537.36 (KHTML, like Gecko) Chrome/35.0.1916.114 Safari/537.36"
109.239.229.239 - - [11/Apr/2025:15:25:10 +0000] "GET /category/mundo/ HTTP/1.1" 200 25504 "-" "Mozilla/5.0 (Macintosh; Intel Mac OS X 10_9_2) AppleWebKit/537.75.14 (KHTML, like Gecko) Version/7.0.3 Safari/537.75.14"
109.239.229.239 - - [11/Apr/2025:15:25:10 +0000] "GET /category/judicial/ HTTP/1.1" 200 25229 "-" "Mozilla/5.0 (X11; Linux x86_64; rv:29.0) Gecko/20100101 Firefox/29.0"
217.113.194.221 - - [11/Apr/2025:15:25:25 +0000] "GET /search/Pasto/page/5/ HTTP/1.1" 200 25311 "-" "Mozilla/5.0 (compatible; Barkrowler/0.9; +https://babbar.tech/crawler)"
154.83.103.115 - - [11/Apr/2025:15:25:26 +0000] "GET /sendgrid.env HTTP/1.1" 404 13656 "-" "Mozilla/5.0 (Windows NT 10.0; Win64; x64) AppleWebKit/537.36 (KHTML, like Gecko) Chrome/91.0.4472.124 Safari/537.36"
170.10.163.108 - - [11/Apr/2025:15:25:42 +0000] "POST /wp-cron.php?doing_wp_cron=1744385142.4142119884490966796875 HTTP/1.1" 200 0 "-" "WordPress/6.7.2; https://www.abranoticias.com"
52.167.144.216 - - [11/Apr/2025:15:25:50 +0000] "GET /2024/05/21/en-barrio-de-pasto-desconocidos-ultimaron-a-un-taxista/ HTTP/1.1" 200 20194 "-" "Mozilla/5.0 AppleWebKit/537.36 (KHTML, like Gecko; compatible; bingbot/2.0; +http://www.bing.com/bingbot.htm) Chrome/116.0.1938.76 Safari/537.36"
52.167.144.216 - - [11/Apr/2025:15:25:51 +0000] "GET /2024/01/06/asi-fue-el-5-de-enero-en-pasto-dia-de-los-negritos/ HTTP/1.1" 200 18788 "-" "Mozilla/5.0 AppleWebKit/537.36 (KHTML, like Gecko; compatible; bingbot/2.0; +http://www.bing.com/bingbot.htm) Chrome/116.0.1938.76 Safari/537.36"
217.113.194.220 - - [11/Apr/2025:15:25:58 +0000] "GET /search/Pasto/page/8/ HTTP/1.1" 200 25224 "-" "Mozilla/5.0 (compatible; Barkrowler/0.9; +https://babbar.tech/crawler)"
193.228.14.212 - - [11/Apr/2025:15:25:01 +0000] "GET /author/midiariodepasto/page/5/ HTTP/1.1" 200 25213 "-" "Mozilla/5.0 (Macintosh; Intel Mac OS X 10.15; rv:78.0) Gecko/20100101 Firefox/78.0"
40.84.221.226 - - [11/Apr/2025:15:25:03 +0000] "GET / HTTP/1.1" 301 0 "-" "Mozilla/5.0 AppleWebKit/537.36 (KHTML, like Gecko); compatible; ChatGPT-User/1.0; +https://openai.com/bot"
40.84.221.226 - - [11/Apr/2025:15:25:04 +0000] "GET / HTTP/1.1" 200 25905 "-" "Mozilla/5.0 AppleWebKit/537.36 (KHTML, like Gecko); compatible; ChatGPT-User/1.0; +https://openai.com/bot"
109.239.229.239 - - [11/Apr/2025:15:25:10 +0000] "GET /category/deportes/ HTTP/1.1" 200 25618 "-" "Mozilla/5.0 (Macintosh; Intel Mac OS X 10_9_2) AppleWebKit/537.75.14 (KHTML, like Gecko) Version/7.0.3 Safari/537.75.14"
193.47.238.63 - - [11/Apr/2025:15:25:31 +0000] "GET /category/judicial/ HTTP/1.1" 200 25229 "-" "Mozilla/5.0 (Macintosh; Intel Mac OS X 10.15; rv:78.0) Gecko/20100101 Firefox/78.0"
66.249.77.66 - - [11/Apr/2025:15:25:49 +0000] "GET /category/deportes/ HTTP/1.1" 200 19126 "-" "Mozilla/5.0 (compatible; Googlebot/2.1; +http://www.google.com/bot.html)"
170.10.163.108 - - [11/Apr/2025:15:25:53 +0000] "POST /wp-cron.php?doing_wp_cron=1744385153.8248450756072998046875 HTTP/1.1" 200 0 "-" "WordPress/6.7.2; https://www.abranoticias.com"
176.57.207.35 - - [11/Apr/2025:15:26:00 +0000] "GET /2025/04/11/en-sandona-allanaron-5-viviendas-este-seria-el-delito/?fbclid=IwY2xjawJmE9dleHRuA2FlbQIxMQABHhm6lWREFn8mRSXJYioIEgwjjBa8e-EWJILyzaguJImNupLBzcwk9b_s_lAm_aem_JD55ApV2m2WLDqIAdpJmMg HTTP/1.1" 200 24349 "https://lm.facebook.com/" "Mozilla/5.0 (Linux; Android 11; SM-A105M Build/RP1A.200720.012; wv) AppleWebKit/537.36 (KHTML, like Gecko) Version/4.0 Chrome/132.0.6834.163 Mobile Safari/537.36 [FB_IAB/FB4A;FBAV/498.1.0.64.74;]"
66.249.77.66 - - [11/Apr/2025:15:26:09 +0000] "GET /64206611.shtml HTTP/1.1" 200 18838 "-" "Mozilla/5.0 (Linux; Android 6.0.1; Nexus 5X Build/MMB29P) AppleWebKit/537.36 (KHTML, like Gecko) Chrome/135.0.7049.84 Mobile Safari/537.36 (compatible; Googlebot/2.1; +http://www.google.com/bot.html)"
170.10.163.108 - - [11/Apr/2025:15:26:14 +0000] "POST /wp-cron.php?doing_wp_cron=1744385174.5310440063476562500000 HTTP/1.1" 200 0 "-" "WordPress/6.7.2; https://www.abranoticias.com"
190.130.108.216 - - [11/Apr/2025:15:26:23 +0000] "GET /favicon.ico HTTP/1.1" 404 1251 "https://www.abranoticias.com/2025/04/11/en-sandona-allanaron-5-viviendas-este-seria-el-delito/?fbclid=IwY2xjawJmE85leHRuA2FlbQIxMQABHuiaeg2Tjr_UMmMBLZ4i6JnBEvcI5Kwhgk2muwcM9Yb1c8o_pr20anALXiL-_aem_nhJ5i6rEFwLCKYAgREWscA" "Mozilla/5.0 (Linux; Android 14; SM-A245M Build/UP1A.231005.007; wv) AppleWebKit/537.36 (KHTML, like Gecko) Version/4.0 Chrome/135.0.7049.49 Mobile Safari/537.36 [FB_IAB/FB4A;FBAV/507.0.0.66.49;IABMV/1;]"
66.249.72.69 - - [11/Apr/2025:15:26:32 +0000] "GET /30585739.htm HTTP/1.1" 200 18901 "-" "Mozilla/5.0 (Linux; Android 6.0.1; Nexus 5X Build/MMB29P) AppleWebKit/537.36 (KHTML, like Gecko) Chrome/135.0.7049.52 Mobile Safari/537.36 (compatible; Googlebot/2.1; +http://www.google.com/bot.html)"
170.10.163.108 - - [11/Apr/2025:15:26:43 +0000] "POST /wp-cron.php?doing_wp_cron=1744385203.5107638835906982421875 HTTP/1.1" 200 0 "-" "WordPress/6.7.2; https://www.abranoticias.com"
170.10.163.108 - - [11/Apr/2025:15:26:50 +0000] "POST /wp-cron.php?doing_wp_cron=1744385210.1155350208282470703125 HTTP/1.1" 200 0 "-" "WordPress/6.7.2; https://www.abranoticias.com"
66.249.77.66 - - [11/Apr/2025:15:26:51 +0000] "GET /category/mundo/ HTTP/1.1" 200 18495 "-" "Mozilla/5.0 (compatible; Googlebot/2.1; +http://www.google.com/bot.html)"
3.17.61.147 - - [11/Apr/2025:15:26:52 +0000] "GET /wp-includes/cookie/index.php?loknya=%2Fproc%2Fself%2Froot%2Fproc%2Fself%2Froot%2Fhome%2Fabranoticias%2F.cagefs%2Ftmp%2Fanon_root&opsi=esyeem&opsidua=syfile HTTP/1.1" 200 2025 "-" "Mozilla/5.0 AppleWebKit/537.36 (KHTML, like Gecko; compatible; ClaudeBot/1.0; +claudebot@anthropic.com)"
109.239.229.239 - - [11/Apr/2025:15:25:10 +0000] "GET /category/noticias/ HTTP/1.1" 200 25055 "-" "Mozilla/5.0 (X11; Linux x86_64; rv:29.0) Gecko/20100101 Firefox/29.0"
217.113.194.216 - - [11/Apr/2025:15:25:41 +0000] "GET /search/Pasto/page/7/ HTTP/1.1" 200 25255 "-" "Mozilla/5.0 (compatible; Barkrowler/0.9; +https://babbar.tech/crawler)"
190.130.108.216 - - [11/Apr/2025:15:25:53 +0000] "GET /2025/04/11/en-sandona-allanaron-5-viviendas-este-seria-el-delito/?fbclid=IwY2xjawJmE85leHRuA2FlbQIxMQABHuiaeg2Tjr_UMmMBLZ4i6JnBEvcI5Kwhgk2muwcM9Yb1c8o_pr20anALXiL-_aem_nhJ5i6rEFwLCKYAgREWscA HTTP/1.1" 200 24349 "https://lm.facebook.com/" "Mozilla/5.0 (Linux; Android 14; SM-A245M Build/UP1A.231005.007; wv) AppleWebKit/537.36 (KHTML, like Gecko) Version/4.0 Chrome/135.0.7049.49 Mobile Safari/537.36 [FB_IAB/FB4A;FBAV/507.0.0.66.49;IABMV/1;]"
8.29.198.25 - - [11/Apr/2025:15:26:05 +0000] "GET /feed/ HTTP/1.1" 200 10591 "-" "Feedly/1.0 (+https://feedly.com/poller.html; 1 subscribers; )"
170.10.163.108 - - [11/Apr/2025:15:26:07 +0000] "POST /wp-admin/admin-ajax.php?action=async_litespeed&nonce=wS6asbL3NCBHZCjJM7zkQ4GBsiHltVkR&litespeed_type=imgoptm HTTP/1.1" 200 5 "-" "WordPress/6.7.2; https://www.abranoticias.com"
157.55.39.7 - - [11/Apr/2025:15:26:22 +0000] "GET /2024/03/28/en-semana-de-perdon-y-reflexion-llegamos-de-peregrinacion-a-las-lajas/ HTTP/1.1" 200 19075 "-" "Mozilla/5.0 AppleWebKit/537.36 (KHTML, like Gecko; compatible; bingbot/2.0; +http://www.bing.com/bingbot.htm) Chrome/116.0.1938.76 Safari/537.36"
170.10.163.108 - - [11/Apr/2025:15:26:41 +0000] "POST /wp-cron.php?doing_wp_cron=1744385201.3429958820343017578125 HTTP/1.1" 200 0 "-" "WordPress/6.7.2; https://www.abranoticias.com"
154.83.103.115 - - [11/Apr/2025:15:26:40 +0000] "GET /core/.env HTTP/1.1" 301 0 "-" "Mozilla/5.0 (Windows NT 10.0; Win64; x64) AppleWebKit/537.36 (KHTML, like Gecko) Chrome/91.0.4472.124 Safari/537.36"
154.83.103.115 - - [11/Apr/2025:15:26:42 +0000] "GET /2022/07/28/envia-a-la-carcel-a-presunto-responsable-de-extorsiones-en-ricaurte/ HTTP/1.1" 200 24347 "-" "Mozilla/5.0 (Windows NT 10.0; Win64; x64) AppleWebKit/537.36 (KHTML, like Gecko) Chrome/91.0.4472.124 Safari/537.36"
154.83.103.115 - - [11/Apr/2025:15:26:44 +0000] "GET /.env.bak HTTP/1.1" 404 13656 "-" "Mozilla/5.0 (Windows NT 10.0; Win64; x64) AppleWebKit/537.36 (KHTML, like Gecko) Chrome/91.0.4472.124 Safari/537.36"
154.83.103.115 - - [11/Apr/2025:15:26:47 +0000] "GET /server.js HTTP/1.1" 404 13656 "-" "Mozilla/5.0 (Windows NT 10.0; Win64; x64) AppleWebKit/537.36 (KHTML, like Gecko) Chrome/91.0.4472.124 Safari/537.36"
217.113.194.218 - - [11/Apr/2025:15:26:48 +0000] "GET /search/Pasto/page/6/ HTTP/1.1" 200 25241 "-" "Mozilla/5.0 (compatible; Barkrowler/0.9; +https://babbar.tech/crawler)"
154.83.103.115 - - [11/Apr/2025:15:26:49 +0000] "GET /config/settings.json HTTP/1.1" 404 13656 "-" "Mozilla/5.0 (Windows NT 10.0; Win64; x64) AppleWebKit/537.36 (KHTML, like Gecko) Chrome/91.0.4472.124 Safari/537.36"
154.83.103.115 - - [11/Apr/2025:15:26:51 +0000] "GET /admin/.env HTTP/1.1" 301 0 "-" "Mozilla/5.0 (Windows NT 10.0; Win64; x64) AppleWebKit/537.36 (KHTML, like Gecko) Chrome/91.0.4472.124 Safari/537.36"
154.83.103.115 - - [11/Apr/2025:15:26:53 +0000] "GET /2022/07/28/envia-a-la-carcel-a-presunto-responsable-de-extorsiones-en-ricaurte/ HTTP/1.1" 200 24347 "-" "Mozilla/5.0 (Windows NT 10.0; Win64; x64) AppleWebKit/537.36 (KHTML, like Gecko) Chrome/91.0.4472.124 Safari/537.36"
154.83.103.115 - - [11/Apr/2025:15:26:56 +0000] "GET /.env.save HTTP/1.1" 404 13656 "-" "Mozilla/5.0 (Windows NT 10.0; Win64; x64) AppleWebKit/537.36 (KHTML, like Gecko) Chrome/91.0.4472.124 Safari/537.36"
154.83.103.115 - - [11/Apr/2025:15:26:59 +0000] "GET /?url=/etc/environment HTTP/1.1" 301 0 "-" "Mozilla/5.0 (Windows NT 10.0; Win64; x64) AppleWebKit/537.36 (KHTML, like Gecko) Chrome/91.0.4472.124 Safari/537.36"
154.83.103.115 - - [11/Apr/2025:15:25:59 +0000] "GET /_nuxt HTTP/1.1" 404 13655 "-" "Mozilla/5.0 (Windows NT 10.0; Win64; x64) AppleWebKit/537.36 (KHTML, like Gecko) Chrome/91.0.4472.124 Safari/537.36"
66.249.77.68 - - [11/Apr/2025:15:26:02 +0000] "POST /get-message-notify HTTP/1.1" 200 19383 "https://www.abranoticias.com/category/deportes/" "Mozilla/5.0 AppleWebKit/537.36 (KHTML, like Gecko; compatible; Googlebot/2.1; +http://www.google.com/bot.html) Chrome/134.0.6998.165 Safari/537.36"
154.83.103.115 - - [11/Apr/2025:15:26:01 +0000] "GET /scripts/twilio-chat HTTP/1.1" 404 13656 "-" "Mozilla/5.0 (Windows NT 10.0; Win64; x64) AppleWebKit/537.36 (KHTML, like Gecko) Chrome/91.0.4472.124 Safari/537.36"
154.83.103.115 - - [11/Apr/2025:15:26:04 +0000] "GET /scripts HTTP/1.1" 404 13656 "-" "Mozilla/5.0 (Windows NT 10.0; Win64; x64) AppleWebKit/537.36 (KHTML, like Gecko) Chrome/91.0.4472.124 Safari/537.36"
170.10.163.108 - - [11/Apr/2025:15:26:06 +0000] "POST /wp-cron.php?doing_wp_cron=1744385166.3796489238739013671875 HTTP/1.1" 200 0 "-" "WordPress/6.7.2; https://www.abranoticias.com"
154.83.103.115 - - [11/Apr/2025:15:26:08 +0000] "GET /dynamic_js HTTP/1.1" 404 13656 "-" "Mozilla/5.0 (Windows NT 10.0; Win64; x64) AppleWebKit/537.36 (KHTML, like Gecko) Chrome/91.0.4472.124 Safari/537.36"
154.83.103.115 - - [11/Apr/2025:15:26:11 +0000] "GET /laravel HTTP/1.1" 404 13656 "-" "Mozilla/5.0 (Windows NT 10.0; Win64; x64) AppleWebKit/537.36 (KHTML, like Gecko) Chrome/91.0.4472.124 Safari/537.36"
154.83.103.115 - - [11/Apr/2025:15:26:13 +0000] "GET /cronlab/.env HTTP/1.1" 301 0 "-" "Mozilla/5.0 (Windows NT 10.0; Win64; x64) AppleWebKit/537.36 (KHTML, like Gecko) Chrome/91.0.4472.124 Safari/537.36"
217.113.194.221 - - [11/Apr/2025:15:26:14 +0000] "GET /search/Pasto/page/4/ HTTP/1.1" 200 25109 "-" "Mozilla/5.0 (compatible; Barkrowler/0.9; +https://babbar.tech/crawler)"
154.83.103.115 - - [11/Apr/2025:15:26:16 +0000] "GET /2022/07/28/envia-a-la-carcel-a-presunto-responsable-de-extorsiones-en-ricaurte/ HTTP/1.1" 200 24347 "-" "Mozilla/5.0 (Windows NT 10.0; Win64; x64) AppleWebKit/537.36 (KHTML, like Gecko) Chrome/91.0.4472.124 Safari/537.36"
154.83.103.115 - - [11/Apr/2025:15:26:18 +0000] "GET /cronlab HTTP/1.1" 404 13656 "-" "Mozilla/5.0 (Windows NT 10.0; Win64; x64) AppleWebKit/537.36 (KHTML, like Gecko) Chrome/91.0.4472.124 Safari/537.36"
217.113.194.214 - - [11/Apr/2025:15:26:31 +0000] "GET /search/Pasto/page/9/ HTTP/1.1" 200 25247 "-" "Mozilla/5.0 (compatible; Barkrowler/0.9; +https://babbar.tech/crawler)"
217.113.194.216 - - [11/Apr/2025:15:27:04 +0000] "GET /search/banda/page/14/ HTTP/1.1" 200 25436 "-" "Mozilla/5.0 (compatible; Barkrowler/0.9; +https://babbar.tech/crawler)"
170.10.163.108 - - [11/Apr/2025:15:27:12 +0000] "POST /wp-cron.php?doing_wp_cron=1744385232.9330079555511474609375 HTTP/1.1" 200 0 "-" "WordPress/6.7.2; https://www.abranoticias.com"
85.208.96.198 - - [11/Apr/2025:15:27:12 +0000] "GET /2020/08/03/no-acepte-la-imputacion-de-cargos-alcalde-de-pupiales-policia-no-se-pronuncio/ HTTP/1.1" 200 25231 "-" "Mozilla/5.0 (compatible; SemrushBot/7~bl; +http://www.semrush.com/bot.html)"
217.113.194.218 - - [11/Apr/2025:15:27:20 +0000] "GET /search/banda/page/18/ HTTP/1.1" 200 25397 "-" "Mozilla/5.0 (compatible; Barkrowler/0.9; +https://babbar.tech/crawler)"
54.202.165.28 - - [11/Apr/2025:15:27:25 +0000] "GET / HTTP/1.1" 200 25903 "-" "Mozilla/5.0 (X11; Ubuntu; Linux x86_64; rv:80.0) Gecko/20100101 Firefox/80.0"
51.222.253.19 - - [11/Apr/2025:15:27:26 +0000] "GET /13699975.htm HTTP/1.1" 301 0 "-" "Mozilla/5.0 (compatible; AhrefsBot/7.0; +http://ahrefs.com/robot/)"
217.113.194.217 - - [11/Apr/2025:15:27:37 +0000] "GET /search/banda/page/10/ HTTP/1.1" 200 25017 "-" "Mozilla/5.0 (compatible; Barkrowler/0.9; +https://babbar.tech/crawler)"
170.10.163.108 - - [11/Apr/2025:15:27:42 +0000] "POST /wp-cron.php?doing_wp_cron=1744385262.3082621097564697265625 HTTP/1.1" 200 0 "-" "WordPress/6.7.2; https://www.abranoticias.com"
2800:e2:c580:18ae:81ac:af1e:6fd:3cde - - [11/Apr/2025:15:27:02 +0000] "GET /2025/04/11/en-sandona-allanaron-5-viviendas-este-seria-el-delito/?fbclid=IwY2xjawJmFBVleHRuA2FlbQIxMQABHgM_E1MxoLmG1XKx_snfIur1_PAT2q5a_7siic7r74SbvlvRPXVT9s5HypL5_aem_dV6FTtbQW2n-q5BCA01LuA HTTP/1.1" 200 24350 "https://lm.facebook.com/" "Mozilla/5.0 (Linux; Android 13; SM-M236B Build/TP1A.220624.014; wv) AppleWebKit/537.36 (KHTML, like Gecko) Version/4.0 Chrome/135.0.7049.49 Mobile Safari/537.36 [FB_IAB/FB4A;FBAV/507.0.0.66.49;IABMV/1;]"
2800:e2:c580:18ae:81ac:af1e:6fd:3cde - - [11/Apr/2025:15:27:06 +0000] "GET /favicon.ico HTTP/1.1" 404 1251 "https://www.abranoticias.com/2025/04/11/en-sandona-allanaron-5-viviendas-este-seria-el-delito/?fbclid=IwY2xjawJmFBVleHRuA2FlbQIxMQABHgM_E1MxoLmG1XKx_snfIur1_PAT2q5a_7siic7r74SbvlvRPXVT9s5HypL5_aem_dV6FTtbQW2n-q5BCA01LuA" "Mozilla/5.0 (Linux; Android 13; SM-M236B Build/TP1A.220624.014; wv) AppleWebKit/537.36 (KHTML, like Gecko) Version/4.0 Chrome/135.0.7049.49 Mobile Safari/537.36 [FB_IAB/FB4A;FBAV/507.0.0.66.49;IABMV/1;]"
154.83.103.115 - - [11/Apr/2025:15:27:14 +0000] "GET /?url=%2Fetc%2Fenvironment HTTP/1.1" 200 25903 "-" "Mozilla/5.0 (Windows NT 10.0; Win64; x64) AppleWebKit/537.36 (KHTML, like Gecko) Chrome/91.0.4472.124 Safari/537.36"
154.83.103.115 - - [11/Apr/2025:15:27:16 +0000] "GET /?url=/var/www/html/.env HTTP/1.1" 301 0 "-" "Mozilla/5.0 (Windows NT 10.0; Win64; x64) AppleWebKit/537.36 (KHTML, like Gecko) Chrome/91.0.4472.124 Safari/537.36"
2a03:2880:20ff:4f:: - - [11/Apr/2025:15:27:33 +0000] "GET /2025/04/08/invitan-en-pasto-a-estudiar-en-esta-universidad-a-bajo-costo/ HTTP/1.1" 200 24560 "-" "facebookexternalhit/1.1 (+http://www.facebook.com/externalhit_uatext.php)"
154.83.103.115 - - [11/Apr/2025:15:27:37 +0000] "GET /?url=%2Fvar%2Fwww%2Fhtml%2F.env HTTP/1.1" 200 25905 "-" "Mozilla/5.0 (Windows NT 10.0; Win64; x64) AppleWebKit/537.36 (KHTML, like Gecko) Chrome/91.0.4472.124 Safari/537.36"
154.83.103.115 - - [11/Apr/2025:15:27:41 +0000] "GET /?url=/var/www/.env HTTP/1.1" 301 0 "-" "Mozilla/5.0 (Windows NT 10.0; Win64; x64) AppleWebKit/537.36 (KHTML, like Gecko) Chrome/91.0.4472.124 Safari/537.36"
170.10.163.108 - - [11/Apr/2025:15:27:46 +0000] "POST /wp-cron.php?doing_wp_cron=1744385266.5292708873748779296875 HTTP/1.1" 200 0 "-" "WordPress/6.7.2; https://www.abranoticias.com"
2a03:2880:3ff:1:: - - [11/Apr/2025:15:27:45 +0000] "GET /2025/03/26/en-pasto-adulto-mayor-fallecio-tras-ser-arrollado-por-una-ambulancia/ HTTP/1.1" 200 24680 "-" "facebookexternalhit/1.1 (+http://www.facebook.com/externalhit_uatext.php)"
2a03:2880:11ff:: - - [11/Apr/2025:15:27:47 +0000] "GET /2025/04/02/condenaron-a-un-hombre-por-crimen-de-su-madrastra/ HTTP/1.1" 200 24329 "-" "facebookexternalhit/1.1 (+http://www.facebook.com/externalhit_uatext.php)"
52.167.144.216 - - [11/Apr/2025:15:27:51 +0000] "GET /2023/11/27/conozca-a-mujeres-electas-en-narino-como-alcaldesas-concejales-y-diputados/ HTTP/1.1" 200 20772 "-" "Mozilla/5.0 AppleWebKit/537.36 (KHTML, like Gecko; compatible; bingbot/2.0; +http://www.bing.com/bingbot.htm) Chrome/116.0.1938.76 Safari/537.36"
2a03:2880:13ff:74:: - - [11/Apr/2025:15:27:48 +0000] "GET /2025/03/25/a-la-carcel-envian-a-presuntos-integrantes-de-los-espartanos/ HTTP/1.1" 200 24754 "-" "facebookexternalhit/1.1 (+http://www.facebook.com/externalhit_uatext.php)"
2a03:2880:11ff:73:: - - [11/Apr/2025:15:27:50 +0000] "GET /2025/03/29/cuerpo-recuperado-en-pasto-seria-de-edwin-sebastian/ HTTP/1.1" 200 24626 "-" "facebookexternalhit/1.1 (+http://www.facebook.com/externalhit_uatext.php)"
2a03:2880:10ff:49:: - - [11/Apr/2025:15:27:52 +0000] "GET /2025/04/04/identifican-cadaver-hallado-en-zona-de-ipiales/ HTTP/1.1" 200 24323 "-" "facebookexternalhit/1.1 (+http://www.facebook.com/externalhit_uatext.php)"
2a03:2880:13ff:3:: - - [11/Apr/2025:15:27:53 +0000] "GET /2025/03/31/en-via-pasto-ipiales-madre-e-hijo-fueron-arrollados-por-un-vehiculo-uno-de-ellos-fallecio/ HTTP/1.1" 200 24737 "-" "facebookexternalhit/1.1 (+http://www.facebook.com/externalhit_uatext.php)"
2a03:2880:12ff:72:: - - [11/Apr/2025:15:27:46 +0000] "GET /2025/03/27/petro-desmintio-y-lo-peino-a-duque/ HTTP/1.1" 200 25370 "-" "facebookexternalhit/1.1 (+http://www.facebook.com/externalhit_uatext.php)"
2a03:2880:20ff:44:: - - [11/Apr/2025:15:27:47 +0000] "GET /2025/03/24/identifica-a-2-mujeres-que-fallecieron-en-un-accidente/ HTTP/1.1" 200 24907 "-" "facebookexternalhit/1.1 (+http://www.facebook.com/externalhit_uatext.php)"
66.249.77.66 - - [11/Apr/2025:15:27:54 +0000] "GET /tag/moto/ HTTP/1.1" 200 20478 "-" "Mozilla/5.0 (compatible; Googlebot/2.1; +http://www.google.com/bot.html)"
2a03:2880:24ff:42:: - - [11/Apr/2025:15:27:49 +0000] "GET /2025/03/29/desconocidos-balearon-a-una-mujer-en-la-union/ HTTP/1.1" 200 24373 "-" "facebookexternalhit/1.1 (+http://www.facebook.com/externalhit_uatext.php)"
66.249.77.66 - - [11/Apr/2025:15:27:56 +0000] "POST /get-message-notify HTTP/1.1" 200 19383 "https://www.abranoticias.com/pcmypage?callback=product/review/RPLBH115997664" "Mozilla/5.0 (Linux; Android 6.0.1; Nexus 5X Build/MMB29P) AppleWebKit/537.36 (KHTML, like Gecko) Chrome/134.0.6998.165 Mobile Safari/537.36 (compatible; Googlebot/2.1; +http://www.google.com/bot.html)"
2a03:2880:ff:72:: - - [11/Apr/2025:15:27:51 +0000] "GET /2025/04/03/por-incumplimientos-del-estado-indigenas-bloquean-via-pasto-tumaco/ HTTP/1.1" 200 24825 "-" "facebookexternalhit/1.1 (+http://www.facebook.com/externalhit_uatext.php)"
217.113.194.212 - - [11/Apr/2025:15:27:53 +0000] "GET /search/banda/page/12/ HTTP/1.1" 200 25664 "-" "Mozilla/5.0 (compatible; Barkrowler/0.9; +https://babbar.tech/crawler)"
66.249.77.66 - - [11/Apr/2025:15:27:59 +0000] "GET /206566947.shtml HTTP/1.1" 200 18660 "-" "Mozilla/5.0 (Linux; Android 6.0.1; Nexus 5X Build/MMB29P) AppleWebKit/537.36 (KHTML, like Gecko) Chrome/135.0.7049.84 Mobile Safari/537.36 (compatible; Googlebot/2.1; +http://www.google.com/bot.html)"
66.249.77.66 - - [11/Apr/2025:15:28:00 +0000] "POST /get-message-notify HTTP/1.1" 200 19383 "https://www.abranoticias.com/tag/moto/" "Mozilla/5.0 AppleWebKit/537.36 (KHTML, like Gecko; compatible; Googlebot/2.1; +http://www.google.com/bot.html) Chrome/134.0.6998.165 Safari/537.36"
154.83.103.115 - - [11/Apr/2025:15:28:26 +0000] "GET /?url=%2Fwww%2F.env HTTP/1.1" 200 25904 "-" "Mozilla/5.0 (Windows NT 10.0; Win64; x64) AppleWebKit/537.36 (KHTML, like Gecko) Chrome/91.0.4472.124 Safari/537.36"
154.83.103.115 - - [11/Apr/2025:15:28:29 +0000] "GET /?url=/app/.env HTTP/1.1" 301 0 "-" "Mozilla/5.0 (Windows NT 10.0; Win64; x64) AppleWebKit/537.36 (KHTML, like Gecko) Chrome/91.0.4472.124 Safari/537.36"
154.83.103.115 - - [11/Apr/2025:15:28:31 +0000] "GET /?url=%2Fapp%2F.env HTTP/1.1" 200 25903 "-" "Mozilla/5.0 (Windows NT 10.0; Win64; x64) AppleWebKit/537.36 (KHTML, like Gecko) Chrome/91.0.4472.124 Safari/537.36"
154.83.103.115 - - [11/Apr/2025:15:28:34 +0000] "GET /?url=/config/.env HTTP/1.1" 301 0 "-" "Mozilla/5.0 (Windows NT 10.0; Win64; x64) AppleWebKit/537.36 (KHTML, like Gecko) Chrome/91.0.4472.124 Safari/537.36"
154.83.103.115 - - [11/Apr/2025:15:28:37 +0000] "GET /?url=%2Fconfig%2F.env HTTP/1.1" 200 25905 "-" "Mozilla/5.0 (Windows NT 10.0; Win64; x64) AppleWebKit/537.36 (KHTML, like Gecko) Chrome/91.0.4472.124 Safari/537.36"
154.83.103.115 - - [11/Apr/2025:15:28:39 +0000] "GET /?url=/home/user/.env HTTP/1.1" 301 0 "-" "Mozilla/5.0 (Windows NT 10.0; Win64; x64) AppleWebKit/537.36 (KHTML, like Gecko) Chrome/91.0.4472.124 Safari/537.36"
154.83.103.115 - - [11/Apr/2025:15:28:43 +0000] "GET /?url=%2Fhome%2Fuser%2F.env HTTP/1.1" 200 25903 "-" "Mozilla/5.0 (Windows NT 10.0; Win64; x64) AppleWebKit/537.36 (KHTML, like Gecko) Chrome/91.0.4472.124 Safari/537.36"
154.83.103.115 - - [11/Apr/2025:15:28:46 +0000] "GET /?url=/var/www/html/config.json HTTP/1.1" 301 0 "-" "Mozilla/5.0 (Windows NT 10.0; Win64; x64) AppleWebKit/537.36 (KHTML, like Gecko) Chrome/91.0.4472.124 Safari/537.36"
66.249.77.66 - - [11/Apr/2025:15:26:53 +0000] "GET /258734025.shtml HTTP/1.1" 200 19097 "-" "Mozilla/5.0 (Linux; Android 6.0.1; Nexus 5X Build/MMB29P) AppleWebKit/537.36 (KHTML, like Gecko) Chrome/135.0.7049.52 Mobile Safari/537.36 (compatible; GoogleOther)"
66.249.77.66 - - [11/Apr/2025:15:26:59 +0000] "GET /10547595.shtml HTTP/1.1" 200 19294 "-" "Mozilla/5.0 (Linux; Android 6.0.1; Nexus 5X Build/MMB29P) AppleWebKit/537.36 (KHTML, like Gecko) Chrome/135.0.7049.84 Mobile Safari/537.36 (compatible; Googlebot/2.1; +http://www.google.com/bot.html)"
66.249.77.66 - - [11/Apr/2025:15:27:08 +0000] "POST /get-message-notify HTTP/1.1" 200 19385 "https://www.abranoticias.com/category/mundo/" "Mozilla/5.0 AppleWebKit/537.36 (KHTML, like Gecko; compatible; Googlebot/2.1; +http://www.google.com/bot.html) Chrome/134.0.6998.165 Safari/537.36"
170.10.163.108 - - [11/Apr/2025:15:27:13 +0000] "POST /wp-admin/admin-ajax.php?action=async_litespeed&nonce=7qYj3DuQDw8S6WpfOX5iwTTw5GyHtdMD&litespeed_type=imgoptm HTTP/1.1" 200 5 "-" "WordPress/6.7.2; https://www.abranoticias.com"
40.77.167.241 - - [11/Apr/2025:15:27:25 +0000] "GET /pcmypage?callback=product/review/CQTEP89462640 HTTP/1.1" 200 19004 "-" "Mozilla/5.0 AppleWebKit/537.36 (KHTML, like Gecko; compatible; bingbot/2.0; +http://www.bing.com/bingbot.htm) Chrome/116.0.1938.76 Safari/537.36"
2a03:2880:12ff:9:: - - [11/Apr/2025:15:27:47 +0000] "GET /2025/03/24/en-el-charco-reportan-un-militar-muerto-y-varios-heridos/ HTTP/1.1" 200 24426 "-" "facebookexternalhit/1.1 (+http://www.facebook.com/externalhit_uatext.php)"
170.10.163.108 - - [11/Apr/2025:15:27:52 +0000] "POST /wp-cron.php?doing_wp_cron=1744385272.0461599826812744140625 HTTP/1.1" 200 0 "-" "WordPress/6.7.2; https://www.abranoticias.com"
2a03:2880:13ff:46:: - - [11/Apr/2025:15:27:50 +0000] "GET /2025/03/26/un-joven-al-parecer-le-puso-fin-a-su-vida-en-ipiales/ HTTP/1.1" 200 24737 "-" "facebookexternalhit/1.1 (+http://www.facebook.com/externalhit_uatext.php)"
