66.249.77.66 - - [11/Apr/2025:14:07:27 +0000] "POST /get-message-notify HTTP/1.1" 200 19385 "https://www.abranoticias.com/zhHant/product/surugaya/VXPC5090470?campaign_uid=f64d716db5e979ed2f947dbaf4296895b951ae7f" "Mozilla/5.0 (Linux; Android 6.0.1; Nexus 5X Build/MMB29P) AppleWebKit/537.36 (KHTML, like Gecko) Chrome/134.0.6998.165 Mobile Safari/537.36 (compatible; Googlebot/2.1; +http://www.google.com/bot.html)"
109.239.229.239 - - [11/Apr/2025:14:07:29 +0000] "GET /category/judicial/ HTTP/1.1" 500 0 "-" "Mozilla/5.0 (Windows NT 6.1; WOW64; rv:29.0) Gecko/20100101 Firefox/29.0"
109.239.229.239 - - [11/Apr/2025:14:07:29 +0000] "GET /category/opinion/ HTTP/1.1" 200 25541 "-" "Mozilla/5.0 (Macintosh; Intel Mac OS X 10_9_2) AppleWebKit/537.75.14 (KHTML, like Gecko) Version/7.0.3 Safari/537.75.14"
217.113.194.217 - - [11/Apr/2025:14:07:35 +0000] "GET /tag/punalada/feed/ HTTP/1.1" 200 2456 "-" "Mozilla/5.0 (compatible; Barkrowler/0.9; +https://babbar.tech/crawler)"
66.249.77.67 - - [11/Apr/2025:14:08:02 +0000] "GET /192703111.shtml HTTP/1.1" 200 19122 "-" "Mozilla/5.0 (Linux; Android 6.0.1; Nexus 5X Build/MMB29P) AppleWebKit/537.36 (KHTML, like Gecko) Chrome/135.0.7049.84 Mobile Safari/537.36 (compatible; Googlebot/2.1; +http://www.google.com/bot.html)"
66.249.77.66 - - [11/Apr/2025:14:08:06 +0000] "GET /33985259.shtml HTTP/1.1" 200 20576 "-" "Mozilla/5.0 (Linux; Android 6.0.1; Nexus 5X Build/MMB29P) AppleWebKit/537.36 (KHTML, like Gecko) Chrome/135.0.7049.84 Mobile Safari/537.36 (compatible; Googlebot/2.1; +http://www.google.com/bot.html)"
170.10.163.108 - - [11/Apr/2025:14:08:08 +0000] "POST /wp-cron.php?doing_wp_cron=1744380488.5371189117431640625000 HTTP/1.1" 200 0 "-" "WordPress/6.7.2; https://www.abranoticias.com"
176.57.207.58 - - [11/Apr/2025:14:08:09 +0000] "GET /favicon.ico HTTP/1.1" 404 1251 "https://www.abranoticias.com/2025/04/11/en-sandona-allanaron-5-viviendas-este-seria-el-delito/?fbclid=IwZXh0bgNhZW0CMTEAAR7P8ogJlf1CGAExh-zAY5oMpGsvLjqaMW_fcNpzMQ2y9FLmDlCqPBJP-GU6Gg_aem_fu-TaBHi6uEUhkz4tRucRw" "Mozilla/5.0 (Linux; Android 14; RMX3939 Build/UP1A.231005.007; wv) AppleWebKit/537.36 (KHTML, like Gecko) Version/4.0 Chrome/135.0.7049.37 Mobile Safari/537.36[FBAN/EMA;FBLC/es_ES;FBAV/453.0.0.18.113;FBCX/modulariab;]"
66.249.77.66 - - [11/Apr/2025:14:08:09 +0000] "GET /274375279.shtml HTTP/1.1" 200 23419 "-" "Mozilla/5.0 (Linux; Android 6.0.1; Nexus 5X Build/MMB29P) AppleWebKit/537.36 (KHTML, like Gecko) Chrome/135.0.7049.84 Mobile Safari/537.36 (compatible; Googlebot/2.1; +http://www.google.com/bot.html)"
2800:484:c481:3300:1dcb:42c4:e937:b202 - - [11/Apr/2025:14:07:24 +0000] "GET /wp-includes/js/wp-util.min.js?ver=6.7.2 HTTP/1.1" 304 0 "https://www.abranoticias.com/wp-login.php?redirect_to=https%3A%2F%2Fwww.abranoticias.com%2Fwp-admin%2Fpost-new.php&reauth=1" "Mozilla/5.0 (Windows NT 10.0; Win64; x64) AppleWebKit/537.36 (KHTML, like Gecko) Chrome/135.0.0.0 Safari/537.36"
2800:484:c481:3300:1dcb:42c4:e937:b202 - - [11/Apr/2025:14:07:25 +0000] "GET /favicon.ico HTTP/1.1" 404 1251 "https://www.abranoticias.com/wp-login.php?redirect_to=https%3A%2F%2Fwww.abranoticias.com%2Fwp-admin%2Fpost-new.php&reauth=1" "Mozilla/5.0 (Windows NT 10.0; Win64; x64) AppleWebKit/537.36 (KHTML, like Gecko) Chrome/135.0.0.0 Safari/537.36"
2a03:2880:22ff:72:: - - [11/Apr/2025:14:07:25 +0000] "GET /wp-content/uploads/2025/01/sogamoso-sarita-vargas.jpg HTTP/1.1" 200 86881 "-" "facebookexternalhit/1.1 (+http://www.facebook.com/externalhit_uatext.php)"
109.239.229.239 - - [11/Apr/2025:14:07:29 +0000] "GET /category/noticias/ HTTP/1.1" 200 25055 "-" "Mozilla/5.0 (X11; Linux x86_64; rv:29.0) Gecko/20100101 Firefox/29.0"
109.239.229.239 - - [11/Apr/2025:14:07:29 +0000] "GET /category/mundo/ HTTP/1.1" 200 25504 "-" "Mozilla/5.0 (Macintosh; Intel Mac OS X 10_9_2) AppleWebKit/537.36 (KHTML, like Gecko) Chrome/34.0.1847.131 Safari/537.36"
109.239.229.239 - - [11/Apr/2025:14:07:29 +0000] "GET / HTTP/1.1" 200 25906 "-" "Mozilla/5.0 (Windows NT 6.1; WOW64) AppleWebKit/537.36 (KHTML, like Gecko) Chrome/35.0.1916.114 Safari/537.36"
52.167.144.150 - - [11/Apr/2025:14:07:47 +0000] "GET /2021/04/12/carro-se-salio-de-la-via-y-rodo-en-ipiales/ HTTP/1.1" 200 18585 "-" "Mozilla/5.0 AppleWebKit/537.36 (KHTML, like Gecko; compatible; bingbot/2.0; +http://www.bing.com/bingbot.htm) Chrome/116.0.1938.76 Safari/537.36"
170.10.163.108 - - [11/Apr/2025:14:07:49 +0000] "POST /wp-cron.php?doing_wp_cron=1744380469.2867910861968994140625 HTTP/1.1" 200 0 "-" "WordPress/6.7.2; https://www.abranoticias.com"
2a03:2880:15ff:: - - [11/Apr/2025:14:07:51 +0000] "GET /wp-content/uploads/2023/01/carlos-pizarro-muerto.jpg HTTP/1.1" 200 65925 "-" "facebookexternalhit/1.1 (+http://www.facebook.com/externalhit_uatext.php)"
2803:1800:1352:f90f:3015:aa76:ce26:3319 - - [11/Apr/2025:14:07:52 +0000] "GET /favicon.ico HTTP/1.1" 404 1251 "https://www.abranoticias.com/2023/03/14/en-pasto-por-falsa-acusacion-contra-lorena-lucia-le-quitaron-sus-2-hijos-pido-que-me-los-devuelvan/?fbclid=IwZXh0bgNhZW0CMTEAAR7WNDh-tQM8jZvJBZhglvL76fjkactSMKVN6AyicwnD1h5k7YvXDCx8bbwvKw_aem_qBAsAIr7aTfnjqBlW8D-FA" "Mozilla/5.0 (Linux; Android 9; STK-LX3 Build/HUAWEISTK-LX3; wv) AppleWebKit/537.36 (KHTML, like Gecko) Version/4.0 Chrome/134.0.6998.135 Mobile Safari/537.36[FBAN/EMA;FBLC/es_ES;FBAV/453.0.0.18.113;FBCX/modulariab;]"
217.113.194.212 - - [11/Apr/2025:14:07:51 +0000] "GET /tag/punaladas/ HTTP/1.1" 200 22778 "-" "Mozilla/5.0 (compatible; Barkrowler/0.9; +https://babbar.tech/crawler)"
217.113.194.218 - - [11/Apr/2025:14:08:23 +0000] "GET /tag/buenos-aires/feed/ HTTP/1.1" 200 3468 "-" "Mozilla/5.0 (compatible; Barkrowler/0.9; +https://babbar.tech/crawler)"
40.77.167.55 - - [11/Apr/2025:14:08:33 +0000] "GET /2024/01/25/en-accidente-fallecio-una-joven-en-santiago-putumayo/ HTTP/1.1" 200 19327 "-" "Mozilla/5.0 AppleWebKit/537.36 (KHTML, like Gecko; compatible; bingbot/2.0; +http://www.bing.com/bingbot.htm) Chrome/116.0.1938.76 Safari/537.36"
40.77.167.55 - - [11/Apr/2025:14:08:34 +0000] "GET /2022/08/04/en-tumaco-policia-busca-a-marihuano-y-uriel/ HTTP/1.1" 200 19004 "-" "Mozilla/5.0 AppleWebKit/537.36 (KHTML, like Gecko; compatible; bingbot/2.0; +http://www.bing.com/bingbot.htm) Chrome/116.0.1938.76 Safari/537.36"
135.237.127.54 - - [11/Apr/2025:14:08:40 +0000] "GET /ecp/Current/exporttool/microsoft.exchange.ediscovery.exporttool.application HTTP/1.1" 404 16335 "-" "Mozilla/5.0 zgrab/0.x"
170.10.163.108 - - [11/Apr/2025:14:08:52 +0000] "POST /wp-cron.php?doing_wp_cron=1744380532.6173551082611083984375 HTTP/1.1" 200 0 "-" "WordPress/6.7.2; https://www.abranoticias.com"
66.249.77.67 - - [11/Apr/2025:14:08:09 +0000] "GET /84370893.shtml HTTP/1.1" 200 18366 "-" "Mozilla/5.0 (Linux; Android 6.0.1; Nexus 5X Build/MMB29P) AppleWebKit/537.36 (KHTML, like Gecko) Chrome/135.0.7049.84 Mobile Safari/537.36 (compatible; Googlebot/2.1; +http://www.google.com/bot.html)"
191.156.37.22 - - [11/Apr/2025:14:08:11 +0000] "GET /favicon.ico HTTP/1.1" 404 1251 "https://www.abranoticias.com/2025/04/11/en-sandona-allanaron-5-viviendas-este-seria-el-delito/?fbclid=IwY2xjawJmAZFleHRuA2FlbQIxMQABHgd2HstTqdKxI-Zq4N-hRzlsQWRdhs6yN3yWGIjvy4bHR5QVm0OPRNv3DNlO_aem_zX9EQBXCuFJZpdZP033rMg" "Mozilla/5.0 (Linux; Android 10; moto g(8) play Build/QMDS30.47-34-5; wv) AppleWebKit/537.36 (KHTML, like Gecko) Version/4.0 Chrome/85.0.4183.127 Mobile Safari/537.36 [FB_IAB/FB4A;FBAV/507.0.0.66.49;]"
66.249.77.66 - - [11/Apr/2025:14:08:28 +0000] "GET /pcmypage?callback=product/review/LZNXY13978893 HTTP/1.1" 200 19342 "-" "Mozilla/5.0 (Linux; Android 6.0.1; Nexus 5X Build/MMB29P) AppleWebKit/537.36 (KHTML, like Gecko) Chrome/135.0.7049.52 Mobile Safari/537.36 (compatible; Googlebot/2.1; +http://www.google.com/bot.html)"
66.249.77.66 - - [11/Apr/2025:14:08:28 +0000] "GET /pcmypage?callback=product/review/FBV62640368 HTTP/1.1" 200 19324 "-" "Mozilla/5.0 (Linux; Android 6.0.1; Nexus 5X Build/MMB29P) AppleWebKit/537.36 (KHTML, like Gecko) Chrome/135.0.7049.52 Mobile Safari/537.36 (compatible; Googlebot/2.1; +http://www.google.com/bot.html)"
66.249.77.66 - - [11/Apr/2025:14:08:28 +0000] "GET /pcmypage?callback=product/review/DUF124340592 HTTP/1.1" 200 21199 "-" "Mozilla/5.0 (Linux; Android 6.0.1; Nexus 5X Build/MMB29P) AppleWebKit/537.36 (KHTML, like Gecko) Chrome/135.0.7049.52 Mobile Safari/537.36 (compatible; Googlebot/2.1; +http://www.google.com/bot.html)"
191.106.167.237 - - [11/Apr/2025:14:08:29 +0000] "GET /2025/04/09/en-narino-y-otras-regiones-del-pais-iniciaria-fumigacion-con-glifosato-a-cultivos-ilicitos/?fbclid=IwY2xjawJmAaxleHRuA2FlbQIxMQABHjZnIIgRNuS8Fv33jRb4HzTZigLQ-wReqwEgOIwDIpo9qBgZ2FsY8HZ05Qal_aem_Aa9UVXJCjzZNErvJlltrLA HTTP/1.1" 200 24626 "https://lm.facebook.com/" "Mozilla/5.0 (Linux; Android 12; SM-A015M Build/SP1A.210812.016; wv) AppleWebKit/537.36 (KHTML, like Gecko) Version/4.0 Chrome/135.0.7049.38 Mobile Safari/537.36 [FB_IAB/FB4A;FBAV/504.0.0.69.64;IABMV/1;]"
66.249.77.66 - - [11/Apr/2025:14:08:34 +0000] "POST /get-message-notify HTTP/1.1" 200 19383 "https://www.abranoticias.com/pcmypage?callback=product/review/FBV62640368" "Mozilla/5.0 (Linux; Android 6.0.1; Nexus 5X Build/MMB29P) AppleWebKit/537.36 (KHTML, like Gecko) Chrome/134.0.6998.165 Mobile Safari/537.36 (compatible; Googlebot/2.1; +http://www.google.com/bot.html)"
191.106.167.237 - - [11/Apr/2025:14:08:36 +0000] "GET /favicon.ico HTTP/1.1" 404 1251 "https://www.abranoticias.com/2025/04/09/en-narino-y-otras-regiones-del-pais-iniciaria-fumigacion-con-glifosato-a-cultivos-ilicitos/?fbclid=IwY2xjawJmAaxleHRuA2FlbQIxMQABHjZnIIgRNuS8Fv33jRb4HzTZigLQ-wReqwEgOIwDIpo9qBgZ2FsY8HZ05Qal_aem_Aa9UVXJCjzZNErvJlltrLA" "Mozilla/5.0 (Linux; Android 12; SM-A015M Build/SP1A.210812.016; wv) AppleWebKit/537.36 (KHTML, like Gecko) Version/4.0 Chrome/135.0.7049.38 Mobile Safari/537.36 [FB_IAB/FB4A;FBAV/504.0.0.69.64;IABMV/1;]"
191.106.167.237 - - [11/Apr/2025:14:08:40 +0000] "GET /favicon.ico HTTP/1.1" 404 1251 "fbapp://350685531728/unknown" "[FBAN/FB4A;FBAV/504.0.0.69.64;FBBV/707734043;FBDM/{density=2.0,width=720,height=1365};FBLC/es_LA;FBRV/709722330;FBCR/movistar;FBMF/samsung;FBBD/samsung;FBPN/com.facebook.katana;FBDV/SM-A015M;FBSV/12;FBOP/19;FBCA/armeabi-v7a:armeabi;]"
170.10.163.108 - - [11/Apr/2025:14:08:41 +0000] "POST /wp-cron.php?doing_wp_cron=1744380521.5325551033020019531250 HTTP/1.1" 200 0 "-" "WordPress/6.7.2; https://www.abranoticias.com"
217.113.194.214 - - [11/Apr/2025:14:08:40 +0000] "GET /tag/escenso/feed/ HTTP/1.1" 200 1447 "-" "Mozilla/5.0 (compatible; Barkrowler/0.9; +https://babbar.tech/crawler)"
176.57.207.58 - - [11/Apr/2025:14:08:04 +0000] "GET /2025/04/11/en-sandona-allanaron-5-viviendas-este-seria-el-delito/?fbclid=IwZXh0bgNhZW0CMTEAAR7P8ogJlf1CGAExh-zAY5oMpGsvLjqaMW_fcNpzMQ2y9FLmDlCqPBJP-GU6Gg_aem_fu-TaBHi6uEUhkz4tRucRw HTTP/1.1" 200 24349 "http://m.facebook.com/" "Mozilla/5.0 (Linux; Android 14; RMX3939 Build/UP1A.231005.007; wv) AppleWebKit/537.36 (KHTML, like Gecko) Version/4.0 Chrome/135.0.7049.37 Mobile Safari/537.36[FBAN/EMA;FBLC/es_ES;FBAV/453.0.0.18.113;FBCX/modulariab;]"
217.113.194.220 - - [11/Apr/2025:14:08:07 +0000] "GET /tag/cambista/feed/ HTTP/1.1" 200 1402 "-" "Mozilla/5.0 (compatible; Barkrowler/0.9; +https://babbar.tech/crawler)"
170.10.163.108 - - [11/Apr/2025:14:08:09 +0000] "POST /wp-admin/admin-ajax.php?action=async_litespeed&nonce=qllvPbPNC7FX4dWhK5FPPQZmFN4DcMLm&litespeed_type=imgoptm HTTP/1.1" 200 5 "-" "WordPress/6.7.2; https://www.abranoticias.com"
149.78.124.14 - - [11/Apr/2025:14:08:52 +0000] "GET /feed HTTP/1.1" 301 0 "-" "Java/1.8.0_412"
217.113.194.220 - - [11/Apr/2025:14:09:13 +0000] "GET /tag/muertos/feed/ HTTP/1.1" 200 3525 "-" "Mozilla/5.0 (compatible; Barkrowler/0.9; +https://babbar.tech/crawler)"
170.10.163.108 - - [11/Apr/2025:14:09:14 +0000] "POST /wp-admin/admin-ajax.php?action=async_litespeed&nonce=P7oHMYO3HM2NrPHJsv0xcepbiB81Gvst&litespeed_type=imgoptm HTTP/1.1" 200 5 "-" "WordPress/6.7.2; https://www.abranoticias.com"
52.10.17.74 - - [11/Apr/2025:14:09:19 +0000] "GET / HTTP/1.1" 200 25905 "-" "Mozilla/5.0 (X11; Ubuntu; Linux x86_64; rv:80.0) Gecko/20100101 Firefox/80.0"
66.249.77.66 - - [11/Apr/2025:14:09:20 +0000] "POST /get-message-notify HTTP/1.1" 200 19385 "https://www.abranoticias.com/72795411.shtml" "Mozilla/5.0 (Linux; Android 6.0.1; Nexus 5X Build/MMB29P) AppleWebKit/537.36 (KHTML, like Gecko) Chrome/134.0.6998.165 Mobile Safari/537.36 (compatible; Googlebot/2.1; +http://www.google.com/bot.html)"
66.249.77.67 - - [11/Apr/2025:14:09:27 +0000] "GET /167614055.shtml HTTP/1.1" 200 18953 "-" "Mozilla/5.0 (Linux; Android 6.0.1; Nexus 5X Build/MMB29P) AppleWebKit/537.36 (KHTML, like Gecko) Chrome/135.0.7049.84 Mobile Safari/537.36 (compatible; Googlebot/2.1; +http://www.google.com/bot.html)"
40.77.167.55 - - [11/Apr/2025:14:09:48 +0000] "GET /359246287.shtml HTTP/1.1" 200 20117 "-" "Mozilla/5.0 AppleWebKit/537.36 (KHTML, like Gecko; compatible; bingbot/2.0; +http://www.bing.com/bingbot.htm) Chrome/116.0.1938.76 Safari/537.36"
40.77.167.55 - - [11/Apr/2025:14:09:50 +0000] "GET /?s=test HTTP/1.1" 200 18590 "-" "Mozilla/5.0 AppleWebKit/537.36 (KHTML, like Gecko; compatible; bingbot/2.0; +http://www.bing.com/bingbot.htm) Chrome/116.0.1938.76 Safari/537.36"
40.77.167.55 - - [11/Apr/2025:14:09:51 +0000] "GET /2024/04/23/desde-una-moto-mataron-a-conductor-de-vehiculo-en-ipiales/ HTTP/1.1" 200 19022 "-" "Mozilla/5.0 AppleWebKit/537.36 (KHTML, like Gecko; compatible; bingbot/2.0; +http://www.bing.com/bingbot.htm) Chrome/116.0.1938.76 Safari/537.36"
40.77.167.55 - - [11/Apr/2025:14:09:51 +0000] "GET /2023/10/06/identifican-a-uniformados-heridos-tras-explosion-en-tuquerres/ HTTP/1.1" 200 19062 "-" "Mozilla/5.0 AppleWebKit/537.36 (KHTML, like Gecko; compatible; bingbot/2.0; +http://www.bing.com/bingbot.htm) Chrome/116.0.1938.76 Safari/537.36"
34.21.118.210 - - [11/Apr/2025:14:10:04 +0000] "GET /category/opinion/feed/ HTTP/1.1" 200 14364 "-" "Mozilla/5.0 (Windows NT 6.3; WOW64; rv:33.0) Gecko/20100101 Firefox/33.0"
66.249.77.68 - - [11/Apr/2025:14:10:18 +0000] "GET /40074157.shtml HTTP/1.1" 200 19402 "-" "Mozilla/5.0 (Linux; Android 6.0.1; Nexus 5X Build/MMB29P) AppleWebKit/537.36 (KHTML, like Gecko) Chrome/135.0.7049.84 Mobile Safari/537.36 (compatible; Googlebot/2.1; +http://www.google.com/bot.html)"
170.10.163.108 - - [11/Apr/2025:14:10:20 +0000] "POST /wp-admin/admin-ajax.php?action=async_litespeed&nonce=UJpssC7VrCISaCoYhRKIi9bgdyUqcOYx&litespeed_type=imgoptm HTTP/1.1" 200 5 "-" "WordPress/6.7.2; https://www.abranoticias.com"
8.242.169.9 - - [11/Apr/2025:14:08:51 +0000] "GET /2025/04/11/en-sandona-allanaron-5-viviendas-este-seria-el-delito/?fbclid=IwZXh0bgNhZW0CMTEAAR7lDr8WRMPeC6IexS9COcWMbqbOOz-3TOqA0UikzmELZL6E5-AYPWyyTFRXnw_aem_GTVNj9veX8yH-c_MLyp2mw HTTP/1.1" 200 24349 "http://m.facebook.com/" "Mozilla/5.0 (Linux; Android 11; moto e20 Build/RONS31.267-94-14; wv) AppleWebKit/537.36 (KHTML, like Gecko) Version/4.0 Chrome/134.0.6998.135 Mobile Safari/537.36[FBAN/EMA;FBLC/es_ES;FBAV/454.0.0.12.106;FBCX/modulariab;]"
149.78.124.14 - - [11/Apr/2025:14:08:54 +0000] "GET /feed/ HTTP/1.1" 200 10591 "-" "Java/1.8.0_412"
40.77.167.55 - - [11/Apr/2025:14:09:04 +0000] "GET /278003803.shtml HTTP/1.1" 200 19692 "-" "Mozilla/5.0 AppleWebKit/537.36 (KHTML, like Gecko; compatible; bingbot/2.0; +http://www.bing.com/bingbot.htm) Chrome/116.0.1938.76 Safari/537.36"
217.113.194.218 - - [11/Apr/2025:14:09:29 +0000] "GET /tag/muertes/feed/ HTTP/1.1" 200 1852 "-" "Mozilla/5.0 (compatible; Barkrowler/0.9; +https://babbar.tech/crawler)"
191.156.251.119 - - [11/Apr/2025:14:09:30 +0000] "GET /2025/04/11/en-sandona-allanaron-5-viviendas-este-seria-el-delito/?fbclid=IwZXh0bgNhZW0CMTEAAR6FQWRKLZS82_TAc2pgRGrtMjckq7xrC_xHXK-fUHmmqdB8FKs7cWeetcouwQ_aem_VKHigdEhRg6M-5crh3IWRg HTTP/1.1" 200 24349 "http://m.facebook.com/" "Mozilla/5.0 (Linux; Android 14; RKY-LX3 Build/HONORRKY-L33; wv) AppleWebKit/537.36 (KHTML, like Gecko) Version/4.0 Chrome/135.0.7049.38 Mobile Safari/537.36[FBAN/EMA;FBLC/es_LA;FBAV/449.0.0.11.105;FBCX/modulariab;]"
191.106.140.160 - - [11/Apr/2025:14:09:37 +0000] "GET /2025/04/11/en-sandona-allanaron-5-viviendas-este-seria-el-delito/?fbclid=IwZXh0bgNhZW0CMTEAAR4AkK4GV-7UhLVlxr533oguCxhNESg0-T6VS4eyUEtD6mOMR5VdzpOIHwLgeA_aem_xuEU3REbZqxfo46Legf5XQ HTTP/1.1" 200 24349 "http://m.facebook.com/" "Mozilla/5.0 (Linux; Android 12; 220733SL Build/SP1A.210812.016; wv) AppleWebKit/537.36 (KHTML, like Gecko) Version/4.0 Chrome/130.0.6723.58 Mobile Safari/537.36[FBAN/EMA;FBLC/es_ES;FBAV/447.0.0.13.110;FBCX/modulariab;]"
207.46.13.155 - - [11/Apr/2025:14:09:44 +0000] "GET /2022/12/16/en-ipiales-al-interior-de-una-casa-mataron-a-un-hombre/ HTTP/1.1" 200 20184 "-" "Mozilla/5.0 AppleWebKit/537.36 (KHTML, like Gecko; compatible; bingbot/2.0; +http://www.bing.com/bingbot.htm) Chrome/116.0.1938.76 Safari/537.36"
207.46.13.155 - - [11/Apr/2025:14:09:44 +0000] "GET /2024/05/27/ubicaron-a-joven-que-habrian-intentado-quitarse-la-vida-en-zona-de-ipiales/ HTTP/1.1" 200 19883 "-" "Mozilla/5.0 AppleWebKit/537.36 (KHTML, like Gecko; compatible; bingbot/2.0; +http://www.bing.com/bingbot.htm) Chrome/116.0.1938.76 Safari/537.36"
207.46.13.155 - - [11/Apr/2025:14:09:45 +0000] "GET /2020/11/30/en-pasto-y-barbacoas-caen-homicidas-de-taxista-y-excombatiente/ HTTP/1.1" 200 19113 "-" "Mozilla/5.0 AppleWebKit/537.36 (KHTML, like Gecko; compatible; bingbot/2.0; +http://www.bing.com/bingbot.htm) Chrome/116.0.1938.76 Safari/537.36"
217.113.194.217 - - [11/Apr/2025:14:09:45 +0000] "GET /tag/muere/amp/ HTTP/1.1" 301 0 "-" "Mozilla/5.0 (compatible; Barkrowler/0.9; +https://babbar.tech/crawler)"
66.249.77.68 - - [11/Apr/2025:14:10:00 +0000] "GET /295225689.shtml HTTP/1.1" 200 19620 "-" "Mozilla/5.0 (Linux; Android 6.0.1; Nexus 5X Build/MMB29P) AppleWebKit/537.36 (KHTML, like Gecko) Chrome/135.0.7049.84 Mobile Safari/537.36 (compatible; Googlebot/2.1; +http://www.google.com/bot.html)"
217.113.194.215 - - [11/Apr/2025:14:10:01 +0000] "GET /tag/amilcar/feed/ HTTP/1.1" 200 2164 "-" "Mozilla/5.0 (compatible; Barkrowler/0.9; +https://babbar.tech/crawler)"
74.125.218.66 - - [11/Apr/2025:14:10:07 +0000] "GET /2025/04/09/en-narino-y-otras-regiones-del-pais-iniciaria-fumigacion-con-glifosato-a-cultivos-ilicitos/?fbclid=IwY2xjawJmAaxleHRuA2FlbQIxMQABHjZnIIgRNuS8Fv33jRb4HzTZigLQ-wReqwEgOIwDIpo9qBgZ2FsY8HZ05Qal_aem_Aa9UVXJCjzZNErvJlltrLA HTTP/1.1" 200 18556 "-" "Mediapartners-Google"
170.10.163.108 - - [11/Apr/2025:14:10:19 +0000] "POST /wp-cron.php?doing_wp_cron=1744380619.2164208889007568359375 HTTP/1.1" 200 0 "-" "WordPress/6.7.2; https://www.abranoticias.com"
217.113.194.219 - - [11/Apr/2025:14:08:57 +0000] "GET /tag/febrero/ HTTP/1.1" 200 23487 "-" "Mozilla/5.0 (compatible; Barkrowler/0.9; +https://babbar.tech/crawler)"
8.242.169.9 - - [11/Apr/2025:14:08:59 +0000] "GET /favicon.ico HTTP/1.1" 404 1251 "https://www.abranoticias.com/2025/04/11/en-sandona-allanaron-5-viviendas-este-seria-el-delito/?fbclid=IwZXh0bgNhZW0CMTEAAR7lDr8WRMPeC6IexS9COcWMbqbOOz-3TOqA0UikzmELZL6E5-AYPWyyTFRXnw_aem_GTVNj9veX8yH-c_MLyp2mw" "Mozilla/5.0 (Linux; Android 11; moto e20 Build/RONS31.267-94-14; wv) AppleWebKit/537.36 (KHTML, like Gecko) Version/4.0 Chrome/134.0.6998.135 Mobile Safari/537.36[FBAN/EMA;FBLC/es_ES;FBAV/454.0.0.12.106;FBCX/modulariab;]"
170.10.163.108 - - [11/Apr/2025:14:09:14 +0000] "POST /wp-cron.php?doing_wp_cron=1744380554.0883750915527343750000 HTTP/1.1" 200 0 "-" "WordPress/6.7.2; https://www.abranoticias.com"
191.156.6.92 - - [11/Apr/2025:14:09:23 +0000] "GET /2025/04/10/que-asco-ser-pobres-frase-clasistas-y-ofensiva-de-universitarias-en-pasto/ HTTP/1.1" 200 24297 "https://www.abranoticias.com/2025/04/11/en-sandona-allanaron-5-viviendas-este-seria-el-delito/?fbclid=IwZXh0bgNhZW0CMTEAAR601PYulXtV59f2PHNQ5VN2fbS0Eqm8c8Q5jHTgThIXI6jfA69CTxudP6pxYA_aem_iFev0LEpoSFju_j_VZmAAw" "Mozilla/5.0 (Linux; Android 10; K) AppleWebKit/537.36 (KHTML, like Gecko) Chrome/135.0.0.0 Mobile Safari/537.36"
191.156.251.119 - - [11/Apr/2025:14:09:23 +0000] "GET /2025/04/11/en-sandona-allanaron-5-viviendas-este-seria-el-delito/?fbclid=IwZXh0bgNhZW0CMTEAAR6FQWRKLZS82_TAc2pgRGrtMjckq7xrC_xHXK-fUHmmqdB8FKs7cWeetcouwQ_aem_VKHigdEhRg6M-5crh3IWRg HTTP/1.1" 200 24349 "http://m.facebook.com/" "Mozilla/5.0 (Linux; Android 14; RKY-LX3 Build/HONORRKY-L33; wv) AppleWebKit/537.36 (KHTML, like Gecko) Version/4.0 Chrome/135.0.7049.38 Mobile Safari/537.36[FBAN/EMA;FBLC/es_LA;FBAV/449.0.0.11.105;FBCX/modulariab;]"
191.156.6.92 - - [11/Apr/2025:14:09:24 +0000] "GET /2025/04/10/que-asco-ser-pobres-frase-clasistas-y-ofensiva-de-universitarias-en-pasto/ HTTP/1.1" 200 24297 "https://www.abranoticias.com/2025/04/11/en-sandona-allanaron-5-viviendas-este-seria-el-delito/?fbclid=IwZXh0bgNhZW0CMTEAAR601PYulXtV59f2PHNQ5VN2fbS0Eqm8c8Q5jHTgThIXI6jfA69CTxudP6pxYA_aem_iFev0LEpoSFju_j_VZmAAw" "Mozilla/5.0 (Linux; Android 10; K) AppleWebKit/537.36 (KHTML, like Gecko) Chrome/135.0.0.0 Mobile Safari/537.36"
191.156.6.92 - - [11/Apr/2025:14:09:32 +0000] "GET /2025/04/10/que-asco-ser-pobres-frase-clasistas-y-ofensiva-de-universitarias-en-pasto/ HTTP/1.1" 200 24298 "https://www.abranoticias.com/2025/04/11/en-sandona-allanaron-5-viviendas-este-seria-el-delito/?fbclid=IwZXh0bgNhZW0CMTEAAR601PYulXtV59f2PHNQ5VN2fbS0Eqm8c8Q5jHTgThIXI6jfA69CTxudP6pxYA_aem_iFev0LEpoSFju_j_VZmAAw" "Mozilla/5.0 (Linux; Android 10; K) AppleWebKit/537.36 (KHTML, like Gecko) Chrome/135.0.0.0 Mobile Safari/537.36"
191.106.140.160 - - [11/Apr/2025:14:09:44 +0000] "GET /favicon.ico HTTP/1.1" 404 1251 "https://www.abranoticias.com/2025/04/11/en-sandona-allanaron-5-viviendas-este-seria-el-delito/?fbclid=IwZXh0bgNhZW0CMTEAAR4AkK4GV-7UhLVlxr533oguCxhNESg0-T6VS4eyUEtD6mOMR5VdzpOIHwLgeA_aem_xuEU3REbZqxfo46Legf5XQ" "Mozilla/5.0 (Linux; Android 12; 220733SL Build/SP1A.210812.016; wv) AppleWebKit/537.36 (KHTML, like Gecko) Version/4.0 Chrome/130.0.6723.58 Mobile Safari/537.36[FBAN/EMA;FBLC/es_ES;FBAV/447.0.0.13.110;FBCX/modulariab;]"
170.10.163.108 - - [11/Apr/2025:14:10:02 +0000] "POST /wp-cron.php?doing_wp_cron=1744380602.8054249286651611328125 HTTP/1.1" 200 0 "-" "WordPress/6.7.2; https://www.abranoticias.com"
154.54.249.216 - - [11/Apr/2025:14:10:18 +0000] "GET /tag/ibarra/feed/ HTTP/1.1" 200 4893 "-" "Mozilla/5.0 (compatible; Barkrowler/0.9; +https://babbar.tech/crawler)"
3.225.45.252 - - [11/Apr/2025:14:10:21 +0000] "GET /category/opinion/ HTTP/1.1" 200 25541 "-" "Mozilla/5.0 AppleWebKit/537.36 (KHTML, like Gecko; compatible; Amazonbot/0.1; +https://developer.amazon.com/support/amazonbot) Chrome/119.0.6045.214 Safari/537.36"
191.156.53.241 - - [11/Apr/2025:14:10:29 +0000] "GET /2025/03/29/cuerpo-recuperado-en-pasto-seria-de-edwin-sebastian/?fbclid=IwY2xjawJVk6FleHRuA2FlbQIxMQABHSIEb1BiMo3ti4GG7W5-G-PYtMCi0X1iZbaB3IBdaWoJcITeAeemd-5-ZQ_aem_xaADN5b5rxHVj9_SFZ7rnA HTTP/1.1" 200 24626 "http://m.facebook.com/" "Mozilla/5.0 (Linux; Android 14; SM-A145M Build/UP1A.231005.007; wv) AppleWebKit/537.36 (KHTML, like Gecko) Version/4.0 Chrome/135.0.7049.49 Mobile Safari/537.36 [FB_IAB/FB4A;FBAV/507.0.0.66.49;IABMV/1;] FBNV/5"
181.39.28.250 - - [11/Apr/2025:14:10:45 +0000] "GET /2025/04/11/en-sandona-allanaron-5-viviendas-este-seria-el-delito/?fbclid=IwY2xjawJmAjRleHRuA2FlbQIxMQABHkxmu34Gt8ExJOQyRAnst6W6hN_3vdxOIyr0fCJ0DPyy1okxl0V1puf_sclb_aem_MA-jiOE1pFxPSfB5mHoYjQ HTTP/1.1" 200 24349 "https://lm.facebook.com/" "Mozilla/5.0 (Linux; Android 13; TECNO KI5q Build/TP1A.220624.014; wv) AppleWebKit/537.36 (KHTML, like Gecko) Version/4.0 Chrome/135.0.7049.38 Mobile Safari/537.36 [FB_IAB/FB4A;FBAV/507.0.0.66.49;IABMV/1;]"
181.39.28.250 - - [11/Apr/2025:14:10:47 +0000] "GET /wp-includes/js/mediaelement/wp-mediaelement.min.css?ver=6.7.2 HTTP/1.1" 200 982 "https://www.abranoticias.com/2025/04/11/en-sandona-allanaron-5-viviendas-este-seria-el-delito/?fbclid=IwY2xjawJmAjRleHRuA2FlbQIxMQABHkxmu34Gt8ExJOQyRAnst6W6hN_3vdxOIyr0fCJ0DPyy1okxl0V1puf_sclb_aem_MA-jiOE1pFxPSfB5mHoYjQ" "Mozilla/5.0 (Linux; Android 13; TECNO KI5q Build/TP1A.220624.014; wv) AppleWebKit/537.36 (KHTML, like Gecko) Version/4.0 Chrome/135.0.7049.38 Mobile Safari/537.36 [FB_IAB/FB4A;FBAV/507.0.0.66.49;IABMV/1;]"
181.39.28.250 - - [11/Apr/2025:14:10:47 +0000] "GET /wp-content/themes/colormag/style.css?ver=4.0.11 HTTP/1.1" 200 20920 "https://www.abranoticias.com/2025/04/11/en-sandona-allanaron-5-viviendas-este-seria-el-delito/?fbclid=IwY2xjawJmAjRleHRuA2FlbQIxMQABHkxmu34Gt8ExJOQyRAnst6W6hN_3vdxOIyr0fCJ0DPyy1okxl0V1puf_sclb_aem_MA-jiOE1pFxPSfB5mHoYjQ" "Mozilla/5.0 (Linux; Android 13; TECNO KI5q Build/TP1A.220624.014; wv) AppleWebKit/537.36 (KHTML, like Gecko) Version/4.0 Chrome/135.0.7049.38 Mobile Safari/537.36 [FB_IAB/FB4A;FBAV/507.0.0.66.49;IABMV/1;]"
181.39.28.250 - - [11/Apr/2025:14:10:47 +0000] "GET /wp-content/themes/colormag/assets/library/font-awesome/css/v4-shims.min.css?ver=4.7.0 HTTP/1.1" 200 4108 "https://www.abranoticias.com/2025/04/11/en-sandona-allanaron-5-viviendas-este-seria-el-delito/?fbclid=IwY2xjawJmAjRleHRuA2FlbQIxMQABHkxmu34Gt8ExJOQyRAnst6W6hN_3vdxOIyr0fCJ0DPyy1okxl0V1puf_sclb_aem_MA-jiOE1pFxPSfB5mHoYjQ" "Mozilla/5.0 (Linux; Android 13; TECNO KI5q Build/TP1A.220624.014; wv) AppleWebKit/537.36 (KHTML, like Gecko) Version/4.0 Chrome/135.0.7049.38 Mobile Safari/537.36 [FB_IAB/FB4A;FBAV/507.0.0.66.49;IABMV/1;]"
181.39.28.250 - - [11/Apr/2025:14:10:47 +0000] "GET /wp-includes/js/jquery/jquery-migrate.min.js?ver=3.4.1 HTTP/1.1" 200 4678 "https://www.abranoticias.com/2025/04/11/en-sandona-allanaron-5-viviendas-este-seria-el-delito/?fbclid=IwY2xjawJmAjRleHRuA2FlbQIxMQABHkxmu34Gt8ExJOQyRAnst6W6hN_3vdxOIyr0fCJ0DPyy1okxl0V1puf_sclb_aem_MA-jiOE1pFxPSfB5mHoYjQ" "Mozilla/5.0 (Linux; Android 13; TECNO KI5q Build/TP1A.220624.014; wv) AppleWebKit/537.36 (KHTML, like Gecko) Version/4.0 Chrome/135.0.7049.38 Mobile Safari/537.36 [FB_IAB/FB4A;FBAV/507.0.0.66.49;IABMV/1;]"
170.10.163.108 - - [11/Apr/2025:14:10:51 +0000] "POST /wp-cron.php?doing_wp_cron=1744380651.6479389667510986328125 HTTP/1.1" 200 0 "-" "WordPress/6.7.2; https://www.abranoticias.com"
181.39.28.250 - - [11/Apr/2025:14:10:54 +0000] "GET /wp-content/uploads/2025/04/pasto-estudiantes-130x90.jpg HTTP/1.1" 200 3706 "https://www.abranoticias.com/2025/04/11/en-sandona-allanaron-5-viviendas-este-seria-el-delito/?fbclid=IwY2xjawJmAjRleHRuA2FlbQIxMQABHkxmu34Gt8ExJOQyRAnst6W6hN_3vdxOIyr0fCJ0DPyy1okxl0V1puf_sclb_aem_MA-jiOE1pFxPSfB5mHoYjQ" "Mozilla/5.0 (Linux; Android 13; TECNO KI5q Build/TP1A.220624.014; wv) AppleWebKit/537.36 (KHTML, like Gecko) Version/4.0 Chrome/135.0.7049.38 Mobile Safari/537.36 [FB_IAB/FB4A;FBAV/507.0.0.66.49;IABMV/1;]"
66.249.77.68 - - [11/Apr/2025:14:10:21 +0000] "GET /196964693.shtml HTTP/1.1" 200 19075 "-" "Mozilla/5.0 (Linux; Android 6.0.1; Nexus 5X Build/MMB29P) AppleWebKit/537.36 (KHTML, like Gecko) Chrome/135.0.7049.84 Mobile Safari/537.36 (compatible; Googlebot/2.1; +http://www.google.com/bot.html)"
191.156.60.243 - - [11/Apr/2025:14:10:21 +0000] "GET /2025/03/29/cuerpo-recuperado-en-pasto-seria-de-edwin-sebastian/?fbclid=IwY2xjawJVk6FleHRuA2FlbQIxMQABHSIEb1BiMo3ti4GG7W5-G-PYtMCi0X1iZbaB3IBdaWoJcITeAeemd-5-ZQ_aem_xaADN5b5rxHVj9_SFZ7rnA HTTP/1.1" 200 24626 "http://m.facebook.com/" "Mozilla/5.0 (Linux; Android 14; SM-A145M Build/UP1A.231005.007; wv) AppleWebKit/537.36 (KHTML, like Gecko) Version/4.0 Chrome/135.0.7049.49 Mobile Safari/537.36 [FB_IAB/FB4A;FBAV/507.0.0.66.49;IABMV/1;]"
217.113.194.221 - - [11/Apr/2025:14:10:34 +0000] "GET /tag/bogota/page/5/ HTTP/1.1" 200 25397 "-" "Mozilla/5.0 (compatible; Barkrowler/0.9; +https://babbar.tech/crawler)"
2a03:2880:25ff:9:: - - [11/Apr/2025:14:10:40 +0000] "GET /wp-content/uploads/2023/07/san-lorenzo-accidente-fallecido.jpg HTTP/1.1" 200 95660 "-" "facebookexternalhit/1.1 (+http://www.facebook.com/externalhit_uatext.php)"
181.39.28.250 - - [11/Apr/2025:14:10:47 +0000] "GET /wp-content/uploads/2025/04/sandona-operativos.jpeg HTTP/1.1" 200 56153 "https://www.abranoticias.com/2025/04/11/en-sandona-allanaron-5-viviendas-este-seria-el-delito/?fbclid=IwY2xjawJmAjRleHRuA2FlbQIxMQABHkxmu34Gt8ExJOQyRAnst6W6hN_3vdxOIyr0fCJ0DPyy1okxl0V1puf_sclb_aem_MA-jiOE1pFxPSfB5mHoYjQ" "Mozilla/5.0 (Linux; Android 13; TECNO KI5q Build/TP1A.220624.014; wv) AppleWebKit/537.36 (KHTML, like Gecko) Version/4.0 Chrome/135.0.7049.38 Mobile Safari/537.36 [FB_IAB/FB4A;FBAV/507.0.0.66.49;IABMV/1;]"
181.39.28.250 - - [11/Apr/2025:14:10:47 +0000] "GET /wp-includes/js/jquery/jquery.min.js?ver=3.7.1 HTTP/1.1" 200 29744 "https://www.abranoticias.com/2025/04/11/en-sandona-allanaron-5-viviendas-este-seria-el-delito/?fbclid=IwY2xjawJmAjRleHRuA2FlbQIxMQABHkxmu34Gt8ExJOQyRAnst6W6hN_3vdxOIyr0fCJ0DPyy1okxl0V1puf_sclb_aem_MA-jiOE1pFxPSfB5mHoYjQ" "Mozilla/5.0 (Linux; Android 13; TECNO KI5q Build/TP1A.220624.014; wv) AppleWebKit/537.36 (KHTML, like Gecko) Version/4.0 Chrome/135.0.7049.38 Mobile Safari/537.36 [FB_IAB/FB4A;FBAV/507.0.0.66.49;IABMV/1;]"
181.39.28.250 - - [11/Apr/2025:14:10:47 +0000] "GET /wp-content/themes/colormag/assets/library/font-awesome/css/solid.min.css?ver=6.2.4 HTTP/1.1" 200 292 "https://www.abranoticias.com/2025/04/11/en-sandona-allanaron-5-viviendas-este-seria-el-delito/?fbclid=IwY2xjawJmAjRleHRuA2FlbQIxMQABHkxmu34Gt8ExJOQyRAnst6W6hN_3vdxOIyr0fCJ0DPyy1okxl0V1puf_sclb_aem_MA-jiOE1pFxPSfB5mHoYjQ" "Mozilla/5.0 (Linux; Android 13; TECNO KI5q Build/TP1A.220624.014; wv) AppleWebKit/537.36 (KHTML, like Gecko) Version/4.0 Chrome/135.0.7049.38 Mobile Safari/537.36 [FB_IAB/FB4A;FBAV/507.0.0.66.49;IABMV/1;]"
181.39.28.250 - - [11/Apr/2025:14:10:54 +0000] "GET /wp-content/uploads/2025/04/cali-exmilitar-130x90.jpg HTTP/1.1" 200 4976 "https://www.abranoticias.com/2025/04/11/en-sandona-allanaron-5-viviendas-este-seria-el-delito/?fbclid=IwY2xjawJmAjRleHRuA2FlbQIxMQABHkxmu34Gt8ExJOQyRAnst6W6hN_3vdxOIyr0fCJ0DPyy1okxl0V1puf_sclb_aem_MA-jiOE1pFxPSfB5mHoYjQ" "Mozilla/5.0 (Linux; Android 13; TECNO KI5q Build/TP1A.220624.014; wv) AppleWebKit/537.36 (KHTML, like Gecko) Version/4.0 Chrome/135.0.7049.38 Mobile Safari/537.36 [FB_IAB/FB4A;FBAV/507.0.0.66.49;IABMV/1;]"
181.39.28.250 - - [11/Apr/2025:14:10:54 +0000] "GET /wp-content/themes/colormag/assets/fonts/OpenSans-Regular.woff HTTP/1.1" 200 80280 "https://www.abranoticias.com/wp-content/themes/colormag/style.css?ver=4.0.11" "Mozilla/5.0 (Linux; Android 13; TECNO KI5q Build/TP1A.220624.014; wv) AppleWebKit/537.36 (KHTML, like Gecko) Version/4.0 Chrome/135.0.7049.38 Mobile Safari/537.36 [FB_IAB/FB4A;FBAV/507.0.0.66.49;IABMV/1;]"
181.39.28.250 - - [11/Apr/2025:14:10:54 +0000] "GET /wp-content/themes/colormag/inc/customizer/customind/assets/fontawesome/v6/webfonts/fa-brands-400.ttf HTTP/1.1" 200 118484 "https://www.abranoticias.com/wp-content/themes/colormag/inc/customizer/customind/assets/fontawesome/v6/css/all.min.css?ver=6.2.4" "Mozilla/5.0 (Linux; Android 13; TECNO KI5q Build/TP1A.220624.014; wv) AppleWebKit/537.36 (KHTML, like Gecko) Version/4.0 Chrome/135.0.7049.38 Mobile Safari/537.36 [FB_IAB/FB4A;FBAV/507.0.0.66.49;IABMV/1;]"
181.39.28.250 - - [11/Apr/2025:14:10:54 +0000] "GET /wp-content/uploads/2025/04/narino-glifosato-130x90.jpeg HTTP/1.1" 200 5329 "https://www.abranoticias.com/2025/04/11/en-sandona-allanaron-5-viviendas-este-seria-el-delito/?fbclid=IwY2xjawJmAjRleHRuA2FlbQIxMQABHkxmu34Gt8ExJOQyRAnst6W6hN_3vdxOIyr0fCJ0DPyy1okxl0V1puf_sclb_aem_MA-jiOE1pFxPSfB5mHoYjQ" "Mozilla/5.0 (Linux; Android 13; TECNO KI5q Build/TP1A.220624.014; wv) AppleWebKit/537.36 (KHTML, like Gecko) Version/4.0 Chrome/135.0.7049.38 Mobile Safari/537.36 [FB_IAB/FB4A;FBAV/507.0.0.66.49;IABMV/1;]"
181.39.28.250 - - [11/Apr/2025:14:10:57 +0000] "GET /wp-content/uploads/2022/11/pasto-animals-care-2-768x1017.jpg HTTP/1.1" 200 86761 "https://www.abranoticias.com/2025/04/11/en-sandona-allanaron-5-viviendas-este-seria-el-delito/?fbclid=IwY2xjawJmAjRleHRuA2FlbQIxMQABHkxmu34Gt8ExJOQyRAnst6W6hN_3vdxOIyr0fCJ0DPyy1okxl0V1puf_sclb_aem_MA-jiOE1pFxPSfB5mHoYjQ" "Mozilla/5.0 (Linux; Android 13; TECNO KI5q Build/TP1A.220624.014; wv) AppleWebKit/537.36 (KHTML, like Gecko) Version/4.0 Chrome/135.0.7049.38 Mobile Safari/537.36 [FB_IAB/FB4A;FBAV/507.0.0.66.49;IABMV/1;]"
8.242.171.60 - - [11/Apr/2025:14:10:58 +0000] "GET /favicon.ico HTTP/1.1" 404 1251 "https://www.abranoticias.com/2025/04/11/en-sandona-allanaron-5-viviendas-este-seria-el-delito/?fbclid=IwY2xjawJmAjxleHRuA2FlbQIxMQABHjv7EZ-0WGKMZMnlNSp-QVa0ZvylcZ24-PyJB2PzTvqSro0BxzGMNWFcAyWb_aem_-mOt6AYGVImwQsbE07GNSw" "Mozilla/5.0 (Linux; Android 14; SM-A556E Build/UP1A.231005.007; wv) AppleWebKit/537.36 (KHTML, like Gecko) Version/4.0 Chrome/135.0.7049.49 Mobile Safari/537.36 [FB_IAB/FB4A;FBAV/507.0.0.66.49;IABMV/1;]"
170.10.163.108 - - [11/Apr/2025:14:11:08 +0000] "POST /wp-admin/admin-ajax.php?action=async_litespeed&nonce=vvWGFmoMwRIUTZTkqsmK0nFFJFA3ASxQ&litespeed_type=imgoptm HTTP/1.1" 200 5 "-" "WordPress/6.7.2; https://www.abranoticias.com"
217.113.194.221 - - [11/Apr/2025:14:11:23 +0000] "GET /tag/bogota/page/6/ HTTP/1.1" 200 24956 "-" "Mozilla/5.0 (compatible; Barkrowler/0.9; +https://babbar.tech/crawler)"
66.249.77.69 - - [11/Apr/2025:14:11:46 +0000] "GET /pcmypage?callback=/product%2Fdetail%2FUSN189409892 HTTP/1.1" 200 19385 "-" "Mozilla/5.0 (Linux; Android 6.0.1; Nexus 5X Build/MMB29P) AppleWebKit/537.36 (KHTML, like Gecko) Chrome/135.0.7049.52 Mobile Safari/537.36 (compatible; Googlebot/2.1; +http://www.google.com/bot.html)"
66.249.77.69 - - [11/Apr/2025:14:11:49 +0000] "GET /pcmypage?callback=product/review/DXH20732381 HTTP/1.1" 200 19608 "-" "Mozilla/5.0 (Linux; Android 6.0.1; Nexus 5X Build/MMB29P) AppleWebKit/537.36 (KHTML, like Gecko) Chrome/135.0.7049.52 Mobile Safari/537.36 (compatible; GoogleOther)"
66.249.77.68 - - [11/Apr/2025:14:11:52 +0000] "POST /get-message-notify HTTP/1.1" 200 19383 "https://www.abranoticias.com/zhHant/product/surugaya/XIEH25020206?campaign_uid=f64d716db5e979ed2f947dbaf4296895b951ae7f" "Mozilla/5.0 (Linux; Android 6.0.1; Nexus 5X Build/MMB29P) AppleWebKit/537.36 (KHTML, like Gecko) Chrome/134.0.6998.165 Mobile Safari/537.36 (compatible; Googlebot/2.1; +http://www.google.com/bot.html)"
66.249.77.68 - - [11/Apr/2025:14:11:54 +0000] "POST /get-message-notify HTTP/1.1" 200 19383 "https://www.abranoticias.com/pcmypage?callback=product/review/DXH20732381" "Mozilla/5.0 (Linux; Android 6.0.1; Nexus 5X Build/MMB29P) AppleWebKit/537.36 (KHTML, like Gecko) Chrome/134.0.6998.165 Mobile Safari/537.36 (compatible; Googlebot/2.1; +http://www.google.com/bot.html)"
35.87.199.253 - - [11/Apr/2025:14:10:27 +0000] "GET / HTTP/1.1" 200 25904 "-" "Mozilla/5.0 (X11; Ubuntu; Linux x86_64; rv:80.0) Gecko/20100101 Firefox/80.0"
13.58.244.160 - - [11/Apr/2025:14:10:43 +0000] "GET /wp-includes/cookie/index.php?loknya=%2Fproc%2Fself%2Froot%2Fproc%2Fself%2Froot%2Fhome%2Fabranoticias%2F.cagefs%2Fopt%2Falt%2Fphp81%2Flink%2Fconf&opsi=mdf HTTP/1.1" 200 2007 "-" "Mozilla/5.0 AppleWebKit/537.36 (KHTML, like Gecko; compatible; ClaudeBot/1.0; +claudebot@anthropic.com)"
170.10.163.108 - - [11/Apr/2025:14:10:46 +0000] "POST /wp-cron.php?doing_wp_cron=1744380646.4687609672546386718750 HTTP/1.1" 200 0 "-" "WordPress/6.7.2; https://www.abranoticias.com"
181.39.28.250 - - [11/Apr/2025:14:10:47 +0000] "GET /wp-includes/js/mediaelement/mediaelementplayer-legacy.min.css?ver=4.2.17 HTTP/1.1" 200 2394 "https://www.abranoticias.com/2025/04/11/en-sandona-allanaron-5-viviendas-este-seria-el-delito/?fbclid=IwY2xjawJmAjRleHRuA2FlbQIxMQABHkxmu34Gt8ExJOQyRAnst6W6hN_3vdxOIyr0fCJ0DPyy1okxl0V1puf_sclb_aem_MA-jiOE1pFxPSfB5mHoYjQ" "Mozilla/5.0 (Linux; Android 13; TECNO KI5q Build/TP1A.220624.014; wv) AppleWebKit/537.36 (KHTML, like Gecko) Version/4.0 Chrome/135.0.7049.38 Mobile Safari/537.36 [FB_IAB/FB4A;FBAV/507.0.0.66.49;IABMV/1;]"
181.39.28.250 - - [11/Apr/2025:14:10:47 +0000] "GET /wp-content/themes/colormag/inc/customizer/customind/assets/fontawesome/v6/css/all.min.css?ver=6.2.4 HTTP/1.1" 200 22056 "https://www.abranoticias.com/2025/04/11/en-sandona-allanaron-5-viviendas-este-seria-el-delito/?fbclid=IwY2xjawJmAjRleHRuA2FlbQIxMQABHkxmu34Gt8ExJOQyRAnst6W6hN_3vdxOIyr0fCJ0DPyy1okxl0V1puf_sclb_aem_MA-jiOE1pFxPSfB5mHoYjQ" "Mozilla/5.0 (Linux; Android 13; TECNO KI5q Build/TP1A.220624.014; wv) AppleWebKit/537.36 (KHTML, like Gecko) Version/4.0 Chrome/135.0.7049.38 Mobile Safari/537.36 [FB_IAB/FB4A;FBAV/507.0.0.66.49;IABMV/1;]"
217.113.194.217 - - [11/Apr/2025:14:10:50 +0000] "GET /tag/bogota/page/7/ HTTP/1.1" 200 23581 "-" "Mozilla/5.0 (compatible; Barkrowler/0.9; +https://babbar.tech/crawler)"
181.39.28.250 - - [11/Apr/2025:14:10:55 +0000] "GET /favicon.ico HTTP/1.1" 404 1251 "https://www.abranoticias.com/2025/04/11/en-sandona-allanaron-5-viviendas-este-seria-el-delito/?fbclid=IwY2xjawJmAjRleHRuA2FlbQIxMQABHkxmu34Gt8ExJOQyRAnst6W6hN_3vdxOIyr0fCJ0DPyy1okxl0V1puf_sclb_aem_MA-jiOE1pFxPSfB5mHoYjQ" "Mozilla/5.0 (Linux; Android 13; TECNO KI5q Build/TP1A.220624.014; wv) AppleWebKit/537.36 (KHTML, like Gecko) Version/4.0 Chrome/135.0.7049.38 Mobile Safari/537.36 [FB_IAB/FB4A;FBAV/507.0.0.66.49;IABMV/1;]"
170.10.163.108 - - [11/Apr/2025:14:11:08 +0000] "POST /wp-cron.php?doing_wp_cron=1744380668.0290379524230957031250 HTTP/1.1" 200 0 "-" "WordPress/6.7.2; https://www.abranoticias.com"
217.113.194.216 - - [11/Apr/2025:14:11:07 +0000] "GET /tag/bogota/page/4/ HTTP/1.1" 200 25279 "-" "Mozilla/5.0 (compatible; Barkrowler/0.9; +https://babbar.tech/crawler)"
8.29.198.25 - - [11/Apr/2025:14:11:25 +0000] "GET /feed/ HTTP/1.1" 200 10591 "-" "Feedly/1.0 (+https://feedly.com/poller.html; 1 subscribers; )"
2a03:2880:20ff:49:: - - [11/Apr/2025:14:11:27 +0000] "GET /2025/04/09/en-tumaco-integrantes-de-la-segunda-marquetalia-se-entregaron-al-ejercito/ HTTP/1.1" 200 24688 "-" "facebookexternalhit/1.1 (+http://www.facebook.com/externalhit_uatext.php)"
2a03:2880:13ff:72:: - - [11/Apr/2025:14:11:40 +0000] "GET /2025/02/11/otro-accidente-en-tuquerres-cobro-la-vida-de-un-joven/ HTTP/1.1" 200 24767 "-" "facebookexternalhit/1.1 (+http://www.facebook.com/externalhit_uatext.php)"
170.10.163.108 - - [11/Apr/2025:14:11:57 +0000] "POST /wp-cron.php?doing_wp_cron=1744380717.5284619331359863281250 HTTP/1.1" 200 0 "-" "WordPress/6.7.2; https://www.abranoticias.com"
8.242.171.60 - - [11/Apr/2025:14:10:53 +0000] "GET /2025/04/11/en-sandona-allanaron-5-viviendas-este-seria-el-delito/?fbclid=IwY2xjawJmAjxleHRuA2FlbQIxMQABHjv7EZ-0WGKMZMnlNSp-QVa0ZvylcZ24-PyJB2PzTvqSro0BxzGMNWFcAyWb_aem_-mOt6AYGVImwQsbE07GNSw HTTP/1.1" 200 24349 "https://lm.facebook.com/" "Mozilla/5.0 (Linux; Android 14; SM-A556E Build/UP1A.231005.007; wv) AppleWebKit/537.36 (KHTML, like Gecko) Version/4.0 Chrome/135.0.7049.49 Mobile Safari/537.36 [FB_IAB/FB4A;FBAV/507.0.0.66.49;IABMV/1;]"
181.39.28.250 - - [11/Apr/2025:14:10:55 +0000] "GET /wp-content/themes/colormag/inc/customizer/customind/assets/fontawesome/v6/webfonts/fa-solid-900.woff2 HTTP/1.1" 200 156400 "https://www.abranoticias.com/wp-content/themes/colormag/inc/customizer/customind/assets/fontawesome/v6/css/all.min.css?ver=6.2.4" "Mozilla/5.0 (Linux; Android 13; TECNO KI5q Build/TP1A.220624.014; wv) AppleWebKit/537.36 (KHTML, like Gecko) Version/4.0 Chrome/135.0.7049.38 Mobile Safari/537.36 [FB_IAB/FB4A;FBAV/507.0.0.66.49;IABMV/1;]"
66.249.77.68 - - [11/Apr/2025:14:11:06 +0000] "GET /137261797.shtml HTTP/1.1" 200 19428 "-" "Mozilla/5.0 (Linux; Android 6.0.1; Nexus 5X Build/MMB29P) AppleWebKit/537.36 (KHTML, like Gecko) Chrome/135.0.7049.84 Mobile Safari/537.36 (compatible; Googlebot/2.1; +http://www.google.com/bot.html)"
170.10.163.108 - - [11/Apr/2025:14:11:40 +0000] "POST /wp-cron.php?doing_wp_cron=1744380700.8440420627593994140625 HTTP/1.1" 200 0 "-" "WordPress/6.7.2; https://www.abranoticias.com"
217.113.194.217 - - [11/Apr/2025:14:11:39 +0000] "GET /tag/bogota/page/3/ HTTP/1.1" 200 25559 "-" "Mozilla/5.0 (compatible; Barkrowler/0.9; +https://babbar.tech/crawler)"
66.249.77.68 - - [11/Apr/2025:14:11:45 +0000] "GET /pcmypage?callback=product/review/SATF33431968 HTTP/1.1" 200 19358 "-" "Mozilla/5.0 (Linux; Android 6.0.1; Nexus 5X Build/MMB29P) AppleWebKit/537.36 (KHTML, like Gecko) Chrome/135.0.7049.52 Mobile Safari/537.36 (compatible; GoogleOther)"
66.249.77.68 - - [11/Apr/2025:14:11:46 +0000] "GET /tag/engativa/feed/ HTTP/1.1" 200 19866 "-" "Mozilla/5.0 (Linux; Android 6.0.1; Nexus 5X Build/MMB29P) AppleWebKit/537.36 (KHTML, like Gecko) Chrome/135.0.7049.52 Mobile Safari/537.36 (compatible; Googlebot/2.1; +http://www.google.com/bot.html)"
66.249.77.68 - - [11/Apr/2025:14:11:47 +0000] "GET /zhHant/product/surugaya/XIEH25020206?campaign_uid=f64d716db5e979ed2f947dbaf4296895b951ae7f HTTP/1.1" 200 19216 "-" "Mozilla/5.0 (Linux; Android 6.0.1; Nexus 5X Build/MMB29P) AppleWebKit/537.36 (KHTML, like Gecko) Chrome/135.0.7049.52 Mobile Safari/537.36 (compatible; GoogleOther)"
66.249.77.68 - - [11/Apr/2025:14:11:48 +0000] "GET /pcmypage?callback=product/review/XEHIW21388197 HTTP/1.1" 200 19362 "-" "Mozilla/5.0 (Linux; Android 6.0.1; Nexus 5X Build/MMB29P) AppleWebKit/537.36 (KHTML, like Gecko) Chrome/135.0.7049.52 Mobile Safari/537.36 (compatible; GoogleOther)"
66.249.77.69 - - [11/Apr/2025:14:12:00 +0000] "POST /get-message-notify HTTP/1.1" 200 19385 "https://www.abranoticias.com/pcmypage?callback=/product%2Fdetail%2FUSN189409892" "Mozilla/5.0 (Linux; Android 6.0.1; Nexus 5X Build/MMB29P) AppleWebKit/537.36 (KHTML, like Gecko) Chrome/134.0.6998.165 Mobile Safari/537.36 (compatible; Googlebot/2.1; +http://www.google.com/bot.html)"
74.125.218.69 - - [11/Apr/2025:14:12:08 +0000] "GET /2025/03/29/cuerpo-recuperado-en-pasto-seria-de-edwin-sebastian/?fbclid=IwY2xjawJVk6FleHRuA2FlbQIxMQABHSIEb1BiMo3ti4GG7W5-G-PYtMCi0X1iZbaB3IBdaWoJcITeAeemd-5-ZQ_aem_xaADN5b5rxHVj9_SFZ7rnA HTTP/1.1" 200 19894 "-" "Mediapartners-Google"
170.10.163.108 - - [11/Apr/2025:14:12:08 +0000] "POST /wp-admin/admin-ajax.php?action=async_litespeed&nonce=GhAKPf9NBIHrSXlq2Ghsh5LsBIbAgKta&litespeed_type=imgoptm HTTP/1.1" 200 5 "-" "WordPress/6.7.2; https://www.abranoticias.com"
170.10.163.108 - - [11/Apr/2025:14:12:40 +0000] "POST /wp-cron.php?doing_wp_cron=1744380760.0397460460662841796875 HTTP/1.1" 200 0 "-" "WordPress/6.7.2; https://www.abranoticias.com"
181.62.56.1 - - [11/Apr/2025:14:12:02 +0000] "GET /2025/04/11/en-sandona-allanaron-5-viviendas-este-seria-el-delito/?fbclid=IwZXh0bgNhZW0CMTEAAR6QGZeYZHqoSMw1MXGNA7sp5-8qpXWWwlbmEZI11B2WRbo8aS38ZaFF4JAMvA_aem_WCUsIfgAcxk5bjgpR0CXxg HTTP/1.1" 200 24349 "http://m.facebook.com" "Mozilla/5.0 (iPhone; CPU iPhone OS 18_3_2 like Mac OS X) AppleWebKit/605.1.15 (KHTML, like Gecko) Mobile/22D82 [FBAN/FBIOS;FBAV/507.0.0.58.94;FBBV/716584418;FBDV/iPhone12,1;FBMD/iPhone;FBSN/iOS;FBSV/18.3.2;FBSS/2;FBID/phone;FBLC/es_LA;FBOP/5;FBRV/719953626;IABMV/1]"
217.113.194.215 - - [11/Apr/2025:14:12:29 +0000] "GET /tag/alexis-garcia/feed/ HTTP/1.1" 200 1629 "-" "Mozilla/5.0 (compatible; Barkrowler/0.9; +https://babbar.tech/crawler)"
161.18.53.204 - - [11/Apr/2025:14:12:29 +0000] "GET /2025/04/11/en-sandona-allanaron-5-viviendas-este-seria-el-delito/?fbclid=IwY2xjawJmAp1leHRuA2FlbQIxMQABHmi17VoOpRWZbtkJBriioKaUUYogmLax5CJ-SCYKvlq8t8ljd5N9Vb3wnZLy_aem_-xKPYfTcvKbaGlb1AKSFYg HTTP/1.1" 200 24349 "https://lm.facebook.com/" "Mozilla/5.0 (Linux; Android 10; SM-A750G Build/QP1A.190711.020; wv) AppleWebKit/537.36 (KHTML, like Gecko) Version/4.0 Chrome/135.0.7049.49 Mobile Safari/537.36 [FB_IAB/FB4A;FBAV/507.0.0.66.49;IABMV/1;]"
207.46.13.155 - - [11/Apr/2025:14:12:34 +0000] "GET /2024/04/06/asi-fue-la-investigacion-en-ipiales-para-que-dejo-tras-las-rejas-a-padre-acusado-de-abusar-de-su-hija/ HTTP/1.1" 200 18521 "-" "Mozilla/5.0 AppleWebKit/537.36 (KHTML, like Gecko; compatible; bingbot/2.0; +http://www.bing.com/bingbot.htm) Chrome/116.0.1938.76 Safari/537.36"
207.46.13.155 - - [11/Apr/2025:14:12:35 +0000] "GET /2024/07/23/dos-mujeres-tras-las-rejas-en-ipiales-por-guardar-carro-robado-en-ecuador/ HTTP/1.1" 200 18323 "-" "Mozilla/5.0 AppleWebKit/537.36 (KHTML, like Gecko; compatible; bingbot/2.0; +http://www.bing.com/bingbot.htm) Chrome/116.0.1938.76 Safari/537.36"
161.18.53.204 - - [11/Apr/2025:14:12:36 +0000] "GET /favicon.ico HTTP/1.1" 404 1251 "https://www.abranoticias.com/2025/04/11/en-sandona-allanaron-5-viviendas-este-seria-el-delito/?fbclid=IwY2xjawJmAp1leHRuA2FlbQIxMQABHmi17VoOpRWZbtkJBriioKaUUYogmLax5CJ-SCYKvlq8t8ljd5N9Vb3wnZLy_aem_-xKPYfTcvKbaGlb1AKSFYg" "Mozilla/5.0 (Linux; Android 10; SM-A750G Build/QP1A.190711.020; wv) AppleWebKit/537.36 (KHTML, like Gecko) Version/4.0 Chrome/135.0.7049.49 Mobile Safari/537.36 [FB_IAB/FB4A;FBAV/507.0.0.66.49;IABMV/1;]"
109.239.229.239 - - [11/Apr/2025:14:12:36 +0000] "GET /category/deportes/ HTTP/1.1" 200 25618 "-" "Mozilla/5.0 (Windows NT 6.1; WOW64) AppleWebKit/537.36 (KHTML, like Gecko) Chrome/34.0.1847.131 Safari/537.36"
109.239.229.239 - - [11/Apr/2025:14:12:36 +0000] "GET /category/noticias/ HTTP/1.1" 200 25054 "-" "Mozilla/5.0 (Windows NT 6.1; WOW64; rv:29.0) Gecko/20100101 Firefox/29.0"
109.239.229.239 - - [11/Apr/2025:14:12:36 +0000] "GET /category/opinion/ HTTP/1.1" 200 25541 "-" "Mozilla/5.0 (Macintosh; Intel Mac OS X 10_9_2) AppleWebKit/537.36 (KHTML, like Gecko) Chrome/34.0.1847.131 Safari/537.36"
109.239.229.239 - - [11/Apr/2025:14:12:36 +0000] "GET / HTTP/1.1" 200 25904 "-" "Mozilla/5.0 (Macintosh; Intel Mac OS X 10_9_2) AppleWebKit/537.75.14 (KHTML, like Gecko) Version/7.0.3 Safari/537.75.14"
109.239.229.239 - - [11/Apr/2025:14:12:36 +0000] "GET /category/mundo/ HTTP/1.1" 200 25503 "-" "Mozilla/5.0 (Windows NT 6.1; WOW64; rv:29.0) Gecko/20100101 Firefox/29.0"
109.239.229.239 - - [11/Apr/2025:14:12:36 +0000] "GET /category/entretenimiento/ HTTP/1.1" 200 25294 "-" "Mozilla/5.0 (Macintosh; Intel Mac OS X 10_9_2) AppleWebKit/537.75.14 (KHTML, like Gecko) Version/7.0.3 Safari/537.75.14"
66.249.77.68 - - [11/Apr/2025:14:12:58 +0000] "GET /134386745.shtml HTTP/1.1" 200 19583 "-" "Mozilla/5.0 (Linux; Android 6.0.1; Nexus 5X Build/MMB29P) AppleWebKit/537.36 (KHTML, like Gecko) Chrome/135.0.7049.84 Mobile Safari/537.36 (compatible; Googlebot/2.1; +http://www.google.com/bot.html)"
170.10.163.108 - - [11/Apr/2025:14:13:52 +0000] "POST /wp-cron.php?doing_wp_cron=1744380831.9733929634094238281250 HTTP/1.1" 200 0 "-" "WordPress/6.7.2; https://www.abranoticias.com"
66.249.77.68 - - [11/Apr/2025:14:11:56 +0000] "POST /get-message-notify HTTP/1.1" 200 19383 "https://www.abranoticias.com/tag/engativa/feed/" "Mozilla/5.0 (Linux; Android 6.0.1; Nexus 5X Build/MMB29P) AppleWebKit/537.36 (KHTML, like Gecko) Chrome/134.0.6998.165 Mobile Safari/537.36 (compatible; Googlebot/2.1; +http://www.google.com/bot.html)"
217.113.194.217 - - [11/Apr/2025:14:11:56 +0000] "GET /tag/balneario/feed/ HTTP/1.1" 200 1878 "-" "Mozilla/5.0 (compatible; Barkrowler/0.9; +https://babbar.tech/crawler)"
66.249.77.68 - - [11/Apr/2025:14:12:05 +0000] "GET /179363265.shtml HTTP/1.1" 200 18253 "-" "Mozilla/5.0 (Linux; Android 6.0.1; Nexus 5X Build/MMB29P) AppleWebKit/537.36 (KHTML, like Gecko) Chrome/135.0.7049.84 Mobile Safari/537.36 (compatible; Googlebot/2.1; +http://www.google.com/bot.html)"
66.249.77.68 - - [11/Apr/2025:14:12:11 +0000] "GET /315671181.shtml HTTP/1.1" 200 21967 "-" "Mozilla/5.0 (Linux; Android 6.0.1; Nexus 5X Build/MMB29P) AppleWebKit/537.36 (KHTML, like Gecko) Chrome/135.0.7049.84 Mobile Safari/537.36 (compatible; Googlebot/2.1; +http://www.google.com/bot.html)"
217.113.194.217 - - [11/Apr/2025:14:12:12 +0000] "GET /tag/alexis-garcia/ HTTP/1.1" 200 22749 "-" "Mozilla/5.0 (compatible; Barkrowler/0.9; +https://babbar.tech/crawler)"
109.239.229.239 - - [11/Apr/2025:14:12:30 +0000] "GET /category/judicial/ HTTP/1.1" 200 25228 "-" "Mozilla/5.0 (Macintosh; Intel Mac OS X 10_9_2) AppleWebKit/537.36 (KHTML, like Gecko) Chrome/34.0.1847.131 Safari/537.36"
109.239.229.239 - - [11/Apr/2025:14:12:36 +0000] "GET /category/region/ HTTP/1.1" 200 24981 "-" "Mozilla/5.0 (Macintosh; Intel Mac OS X 10_9_2) AppleWebKit/537.36 (KHTML, like Gecko) Chrome/34.0.1847.131 Safari/537.36"
191.106.215.46 - - [11/Apr/2025:14:12:54 +0000] "GET /2025/04/11/en-sandona-allanaron-5-viviendas-este-seria-el-delito/?fbclid=IwY2xjawJmArZleHRuA2FlbQIxMQABHkHB0N4GvfQw5KQxVpOr6C4Bmhgk8arsUU2MZzLRgVishsOEjfrFd4AQpu3e_aem_9uqQ2n4xg5Nv-Df1npDgwg HTTP/1.1" 200 24349 "https://lm.facebook.com/" "Mozilla/5.0 (Linux; Android 14; CPH2557 Build/UP1A.230620.001; wv) AppleWebKit/537.36 (KHTML, like Gecko) Version/4.0 Chrome/135.0.7049.49 Mobile Safari/537.36 [FB_IAB/FB4A;FBAV/507.0.0.66.49;IABMV/1;]"
40.77.167.144 - - [11/Apr/2025:14:13:35 +0000] "GET /2020/07/02/mujer-que-vendio-carro-y-senalada-de-ser-estafadora-dijo-tengo-mi-conciencia-tranquila/ HTTP/1.1" 200 18986 "-" "Mozilla/5.0 AppleWebKit/537.36 (KHTML, like Gecko; compatible; bingbot/2.0; +http://www.bing.com/bingbot.htm) Chrome/116.0.1938.76 Safari/537.36"
66.249.77.69 - - [11/Apr/2025:14:13:47 +0000] "GET /203796571.shtml HTTP/1.1" 200 20891 "-" "Mozilla/5.0 (Linux; Android 6.0.1; Nexus 5X Build/MMB29P) AppleWebKit/537.36 (KHTML, like Gecko) Chrome/135.0.7049.84 Mobile Safari/537.36 (compatible; Googlebot/2.1; +http://www.google.com/bot.html)"
154.54.249.216 - - [11/Apr/2025:14:13:51 +0000] "GET /tag/salud-publica/feed/ HTTP/1.1" 200 1509 "-" "Mozilla/5.0 (compatible; Barkrowler/0.9; +https://babbar.tech/crawler)"
66.249.77.68 - - [11/Apr/2025:14:13:58 +0000] "GET /pcmypage?callback=product/review/HTW84402569 HTTP/1.1" 200 22132 "-" "Mozilla/5.0 (Linux; Android 6.0.1; Nexus 5X Build/MMB29P) AppleWebKit/537.36 (KHTML, like Gecko) Chrome/135.0.7049.84 Mobile Safari/537.36 (compatible; Googlebot/2.1; +http://www.google.com/bot.html)"
18.222.184.40 - - [11/Apr/2025:14:14:03 +0000] "GET /wp-includes/cookie/index.php?loknya=%2Fproc%2Fself%2Froot%2Fproc%2Fself%2Froot%2Fhome%2Fabranoticias%2F.cagefs%2Fvar%2Fcache%2Fphp-eaccelerator%2F&opsi=scanr HTTP/1.1" 200 1973 "-" "Mozilla/5.0 AppleWebKit/537.36 (KHTML, like Gecko; compatible; ClaudeBot/1.0; +claudebot@anthropic.com)"
170.10.163.108 - - [11/Apr/2025:14:14:08 +0000] "POST /wp-cron.php?doing_wp_cron=1744380848.1319429874420166015625 HTTP/1.1" 200 0 "-" "WordPress/6.7.2; https://www.abranoticias.com"
