217.113.194.219 - - [11/Apr/2025:16:11:48 +0000] "GET /tag/universidad-nacional/ HTTP/1.1" 200 23270 "-" "Mozilla/5.0 (compatible; Barkrowler/0.9; +https://babbar.tech/crawler)"
66.249.77.66 - - [11/Apr/2025:16:11:49 +0000] "GET /pcmypage?callback=product%2Fdetail%2FXTLHA102779355 HTTP/1.1" 200 20334 "-" "Mozilla/5.0 (Linux; Android 6.0.1; Nexus 5X Build/MMB29P) AppleWebKit/537.36 (KHTML, like Gecko) Chrome/135.0.7049.52 Mobile Safari/537.36 (compatible; GoogleOther)"
66.249.77.66 - - [11/Apr/2025:16:11:50 +0000] "GET /pcmypage?callback=product%2Fdetail%2FTWX113192378 HTTP/1.1" 200 18299 "-" "Mozilla/5.0 (Linux; Android 6.0.1; Nexus 5X Build/MMB29P) AppleWebKit/537.36 (KHTML, like Gecko) Chrome/135.0.7049.52 Mobile Safari/537.36 (compatible; GoogleOther)"
66.249.77.66 - - [11/Apr/2025:16:11:51 +0000] "GET /pcmypage?callback=product%2Fdetail%2FBVUSK5385229 HTTP/1.1" 200 20248 "-" "Mozilla/5.0 (Linux; Android 6.0.1; Nexus 5X Build/MMB29P) AppleWebKit/537.36 (KHTML, like Gecko) Chrome/135.0.7049.52 Mobile Safari/537.36 (compatible; GoogleOther)"
66.249.77.66 - - [11/Apr/2025:16:11:52 +0000] "GET /pcmypage?callback=product%2Fdetail%2FBDNW133775716 HTTP/1.1" 200 19779 "-" "Mozilla/5.0 (Linux; Android 6.0.1; Nexus 5X Build/MMB29P) AppleWebKit/537.36 (KHTML, like Gecko) Chrome/135.0.7049.52 Mobile Safari/537.36 (compatible; GoogleOther)"
66.249.77.67 - - [11/Apr/2025:16:11:54 +0000] "GET /pcmypage?callback=product%2Fdetail%2FVHFU183832464 HTTP/1.1" 200 19062 "-" "Mozilla/5.0 (Linux; Android 6.0.1; Nexus 5X Build/MMB29P) AppleWebKit/537.36 (KHTML, like Gecko) Chrome/135.0.7049.52 Mobile Safari/537.36 (compatible; GoogleOther)"
66.249.77.67 - - [11/Apr/2025:16:11:55 +0000] "GET /pcmypage?callback=product%2Fdetail%2FSMCG123995197 HTTP/1.1" 200 19545 "-" "Mozilla/5.0 (Linux; Android 6.0.1; Nexus 5X Build/MMB29P) AppleWebKit/537.36 (KHTML, like Gecko) Chrome/135.0.7049.52 Mobile Safari/537.36 (compatible; GoogleOther)"
66.249.77.66 - - [11/Apr/2025:16:11:56 +0000] "GET /pcmypage?callback=product%2Fdetail%2FLFJNC249073464 HTTP/1.1" 200 19068 "-" "Mozilla/5.0 (Linux; Android 6.0.1; Nexus 5X Build/MMB29P) AppleWebKit/537.36 (KHTML, like Gecko) Chrome/135.0.7049.52 Mobile Safari/537.36 (compatible; GoogleOther)"
66.249.77.67 - - [11/Apr/2025:16:11:57 +0000] "POST /get-message-notify HTTP/1.1" 200 19383 "https://www.abranoticias.com/pcmypage?callback=product%2Fdetail%2FSWNI170265561" "Mozilla/5.0 (Linux; Android 6.0.1; Nexus 5X Build/MMB29P) AppleWebKit/537.36 (KHTML, like Gecko) Chrome/134.0.6998.165 Mobile Safari/537.36 (compatible; Googlebot/2.1; +http://www.google.com/bot.html)"
66.249.77.66 - - [11/Apr/2025:16:11:57 +0000] "GET /pcmypage?callback=product%2Fdetail%2FUEW178994946 HTTP/1.1" 200 22494 "-" "Mozilla/5.0 (Linux; Android 6.0.1; Nexus 5X Build/MMB29P) AppleWebKit/537.36 (KHTML, like Gecko) Chrome/135.0.7049.52 Mobile Safari/537.36 (compatible; GoogleOther)"
66.249.77.66 - - [11/Apr/2025:16:11:59 +0000] "GET /pcmypage?callback=product%2Fdetail%2FARTX137097718 HTTP/1.1" 200 19312 "-" "Mozilla/5.0 (Linux; Android 6.0.1; Nexus 5X Build/MMB29P) AppleWebKit/537.36 (KHTML, like Gecko) Chrome/135.0.7049.52 Mobile Safari/537.36 (compatible; GoogleOther)"
66.249.77.66 - - [11/Apr/2025:16:12:00 +0000] "GET /pcmypage?callback=/product%2Fdetail%2FLGBCO7283593 HTTP/1.1" 200 18885 "-" "Mozilla/5.0 (Linux; Android 6.0.1; Nexus 5X Build/MMB29P) AppleWebKit/537.36 (KHTML, like Gecko) Chrome/135.0.7049.52 Mobile Safari/537.36 (compatible; GoogleOther)"
66.249.77.66 - - [11/Apr/2025:16:12:01 +0000] "GET /pcmypage?callback=product%2Fdetail%2FFGO189618126 HTTP/1.1" 200 18923 "-" "Mozilla/5.0 (Linux; Android 6.0.1; Nexus 5X Build/MMB29P) AppleWebKit/537.36 (KHTML, like Gecko) Chrome/135.0.7049.52 Mobile Safari/537.36 (compatible; GoogleOther)"
66.249.77.66 - - [11/Apr/2025:16:12:02 +0000] "GET /pcmypage?callback=product%2Fdetail%2FBMHP122712847 HTTP/1.1" 200 18879 "-" "Mozilla/5.0 (Linux; Android 6.0.1; Nexus 5X Build/MMB29P) AppleWebKit/537.36 (KHTML, like Gecko) Chrome/135.0.7049.52 Mobile Safari/537.36 (compatible; GoogleOther)"
66.249.77.66 - - [11/Apr/2025:16:12:04 +0000] "GET /pcmypage?callback=product%2Fdetail%2FUGY161532153 HTTP/1.1" 200 19906 "-" "Mozilla/5.0 (Linux; Android 6.0.1; Nexus 5X Build/MMB29P) AppleWebKit/537.36 (KHTML, like Gecko) Chrome/135.0.7049.52 Mobile Safari/537.36 (compatible; GoogleOther)"
66.249.77.66 - - [11/Apr/2025:16:12:05 +0000] "GET /pcmypage?callback=product%2Fdetail%2FIFPJL125913717 HTTP/1.1" 200 21384 "-" "Mozilla/5.0 (Linux; Android 6.0.1; Nexus 5X Build/MMB29P) AppleWebKit/537.36 (KHTML, like Gecko) Chrome/135.0.7049.52 Mobile Safari/537.36 (compatible; GoogleOther)"
170.10.163.108 - - [11/Apr/2025:16:12:06 +0000] "POST /wp-cron.php?doing_wp_cron=1744387926.0400540828704833984375 HTTP/1.1" 200 0 "-" "WordPress/6.7.2; https://www.abranoticias.com"
217.113.194.216 - - [11/Apr/2025:16:12:04 +0000] "GET /tag/universidad-mariana/ HTTP/1.1" 200 25207 "-" "Mozilla/5.0 (compatible; Barkrowler/0.9; +https://babbar.tech/crawler)"
66.249.77.66 - - [11/Apr/2025:16:12:06 +0000] "GET /pcmypage?callback=product%2Fdetail%2FULE13875412 HTTP/1.1" 200 18991 "-" "Mozilla/5.0 (Linux; Android 6.0.1; Nexus 5X Build/MMB29P) AppleWebKit/537.36 (KHTML, like Gecko) Chrome/135.0.7049.52 Mobile Safari/537.36 (compatible; GoogleOther)"
170.10.163.108 - - [11/Apr/2025:16:12:06 +0000] "POST /wp-admin/admin-ajax.php?action=async_litespeed&nonce=ebRiTqpdVgnyhW93z6YTwnZsTi4TNHcw&litespeed_type=imgoptm HTTP/1.1" 200 5 "-" "WordPress/6.7.2; https://www.abranoticias.com"
66.249.77.66 - - [11/Apr/2025:16:12:08 +0000] "GET /pcmypage?callback=product%2Fdetail%2FQRF48487514 HTTP/1.1" 200 18879 "-" "Mozilla/5.0 (Linux; Android 6.0.1; Nexus 5X Build/MMB29P) AppleWebKit/537.36 (KHTML, like Gecko) Chrome/135.0.7049.52 Mobile Safari/537.36 (compatible; GoogleOther)"
66.249.77.66 - - [11/Apr/2025:16:12:09 +0000] "GET /pcmypage?callback=product%2Fdetail%2FAJMK88024165 HTTP/1.1" 200 18099 "-" "Mozilla/5.0 (Linux; Android 6.0.1; Nexus 5X Build/MMB29P) AppleWebKit/537.36 (KHTML, like Gecko) Chrome/135.0.7049.52 Mobile Safari/537.36 (compatible; GoogleOther)"
66.249.77.66 - - [11/Apr/2025:16:12:10 +0000] "GET /pcmypage?callback=product%2Fdetail%2FMODV139521087 HTTP/1.1" 200 22206 "-" "Mozilla/5.0 (Linux; Android 6.0.1; Nexus 5X Build/MMB29P) AppleWebKit/537.36 (KHTML, like Gecko) Chrome/135.0.7049.52 Mobile Safari/537.36 (compatible; GoogleOther)"
66.249.77.66 - - [11/Apr/2025:16:12:12 +0000] "GET /pcmypage?callback=product%2Fdetail%2FMPTGU299431 HTTP/1.1" 200 19499 "-" "Mozilla/5.0 (Linux; Android 6.0.1; Nexus 5X Build/MMB29P) AppleWebKit/537.36 (KHTML, like Gecko) Chrome/135.0.7049.52 Mobile Safari/537.36 (compatible; GoogleOther)"
66.249.77.66 - - [11/Apr/2025:16:12:13 +0000] "GET /pcmypage?callback=product%2Fdetail%2FZIHLY12372794 HTTP/1.1" 200 19735 "-" "Mozilla/5.0 (Linux; Android 6.0.1; Nexus 5X Build/MMB29P) AppleWebKit/537.36 (KHTML, like Gecko) Chrome/135.0.7049.52 Mobile Safari/537.36 (compatible; GoogleOther)"
66.249.77.66 - - [11/Apr/2025:16:12:14 +0000] "GET /pcmypage?callback=product%2Fdetail%2FSIC114475790 HTTP/1.1" 200 18989 "-" "Mozilla/5.0 (Linux; Android 6.0.1; Nexus 5X Build/MMB29P) AppleWebKit/537.36 (KHTML, like Gecko) Chrome/135.0.7049.52 Mobile Safari/537.36 (compatible; GoogleOther)"
66.249.77.66 - - [11/Apr/2025:16:12:15 +0000] "GET /pcmypage?callback=product%2Fdetail%2FKEGD17551815 HTTP/1.1" 200 20819 "-" "Mozilla/5.0 (Linux; Android 6.0.1; Nexus 5X Build/MMB29P) AppleWebKit/537.36 (KHTML, like Gecko) Chrome/135.0.7049.52 Mobile Safari/537.36 (compatible; GoogleOther)"
66.249.77.66 - - [11/Apr/2025:16:12:17 +0000] "GET /pcmypage?callback=product/review/QBLA37504231 HTTP/1.1" 200 18856 "-" "Mozilla/5.0 (Linux; Android 6.0.1; Nexus 5X Build/MMB29P) AppleWebKit/537.36 (KHTML, like Gecko) Chrome/135.0.7049.52 Mobile Safari/537.36 (compatible; GoogleOther)"
66.249.77.66 - - [11/Apr/2025:16:12:18 +0000] "GET /pcmypage?callback=/product%2Fdetail%2FQLWC15648857 HTTP/1.1" 200 20938 "-" "Mozilla/5.0 (Linux; Android 6.0.1; Nexus 5X Build/MMB29P) AppleWebKit/537.36 (KHTML, like Gecko) Chrome/135.0.7049.52 Mobile Safari/537.36 (compatible; GoogleOther)"
66.249.77.66 - - [11/Apr/2025:16:12:21 +0000] "GET /pcmypage?callback=product%2Fdetail%2FKSGNA70370117 HTTP/1.1" 200 19254 "-" "Mozilla/5.0 (Linux; Android 6.0.1; Nexus 5X Build/MMB29P) AppleWebKit/537.36 (KHTML, like Gecko) Chrome/135.0.7049.52 Mobile Safari/537.36 (compatible; GoogleOther)"
66.249.77.66 - - [11/Apr/2025:16:12:23 +0000] "GET /pcmypage?callback=product%2Fdetail%2FDSTI282149332 HTTP/1.1" 200 19707 "-" "Mozilla/5.0 (Linux; Android 6.0.1; Nexus 5X Build/MMB29P) AppleWebKit/537.36 (KHTML, like Gecko) Chrome/135.0.7049.52 Mobile Safari/537.36 (compatible; GoogleOther)"
66.249.77.66 - - [11/Apr/2025:16:12:30 +0000] "GET /pcmypage?callback=product%2Fdetail%2FKOTIN224831194 HTTP/1.1" 200 22812 "-" "Mozilla/5.0 (Linux; Android 6.0.1; Nexus 5X Build/MMB29P) AppleWebKit/537.36 (KHTML, like Gecko) Chrome/135.0.7049.52 Mobile Safari/537.36 (compatible; GoogleOther)"
193.228.14.62 - - [11/Apr/2025:16:12:29 +0000] "GET /author/midiariodepasto/page/6/ HTTP/1.1" 200 25222 "-" "Mozilla/5.0 (Macintosh; Intel Mac OS X 10.15; rv:78.0) Gecko/20100101 Firefox/78.0"
54.202.165.28 - - [11/Apr/2025:16:12:29 +0000] "GET / HTTP/1.1" 200 25904 "-" "Mozilla/5.0 (X11; Ubuntu; Linux x86_64; rv:80.0) Gecko/20100101 Firefox/80.0"
66.249.77.66 - - [11/Apr/2025:16:12:33 +0000] "GET /pcmypage?callback=product%2Fdetail%2FXELD11852638 HTTP/1.1" 200 21760 "-" "Mozilla/5.0 (Linux; Android 6.0.1; Nexus 5X Build/MMB29P) AppleWebKit/537.36 (KHTML, like Gecko) Chrome/135.0.7049.52 Mobile Safari/537.36 (compatible; GoogleOther)"
66.249.77.67 - - [11/Apr/2025:16:11:20 +0000] "POST /get-message-notify HTTP/1.1" 200 19385 "https://www.abranoticias.com/pcmypage?callback=product%2Fdetail%2FQTSZ141223712" "Mozilla/5.0 (Linux; Android 6.0.1; Nexus 5X Build/MMB29P) AppleWebKit/537.36 (KHTML, like Gecko) Chrome/134.0.6998.165 Mobile Safari/537.36 (compatible; Googlebot/2.1; +http://www.google.com/bot.html)"
66.249.77.66 - - [11/Apr/2025:16:11:25 +0000] "POST /get-message-notify HTTP/1.1" 200 19383 "https://www.abranoticias.com/pcmypage?callback=product%2Fdetail%2FDRWTS31704636" "Mozilla/5.0 (Linux; Android 6.0.1; Nexus 5X Build/MMB29P) AppleWebKit/537.36 (KHTML, like Gecko) Chrome/134.0.6998.165 Mobile Safari/537.36 (compatible; Googlebot/2.1; +http://www.google.com/bot.html)"
66.249.77.66 - - [11/Apr/2025:16:11:32 +0000] "GET /327825309.shtml HTTP/1.1" 200 21858 "-" "Mozilla/5.0 (Linux; Android 6.0.1; Nexus 5X Build/MMB29P) AppleWebKit/537.36 (KHTML, like Gecko) Chrome/135.0.7049.84 Mobile Safari/537.36 (compatible; Googlebot/2.1; +http://www.google.com/bot.html)"
217.113.194.213 - - [11/Apr/2025:16:11:32 +0000] "GET /tag/universidad-nacional/feed/ HTTP/1.1" 200 6791 "-" "Mozilla/5.0 (compatible; Barkrowler/0.9; +https://babbar.tech/crawler)"
51.222.253.15 - - [11/Apr/2025:16:11:38 +0000] "GET /16340935.htm HTTP/1.1" 301 0 "-" "Mozilla/5.0 (compatible; AhrefsBot/7.0; +http://ahrefs.com/robot/)"
66.249.72.69 - - [11/Apr/2025:16:11:39 +0000] "GET /pcmypage?callback=product%2Fdetail%2FWGR69273326 HTTP/1.1" 200 20954 "-" "Mozilla/5.0 (Linux; Android 6.0.1; Nexus 5X Build/MMB29P) AppleWebKit/537.36 (KHTML, like Gecko) Chrome/135.0.7049.52 Mobile Safari/537.36 (compatible; Googlebot/2.1; +http://www.google.com/bot.html)"
193.47.239.220 - - [11/Apr/2025:16:12:04 +0000] "GET /author/midiariodepasto/page/4/ HTTP/1.1" 200 25258 "-" "Mozilla/5.0 (Macintosh; Intel Mac OS X 10.15; rv:78.0) Gecko/20100101 Firefox/78.0"
66.249.77.66 - - [11/Apr/2025:16:12:10 +0000] "POST /get-message-notify HTTP/1.1" 200 19383 "https://www.abranoticias.com/safe_search/config?return_url=%2Fproduct%2Fdetail%2FPMXEV1827100" "Mozilla/5.0 (Linux; Android 6.0.1; Nexus 5X Build/MMB29P) AppleWebKit/537.36 (KHTML, like Gecko) Chrome/134.0.6998.165 Mobile Safari/537.36 (compatible; Googlebot/2.1; +http://www.google.com/bot.html)"
66.249.72.69 - - [11/Apr/2025:16:12:11 +0000] "GET /pcmypage?callback=product%2Fdetail%2FBKS147314045 HTTP/1.1" 200 18890 "-" "Mozilla/5.0 (Linux; Android 6.0.1; Nexus 5X Build/MMB29P) AppleWebKit/537.36 (KHTML, like Gecko) Chrome/135.0.7049.52 Mobile Safari/537.36 (compatible; Googlebot/2.1; +http://www.google.com/bot.html)"
85.208.96.208 - - [11/Apr/2025:16:12:11 +0000] "GET /2022/09/06/contra-influencer-emitieron-orden-de-captura-cuantos-anos-de-carcel-pagara/ HTTP/1.1" 200 24681 "-" "Mozilla/5.0 (compatible; SemrushBot/7~bl; +http://www.semrush.com/bot.html)"
66.249.77.67 - - [11/Apr/2025:16:12:22 +0000] "POST /get-message-notify HTTP/1.1" 200 19383 "https://www.abranoticias.com/pcmypage?callback=product%2Fdetail%2FTEYO36454887" "Mozilla/5.0 (Linux; Android 6.0.1; Nexus 5X Build/MMB29P) AppleWebKit/537.36 (KHTML, like Gecko) Chrome/134.0.6998.165 Mobile Safari/537.36 (compatible; Googlebot/2.1; +http://www.google.com/bot.html)"
66.249.77.67 - - [11/Apr/2025:16:12:24 +0000] "GET /67033839.shtml HTTP/1.1" 200 20046 "-" "Mozilla/5.0 (Linux; Android 6.0.1; Nexus 5X Build/MMB29P) AppleWebKit/537.36 (KHTML, like Gecko) Chrome/135.0.7049.84 Mobile Safari/537.36 (compatible; Googlebot/2.1; +http://www.google.com/bot.html)"
34.48.178.162 - - [11/Apr/2025:16:12:31 +0000] "GET /category/deportes/feed/ HTTP/1.1" 200 11768 "-" "Mozilla/5.0 (Windows NT 6.3; WOW64; rv:33.0) Gecko/20100101 Firefox/33.0"
66.249.77.68 - - [11/Apr/2025:16:12:34 +0000] "GET /pcmypage?callback=product%2Fdetail%2FIKGAQ126378848 HTTP/1.1" 200 18875 "-" "Mozilla/5.0 (Linux; Android 6.0.1; Nexus 5X Build/MMB29P) AppleWebKit/537.36 (KHTML, like Gecko) Chrome/135.0.7049.52 Mobile Safari/537.36 (compatible; GoogleOther)"
8.28.7.20 - - [11/Apr/2025:16:10:38 +0000] "GET /ads.txt HTTP/1.1" 404 13656 "-" "PubMatic Crawler Bot"
103.97.126.116 - - [11/Apr/2025:16:10:20 +0000] "POST /xmlrpc.php HTTP/1.1" 200 216 "-" "Mozilla/5.0 (X11; Fedora; Linux x86_64; rv:94.0) Gecko/20100101 Firefox/95.0"
66.249.77.66 - - [11/Apr/2025:16:10:43 +0000] "GET /287563845.shtml HTTP/1.1" 200 20857 "-" "Mozilla/5.0 (Linux; Android 6.0.1; Nexus 5X Build/MMB29P) AppleWebKit/537.36 (KHTML, like Gecko) Chrome/135.0.7049.52 Mobile Safari/537.36 (compatible; Googlebot/2.1; +http://www.google.com/bot.html)"
217.113.194.219 - - [11/Apr/2025:16:10:42 +0000] "GET /tag/guaci/feed/ HTTP/1.1" 200 1916 "-" "Mozilla/5.0 (compatible; Barkrowler/0.9; +https://babbar.tech/crawler)"
38.154.40.39 - - [11/Apr/2025:16:10:42 +0000] "GET /category/mundo/ HTTP/1.1" 200 25502 "-" "Mozilla/5.0 (Macintosh; Intel Mac OS X 10.15; rv:78.0) Gecko/20100101 Firefox/78.0"
51.222.253.8 - - [11/Apr/2025:16:11:07 +0000] "GET /16300993.htm HTTP/1.1" 301 0 "-" "Mozilla/5.0 (compatible; AhrefsBot/7.0; +http://ahrefs.com/robot/)"
170.10.163.108 - - [11/Apr/2025:16:11:49 +0000] "POST /wp-cron.php?doing_wp_cron=1744387909.0769131183624267578125 HTTP/1.1" 200 0 "-" "WordPress/6.7.2; https://www.abranoticias.com"
66.249.77.67 - - [11/Apr/2025:16:12:19 +0000] "GET /pcmypage?callback=product%2Fdetail%2FMKO67109335 HTTP/1.1" 200 19009 "-" "Mozilla/5.0 (Linux; Android 6.0.1; Nexus 5X Build/MMB29P) AppleWebKit/537.36 (KHTML, like Gecko) Chrome/135.0.7049.52 Mobile Safari/537.36 (compatible; GoogleOther)"
154.54.249.216 - - [11/Apr/2025:16:12:21 +0000] "GET /tag/dilmar-santiago/ HTTP/1.1" 200 22790 "-" "Mozilla/5.0 (compatible; Barkrowler/0.9; +https://babbar.tech/crawler)"
66.249.68.38 - - [11/Apr/2025:16:12:22 +0000] "GET /pcmypage?callback=product%2Fdetail%2FEQIPJ72070121 HTTP/1.1" 200 19240 "-" "Mozilla/5.0 (Linux; Android 6.0.1; Nexus 5X Build/MMB29P) AppleWebKit/537.36 (KHTML, like Gecko) Chrome/135.0.7049.52 Mobile Safari/537.36 (compatible; GoogleOther)"
66.249.77.67 - - [11/Apr/2025:16:12:25 +0000] "GET /pcmypage?callback=product%2Fdetail%2FUMXC260797516 HTTP/1.1" 200 19533 "-" "Mozilla/5.0 (Linux; Android 6.0.1; Nexus 5X Build/MMB29P) AppleWebKit/537.36 (KHTML, like Gecko) Chrome/135.0.7049.52 Mobile Safari/537.36 (compatible; GoogleOther)"
66.249.77.67 - - [11/Apr/2025:16:12:26 +0000] "GET /pcmypage?callback=/product%2Fdetail%2FNKPE37719506 HTTP/1.1" 200 22819 "-" "Mozilla/5.0 (Linux; Android 6.0.1; Nexus 5X Build/MMB29P) AppleWebKit/537.36 (KHTML, like Gecko) Chrome/135.0.7049.52 Mobile Safari/537.36 (compatible; GoogleOther)"
66.249.77.67 - - [11/Apr/2025:16:12:27 +0000] "GET /277799941.shtml HTTP/1.1" 200 21868 "-" "Mozilla/5.0 (Linux; Android 6.0.1; Nexus 5X Build/MMB29P) AppleWebKit/537.36 (KHTML, like Gecko) Chrome/135.0.7049.52 Mobile Safari/537.36 (compatible; GoogleOther)"
34.21.118.210 - - [11/Apr/2025:16:12:27 +0000] "GET /category/opinion/feed/ HTTP/1.1" 200 14364 "-" "Mozilla/5.0 (Windows NT 6.3; WOW64; rv:33.0) Gecko/20100101 Firefox/33.0"
66.249.77.67 - - [11/Apr/2025:16:12:29 +0000] "GET /pcmypage?callback=product%2Fdetail%2FZKQ61214520 HTTP/1.1" 200 19823 "-" "Mozilla/5.0 (Linux; Android 6.0.1; Nexus 5X Build/MMB29P) AppleWebKit/537.36 (KHTML, like Gecko) Chrome/135.0.7049.52 Mobile Safari/537.36 (compatible; GoogleOther)"
66.249.77.67 - - [11/Apr/2025:16:12:31 +0000] "GET /pcmypage?callback=product%2Fdetail%2FMZE66151208 HTTP/1.1" 200 19990 "-" "Mozilla/5.0 (Linux; Android 6.0.1; Nexus 5X Build/MMB29P) AppleWebKit/537.36 (KHTML, like Gecko) Chrome/135.0.7049.52 Mobile Safari/537.36 (compatible; GoogleOther)"
66.249.77.67 - - [11/Apr/2025:16:12:37 +0000] "GET /pcmypage?callback=product%2Fdetail%2FTNRLH48835148 HTTP/1.1" 200 20649 "-" "Mozilla/5.0 (Linux; Android 6.0.1; Nexus 5X Build/MMB29P) AppleWebKit/537.36 (KHTML, like Gecko) Chrome/135.0.7049.52 Mobile Safari/537.36 (compatible; GoogleOther)"
66.249.77.68 - - [11/Apr/2025:16:12:36 +0000] "POST /get-message-notify HTTP/1.1" 200 19385 "https://www.abranoticias.com/pcmypage?callback=product/review/BQW213940125" "Mozilla/5.0 (Linux; Android 6.0.1; Nexus 5X Build/MMB29P) AppleWebKit/537.36 (KHTML, like Gecko) Chrome/134.0.6998.165 Mobile Safari/537.36 (compatible; Googlebot/2.1; +http://www.google.com/bot.html)"
2800:484:c47f:b750:d839:c549:d197:d7d6 - - [11/Apr/2025:16:12:35 +0000] "GET /2025/04/08/invitan-en-pasto-a-estudiar-en-esta-universidad-a-bajo-costo/?fbclid=IwY2xjawJmHsNleHRuA2FlbQIxMQABHrqNjpvHkTGzqsUgYfIHDtwuzA9eQzxbVvdqR-dUQa1nygUzYc-48bGYCE-Q_aem_quwqjU5sb0PeK8RYdG0Irw HTTP/1.1" 200 24560 "https://lm.facebook.com/" "Mozilla/5.0 (Linux; Android 12; M2007J20CG Build/SKQ1.211019.001; wv) AppleWebKit/537.36 (KHTML, like Gecko) Version/4.0 Chrome/135.0.7049.49 Mobile Safari/537.36 [FB_IAB/FB4A;FBAV/507.0.0.66.49;IABMV/1;]"
66.249.77.68 - - [11/Apr/2025:16:12:38 +0000] "GET /pcmypage?callback=product%2Fdetail%2FYLU46637722 HTTP/1.1" 200 19074 "-" "Mozilla/5.0 (Linux; Android 6.0.1; Nexus 5X Build/MMB29P) AppleWebKit/537.36 (KHTML, like Gecko) Chrome/135.0.7049.52 Mobile Safari/537.36 (compatible; GoogleOther)"
2800:484:c47f:b750:d839:c549:d197:d7d6 - - [11/Apr/2025:16:12:40 +0000] "GET /favicon.ico HTTP/1.1" 404 1251 "https://www.abranoticias.com/2025/04/08/invitan-en-pasto-a-estudiar-en-esta-universidad-a-bajo-costo/?fbclid=IwY2xjawJmHsNleHRuA2FlbQIxMQABHrqNjpvHkTGzqsUgYfIHDtwuzA9eQzxbVvdqR-dUQa1nygUzYc-48bGYCE-Q_aem_quwqjU5sb0PeK8RYdG0Irw" "Mozilla/5.0 (Linux; Android 12; M2007J20CG Build/SKQ1.211019.001; wv) AppleWebKit/537.36 (KHTML, like Gecko) Version/4.0 Chrome/135.0.7049.49 Mobile Safari/537.36 [FB_IAB/FB4A;FBAV/507.0.0.66.49;IABMV/1;]"
170.10.163.108 - - [11/Apr/2025:16:12:40 +0000] "POST /wp-cron.php?doing_wp_cron=1744387960.9010241031646728515625 HTTP/1.1" 200 0 "-" "WordPress/6.7.2; https://www.abranoticias.com"
66.249.77.68 - - [11/Apr/2025:16:12:41 +0000] "GET /pcmypage?callback=product%2Fdetail%2FXELBI77218020 HTTP/1.1" 200 19075 "-" "Mozilla/5.0 (Linux; Android 6.0.1; Nexus 5X Build/MMB29P) AppleWebKit/537.36 (KHTML, like Gecko) Chrome/135.0.7049.52 Mobile Safari/537.36 (compatible; GoogleOther)"
191.106.3.121 - - [11/Apr/2025:16:12:42 +0000] "GET /2025/04/11/en-sandona-allanaron-5-viviendas-este-seria-el-delito/?fbclid=IwY2xjawJmHslleHRuA2FlbQIxMQABHp0CufDF6NKmIl0bSNBl-zUp-5tv0pLwIlrr8hRCNRac3IDFqrSRbFBI-bQI_aem_72h8Zd5XG4-pUf_HwLMZtw HTTP/1.1" 200 24349 "https://lm.facebook.com/" "Mozilla/5.0 (Linux; Android 13; SM-A037M Build/TP1A.220624.014; wv) AppleWebKit/537.36 (KHTML, like Gecko) Version/4.0 Chrome/135.0.7049.49 Mobile Safari/537.36 [FB_IAB/FB4A;FBAV/507.0.0.66.49;IABMV/1;] FBNV/5"
66.249.77.68 - - [11/Apr/2025:16:12:43 +0000] "GET /pcmypage?callback=product%2Fdetail%2FRVUJ805794 HTTP/1.1" 200 21708 "-" "Mozilla/5.0 (Linux; Android 6.0.1; Nexus 5X Build/MMB29P) AppleWebKit/537.36 (KHTML, like Gecko) Chrome/135.0.7049.52 Mobile Safari/537.36 (compatible; GoogleOther)"
66.249.72.70 - - [11/Apr/2025:16:12:44 +0000] "GET /product/edit/EKI338593 HTTP/1.1" 200 21006 "-" "Mozilla/5.0 (Linux; Android 6.0.1; Nexus 5X Build/MMB29P) AppleWebKit/537.36 (KHTML, like Gecko) Chrome/135.0.7049.52 Mobile Safari/537.36 (compatible; Googlebot/2.1; +http://www.google.com/bot.html)"
66.249.77.68 - - [11/Apr/2025:16:12:44 +0000] "GET /64872609.shtml HTTP/1.1" 200 19413 "-" "Mozilla/5.0 (Linux; Android 6.0.1; Nexus 5X Build/MMB29P) AppleWebKit/537.36 (KHTML, like Gecko) Chrome/135.0.7049.52 Mobile Safari/537.36 (compatible; Googlebot/2.1; +http://www.google.com/bot.html)"
66.249.77.68 - - [11/Apr/2025:16:12:45 +0000] "GET /pcmypage?callback=product%2Fdetail%2FYCMRG82747459 HTTP/1.1" 200 19337 "-" "Mozilla/5.0 (Linux; Android 6.0.1; Nexus 5X Build/MMB29P) AppleWebKit/537.36 (KHTML, like Gecko) Chrome/135.0.7049.52 Mobile Safari/537.36 (compatible; GoogleOther)"
66.249.77.67 - - [11/Apr/2025:16:12:39 +0000] "GET /pcmypage?callback=/product%2Fdetail%2FOVMLC175491603 HTTP/1.1" 200 20907 "-" "Mozilla/5.0 (Linux; Android 6.0.1; Nexus 5X Build/MMB29P) AppleWebKit/537.36 (KHTML, like Gecko) Chrome/135.0.7049.52 Mobile Safari/537.36 (compatible; GoogleOther)"
101.44.70.201 - - [11/Apr/2025:16:12:40 +0000] "GET /2025/04/05/capturan-a-presunto-cabecilla-de-las-disidencias-senalado-de-matar-al-personero-de-cumbitara/ HTTP/1.1" 200 25071 "https://www.abranoticias.com/2025/04/05/capturan-a-presunto-cabecilla-de-las-disidencias-senalado-de-matar-al-personero-de-cumbitara/#cm-masthead" "Mozilla/5.0 (Macintosh; Intel Mac OS X 10_15_7) AppleWebKit/537.36 (KHTML, like Gecko) Chrome/123.0.0.0 Safari/537.36"
66.249.77.67 - - [11/Apr/2025:16:12:42 +0000] "GET /pcmypage?callback=product%2Fdetail%2FPFAG25241279 HTTP/1.1" 200 19788 "-" "Mozilla/5.0 (Linux; Android 6.0.1; Nexus 5X Build/MMB29P) AppleWebKit/537.36 (KHTML, like Gecko) Chrome/135.0.7049.52 Mobile Safari/537.36 (compatible; GoogleOther)"
170.10.163.108 - - [11/Apr/2025:16:12:43 +0000] "POST /wp-cron.php?doing_wp_cron=1744387963.7355329990386962890625 HTTP/1.1" 200 0 "-" "WordPress/6.7.2; https://www.abranoticias.com"
66.249.77.66 - - [11/Apr/2025:16:12:44 +0000] "POST /get-message-notify HTTP/1.1" 200 19383 "https://www.abranoticias.com/pcmypage?callback=product%2Fdetail%2FBGZMV12941278" "Mozilla/5.0 (Linux; Android 6.0.1; Nexus 5X Build/MMB29P) AppleWebKit/537.36 (KHTML, like Gecko) Chrome/134.0.6998.165 Mobile Safari/537.36 (compatible; Googlebot/2.1; +http://www.google.com/bot.html)"
66.249.77.66 - - [11/Apr/2025:16:12:48 +0000] "POST /get-message-notify HTTP/1.1" 200 19383 "https://www.abranoticias.com/64872609.shtml" "Mozilla/5.0 (Linux; Android 6.0.1; Nexus 5X Build/MMB29P) AppleWebKit/537.36 (KHTML, like Gecko) Chrome/134.0.6998.165 Mobile Safari/537.36 (compatible; Googlebot/2.1; +http://www.google.com/bot.html)"
109.239.229.239 - - [11/Apr/2025:16:12:43 +0000] "GET /category/region/ HTTP/1.1" 200 24980 "-" "Mozilla/5.0 (X11; Linux x86_64; rv:29.0) Gecko/20100101 Firefox/29.0"
109.239.229.239 - - [11/Apr/2025:16:12:43 +0000] "GET /category/noticias/ HTTP/1.1" 200 25055 "-" "Mozilla/5.0 (Windows NT 6.1; WOW64) AppleWebKit/537.36 (KHTML, like Gecko) Chrome/34.0.1847.131 Safari/537.36"
109.239.229.239 - - [11/Apr/2025:16:12:43 +0000] "GET /category/judicial/ HTTP/1.1" 200 25229 "-" "Mozilla/5.0 (X11; Linux x86_64; rv:29.0) Gecko/20100101 Firefox/29.0"
66.249.77.67 - - [11/Apr/2025:16:12:52 +0000] "GET /pcmypage?callback=product%2Fdetail%2FPDJSW34616032 HTTP/1.1" 200 19257 "-" "Mozilla/5.0 (Linux; Android 6.0.1; Nexus 5X Build/MMB29P) AppleWebKit/537.36 (KHTML, like Gecko) Chrome/135.0.7049.52 Mobile Safari/537.36 (compatible; GoogleOther)"
170.10.163.108 - - [11/Apr/2025:16:12:52 +0000] "POST /wp-cron.php?doing_wp_cron=1744387972.5768530368804931640625 HTTP/1.1" 200 0 "-" "WordPress/6.7.2; https://www.abranoticias.com"
8.29.198.27 - - [11/Apr/2025:16:12:51 +0000] "GET /feed/ HTTP/1.1" 200 10591 "-" "Feedly/1.0 (+https://feedly.com/poller.html; 1 subscribers; )"
66.249.77.67 - - [11/Apr/2025:16:12:54 +0000] "GET /pcmypage?callback=product%2Fdetail%2FOIMJ114434176 HTTP/1.1" 200 19343 "-" "Mozilla/5.0 (Linux; Android 6.0.1; Nexus 5X Build/MMB29P) AppleWebKit/537.36 (KHTML, like Gecko) Chrome/135.0.7049.52 Mobile Safari/537.36 (compatible; GoogleOther)"
217.113.194.215 - - [11/Apr/2025:16:12:54 +0000] "GET /tag/acpm/amp/ HTTP/1.1" 301 0 "-" "Mozilla/5.0 (compatible; Barkrowler/0.9; +https://babbar.tech/crawler)"
66.249.77.67 - - [11/Apr/2025:16:12:57 +0000] "GET /pcmypage?callback=product%2Fdetail%2FAEZQ146703705 HTTP/1.1" 200 19339 "-" "Mozilla/5.0 (Linux; Android 6.0.1; Nexus 5X Build/MMB29P) AppleWebKit/537.36 (KHTML, like Gecko) Chrome/135.0.7049.52 Mobile Safari/537.36 (compatible; GoogleOther)"
2600:3c00::f03c:93ff:feee:f064 - - [11/Apr/2025:16:13:02 +0000] "GET /sitemap.php HTTP/1.1" 200 20190 "-" "Mozilla/5.0 (compatible; Googlebot/2.1; +http://www.google.com/bot.html)"
66.249.77.66 - - [11/Apr/2025:16:12:35 +0000] "GET /pcmypage?callback=product%2Fdetail%2FBGZMV12941278 HTTP/1.1" 200 18964 "-" "Mozilla/5.0 (Linux; Android 6.0.1; Nexus 5X Build/MMB29P) AppleWebKit/537.36 (KHTML, like Gecko) Chrome/135.0.7049.52 Mobile Safari/537.36 (compatible; GoogleOther)"
154.54.249.216 - - [11/Apr/2025:16:12:38 +0000] "GET /tag/hotel-xilon/feed/ HTTP/1.1" 200 1381 "-" "Mozilla/5.0 (compatible; Barkrowler/0.9; +https://babbar.tech/crawler)"
66.249.77.66 - - [11/Apr/2025:16:12:46 +0000] "GET /pcmypage?callback=/product%2Fdetail%2FMULVT32397585 HTTP/1.1" 200 19931 "-" "Mozilla/5.0 (Linux; Android 6.0.1; Nexus 5X Build/MMB29P) AppleWebKit/537.36 (KHTML, like Gecko) Chrome/135.0.7049.52 Mobile Safari/537.36 (compatible; GoogleOther)"
109.239.229.239 - - [11/Apr/2025:16:12:43 +0000] "GET /category/opinion/ HTTP/1.1" 200 25541 "-" "Mozilla/5.0 (Macintosh; Intel Mac OS X 10_9_2) AppleWebKit/537.75.14 (KHTML, like Gecko) Version/7.0.3 Safari/537.75.14"
109.239.229.239 - - [11/Apr/2025:16:12:43 +0000] "GET /category/entretenimiento/ HTTP/1.1" 200 25293 "-" "Mozilla/5.0 (Windows NT 6.1; WOW64) AppleWebKit/537.36 (KHTML, like Gecko) Chrome/34.0.1847.131 Safari/537.36"
109.239.229.239 - - [11/Apr/2025:16:12:43 +0000] "GET / HTTP/1.1" 200 25904 "-" "Mozilla/5.0 (Macintosh; Intel Mac OS X 10_9_2) AppleWebKit/537.36 (KHTML, like Gecko) Chrome/34.0.1847.131 Safari/537.36"
66.249.77.66 - - [11/Apr/2025:16:12:56 +0000] "GET /pcmypage?callback=product%2Fdetail%2FTNB15081802 HTTP/1.1" 200 19363 "-" "Mozilla/5.0 (Linux; Android 6.0.1; Nexus 5X Build/MMB29P) AppleWebKit/537.36 (KHTML, like Gecko) Chrome/135.0.7049.52 Mobile Safari/537.36 (compatible; GoogleOther)"
2600:3c00::f03c:93ff:feee:f064 - - [11/Apr/2025:16:13:02 +0000] "GET /sitemap.xml HTTP/1.1" 200 435 "-" "Mozilla/5.0 (compatible; Googlebot/2.1; +http://www.google.com/bot.html)"
66.249.77.66 - - [11/Apr/2025:16:13:05 +0000] "GET /pcmypage?callback=product%2Fdetail%2FLDXSI85708591 HTTP/1.1" 200 19857 "-" "Mozilla/5.0 (Linux; Android 6.0.1; Nexus 5X Build/MMB29P) AppleWebKit/537.36 (KHTML, like Gecko) Chrome/135.0.7049.52 Mobile Safari/537.36 (compatible; GoogleOther)"
2a03:2880:10ff:c:: - - [11/Apr/2025:16:13:05 +0000] "GET /2025/04/08/invitan-en-pasto-a-estudiar-en-esta-universidad-a-bajo-costo/ HTTP/1.1" 200 24560 "-" "facebookexternalhit/1.1 (+http://www.facebook.com/externalhit_uatext.php)"
66.249.77.66 - - [11/Apr/2025:16:13:10 +0000] "GET /pcmypage?callback=/product%2Fdetail%2FFDM47604720 HTTP/1.1" 200 18659 "-" "Mozilla/5.0 (Linux; Android 6.0.1; Nexus 5X Build/MMB29P) AppleWebKit/537.36 (KHTML, like Gecko) Chrome/135.0.7049.52 Mobile Safari/537.36 (compatible; GoogleOther)"
66.249.77.66 - - [11/Apr/2025:16:13:12 +0000] "GET /pcmypage?callback=product%2Fdetail%2FHPVJR34752020 HTTP/1.1" 200 19327 "-" "Mozilla/5.0 (Linux; Android 6.0.1; Nexus 5X Build/MMB29P) AppleWebKit/537.36 (KHTML, like Gecko) Chrome/135.0.7049.52 Mobile Safari/537.36 (compatible; GoogleOther)"
66.249.77.66 - - [11/Apr/2025:16:13:13 +0000] "GET /pcmypage?callback=product%2Fdetail%2FRJW256783136 HTTP/1.1" 200 20177 "-" "Mozilla/5.0 (Linux; Android 6.0.1; Nexus 5X Build/MMB29P) AppleWebKit/537.36 (KHTML, like Gecko) Chrome/135.0.7049.52 Mobile Safari/537.36 (compatible; GoogleOther)"
66.249.77.66 - - [11/Apr/2025:16:13:14 +0000] "GET /pcmypage?callback=/product%2Fdetail%2FRQCV130601259 HTTP/1.1" 200 19271 "-" "Mozilla/5.0 (Linux; Android 6.0.1; Nexus 5X Build/MMB29P) AppleWebKit/537.36 (KHTML, like Gecko) Chrome/135.0.7049.52 Mobile Safari/537.36 (compatible; GoogleOther)"
85.208.96.199 - - [11/Apr/2025:16:13:15 +0000] "GET /2024/02/16/alcaldia-respondio-a-denuncia-en-redes-contra-funcionarias-de-transito/ HTTP/1.1" 200 25634 "-" "Mozilla/5.0 (compatible; SemrushBot/7~bl; +http://www.semrush.com/bot.html)"
185.191.171.14 - - [11/Apr/2025:16:13:04 +0000] "GET /2022/07/06/acusado-de-matar-a-su-excompanera-sentimental-en-ipiales-lo-enviaron-a-la-carcel/ HTTP/1.1" 200 24639 "-" "Mozilla/5.0 (compatible; SemrushBot/7~bl; +http://www.semrush.com/bot.html)"
66.249.77.67 - - [11/Apr/2025:16:13:06 +0000] "GET /pcmypage?callback=product%2Fdetail%2FAWL74882189 HTTP/1.1" 200 23609 "-" "Mozilla/5.0 (Linux; Android 6.0.1; Nexus 5X Build/MMB29P) AppleWebKit/537.36 (KHTML, like Gecko) Chrome/135.0.7049.52 Mobile Safari/537.36 (compatible; GoogleOther)"
66.249.77.67 - - [11/Apr/2025:16:13:08 +0000] "GET /pcmypage?callback=product%2Fdetail%2FIVFL8187659 HTTP/1.1" 200 22322 "-" "Mozilla/5.0 (Linux; Android 6.0.1; Nexus 5X Build/MMB29P) AppleWebKit/537.36 (KHTML, like Gecko) Chrome/135.0.7049.52 Mobile Safari/537.36 (compatible; GoogleOther)"
66.249.77.67 - - [11/Apr/2025:16:13:09 +0000] "GET /pcmypage?callback=product%2Fdetail%2FKZFE11313250 HTTP/1.1" 200 19777 "-" "Mozilla/5.0 (Linux; Android 6.0.1; Nexus 5X Build/MMB29P) AppleWebKit/537.36 (KHTML, like Gecko) Chrome/135.0.7049.52 Mobile Safari/537.36 (compatible; GoogleOther)"
170.10.163.108 - - [11/Apr/2025:16:13:09 +0000] "POST /wp-cron.php?doing_wp_cron=1744387989.8785710334777832031250 HTTP/1.1" 200 0 "-" "WordPress/6.7.2; https://www.abranoticias.com"
170.10.163.108 - - [11/Apr/2025:16:13:10 +0000] "POST /wp-admin/admin-ajax.php?action=async_litespeed&nonce=BhwNZqJJkvtpuTwTFVpkNSpGPwHiw1Qv&litespeed_type=imgoptm HTTP/1.1" 200 5 "-" "WordPress/6.7.2; https://www.abranoticias.com"
217.113.194.214 - - [11/Apr/2025:16:13:10 +0000] "GET /tag/universidad/amp/ HTTP/1.1" 301 0 "-" "Mozilla/5.0 (compatible; Barkrowler/0.9; +https://babbar.tech/crawler)"
66.249.77.67 - - [11/Apr/2025:16:13:19 +0000] "GET /pcmypage?callback=product%2Fdetail%2FOXYU255586851 HTTP/1.1" 200 19830 "-" "Mozilla/5.0 (Linux; Android 6.0.1; Nexus 5X Build/MMB29P) AppleWebKit/537.36 (KHTML, like Gecko) Chrome/135.0.7049.52 Mobile Safari/537.36 (compatible; GoogleOther)"
66.249.77.67 - - [11/Apr/2025:16:13:20 +0000] "GET /pcmypage?callback=product%2Fdetail%2FRQJA3940188 HTTP/1.1" 200 20092 "-" "Mozilla/5.0 (Linux; Android 6.0.1; Nexus 5X Build/MMB29P) AppleWebKit/537.36 (KHTML, like Gecko) Chrome/135.0.7049.52 Mobile Safari/537.36 (compatible; GoogleOther)"
66.249.77.67 - - [11/Apr/2025:16:13:27 +0000] "GET /pcmypage?callback=product%2Fdetail%2FLZT36090848 HTTP/1.1" 200 19474 "-" "Mozilla/5.0 (Linux; Android 6.0.1; Nexus 5X Build/MMB29P) AppleWebKit/537.36 (KHTML, like Gecko) Chrome/135.0.7049.52 Mobile Safari/537.36 (compatible; GoogleOther)"
217.113.194.217 - - [11/Apr/2025:16:13:27 +0000] "GET /tag/manquillo/feed/ HTTP/1.1" 200 2080 "-" "Mozilla/5.0 (compatible; Barkrowler/0.9; +https://babbar.tech/crawler)"
66.249.77.67 - - [11/Apr/2025:16:13:28 +0000] "GET /pcmypage?callback=/product%2Fdetail%2FMDO16192567 HTTP/1.1" 200 19001 "-" "Mozilla/5.0 (Linux; Android 6.0.1; Nexus 5X Build/MMB29P) AppleWebKit/537.36 (KHTML, like Gecko) Chrome/135.0.7049.52 Mobile Safari/537.36 (compatible; GoogleOther)"
66.249.77.67 - - [11/Apr/2025:16:13:29 +0000] "GET /pcmypage?callback=product%2Fdetail%2FURQMN23278696 HTTP/1.1" 200 18942 "-" "Mozilla/5.0 (Linux; Android 6.0.1; Nexus 5X Build/MMB29P) AppleWebKit/537.36 (KHTML, like Gecko) Chrome/135.0.7049.52 Mobile Safari/537.36 (compatible; GoogleOther)"
66.249.77.67 - - [11/Apr/2025:16:13:32 +0000] "GET /pcmypage?callback=product%2Fdetail%2FHMA70485881 HTTP/1.1" 200 18212 "-" "Mozilla/5.0 (Linux; Android 6.0.1; Nexus 5X Build/MMB29P) AppleWebKit/537.36 (KHTML, like Gecko) Chrome/135.0.7049.52 Mobile Safari/537.36 (compatible; GoogleOther)"
66.249.77.67 - - [11/Apr/2025:16:13:33 +0000] "GET /tag/barrio-villa-oriente/amp/ HTTP/1.1" 200 19757 "-" "Mozilla/5.0 (Linux; Android 6.0.1; Nexus 5X Build/MMB29P) AppleWebKit/537.36 (KHTML, like Gecko) Chrome/135.0.7049.52 Mobile Safari/537.36 (compatible; GoogleOther)"
66.249.77.68 - - [11/Apr/2025:16:12:48 +0000] "GET /pcmypage?callback=/product%2Fdetail%2FFXPR40577005 HTTP/1.1" 200 19195 "-" "Mozilla/5.0 (Linux; Android 6.0.1; Nexus 5X Build/MMB29P) AppleWebKit/537.36 (KHTML, like Gecko) Chrome/135.0.7049.52 Mobile Safari/537.36 (compatible; GoogleOther)"
66.249.77.68 - - [11/Apr/2025:16:12:49 +0000] "GET /pcmypage?callback=/product%2Fdetail%2FPZVR1694103 HTTP/1.1" 200 21287 "-" "Mozilla/5.0 (Linux; Android 6.0.1; Nexus 5X Build/MMB29P) AppleWebKit/537.36 (KHTML, like Gecko) Chrome/135.0.7049.52 Mobile Safari/537.36 (compatible; GoogleOther)"
51.222.253.10 - - [11/Apr/2025:16:12:44 +0000] "GET /16419811.htm HTTP/1.1" 301 0 "-" "Mozilla/5.0 (compatible; AhrefsBot/7.0; +http://ahrefs.com/robot/)"
66.249.77.69 - - [11/Apr/2025:16:12:50 +0000] "GET /pcmypage?callback=product%2Fdetail%2FMTS95938083 HTTP/1.1" 200 20552 "-" "Mozilla/5.0 (Linux; Android 6.0.1; Nexus 5X Build/MMB29P) AppleWebKit/537.36 (KHTML, like Gecko) Chrome/135.0.7049.52 Mobile Safari/537.36 (compatible; GoogleOther)"
109.239.229.239 - - [11/Apr/2025:16:12:43 +0000] "GET /category/mundo/ HTTP/1.1" 200 25503 "-" "Mozilla/5.0 (Macintosh; Intel Mac OS X 10_9_2) AppleWebKit/537.36 (KHTML, like Gecko) Chrome/34.0.1847.131 Safari/537.36"
109.239.229.239 - - [11/Apr/2025:16:12:43 +0000] "GET /category/deportes/ HTTP/1.1" 200 25617 "-" "Mozilla/5.0 (Macintosh; Intel Mac OS X 10_9_2) AppleWebKit/537.75.14 (KHTML, like Gecko) Version/7.0.3 Safari/537.75.14"
66.249.77.68 - - [11/Apr/2025:16:12:53 +0000] "GET /pcmypage?callback=/product%2Fdetail%2FTJR82212107 HTTP/1.1" 200 19315 "-" "Mozilla/5.0 (Linux; Android 6.0.1; Nexus 5X Build/MMB29P) AppleWebKit/537.36 (KHTML, like Gecko) Chrome/135.0.7049.52 Mobile Safari/537.36 (compatible; GoogleOther)"
66.249.77.68 - - [11/Apr/2025:16:12:58 +0000] "GET /pcmypage?callback=product%2Fdetail%2FOMRKL10839462 HTTP/1.1" 200 19326 "-" "Mozilla/5.0 (Linux; Android 6.0.1; Nexus 5X Build/MMB29P) AppleWebKit/537.36 (KHTML, like Gecko) Chrome/135.0.7049.52 Mobile Safari/537.36 (compatible; GoogleOther)"
66.249.77.68 - - [11/Apr/2025:16:13:00 +0000] "GET /pcmypage?callback=product%2Fdetail%2FWEA12803181 HTTP/1.1" 200 19350 "-" "Mozilla/5.0 (Linux; Android 6.0.1; Nexus 5X Build/MMB29P) AppleWebKit/537.36 (KHTML, like Gecko) Chrome/135.0.7049.52 Mobile Safari/537.36 (compatible; GoogleOther)"
66.249.77.69 - - [11/Apr/2025:16:13:01 +0000] "GET /pcmypage?callback=product%2Fdetail%2FLMPZ27096899 HTTP/1.1" 200 19237 "-" "Mozilla/5.0 (Linux; Android 6.0.1; Nexus 5X Build/MMB29P) AppleWebKit/537.36 (KHTML, like Gecko) Chrome/135.0.7049.52 Mobile Safari/537.36 (compatible; GoogleOther)"
2600:3c00::f03c:93ff:feee:f064 - - [11/Apr/2025:16:13:02 +0000] "GET /robots.txt HTTP/1.1" 200 120 "-" "Mozilla/5.0 (compatible; Googlebot/2.1; +http://www.google.com/bot.html)"
66.249.77.68 - - [11/Apr/2025:16:13:02 +0000] "GET /243430345.shtml HTTP/1.1" 200 19985 "-" "Mozilla/5.0 (Linux; Android 6.0.1; Nexus 5X Build/MMB29P) AppleWebKit/537.36 (KHTML, like Gecko) Chrome/135.0.7049.52 Mobile Safari/537.36 (compatible; GoogleOther)"
2600:3c00::f03c:93ff:feee:f064 - - [11/Apr/2025:16:13:03 +0000] "GET /sitemap-1.xml HTTP/1.1" 200 10660 "-" "Mozilla/5.0 (compatible; Googlebot/2.1; +http://www.google.com/bot.html)"
66.249.77.68 - - [11/Apr/2025:16:13:04 +0000] "GET /pcmypage?callback=/product%2Fdetail%2FTPOR86940605 HTTP/1.1" 200 19377 "-" "Mozilla/5.0 (Linux; Android 6.0.1; Nexus 5X Build/MMB29P) AppleWebKit/537.36 (KHTML, like Gecko) Chrome/135.0.7049.52 Mobile Safari/537.36 (compatible; GoogleOther)"
172.93.142.138 - - [11/Apr/2025:16:13:09 +0000] "GET /category/deportes/ HTTP/1.1" 200 25616 "-" "Mozilla/5.0 (Macintosh; Intel Mac OS X 10.15; rv:78.0) Gecko/20100101 Firefox/78.0"
66.249.77.68 - - [11/Apr/2025:16:13:40 +0000] "GET /pcmypage?callback=product%2Fdetail%2FHJWAB141719250 HTTP/1.1" 200 18803 "-" "Mozilla/5.0 (Linux; Android 6.0.1; Nexus 5X Build/MMB29P) AppleWebKit/537.36 (KHTML, like Gecko) Chrome/135.0.7049.52 Mobile Safari/537.36 (compatible; GoogleOther)"
66.249.77.66 - - [11/Apr/2025:16:13:16 +0000] "GET /pcmypage?callback=/product%2Fdetail%2FHSO31777830 HTTP/1.1" 200 19331 "-" "Mozilla/5.0 (Linux; Android 6.0.1; Nexus 5X Build/MMB29P) AppleWebKit/537.36 (KHTML, like Gecko) Chrome/135.0.7049.52 Mobile Safari/537.36 (compatible; GoogleOther)"
66.249.77.66 - - [11/Apr/2025:16:13:17 +0000] "GET /pcmypage?callback=product%2Fdetail%2FONC45406615 HTTP/1.1" 200 21834 "-" "Mozilla/5.0 (Linux; Android 6.0.1; Nexus 5X Build/MMB29P) AppleWebKit/537.36 (KHTML, like Gecko) Chrome/135.0.7049.52 Mobile Safari/537.36 (compatible; GoogleOther)"
66.249.77.66 - - [11/Apr/2025:16:13:21 +0000] "GET /pcmypage?callback=product%2Fdetail%2FLCUR21879359 HTTP/1.1" 200 17943 "-" "Mozilla/5.0 (Linux; Android 6.0.1; Nexus 5X Build/MMB29P) AppleWebKit/537.36 (KHTML, like Gecko) Chrome/135.0.7049.52 Mobile Safari/537.36 (compatible; GoogleOther)"
66.249.77.66 - - [11/Apr/2025:16:13:22 +0000] "POST /get-message-notify HTTP/1.1" 200 19383 "https://www.abranoticias.com/pcmypage?callback=product%2Fdetail%2FNKPE37719506" "Mozilla/5.0 (Linux; Android 6.0.1; Nexus 5X Build/MMB29P) AppleWebKit/537.36 (KHTML, like Gecko) Chrome/134.0.6998.165 Mobile Safari/537.36 (compatible; Googlebot/2.1; +http://www.google.com/bot.html)"
66.249.77.66 - - [11/Apr/2025:16:13:23 +0000] "GET /pcmypage?callback=product%2Fdetail%2FEOLY77565034 HTTP/1.1" 200 18231 "-" "Mozilla/5.0 (Linux; Android 6.0.1; Nexus 5X Build/MMB29P) AppleWebKit/537.36 (KHTML, like Gecko) Chrome/135.0.7049.52 Mobile Safari/537.36 (compatible; GoogleOther)"
66.249.77.66 - - [11/Apr/2025:16:13:24 +0000] "GET /pcmypage?callback=product%2Fdetail%2FRBQM152458270 HTTP/1.1" 200 18813 "-" "Mozilla/5.0 (Linux; Android 6.0.1; Nexus 5X Build/MMB29P) AppleWebKit/537.36 (KHTML, like Gecko) Chrome/135.0.7049.52 Mobile Safari/537.36 (compatible; GoogleOther)"
66.249.77.66 - - [11/Apr/2025:16:13:25 +0000] "GET /pcmypage?callback=product%2Fdetail%2FEDI43527444 HTTP/1.1" 200 18654 "-" "Mozilla/5.0 (Linux; Android 6.0.1; Nexus 5X Build/MMB29P) AppleWebKit/537.36 (KHTML, like Gecko) Chrome/135.0.7049.52 Mobile Safari/537.36 (compatible; GoogleOther)"
66.249.77.66 - - [11/Apr/2025:16:13:31 +0000] "GET /299887309.shtml HTTP/1.1" 200 19429 "-" "Mozilla/5.0 (Linux; Android 6.0.1; Nexus 5X Build/MMB29P) AppleWebKit/537.36 (KHTML, like Gecko) Chrome/135.0.7049.52 Mobile Safari/537.36 (compatible; GoogleOther)"
66.249.66.169 - - [11/Apr/2025:16:13:35 +0000] "GET /pcmypage?callback=product%2Fdetail%2FBLR108069105 HTTP/1.1" 200 19786 "-" "Mozilla/5.0 (Linux; Android 6.0.1; Nexus 5X Build/MMB29P) AppleWebKit/537.36 (KHTML, like Gecko) Chrome/135.0.7049.52 Mobile Safari/537.36 (compatible; GoogleOther)"
66.249.77.66 - - [11/Apr/2025:16:13:39 +0000] "GET /pcmypage?callback=product%2Fdetail%2FBET122493255 HTTP/1.1" 200 22523 "-" "Mozilla/5.0 (Linux; Android 6.0.1; Nexus 5X Build/MMB29P) AppleWebKit/537.36 (KHTML, like Gecko) Chrome/135.0.7049.52 Mobile Safari/537.36 (compatible; GoogleOther)"
66.249.77.66 - - [11/Apr/2025:16:13:41 +0000] "POST /get-message-notify HTTP/1.1" 200 19383 "https://www.abranoticias.com/pcmypage?callback=product%2Fdetail%2FPFAG25241279" "Mozilla/5.0 (Linux; Android 6.0.1; Nexus 5X Build/MMB29P) AppleWebKit/537.36 (KHTML, like Gecko) Chrome/134.0.6998.165 Mobile Safari/537.36 (compatible; Googlebot/2.1; +http://www.google.com/bot.html)"
66.249.77.66 - - [11/Apr/2025:16:13:42 +0000] "GET /pcmypage?callback=product%2Fdetail%2FEOGA3061754 HTTP/1.1" 200 18300 "-" "Mozilla/5.0 (Linux; Android 6.0.1; Nexus 5X Build/MMB29P) AppleWebKit/537.36 (KHTML, like Gecko) Chrome/135.0.7049.52 Mobile Safari/537.36 (compatible; GoogleOther)"
170.10.163.108 - - [11/Apr/2025:16:13:44 +0000] "POST /wp-cron.php?doing_wp_cron=1744388024.0554890632629394531250 HTTP/1.1" 200 0 "-" "WordPress/6.7.2; https://www.abranoticias.com"
66.249.77.68 - - [11/Apr/2025:16:13:44 +0000] "GET /pcmypage?callback=product%2Fdetail%2FGPS65489391 HTTP/1.1" 200 18635 "-" "Mozilla/5.0 (Linux; Android 6.0.1; Nexus 5X Build/MMB29P) AppleWebKit/537.36 (KHTML, like Gecko) Chrome/135.0.7049.52 Mobile Safari/537.36 (compatible; GoogleOther)"
66.249.77.67 - - [11/Apr/2025:16:13:48 +0000] "POST /get-message-notify HTTP/1.1" 200 19383 "https://www.abranoticias.com/pcmypage?callback=product/review/AVB5001409" "Mozilla/5.0 (Linux; Android 6.0.1; Nexus 5X Build/MMB29P) AppleWebKit/537.36 (KHTML, like Gecko) Chrome/134.0.6998.165 Mobile Safari/537.36 (compatible; Googlebot/2.1; +http://www.google.com/bot.html)"
66.249.77.67 - - [11/Apr/2025:16:13:49 +0000] "GET /search?category=&search_word=&restrict[]=person_id(int)=RJQDP HTTP/1.1" 200 20512 "-" "Mozilla/5.0 (Linux; Android 6.0.1; Nexus 5X Build/MMB29P) AppleWebKit/537.36 (KHTML, like Gecko) Chrome/135.0.7049.52 Mobile Safari/537.36 (compatible; Googlebot/2.1; +http://www.google.com/bot.html)"
66.249.77.67 - - [11/Apr/2025:16:13:49 +0000] "GET /tag/rio-juanambu/ HTTP/1.1" 200 19933 "-" "Mozilla/5.0 (Linux; Android 6.0.1; Nexus 5X Build/MMB29P) AppleWebKit/537.36 (KHTML, like Gecko) Chrome/135.0.7049.52 Mobile Safari/537.36 (compatible; Googlebot/2.1; +http://www.google.com/bot.html)"
116.14.177.47 - - [11/Apr/2025:16:13:50 +0000] "GET /wp-includes/js/jquery/jquery.min.js?ver=3.7.1 HTTP/1.1" 304 0 "https://www.abranoticias.com/safe_search/config?return_url=%2Fproduct%2Fdetail%2FSHUB58390062" "Mozilla/5.0 (Windows NT 10.0; Win64; x64) AppleWebKit/537.36 (KHTML, like Gecko) Chrome/135.0.0.0 Safari/537.36"
66.249.77.68 - - [11/Apr/2025:16:13:49 +0000] "GET /pcmypage?callback=product%2Fdetail%2FQECHY11153255 HTTP/1.1" 200 19782 "-" "Mozilla/5.0 (Linux; Android 6.0.1; Nexus 5X Build/MMB29P) AppleWebKit/537.36 (KHTML, like Gecko) Chrome/135.0.7049.52 Mobile Safari/537.36 (compatible; GoogleOther)"
116.14.177.47 - - [11/Apr/2025:16:13:50 +0000] "GET /wp-content/themes/colormag/assets/js/navigation.min.js?ver=4.0.11 HTTP/1.1" 304 0 "https://www.abranoticias.com/safe_search/config?return_url=%2Fproduct%2Fdetail%2FSHUB58390062" "Mozilla/5.0 (Windows NT 10.0; Win64; x64) AppleWebKit/537.36 (KHTML, like Gecko) Chrome/135.0.0.0 Safari/537.36"
116.14.177.47 - - [11/Apr/2025:16:13:50 +0000] "GET /wp-content/themes/colormag/assets/js/colormag-custom.min.js?ver=4.0.11 HTTP/1.1" 304 0 "https://www.abranoticias.com/safe_search/config?return_url=%2Fproduct%2Fdetail%2FSHUB58390062" "Mozilla/5.0 (Windows NT 10.0; Win64; x64) AppleWebKit/537.36 (KHTML, like Gecko) Chrome/135.0.0.0 Safari/537.36"
116.14.177.47 - - [11/Apr/2025:16:13:50 +0000] "GET /wp-content/themes/colormag/inc/customizer/customind/assets/fontawesome/v6/webfonts/fa-brands-400.woff2 HTTP/1.1" 200 117852 "https://www.abranoticias.com/wp-content/themes/colormag/inc/customizer/customind/assets/fontawesome/v6/css/all.min.css?ver=6.2.4" "Mozilla/5.0 (Windows NT 10.0; Win64; x64) AppleWebKit/537.36 (KHTML, like Gecko) Chrome/135.0.0.0 Safari/537.36"
116.14.177.47 - - [11/Apr/2025:16:13:51 +0000] "GET /wp-includes/js/wp-emoji-release.min.js?ver=6.7.2 HTTP/1.1" 200 4676 "https://www.abranoticias.com/safe_search/config?return_url=%2Fproduct%2Fdetail%2FSHUB58390062" "Mozilla/5.0 (Windows NT 10.0; Win64; x64) AppleWebKit/537.36 (KHTML, like Gecko) Chrome/135.0.0.0 Safari/537.36"
66.249.77.68 - - [11/Apr/2025:16:13:51 +0000] "GET /pcmypage?callback=product%2Fdetail%2FOYJT132996618 HTTP/1.1" 200 19303 "-" "Mozilla/5.0 (Linux; Android 6.0.1; Nexus 5X Build/MMB29P) AppleWebKit/537.36 (KHTML, like Gecko) Chrome/135.0.7049.52 Mobile Safari/537.36 (compatible; GoogleOther)"
66.249.77.68 - - [11/Apr/2025:16:13:52 +0000] "GET /pcmypage?callback=product%2Fdetail%2FSFRU24447782 HTTP/1.1" 200 18824 "-" "Mozilla/5.0 (Linux; Android 6.0.1; Nexus 5X Build/MMB29P) AppleWebKit/537.36 (KHTML, like Gecko) Chrome/135.0.7049.52 Mobile Safari/537.36 (compatible; GoogleOther)"
66.249.77.66 - - [11/Apr/2025:16:13:53 +0000] "GET /pcmypage?callback=product%2Fdetail%2FSGCN4279305 HTTP/1.1" 200 21033 "-" "Mozilla/5.0 (Linux; Android 6.0.1; Nexus 5X Build/MMB29P) AppleWebKit/537.36 (KHTML, like Gecko) Chrome/135.0.7049.52 Mobile Safari/537.36 (compatible; GoogleOther)"
66.249.77.66 - - [11/Apr/2025:16:13:54 +0000] "POST /get-message-notify HTTP/1.1" 200 19383 "https://www.abranoticias.com/pcmypage?callback=product%2Fdetail%2FIVFL8187659" "Mozilla/5.0 (Linux; Android 6.0.1; Nexus 5X Build/MMB29P) AppleWebKit/537.36 (KHTML, like Gecko) Chrome/134.0.6998.165 Mobile Safari/537.36 (compatible; Googlebot/2.1; +http://www.google.com/bot.html)"
66.249.77.69 - - [11/Apr/2025:16:13:55 +0000] "GET /pcmypage?callback=product%2Fdetail%2FUJHE46557788 HTTP/1.1" 200 18945 "-" "Mozilla/5.0 (Linux; Android 6.0.1; Nexus 5X Build/MMB29P) AppleWebKit/537.36 (KHTML, like Gecko) Chrome/135.0.7049.52 Mobile Safari/537.36 (compatible; GoogleOther)"
66.249.77.68 - - [11/Apr/2025:16:13:56 +0000] "GET /pcmypage?callback=product%2Fdetail%2FYWQPL60021756 HTTP/1.1" 200 22131 "-" "Mozilla/5.0 (Linux; Android 6.0.1; Nexus 5X Build/MMB29P) AppleWebKit/537.36 (KHTML, like Gecko) Chrome/135.0.7049.52 Mobile Safari/537.36 (compatible; GoogleOther)"
66.249.77.66 - - [11/Apr/2025:16:13:58 +0000] "GET /pcmypage?callback=product%2Fdetail%2FPKW65633256 HTTP/1.1" 200 19428 "-" "Mozilla/5.0 (Linux; Android 6.0.1; Nexus 5X Build/MMB29P) AppleWebKit/537.36 (KHTML, like Gecko) Chrome/135.0.7049.52 Mobile Safari/537.36 (compatible; GoogleOther)"
66.249.77.66 - - [11/Apr/2025:16:13:59 +0000] "GET /pcmypage?callback=product%2Fdetail%2FQMUJ25579794 HTTP/1.1" 200 20039 "-" "Mozilla/5.0 (Linux; Android 6.0.1; Nexus 5X Build/MMB29P) AppleWebKit/537.36 (KHTML, like Gecko) Chrome/135.0.7049.52 Mobile Safari/537.36 (compatible; GoogleOther)"
170.10.163.108 - - [11/Apr/2025:16:14:00 +0000] "POST /wp-cron.php?doing_wp_cron=1744388040.1695759296417236328125 HTTP/1.1" 200 0 "-" "WordPress/6.7.2; https://www.abranoticias.com"
217.113.194.220 - - [11/Apr/2025:16:13:59 +0000] "GET /tag/universitaria/amp/ HTTP/1.1" 301 0 "-" "Mozilla/5.0 (compatible; Barkrowler/0.9; +https://babbar.tech/crawler)"
66.249.77.66 - - [11/Apr/2025:16:14:00 +0000] "GET /pcmypage?callback=/product%2Fdetail%2FTFK6792144 HTTP/1.1" 200 20551 "-" "Mozilla/5.0 (Linux; Android 6.0.1; Nexus 5X Build/MMB29P) AppleWebKit/537.36 (KHTML, like Gecko) Chrome/135.0.7049.52 Mobile Safari/537.36 (compatible; GoogleOther)"
66.249.77.68 - - [11/Apr/2025:16:14:02 +0000] "GET /pcmypage?callback=/product%2Fdetail%2FHUNL133053860 HTTP/1.1" 200 20301 "-" "Mozilla/5.0 (Linux; Android 6.0.1; Nexus 5X Build/MMB29P) AppleWebKit/537.36 (KHTML, like Gecko) Chrome/135.0.7049.52 Mobile Safari/537.36 (compatible; GoogleOther)"
66.249.77.68 - - [11/Apr/2025:16:14:03 +0000] "GET /pcmypage?callback=product%2Fdetail%2FPWB36804278 HTTP/1.1" 200 18763 "-" "Mozilla/5.0 (Linux; Android 6.0.1; Nexus 5X Build/MMB29P) AppleWebKit/537.36 (KHTML, like Gecko) Chrome/135.0.7049.52 Mobile Safari/537.36 (compatible; GoogleOther)"
66.249.77.66 - - [11/Apr/2025:16:14:04 +0000] "GET /172156237.shtml HTTP/1.1" 200 18892 "-" "Mozilla/5.0 (Linux; Android 6.0.1; Nexus 5X Build/MMB29P) AppleWebKit/537.36 (KHTML, like Gecko) Chrome/135.0.7049.52 Mobile Safari/537.36 (compatible; GoogleOther)"
66.249.77.66 - - [11/Apr/2025:16:14:05 +0000] "POST /get-message-notify HTTP/1.1" 200 19383 "https://www.abranoticias.com/pcmypage?callback=product%2Fdetail%2FXDNMH39077850" "Mozilla/5.0 (Linux; Android 6.0.1; Nexus 5X Build/MMB29P) AppleWebKit/537.36 (KHTML, like Gecko) Chrome/134.0.6998.165 Mobile Safari/537.36 (compatible; Googlebot/2.1; +http://www.google.com/bot.html)"
66.249.77.66 - - [11/Apr/2025:16:14:08 +0000] "GET /pcmypage?callback=product%2Fdetail%2FKONEL47397469 HTTP/1.1" 200 18922 "-" "Mozilla/5.0 (Linux; Android 6.0.1; Nexus 5X Build/MMB29P) AppleWebKit/537.36 (KHTML, like Gecko) Chrome/135.0.7049.52 Mobile Safari/537.36 (compatible; GoogleOther)"
66.249.77.66 - - [11/Apr/2025:16:14:10 +0000] "GET /pcmypage?callback=product%2Fdetail%2FVOUWQ96784565 HTTP/1.1" 200 19816 "-" "Mozilla/5.0 (Linux; Android 6.0.1; Nexus 5X Build/MMB29P) AppleWebKit/537.36 (KHTML, like Gecko) Chrome/135.0.7049.52 Mobile Safari/537.36 (compatible; GoogleOther)"
170.10.163.108 - - [11/Apr/2025:16:14:10 +0000] "POST /wp-admin/admin-ajax.php?action=async_litespeed&nonce=PaBQfR02Dxn0lIpSjw2APJb4ViRJWRxb&litespeed_type=imgoptm HTTP/1.1" 200 5 "-" "WordPress/6.7.2; https://www.abranoticias.com"
66.249.77.66 - - [11/Apr/2025:16:14:11 +0000] "GET /2020/07/01/pillan-a-militares-paseando-en-calles-de-barbacoas-sin-su-armamento/amp/ HTTP/1.1" 200 18994 "-" "Mozilla/5.0 (Linux; Android 6.0.1; Nexus 5X Build/MMB29P) AppleWebKit/537.36 (KHTML, like Gecko) Chrome/135.0.7049.52 Mobile Safari/537.36 (compatible; GoogleOther)"
