66.249.77.66 - - [11/Apr/2025:16:16:18 +0000] "GET /pcmypage?callback=product%2Fdetail%2FFAVPY63812512 HTTP/1.1" 200 21199 "-" "Mozilla/5.0 (Linux; Android 6.0.1; Nexus 5X Build/MMB29P) AppleWebKit/537.36 (KHTML, like Gecko) Chrome/135.0.7049.52 Mobile Safari/537.36 (compatible; GoogleOther)"
66.249.77.66 - - [11/Apr/2025:16:16:19 +0000] "GET /pcmypage?callback=product%2Fdetail%2FZAOUG96435202 HTTP/1.1" 200 18190 "-" "Mozilla/5.0 (Linux; Android 6.0.1; Nexus 5X Build/MMB29P) AppleWebKit/537.36 (KHTML, like Gecko) Chrome/135.0.7049.52 Mobile Safari/537.36 (compatible; GoogleOther)"
66.249.77.66 - - [11/Apr/2025:16:16:20 +0000] "GET /pcmypage?callback=product%2Fdetail%2FCUWA91014207 HTTP/1.1" 200 20349 "-" "Mozilla/5.0 (Linux; Android 6.0.1; Nexus 5X Build/MMB29P) AppleWebKit/537.36 (KHTML, like Gecko) Chrome/135.0.7049.52 Mobile Safari/537.36 (compatible; GoogleOther)"
66.249.77.66 - - [11/Apr/2025:16:16:24 +0000] "GET /pcmypage?callback=product%2Fdetail%2FJGEWF54324736 HTTP/1.1" 200 19799 "-" "Mozilla/5.0 (Linux; Android 6.0.1; Nexus 5X Build/MMB29P) AppleWebKit/537.36 (KHTML, like Gecko) Chrome/135.0.7049.52 Mobile Safari/537.36 (compatible; GoogleOther)"
66.249.77.66 - - [11/Apr/2025:16:16:27 +0000] "GET /pcmypage?callback=product%2Fdetail%2FLBEXU71283113 HTTP/1.1" 200 20872 "-" "Mozilla/5.0 (Linux; Android 6.0.1; Nexus 5X Build/MMB29P) AppleWebKit/537.36 (KHTML, like Gecko) Chrome/135.0.7049.52 Mobile Safari/537.36 (compatible; GoogleOther)"
3.128.188.223 - - [11/Apr/2025:16:16:28 +0000] "GET /2024/01/24/en-ipiales-los-de-la-frontera-acusados-de-desaparecer-a-ciudadano-4-capturados HTTP/1.1" 301 0 "-" "Mozilla/5.0 AppleWebKit/537.36 (KHTML, like Gecko; compatible; ClaudeBot/1.0; +claudebot@anthropic.com)"
66.249.77.66 - - [11/Apr/2025:16:16:33 +0000] "GET /pcmypage?callback=product%2Fdetail%2FNZQE24145196 HTTP/1.1" 200 20007 "-" "Mozilla/5.0 (Linux; Android 6.0.1; Nexus 5X Build/MMB29P) AppleWebKit/537.36 (KHTML, like Gecko) Chrome/135.0.7049.52 Mobile Safari/537.36 (compatible; GoogleOther)"
66.249.77.66 - - [11/Apr/2025:16:16:37 +0000] "GET /pcmypage?callback=product%2Fdetail%2FIASE200938957 HTTP/1.1" 200 19100 "-" "Mozilla/5.0 (Linux; Android 6.0.1; Nexus 5X Build/MMB29P) AppleWebKit/537.36 (KHTML, like Gecko) Chrome/135.0.7049.52 Mobile Safari/537.36 (compatible; GoogleOther)"
66.249.77.66 - - [11/Apr/2025:16:16:41 +0000] "GET /pcmypage?callback=product%2Fdetail%2FBHM6099615 HTTP/1.1" 200 19931 "-" "Mozilla/5.0 (Linux; Android 6.0.1; Nexus 5X Build/MMB29P) AppleWebKit/537.36 (KHTML, like Gecko) Chrome/135.0.7049.52 Mobile Safari/537.36 (compatible; GoogleOther)"
170.10.163.108 - - [11/Apr/2025:16:16:42 +0000] "POST /wp-cron.php?doing_wp_cron=1744388202.5139100551605224609375 HTTP/1.1" 200 0 "-" "WordPress/6.7.2; https://www.abranoticias.com"
66.249.77.66 - - [11/Apr/2025:16:16:42 +0000] "GET /pcmypage?callback=product%2Fdetail%2FBWO26124935 HTTP/1.1" 200 18913 "-" "Mozilla/5.0 (Linux; Android 6.0.1; Nexus 5X Build/MMB29P) AppleWebKit/537.36 (KHTML, like Gecko) Chrome/135.0.7049.52 Mobile Safari/537.36 (compatible; GoogleOther)"
66.249.77.66 - - [11/Apr/2025:16:16:45 +0000] "GET /pcmypage?callback=product/review/TAYUE36347750 HTTP/1.1" 200 19049 "-" "Mozilla/5.0 (Linux; Android 6.0.1; Nexus 5X Build/MMB29P) AppleWebKit/537.36 (KHTML, like Gecko) Chrome/135.0.7049.52 Mobile Safari/537.36 (compatible; GoogleOther)"
66.249.77.66 - - [11/Apr/2025:16:16:46 +0000] "GET /pcmypage?callback=product%2Fdetail%2FXNV45303118 HTTP/1.1" 200 19881 "-" "Mozilla/5.0 (Linux; Android 6.0.1; Nexus 5X Build/MMB29P) AppleWebKit/537.36 (KHTML, like Gecko) Chrome/135.0.7049.52 Mobile Safari/537.36 (compatible; GoogleOther)"
66.249.77.66 - - [11/Apr/2025:16:16:49 +0000] "GET /pcmypage?callback=/product%2Fdetail%2FILDJN36274826 HTTP/1.1" 200 19553 "-" "Mozilla/5.0 (Linux; Android 6.0.1; Nexus 5X Build/MMB29P) AppleWebKit/537.36 (KHTML, like Gecko) Chrome/135.0.7049.52 Mobile Safari/537.36 (compatible; GoogleOther)"
66.249.77.68 - - [11/Apr/2025:16:16:52 +0000] "GET /pcmypage?callback=product%2Fdetail%2FAOPHF4145032 HTTP/1.1" 200 20314 "-" "Mozilla/5.0 (Linux; Android 6.0.1; Nexus 5X Build/MMB29P) AppleWebKit/537.36 (KHTML, like Gecko) Chrome/135.0.7049.52 Mobile Safari/537.36 (compatible; GoogleOther)"
66.249.77.68 - - [11/Apr/2025:16:16:57 +0000] "GET /pcmypage?callback=product%2Fdetail%2FZLGC41732272 HTTP/1.1" 200 20006 "-" "Mozilla/5.0 (Linux; Android 6.0.1; Nexus 5X Build/MMB29P) AppleWebKit/537.36 (KHTML, like Gecko) Chrome/135.0.7049.52 Mobile Safari/537.36 (compatible; GoogleOther)"
66.249.77.69 - - [11/Apr/2025:16:16:58 +0000] "GET /128952865.shtml HTTP/1.1" 200 20377 "-" "Mozilla/5.0 (Linux; Android 6.0.1; Nexus 5X Build/MMB29P) AppleWebKit/537.36 (KHTML, like Gecko) Chrome/135.0.7049.84 Mobile Safari/537.36 (compatible; Googlebot/2.1; +http://www.google.com/bot.html)"
217.113.194.221 - - [11/Apr/2025:16:16:58 +0000] "GET /tag/sandra-teran/feed/ HTTP/1.1" 200 3178 "-" "Mozilla/5.0 (compatible; Barkrowler/0.9; +https://babbar.tech/crawler)"
66.249.77.66 - - [11/Apr/2025:16:16:59 +0000] "GET /pcmypage?callback=product%2Fdetail%2FYKZNE19969133 HTTP/1.1" 200 20235 "-" "Mozilla/5.0 (Linux; Android 6.0.1; Nexus 5X Build/MMB29P) AppleWebKit/537.36 (KHTML, like Gecko) Chrome/135.0.7049.52 Mobile Safari/537.36 (compatible; GoogleOther)"
66.249.77.68 - - [11/Apr/2025:16:17:00 +0000] "GET /pcmypage?callback=product%2Fdetail%2FDQKOC4131796 HTTP/1.1" 200 19073 "-" "Mozilla/5.0 (Linux; Android 6.0.1; Nexus 5X Build/MMB29P) AppleWebKit/537.36 (KHTML, like Gecko) Chrome/135.0.7049.52 Mobile Safari/537.36 (compatible; GoogleOther)"
170.10.163.108 - - [11/Apr/2025:16:17:02 +0000] "POST /wp-cron.php?doing_wp_cron=1744388222.3278501033782958984375 HTTP/1.1" 200 0 "-" "WordPress/6.7.2; https://www.abranoticias.com"
66.249.77.66 - - [11/Apr/2025:16:17:03 +0000] "GET /pcmypage?callback=product%2Fdetail%2FIAO98443490 HTTP/1.1" 200 21628 "-" "Mozilla/5.0 (Linux; Android 6.0.1; Nexus 5X Build/MMB29P) AppleWebKit/537.36 (KHTML, like Gecko) Chrome/135.0.7049.52 Mobile Safari/537.36 (compatible; GoogleOther)"
66.249.77.66 - - [11/Apr/2025:16:17:04 +0000] "GET /pcmypage?callback=product%2Fdetail%2FGXRFZ8911559 HTTP/1.1" 200 19861 "-" "Mozilla/5.0 (Linux; Android 6.0.1; Nexus 5X Build/MMB29P) AppleWebKit/537.36 (KHTML, like Gecko) Chrome/135.0.7049.52 Mobile Safari/537.36 (compatible; GoogleOther)"
66.249.77.66 - - [11/Apr/2025:16:17:05 +0000] "GET /pcmypage?callback=product%2Fdetail%2FYZUD211538693 HTTP/1.1" 200 19228 "-" "Mozilla/5.0 (Linux; Android 6.0.1; Nexus 5X Build/MMB29P) AppleWebKit/537.36 (KHTML, like Gecko) Chrome/135.0.7049.52 Mobile Safari/537.36 (compatible; GoogleOther)"
66.249.77.66 - - [11/Apr/2025:16:17:07 +0000] "GET /pcmypage?callback=product%2Fdetail%2FOBJ128503039 HTTP/1.1" 200 19174 "-" "Mozilla/5.0 (Linux; Android 6.0.1; Nexus 5X Build/MMB29P) AppleWebKit/537.36 (KHTML, like Gecko) Chrome/135.0.7049.52 Mobile Safari/537.36 (compatible; GoogleOther)"
66.249.77.66 - - [11/Apr/2025:16:17:08 +0000] "GET /pcmypage?callback=product%2Fdetail%2FCQEPY39286441 HTTP/1.1" 200 18843 "-" "Mozilla/5.0 (Linux; Android 6.0.1; Nexus 5X Build/MMB29P) AppleWebKit/537.36 (KHTML, like Gecko) Chrome/135.0.7049.52 Mobile Safari/537.36 (compatible; GoogleOther)"
66.249.77.66 - - [11/Apr/2025:16:17:09 +0000] "GET /pcmypage?callback=product%2Fdetail%2FXVH38996286 HTTP/1.1" 200 18779 "-" "Mozilla/5.0 (Linux; Android 6.0.1; Nexus 5X Build/MMB29P) AppleWebKit/537.36 (KHTML, like Gecko) Chrome/135.0.7049.52 Mobile Safari/537.36 (compatible; GoogleOther)"
66.249.77.66 - - [11/Apr/2025:16:17:11 +0000] "GET /pcmypage?callback=product%2Fdetail%2FQWF17552714 HTTP/1.1" 200 19580 "-" "Mozilla/5.0 (Linux; Android 6.0.1; Nexus 5X Build/MMB29P) AppleWebKit/537.36 (KHTML, like Gecko) Chrome/135.0.7049.52 Mobile Safari/537.36 (compatible; GoogleOther)"
66.249.77.66 - - [11/Apr/2025:16:17:12 +0000] "GET /pcmypage?callback=product%2Fdetail%2FHAO34431182 HTTP/1.1" 200 19463 "-" "Mozilla/5.0 (Linux; Android 6.0.1; Nexus 5X Build/MMB29P) AppleWebKit/537.36 (KHTML, like Gecko) Chrome/135.0.7049.52 Mobile Safari/537.36 (compatible; GoogleOther)"
66.249.77.66 - - [11/Apr/2025:16:17:12 +0000] "POST /get-message-notify HTTP/1.1" 200 19383 "https://www.abranoticias.com/pcmypage?callback=product%2Fdetail%2FKSDIV133420549" "Mozilla/5.0 (Linux; Android 6.0.1; Nexus 5X Build/MMB29P) AppleWebKit/537.36 (KHTML, like Gecko) Chrome/134.0.6998.165 Mobile Safari/537.36 (compatible; Googlebot/2.1; +http://www.google.com/bot.html)"
66.249.77.66 - - [11/Apr/2025:16:17:13 +0000] "GET /pcmypage?callback=product%2Fdetail%2FGUJ181061259 HTTP/1.1" 200 19372 "-" "Mozilla/5.0 (Linux; Android 6.0.1; Nexus 5X Build/MMB29P) AppleWebKit/537.36 (KHTML, like Gecko) Chrome/135.0.7049.52 Mobile Safari/537.36 (compatible; GoogleOther)"
66.249.77.66 - - [11/Apr/2025:16:17:15 +0000] "GET /pcmypage?callback=product%2Fdetail%2FLPRDA92507627 HTTP/1.1" 200 18308 "-" "Mozilla/5.0 (Linux; Android 6.0.1; Nexus 5X Build/MMB29P) AppleWebKit/537.36 (KHTML, like Gecko) Chrome/135.0.7049.52 Mobile Safari/537.36 (compatible; GoogleOther)"
66.249.77.66 - - [11/Apr/2025:16:17:16 +0000] "GET /pcmypage?callback=product%2Fdetail%2FWBUS21129504 HTTP/1.1" 200 17906 "-" "Mozilla/5.0 (Linux; Android 6.0.1; Nexus 5X Build/MMB29P) AppleWebKit/537.36 (KHTML, like Gecko) Chrome/135.0.7049.52 Mobile Safari/537.36 (compatible; GoogleOther)"
66.249.77.66 - - [11/Apr/2025:16:17:17 +0000] "POST /get-message-notify HTTP/1.1" 200 19383 "https://www.abranoticias.com/pcmypage?callback=product%2Fdetail%2FOBJ128503039" "Mozilla/5.0 (Linux; Android 6.0.1; Nexus 5X Build/MMB29P) AppleWebKit/537.36 (KHTML, like Gecko) Chrome/134.0.6998.165 Mobile Safari/537.36 (compatible; Googlebot/2.1; +http://www.google.com/bot.html)"
66.249.77.66 - - [11/Apr/2025:16:17:18 +0000] "GET /pcmypage?callback=product%2Fdetail%2FNMXHV127639729 HTTP/1.1" 200 19618 "-" "Mozilla/5.0 (Linux; Android 6.0.1; Nexus 5X Build/MMB29P) AppleWebKit/537.36 (KHTML, like Gecko) Chrome/135.0.7049.52 Mobile Safari/537.36 (compatible; GoogleOther)"
66.249.77.66 - - [11/Apr/2025:16:17:18 +0000] "GET /73349901.shtml HTTP/1.1" 200 19293 "-" "Mozilla/5.0 (Linux; Android 6.0.1; Nexus 5X Build/MMB29P) AppleWebKit/537.36 (KHTML, like Gecko) Chrome/135.0.7049.84 Mobile Safari/537.36 (compatible; Googlebot/2.1; +http://www.google.com/bot.html)"
217.113.194.215 - - [11/Apr/2025:16:16:41 +0000] "GET /tag/sandra-liliana/ HTTP/1.1" 200 22881 "-" "Mozilla/5.0 (compatible; Barkrowler/0.9; +https://babbar.tech/crawler)"
66.249.77.67 - - [11/Apr/2025:16:16:44 +0000] "GET /pcmypage?callback=product%2Fdetail%2FVZCPA161489027 HTTP/1.1" 200 21970 "-" "Mozilla/5.0 (Linux; Android 6.0.1; Nexus 5X Build/MMB29P) AppleWebKit/537.36 (KHTML, like Gecko) Chrome/135.0.7049.52 Mobile Safari/537.36 (compatible; GoogleOther)"
66.249.77.67 - - [11/Apr/2025:16:16:48 +0000] "GET /pcmypage?callback=/product%2Fdetail%2FHUJM69592879 HTTP/1.1" 200 20941 "-" "Mozilla/5.0 (Linux; Android 6.0.1; Nexus 5X Build/MMB29P) AppleWebKit/537.36 (KHTML, like Gecko) Chrome/135.0.7049.52 Mobile Safari/537.36 (compatible; GoogleOther)"
66.249.77.67 - - [11/Apr/2025:16:16:50 +0000] "GET /pcmypage?callback=product%2Fdetail%2FWANQ117311641 HTTP/1.1" 200 23302 "-" "Mozilla/5.0 (Linux; Android 6.0.1; Nexus 5X Build/MMB29P) AppleWebKit/537.36 (KHTML, like Gecko) Chrome/135.0.7049.52 Mobile Safari/537.36 (compatible; GoogleOther)"
66.249.77.69 - - [11/Apr/2025:16:16:53 +0000] "GET /pcmypage?callback=/product%2Fdetail%2FLMVX48288579 HTTP/1.1" 200 20637 "-" "Mozilla/5.0 (Linux; Android 6.0.1; Nexus 5X Build/MMB29P) AppleWebKit/537.36 (KHTML, like Gecko) Chrome/135.0.7049.52 Mobile Safari/537.36 (compatible; GoogleOther)"
66.249.77.69 - - [11/Apr/2025:16:16:54 +0000] "GET /pcmypage?callback=product%2Fdetail%2FPECOZ154043203 HTTP/1.1" 200 19515 "-" "Mozilla/5.0 (Linux; Android 6.0.1; Nexus 5X Build/MMB29P) AppleWebKit/537.36 (KHTML, like Gecko) Chrome/135.0.7049.52 Mobile Safari/537.36 (compatible; GoogleOther)"
66.249.77.67 - - [11/Apr/2025:16:16:56 +0000] "GET /pcmypage?callback=product%2Fdetail%2FKZO143067201 HTTP/1.1" 200 20992 "-" "Mozilla/5.0 (Linux; Android 6.0.1; Nexus 5X Build/MMB29P) AppleWebKit/537.36 (KHTML, like Gecko) Chrome/135.0.7049.52 Mobile Safari/537.36 (compatible; GoogleOther)"
66.249.77.68 - - [11/Apr/2025:16:16:56 +0000] "POST /get-message-notify HTTP/1.1" 200 19383 "https://www.abranoticias.com/pcmypage?callback=product%2Fdetail%2FMHG140567810" "Mozilla/5.0 (Linux; Android 6.0.1; Nexus 5X Build/MMB29P) AppleWebKit/537.36 (KHTML, like Gecko) Chrome/134.0.6998.165 Mobile Safari/537.36 (compatible; Googlebot/2.1; +http://www.google.com/bot.html)"
66.249.77.67 - - [11/Apr/2025:16:17:01 +0000] "GET /2021/05/23/indigenas-del-cauca-vuelven-a-bloquear-panamericana/ HTTP/1.1" 200 18943 "-" "Mozilla/5.0 (Linux; Android 6.0.1; Nexus 5X Build/MMB29P) AppleWebKit/537.36 (KHTML, like Gecko) Chrome/135.0.7049.52 Mobile Safari/537.36 (compatible; GoogleOther)"
66.249.77.67 - - [11/Apr/2025:16:17:24 +0000] "GET /pcmypage?callback=product%2Fdetail%2FUAO196172732 HTTP/1.1" 200 19346 "-" "Mozilla/5.0 (Linux; Android 6.0.1; Nexus 5X Build/MMB29P) AppleWebKit/537.36 (KHTML, like Gecko) Chrome/135.0.7049.52 Mobile Safari/537.36 (compatible; GoogleOther)"
66.249.77.67 - - [11/Apr/2025:16:17:28 +0000] "GET /pcmypage?callback=product%2Fdetail%2FIWYUF62432561 HTTP/1.1" 200 19896 "-" "Mozilla/5.0 (Linux; Android 6.0.1; Nexus 5X Build/MMB29P) AppleWebKit/537.36 (KHTML, like Gecko) Chrome/135.0.7049.52 Mobile Safari/537.36 (compatible; GoogleOther)"
66.249.77.67 - - [11/Apr/2025:16:17:29 +0000] "GET /262988653.shtml HTTP/1.1" 200 18895 "-" "Mozilla/5.0 (Linux; Android 6.0.1; Nexus 5X Build/MMB29P) AppleWebKit/537.36 (KHTML, like Gecko) Chrome/135.0.7049.84 Mobile Safari/537.36 (compatible; Googlebot/2.1; +http://www.google.com/bot.html)"
66.249.77.67 - - [11/Apr/2025:16:17:31 +0000] "GET /pcmypage?callback=product%2Fdetail%2FSEJL13489022 HTTP/1.1" 200 18963 "-" "Mozilla/5.0 (Linux; Android 6.0.1; Nexus 5X Build/MMB29P) AppleWebKit/537.36 (KHTML, like Gecko) Chrome/135.0.7049.52 Mobile Safari/537.36 (compatible; GoogleOther)"
66.249.77.67 - - [11/Apr/2025:16:17:32 +0000] "GET /116810571.shtml HTTP/1.1" 200 20136 "-" "Mozilla/5.0 (Linux; Android 6.0.1; Nexus 5X Build/MMB29P) AppleWebKit/537.36 (KHTML, like Gecko) Chrome/135.0.7049.84 Mobile Safari/537.36 (compatible; Googlebot/2.1; +http://www.google.com/bot.html)"
66.249.77.66 - - [11/Apr/2025:16:17:19 +0000] "GET /pcmypage?callback=/product%2Fdetail%2FEOGJY11801103 HTTP/1.1" 200 18977 "-" "Mozilla/5.0 (Linux; Android 6.0.1; Nexus 5X Build/MMB29P) AppleWebKit/537.36 (KHTML, like Gecko) Chrome/135.0.7049.52 Mobile Safari/537.36 (compatible; GoogleOther)"
66.249.77.66 - - [11/Apr/2025:16:17:20 +0000] "GET /pcmypage?callback=product%2Fdetail%2FMNVLQ85302568 HTTP/1.1" 200 20417 "-" "Mozilla/5.0 (Linux; Android 6.0.1; Nexus 5X Build/MMB29P) AppleWebKit/537.36 (KHTML, like Gecko) Chrome/135.0.7049.52 Mobile Safari/537.36 (compatible; GoogleOther)"
66.249.77.66 - - [11/Apr/2025:16:17:22 +0000] "GET /pcmypage?callback=product%2Fdetail%2FHKJCN8567293 HTTP/1.1" 200 18303 "-" "Mozilla/5.0 (Linux; Android 6.0.1; Nexus 5X Build/MMB29P) AppleWebKit/537.36 (KHTML, like Gecko) Chrome/135.0.7049.52 Mobile Safari/537.36 (compatible; GoogleOther)"
66.249.77.66 - - [11/Apr/2025:16:17:23 +0000] "GET /pcmypage?callback=product%2Fdetail%2FGCQ71071515 HTTP/1.1" 200 19483 "-" "Mozilla/5.0 (Linux; Android 6.0.1; Nexus 5X Build/MMB29P) AppleWebKit/537.36 (KHTML, like Gecko) Chrome/135.0.7049.52 Mobile Safari/537.36 (compatible; GoogleOther)"
66.249.77.66 - - [11/Apr/2025:16:17:24 +0000] "GET /281213257.shtml HTTP/1.1" 200 20062 "-" "Mozilla/5.0 (Linux; Android 6.0.1; Nexus 5X Build/MMB29P) AppleWebKit/537.36 (KHTML, like Gecko) Chrome/135.0.7049.84 Mobile Safari/537.36 (compatible; Googlebot/2.1; +http://www.google.com/bot.html)"
66.249.77.66 - - [11/Apr/2025:16:17:26 +0000] "GET /pcmypage?callback=/product%2Fdetail%2FJUQKI150965457 HTTP/1.1" 200 19019 "-" "Mozilla/5.0 (Linux; Android 6.0.1; Nexus 5X Build/MMB29P) AppleWebKit/537.36 (KHTML, like Gecko) Chrome/135.0.7049.52 Mobile Safari/537.36 (compatible; GoogleOther)"
66.249.77.66 - - [11/Apr/2025:16:17:27 +0000] "GET /pcmypage?callback=product%2Fdetail%2FLPAV15225238 HTTP/1.1" 200 20171 "-" "Mozilla/5.0 (Linux; Android 6.0.1; Nexus 5X Build/MMB29P) AppleWebKit/537.36 (KHTML, like Gecko) Chrome/135.0.7049.52 Mobile Safari/537.36 (compatible; GoogleOther)"
66.249.77.66 - - [11/Apr/2025:16:17:30 +0000] "GET /pcmypage?callback=/product%2Fdetail%2FIABVU196531236 HTTP/1.1" 200 20278 "-" "Mozilla/5.0 (Linux; Android 6.0.1; Nexus 5X Build/MMB29P) AppleWebKit/537.36 (KHTML, like Gecko) Chrome/135.0.7049.52 Mobile Safari/537.36 (compatible; GoogleOther)"
66.249.77.66 - - [11/Apr/2025:16:17:30 +0000] "POST /get-message-notify HTTP/1.1" 200 19383 "https://www.abranoticias.com/pcmypage?callback=product%2Fdetail%2FNZV152258785" "Mozilla/5.0 (Linux; Android 6.0.1; Nexus 5X Build/MMB29P) AppleWebKit/537.36 (KHTML, like Gecko) Chrome/134.0.6998.165 Mobile Safari/537.36 (compatible; Googlebot/2.1; +http://www.google.com/bot.html)"
66.249.77.66 - - [11/Apr/2025:16:17:35 +0000] "GET /pcmypage?callback=product%2Fdetail%2FMQTBH35096721 HTTP/1.1" 200 22587 "-" "Mozilla/5.0 (Linux; Android 6.0.1; Nexus 5X Build/MMB29P) AppleWebKit/537.36 (KHTML, like Gecko) Chrome/135.0.7049.52 Mobile Safari/537.36 (compatible; GoogleOther)"
66.249.77.66 - - [11/Apr/2025:16:17:36 +0000] "POST /get-message-notify HTTP/1.1" 200 19383 "https://www.abranoticias.com/pcmypage?callback=product%2Fdetail%2FEOLY77565034" "Mozilla/5.0 (Linux; Android 6.0.1; Nexus 5X Build/MMB29P) AppleWebKit/537.36 (KHTML, like Gecko) Chrome/134.0.6998.165 Mobile Safari/537.36 (compatible; Googlebot/2.1; +http://www.google.com/bot.html)"
66.249.77.66 - - [11/Apr/2025:16:17:41 +0000] "GET /pcmypage?callback=product%2Fdetail%2FKOT22904972 HTTP/1.1" 200 19781 "-" "Mozilla/5.0 (Linux; Android 6.0.1; Nexus 5X Build/MMB29P) AppleWebKit/537.36 (KHTML, like Gecko) Chrome/135.0.7049.52 Mobile Safari/537.36 (compatible; GoogleOther)"
66.249.77.69 - - [11/Apr/2025:16:17:45 +0000] "POST /get-message-notify HTTP/1.1" 200 19383 "https://www.abranoticias.com/pcmypage?callback=product%2Fdetail%2FKOT22904972" "Mozilla/5.0 (Linux; Android 6.0.1; Nexus 5X Build/MMB29P) AppleWebKit/537.36 (KHTML, like Gecko) Chrome/134.0.6998.165 Mobile Safari/537.36 (compatible; Googlebot/2.1; +http://www.google.com/bot.html)"
2a03:2880:3ff:2:: - - [11/Apr/2025:16:16:49 +0000] "GET /wp-content/uploads/2024/12/IMG-20241230-WA0043.jpg HTTP/1.1" 200 132063 "-" "facebookexternalhit/1.1 (+http://www.facebook.com/externalhit_uatext.php)"
170.10.163.108 - - [11/Apr/2025:16:16:58 +0000] "POST /wp-cron.php?doing_wp_cron=1744388218.8946731090545654296875 HTTP/1.1" 200 0 "-" "WordPress/6.7.2; https://www.abranoticias.com"
2a03:b0c0:2:f0::3e7d:b001 - - [11/Apr/2025:16:16:51 +0000] "POST /wp-login.php HTTP/1.1" 200 0 "https://www.abranoticias.com" "Mozilla/5.0 (Macintosh; Intel Mac OS X 14_4_1) AppleWebKit/605.1.15 (KHTML, like Gecko) Version/17.3.1 Safari/605.1.15"
217.113.194.212 - - [11/Apr/2025:16:17:14 +0000] "GET /tag/sandra-bastidas/ HTTP/1.1" 200 22836 "-" "Mozilla/5.0 (compatible; Barkrowler/0.9; +https://babbar.tech/crawler)"
217.113.194.219 - - [11/Apr/2025:16:17:30 +0000] "GET /tag/lorena-lucia/ HTTP/1.1" 200 22696 "-" "Mozilla/5.0 (compatible; Barkrowler/0.9; +https://babbar.tech/crawler)"
66.249.77.68 - - [11/Apr/2025:16:17:34 +0000] "GET /pcmypage?callback=product%2Fdetail%2FEKR168374209 HTTP/1.1" 200 19917 "-" "Mozilla/5.0 (Linux; Android 6.0.1; Nexus 5X Build/MMB29P) AppleWebKit/537.36 (KHTML, like Gecko) Chrome/135.0.7049.52 Mobile Safari/537.36 (compatible; GoogleOther)"
66.249.77.68 - - [11/Apr/2025:16:17:39 +0000] "GET /pcmypage?callback=product%2Fdetail%2FVGKZ151148422 HTTP/1.1" 200 21629 "-" "Mozilla/5.0 (Linux; Android 6.0.1; Nexus 5X Build/MMB29P) AppleWebKit/537.36 (KHTML, like Gecko) Chrome/135.0.7049.52 Mobile Safari/537.36 (compatible; GoogleOther)"
66.249.77.68 - - [11/Apr/2025:16:17:42 +0000] "GET /pcmypage?callback=product%2Fdetail%2FBSR18297200 HTTP/1.1" 200 20736 "-" "Mozilla/5.0 (Linux; Android 6.0.1; Nexus 5X Build/MMB29P) AppleWebKit/537.36 (KHTML, like Gecko) Chrome/135.0.7049.52 Mobile Safari/537.36 (compatible; GoogleOther)"
66.249.77.68 - - [11/Apr/2025:16:17:43 +0000] "GET /pcmypage?callback=product%2Fdetail%2FORU46287539 HTTP/1.1" 200 19888 "-" "Mozilla/5.0 (Linux; Android 6.0.1; Nexus 5X Build/MMB29P) AppleWebKit/537.36 (KHTML, like Gecko) Chrome/135.0.7049.52 Mobile Safari/537.36 (compatible; GoogleOther)"
217.113.194.215 - - [11/Apr/2025:16:17:46 +0000] "GET /tag/kilos-de-coca/ HTTP/1.1" 200 22673 "-" "Mozilla/5.0 (compatible; Barkrowler/0.9; +https://babbar.tech/crawler)"
66.249.77.68 - - [11/Apr/2025:16:17:48 +0000] "GET /pcmypage?callback=product%2Fdetail%2FKIM2405060 HTTP/1.1" 200 20498 "-" "Mozilla/5.0 (Linux; Android 6.0.1; Nexus 5X Build/MMB29P) AppleWebKit/537.36 (KHTML, like Gecko) Chrome/135.0.7049.52 Mobile Safari/537.36 (compatible; GoogleOther)"
66.249.77.69 - - [11/Apr/2025:16:17:49 +0000] "GET /pcmypage?callback=product/review/HKNW109984117 HTTP/1.1" 200 19755 "-" "Mozilla/5.0 (Linux; Android 6.0.1; Nexus 5X Build/MMB29P) AppleWebKit/537.36 (KHTML, like Gecko) Chrome/135.0.7049.52 Mobile Safari/537.36 (compatible; GoogleOther)"
66.249.77.68 - - [11/Apr/2025:16:17:50 +0000] "GET /pcmypage?callback=product%2Fdetail%2FQVKZE34979213 HTTP/1.1" 200 18943 "-" "Mozilla/5.0 (Linux; Android 6.0.1; Nexus 5X Build/MMB29P) AppleWebKit/537.36 (KHTML, like Gecko) Chrome/135.0.7049.52 Mobile Safari/537.36 (compatible; GoogleOther)"
66.249.77.68 - - [11/Apr/2025:16:17:52 +0000] "GET /pcmypage?callback=product%2Fdetail%2FJWQIC31728873 HTTP/1.1" 200 19435 "-" "Mozilla/5.0 (Linux; Android 6.0.1; Nexus 5X Build/MMB29P) AppleWebKit/537.36 (KHTML, like Gecko) Chrome/135.0.7049.52 Mobile Safari/537.36 (compatible; GoogleOther)"
66.249.77.69 - - [11/Apr/2025:16:17:53 +0000] "GET /pcmypage?callback=product%2Fdetail%2FTEWK27088939 HTTP/1.1" 200 20624 "-" "Mozilla/5.0 (Linux; Android 6.0.1; Nexus 5X Build/MMB29P) AppleWebKit/537.36 (KHTML, like Gecko) Chrome/135.0.7049.52 Mobile Safari/537.36 (compatible; GoogleOther)"
66.249.77.70 - - [11/Apr/2025:16:17:59 +0000] "GET /pcmypage?callback=product%2Fdetail%2FKNQ2574406 HTTP/1.1" 200 19520 "-" "Mozilla/5.0 (Linux; Android 6.0.1; Nexus 5X Build/MMB29P) AppleWebKit/537.36 (KHTML, like Gecko) Chrome/135.0.7049.52 Mobile Safari/537.36 (compatible; GoogleOther)"
66.249.77.67 - - [11/Apr/2025:16:17:32 +0000] "GET /pcmypage?callback=product%2Fdetail%2FADW37897720 HTTP/1.1" 200 22246 "-" "Mozilla/5.0 (Linux; Android 6.0.1; Nexus 5X Build/MMB29P) AppleWebKit/537.36 (KHTML, like Gecko) Chrome/135.0.7049.52 Mobile Safari/537.36 (compatible; GoogleOther)"
66.249.77.67 - - [11/Apr/2025:16:17:35 +0000] "POST /get-message-notify HTTP/1.1" 200 19383 "https://www.abranoticias.com/pcmypage?callback=/product%2Fdetail%2FFPDV35127228" "Mozilla/5.0 (Linux; Android 6.0.1; Nexus 5X Build/MMB29P) AppleWebKit/537.36 (KHTML, like Gecko) Chrome/134.0.6998.165 Mobile Safari/537.36 (compatible; Googlebot/2.1; +http://www.google.com/bot.html)"
66.249.77.67 - - [11/Apr/2025:16:17:37 +0000] "GET /pcmypage?callback=product%2Fdetail%2FWVK55341301 HTTP/1.1" 200 18246 "-" "Mozilla/5.0 (Linux; Android 6.0.1; Nexus 5X Build/MMB29P) AppleWebKit/537.36 (KHTML, like Gecko) Chrome/135.0.7049.52 Mobile Safari/537.36 (compatible; GoogleOther)"
66.249.77.67 - - [11/Apr/2025:16:17:38 +0000] "GET /pcmypage?callback=product%2Fdetail%2FKHOP10436434 HTTP/1.1" 200 19575 "-" "Mozilla/5.0 (Linux; Android 6.0.1; Nexus 5X Build/MMB29P) AppleWebKit/537.36 (KHTML, like Gecko) Chrome/135.0.7049.52 Mobile Safari/537.36 (compatible; GoogleOther)"
66.249.77.67 - - [11/Apr/2025:16:17:38 +0000] "GET /20174615.shtml HTTP/1.1" 200 19883 "-" "Mozilla/5.0 (Linux; Android 6.0.1; Nexus 5X Build/MMB29P) AppleWebKit/537.36 (KHTML, like Gecko) Chrome/135.0.7049.52 Mobile Safari/537.36 (compatible; Googlebot/2.1; +http://www.google.com/bot.html)"
66.249.77.67 - - [11/Apr/2025:16:17:40 +0000] "POST /get-message-notify HTTP/1.1" 200 19383 "https://www.abranoticias.com/pcmypage?callback=product%2Fdetail%2FRUK48307934" "Mozilla/5.0 (Linux; Android 6.0.1; Nexus 5X Build/MMB29P) AppleWebKit/537.36 (KHTML, like Gecko) Chrome/134.0.6998.165 Mobile Safari/537.36 (compatible; Googlebot/2.1; +http://www.google.com/bot.html)"
66.249.77.67 - - [11/Apr/2025:16:17:45 +0000] "GET /pcmypage?callback=/product%2Fdetail%2FBMTQX6739987 HTTP/1.1" 200 20024 "-" "Mozilla/5.0 (Linux; Android 6.0.1; Nexus 5X Build/MMB29P) AppleWebKit/537.36 (KHTML, like Gecko) Chrome/135.0.7049.52 Mobile Safari/537.36 (compatible; GoogleOther)"
34.21.118.210 - - [11/Apr/2025:16:17:46 +0000] "GET /category/judicial/feed/ HTTP/1.1" 200 8243 "-" "Mozilla/5.0 (Windows NT 6.3; WOW64; rv:33.0) Gecko/20100101 Firefox/33.0"
66.249.77.67 - - [11/Apr/2025:16:17:54 +0000] "GET /pcmypage?callback=product%2Fdetail%2FSATBH214748826 HTTP/1.1" 200 19020 "-" "Mozilla/5.0 (Linux; Android 6.0.1; Nexus 5X Build/MMB29P) AppleWebKit/537.36 (KHTML, like Gecko) Chrome/135.0.7049.52 Mobile Safari/537.36 (compatible; GoogleOther)"
66.249.77.67 - - [11/Apr/2025:16:17:56 +0000] "GET /pcmypage?callback=product%2Fdetail%2FCSARK81989840 HTTP/1.1" 200 19684 "-" "Mozilla/5.0 (Linux; Android 6.0.1; Nexus 5X Build/MMB29P) AppleWebKit/537.36 (KHTML, like Gecko) Chrome/135.0.7049.52 Mobile Safari/537.36 (compatible; GoogleOther)"
66.249.77.67 - - [11/Apr/2025:16:17:57 +0000] "GET /pcmypage?callback=product%2Fdetail%2FPMR125983982 HTTP/1.1" 200 18849 "-" "Mozilla/5.0 (Linux; Android 6.0.1; Nexus 5X Build/MMB29P) AppleWebKit/537.36 (KHTML, like Gecko) Chrome/135.0.7049.52 Mobile Safari/537.36 (compatible; GoogleOther)"
109.239.229.239 - - [11/Apr/2025:16:17:54 +0000] "GET /category/opinion/ HTTP/1.1" 200 25540 "-" "Mozilla/5.0 (Macintosh; Intel Mac OS X 10_9_2) AppleWebKit/537.75.14 (KHTML, like Gecko) Version/7.0.3 Safari/537.75.14"
109.239.229.239 - - [11/Apr/2025:16:17:54 +0000] "GET / HTTP/1.1" 200 25904 "-" "Mozilla/5.0 (Windows NT 6.1; WOW64) AppleWebKit/537.36 (KHTML, like Gecko) Chrome/35.0.1916.114 Safari/537.36"
170.10.163.108 - - [11/Apr/2025:16:18:04 +0000] "POST /wp-cron.php?doing_wp_cron=1744388284.1692221164703369140625 HTTP/1.1" 200 0 "-" "WordPress/6.7.2; https://www.abranoticias.com"
66.249.77.68 - - [11/Apr/2025:16:18:00 +0000] "GET /pcmypage?callback=product%2Fdetail%2FMHES90173094 HTTP/1.1" 200 21376 "-" "Mozilla/5.0 (Linux; Android 6.0.1; Nexus 5X Build/MMB29P) AppleWebKit/537.36 (KHTML, like Gecko) Chrome/135.0.7049.52 Mobile Safari/537.36 (compatible; GoogleOther)"
109.239.229.239 - - [11/Apr/2025:16:17:54 +0000] "GET /category/mundo/ HTTP/1.1" 200 25504 "-" "Mozilla/5.0 (Windows NT 6.1; WOW64) AppleWebKit/537.36 (KHTML, like Gecko) Chrome/34.0.1847.131 Safari/537.36"
109.239.229.239 - - [11/Apr/2025:16:17:54 +0000] "GET /category/entretenimiento/ HTTP/1.1" 200 25292 "-" "Mozilla/5.0 (Macintosh; Intel Mac OS X 10_9_2) AppleWebKit/537.36 (KHTML, like Gecko) Chrome/34.0.1847.131 Safari/537.36"
109.239.229.239 - - [11/Apr/2025:16:17:54 +0000] "GET /category/noticias/ HTTP/1.1" 200 25055 "-" "Mozilla/5.0 (X11; Linux x86_64; rv:29.0) Gecko/20100101 Firefox/29.0"
109.239.229.239 - - [11/Apr/2025:16:17:54 +0000] "GET /category/region/ HTTP/1.1" 200 24981 "-" "Mozilla/5.0 (X11; Linux x86_64; rv:29.0) Gecko/20100101 Firefox/29.0"
66.249.77.66 - - [11/Apr/2025:16:18:01 +0000] "GET /pcmypage?callback=product%2Fdetail%2FNHQ145428694 HTTP/1.1" 200 19811 "-" "Mozilla/5.0 (Linux; Android 6.0.1; Nexus 5X Build/MMB29P) AppleWebKit/537.36 (KHTML, like Gecko) Chrome/135.0.7049.52 Mobile Safari/537.36 (compatible; GoogleOther)"
66.249.77.66 - - [11/Apr/2025:16:18:03 +0000] "GET /pcmypage?callback=product%2Fdetail%2FCPDKX70838483 HTTP/1.1" 200 18734 "-" "Mozilla/5.0 (Linux; Android 6.0.1; Nexus 5X Build/MMB29P) AppleWebKit/537.36 (KHTML, like Gecko) Chrome/135.0.7049.52 Mobile Safari/537.36 (compatible; GoogleOther)"
66.249.77.66 - - [11/Apr/2025:16:18:09 +0000] "GET /pcmypage?callback=product%2Fdetail%2FSHPOU89592255 HTTP/1.1" 200 18501 "-" "Mozilla/5.0 (Linux; Android 6.0.1; Nexus 5X Build/MMB29P) AppleWebKit/537.36 (KHTML, like Gecko) Chrome/135.0.7049.52 Mobile Safari/537.36 (compatible; GoogleOther)"
66.249.72.70 - - [11/Apr/2025:16:18:12 +0000] "POST /get-message-notify HTTP/1.1" 200 19802 "https://abranoticias.com/380348887.htm" "Mozilla/5.0 (Linux; Android 6.0.1; Nexus 5X Build/MMB29P) AppleWebKit/537.36 (KHTML, like Gecko) Chrome/134.0.6998.165 Mobile Safari/537.36 (compatible; Googlebot/2.1; +http://www.google.com/bot.html)"
66.249.77.66 - - [11/Apr/2025:16:18:12 +0000] "GET /pcmypage?callback=product%2Fdetail%2FLMB32548584 HTTP/1.1" 200 19577 "-" "Mozilla/5.0 (Linux; Android 6.0.1; Nexus 5X Build/MMB29P) AppleWebKit/537.36 (KHTML, like Gecko) Chrome/135.0.7049.52 Mobile Safari/537.36 (compatible; GoogleOther)"
66.249.77.66 - - [11/Apr/2025:16:18:14 +0000] "GET /pcmypage?callback=product%2Fdetail%2FFXPVJ99753251 HTTP/1.1" 200 19917 "-" "Mozilla/5.0 (Linux; Android 6.0.1; Nexus 5X Build/MMB29P) AppleWebKit/537.36 (KHTML, like Gecko) Chrome/135.0.7049.52 Mobile Safari/537.36 (compatible; GoogleOther)"
66.249.77.66 - - [11/Apr/2025:16:18:15 +0000] "GET /pcmypage?callback=product%2Fdetail%2FQKO47199587 HTTP/1.1" 200 18477 "-" "Mozilla/5.0 (Linux; Android 6.0.1; Nexus 5X Build/MMB29P) AppleWebKit/537.36 (KHTML, like Gecko) Chrome/135.0.7049.52 Mobile Safari/537.36 (compatible; GoogleOther)"
40.77.167.0 - - [11/Apr/2025:16:18:16 +0000] "GET /wp-content/uploads/2022/02/pasto-El-Pilar-y-Mridiaz.jpg HTTP/1.1" 200 318585 "-" "Mozilla/5.0 AppleWebKit/537.36 (KHTML, like Gecko; compatible; bingbot/2.0; +http://www.bing.com/bingbot.htm) Chrome/116.0.1938.76 Safari/537.36"
66.249.77.66 - - [11/Apr/2025:16:18:16 +0000] "GET /pcmypage?callback=product%2Fdetail%2FVRPL189439593 HTTP/1.1" 200 21044 "-" "Mozilla/5.0 (Linux; Android 6.0.1; Nexus 5X Build/MMB29P) AppleWebKit/537.36 (KHTML, like Gecko) Chrome/135.0.7049.52 Mobile Safari/537.36 (compatible; GoogleOther)"
170.10.163.108 - - [11/Apr/2025:16:18:20 +0000] "POST /wp-cron.php?doing_wp_cron=1744388300.7376139163970947265625 HTTP/1.1" 200 0 "-" "WordPress/6.7.2; https://www.abranoticias.com"
154.54.249.216 - - [11/Apr/2025:16:18:19 +0000] "GET /tag/trampolin/amp/ HTTP/1.1" 301 0 "-" "Mozilla/5.0 (compatible; Barkrowler/0.9; +https://babbar.tech/crawler)"
66.249.77.69 - - [11/Apr/2025:16:18:04 +0000] "GET /pcmypage?callback=/product%2Fdetail%2FQHK37641857 HTTP/1.1" 200 18451 "-" "Mozilla/5.0 (Linux; Android 6.0.1; Nexus 5X Build/MMB29P) AppleWebKit/537.36 (KHTML, like Gecko) Chrome/135.0.7049.52 Mobile Safari/537.36 (compatible; GoogleOther)"
66.249.77.67 - - [11/Apr/2025:16:18:05 +0000] "GET /pcmypage?callback=product%2Fdetail%2FBZNDH9770193 HTTP/1.1" 200 18139 "-" "Mozilla/5.0 (Linux; Android 6.0.1; Nexus 5X Build/MMB29P) AppleWebKit/537.36 (KHTML, like Gecko) Chrome/135.0.7049.52 Mobile Safari/537.36 (compatible; GoogleOther)"
170.10.163.108 - - [11/Apr/2025:16:18:05 +0000] "POST /wp-admin/admin-ajax.php?action=async_litespeed&nonce=4wnhRAVAJlec72l79m2LEmK6cIyG3mww&litespeed_type=imgoptm HTTP/1.1" 200 5 "-" "WordPress/6.7.2; https://www.abranoticias.com"
170.10.163.108 - - [11/Apr/2025:16:18:05 +0000] "POST /wp-admin/admin-ajax.php?action=async_litespeed&nonce=Xm7FP6bNaWDsVgb0DfCNllHTe3XOvo9H&litespeed_type=imgoptm HTTP/1.1" 200 5 "-" "WordPress/6.7.2; https://www.abranoticias.com"
66.249.77.67 - - [11/Apr/2025:16:18:07 +0000] "GET /pcmypage?callback=product%2Fdetail%2FJAER2717331 HTTP/1.1" 200 20058 "-" "Mozilla/5.0 (Linux; Android 6.0.1; Nexus 5X Build/MMB29P) AppleWebKit/537.36 (KHTML, like Gecko) Chrome/135.0.7049.52 Mobile Safari/537.36 (compatible; GoogleOther)"
66.249.77.67 - - [11/Apr/2025:16:18:08 +0000] "GET /pcmypage?callback=product%2Fdetail%2FEXDLI92741442 HTTP/1.1" 200 21704 "-" "Mozilla/5.0 (Linux; Android 6.0.1; Nexus 5X Build/MMB29P) AppleWebKit/537.36 (KHTML, like Gecko) Chrome/135.0.7049.52 Mobile Safari/537.36 (compatible; GoogleOther)"
66.249.77.67 - - [11/Apr/2025:16:18:11 +0000] "GET /pcmypage?callback=product%2Fdetail%2FGFTW184944633 HTTP/1.1" 200 20703 "-" "Mozilla/5.0 (Linux; Android 6.0.1; Nexus 5X Build/MMB29P) AppleWebKit/537.36 (KHTML, like Gecko) Chrome/135.0.7049.52 Mobile Safari/537.36 (compatible; GoogleOther)"
66.249.77.67 - - [11/Apr/2025:16:18:18 +0000] "GET /pcmypage?callback=product%2Fdetail%2FEMCGB162673240 HTTP/1.1" 200 19617 "-" "Mozilla/5.0 (Linux; Android 6.0.1; Nexus 5X Build/MMB29P) AppleWebKit/537.36 (KHTML, like Gecko) Chrome/135.0.7049.52 Mobile Safari/537.36 (compatible; GoogleOther)"
66.249.77.67 - - [11/Apr/2025:16:18:19 +0000] "GET /pcmypage?callback=product%2Fdetail%2FDKME28620475 HTTP/1.1" 200 20494 "-" "Mozilla/5.0 (Linux; Android 6.0.1; Nexus 5X Build/MMB29P) AppleWebKit/537.36 (KHTML, like Gecko) Chrome/135.0.7049.52 Mobile Safari/537.36 (compatible; GoogleOther)"
66.249.77.67 - - [11/Apr/2025:16:18:22 +0000] "GET /pcmypage?callback=product%2Fdetail%2FJDMG27787011 HTTP/1.1" 200 19420 "-" "Mozilla/5.0 (Linux; Android 6.0.1; Nexus 5X Build/MMB29P) AppleWebKit/537.36 (KHTML, like Gecko) Chrome/135.0.7049.52 Mobile Safari/537.36 (compatible; GoogleOther)"
66.249.77.67 - - [11/Apr/2025:16:18:23 +0000] "GET /pcmypage?callback=product%2Fdetail%2FMNOH80432851 HTTP/1.1" 200 19592 "-" "Mozilla/5.0 (Linux; Android 6.0.1; Nexus 5X Build/MMB29P) AppleWebKit/537.36 (KHTML, like Gecko) Chrome/135.0.7049.52 Mobile Safari/537.36 (compatible; GoogleOther)"
66.249.77.67 - - [11/Apr/2025:16:18:26 +0000] "GET /pcmypage?callback=product%2Fdetail%2FBWZPJ124807563 HTTP/1.1" 200 19737 "-" "Mozilla/5.0 (Linux; Android 6.0.1; Nexus 5X Build/MMB29P) AppleWebKit/537.36 (KHTML, like Gecko) Chrome/135.0.7049.52 Mobile Safari/537.36 (compatible; GoogleOther)"
66.249.77.67 - - [11/Apr/2025:16:18:27 +0000] "GET /pcmypage?callback=product%2Fdetail%2FSXA251251618 HTTP/1.1" 200 23415 "-" "Mozilla/5.0 (Linux; Android 6.0.1; Nexus 5X Build/MMB29P) AppleWebKit/537.36 (KHTML, like Gecko) Chrome/135.0.7049.52 Mobile Safari/537.36 (compatible; GoogleOther)"
66.249.77.67 - - [11/Apr/2025:16:18:28 +0000] "GET /pcmypage?callback=product%2Fdetail%2FJCMD32072131 HTTP/1.1" 200 20541 "-" "Mozilla/5.0 (Linux; Android 6.0.1; Nexus 5X Build/MMB29P) AppleWebKit/537.36 (KHTML, like Gecko) Chrome/135.0.7049.52 Mobile Safari/537.36 (compatible; GoogleOther)"
66.249.77.66 - - [11/Apr/2025:16:17:46 +0000] "GET /pcmypage?callback=/product%2Fdetail%2FWSR60198274 HTTP/1.1" 200 19262 "-" "Mozilla/5.0 (Linux; Android 6.0.1; Nexus 5X Build/MMB29P) AppleWebKit/537.36 (KHTML, like Gecko) Chrome/135.0.7049.52 Mobile Safari/537.36 (compatible; GoogleOther)"
66.249.77.66 - - [11/Apr/2025:16:17:50 +0000] "POST /get-message-notify HTTP/1.1" 200 19383 "https://www.abranoticias.com/pcmypage?callback=/product%2Fdetail%2FORUQP47851497" "Mozilla/5.0 (Linux; Android 6.0.1; Nexus 5X Build/MMB29P) AppleWebKit/537.36 (KHTML, like Gecko) Chrome/134.0.6998.165 Mobile Safari/537.36 (compatible; Googlebot/2.1; +http://www.google.com/bot.html)"
109.239.229.239 - - [11/Apr/2025:16:17:54 +0000] "GET /category/judicial/ HTTP/1.1" 200 25230 "-" "Mozilla/5.0 (Macintosh; Intel Mac OS X 10_9_2) AppleWebKit/537.36 (KHTML, like Gecko) Chrome/34.0.1847.131 Safari/537.36"
109.239.229.239 - - [11/Apr/2025:16:17:54 +0000] "GET /category/deportes/ HTTP/1.1" 200 25618 "-" "Mozilla/5.0 (Windows NT 6.1; WOW64) AppleWebKit/537.36 (KHTML, like Gecko) Chrome/34.0.1847.137 Safari/537.36"
34.217.86.150 - - [11/Apr/2025:16:17:55 +0000] "GET / HTTP/1.1" 200 25904 "-" "Mozilla/5.0 (X11; Ubuntu; Linux x86_64; rv:80.0) Gecko/20100101 Firefox/80.0"
66.249.77.69 - - [11/Apr/2025:16:18:02 +0000] "POST /get-message-notify HTTP/1.1" 200 19385 "https://www.abranoticias.com/pcmypage?callback=product%2Fdetail%2FGXRFZ8911559" "Mozilla/5.0 (Linux; Android 6.0.1; Nexus 5X Build/MMB29P) AppleWebKit/537.36 (KHTML, like Gecko) Chrome/134.0.6998.165 Mobile Safari/537.36 (compatible; Googlebot/2.1; +http://www.google.com/bot.html)"
217.113.194.212 - - [11/Apr/2025:16:18:02 +0000] "GET /tag/saulo-moreno/ HTTP/1.1" 200 22756 "-" "Mozilla/5.0 (compatible; Barkrowler/0.9; +https://babbar.tech/crawler)"
66.249.77.66 - - [11/Apr/2025:16:18:06 +0000] "POST /get-message-notify HTTP/1.1" 200 19383 "https://www.abranoticias.com/pcmypage?callback=product/review/TAYUE36347750" "Mozilla/5.0 (Linux; Android 6.0.1; Nexus 5X Build/MMB29P) AppleWebKit/537.36 (KHTML, like Gecko) Chrome/134.0.6998.165 Mobile Safari/537.36 (compatible; Googlebot/2.1; +http://www.google.com/bot.html)"
66.249.77.66 - - [11/Apr/2025:16:18:14 +0000] "POST /get-message-notify HTTP/1.1" 200 19385 "https://www.abranoticias.com/pcmypage?callback=product%2Fdetail%2FDQKOC4131796" "Mozilla/5.0 (Linux; Android 6.0.1; Nexus 5X Build/MMB29P) AppleWebKit/537.36 (KHTML, like Gecko) Chrome/134.0.6998.165 Mobile Safari/537.36 (compatible; Googlebot/2.1; +http://www.google.com/bot.html)"
66.249.77.66 - - [11/Apr/2025:16:18:18 +0000] "POST /get-message-notify HTTP/1.1" 200 19383 "https://www.abranoticias.com/pcmypage?callback=product%2Fdetail%2FUMXC260797516" "Mozilla/5.0 (Linux; Android 6.0.1; Nexus 5X Build/MMB29P) AppleWebKit/537.36 (KHTML, like Gecko) Chrome/134.0.6998.165 Mobile Safari/537.36 (compatible; Googlebot/2.1; +http://www.google.com/bot.html)"
170.10.163.108 - - [11/Apr/2025:16:18:21 +0000] "POST /wp-admin/admin-ajax.php?action=async_litespeed&nonce=Tj0u9dElFwwWFmpj59WBdG0CODwgYEWZ&litespeed_type=imgoptm HTTP/1.1" 200 5 "-" "WordPress/6.7.2; https://www.abranoticias.com"
66.249.77.67 - - [11/Apr/2025:16:18:26 +0000] "POST /get-message-notify HTTP/1.1" 200 19383 "https://www.abranoticias.com/pcmypage?callback=product%2Fdetail%2FOIMJ114434176" "Mozilla/5.0 (Linux; Android 6.0.1; Nexus 5X Build/MMB29P) AppleWebKit/537.36 (KHTML, like Gecko) Chrome/134.0.6998.165 Mobile Safari/537.36 (compatible; Googlebot/2.1; +http://www.google.com/bot.html)"
66.249.77.67 - - [11/Apr/2025:16:18:30 +0000] "POST /get-message-notify HTTP/1.1" 200 19383 "https://www.abranoticias.com/pcmypage?callback=product%2Fdetail%2FPSCOD121526362" "Mozilla/5.0 (Linux; Android 6.0.1; Nexus 5X Build/MMB29P) AppleWebKit/537.36 (KHTML, like Gecko) Chrome/134.0.6998.165 Mobile Safari/537.36 (compatible; Googlebot/2.1; +http://www.google.com/bot.html)"
66.249.77.66 - - [11/Apr/2025:16:18:20 +0000] "GET /pcmypage?callback=/product%2Fdetail%2FZOCJ82162454 HTTP/1.1" 200 20007 "-" "Mozilla/5.0 (Linux; Android 6.0.1; Nexus 5X Build/MMB29P) AppleWebKit/537.36 (KHTML, like Gecko) Chrome/135.0.7049.52 Mobile Safari/537.36 (compatible; GoogleOther)"
66.249.77.66 - - [11/Apr/2025:16:18:24 +0000] "GET /pcmypage?callback=/product%2Fdetail%2FUEORL65548403 HTTP/1.1" 200 19000 "-" "Mozilla/5.0 (Linux; Android 6.0.1; Nexus 5X Build/MMB29P) AppleWebKit/537.36 (KHTML, like Gecko) Chrome/135.0.7049.52 Mobile Safari/537.36 (compatible; GoogleOther)"
66.249.77.68 - - [11/Apr/2025:16:18:33 +0000] "GET /44346231.shtml HTTP/1.1" 200 21713 "-" "Mozilla/5.0 (Linux; Android 6.0.1; Nexus 5X Build/MMB29P) AppleWebKit/537.36 (KHTML, like Gecko) Chrome/135.0.7049.84 Mobile Safari/537.36 (compatible; Googlebot/2.1; +http://www.google.com/bot.html)"
66.249.77.66 - - [11/Apr/2025:16:18:35 +0000] "GET /pcmypage?callback=product%2Fdetail%2FIAVHL24387240 HTTP/1.1" 200 18088 "-" "Mozilla/5.0 (Linux; Android 6.0.1; Nexus 5X Build/MMB29P) AppleWebKit/537.36 (KHTML, like Gecko) Chrome/135.0.7049.52 Mobile Safari/537.36 (compatible; GoogleOther)"
66.249.77.66 - - [11/Apr/2025:16:18:37 +0000] "GET /pcmypage?callback=product%2Fdetail%2FTMRN152401252 HTTP/1.1" 200 18719 "-" "Mozilla/5.0 (Linux; Android 6.0.1; Nexus 5X Build/MMB29P) AppleWebKit/537.36 (KHTML, like Gecko) Chrome/135.0.7049.52 Mobile Safari/537.36 (compatible; GoogleOther)"
66.249.77.66 - - [11/Apr/2025:16:18:41 +0000] "GET /pcmypage?callback=product%2Fdetail%2FDWLU181217530 HTTP/1.1" 200 18833 "-" "Mozilla/5.0 (Linux; Android 6.0.1; Nexus 5X Build/MMB29P) AppleWebKit/537.36 (KHTML, like Gecko) Chrome/135.0.7049.52 Mobile Safari/537.36 (compatible; GoogleOther)"
66.249.77.66 - - [11/Apr/2025:16:18:42 +0000] "GET /pcmypage?callback=product%2Fdetail%2FCQMF25000704 HTTP/1.1" 200 20572 "-" "Mozilla/5.0 (Linux; Android 6.0.1; Nexus 5X Build/MMB29P) AppleWebKit/537.36 (KHTML, like Gecko) Chrome/135.0.7049.52 Mobile Safari/537.36 (compatible; GoogleOther)"
66.249.77.68 - - [11/Apr/2025:16:18:42 +0000] "GET /272560773.shtml HTTP/1.1" 200 20391 "-" "Mozilla/5.0 (Linux; Android 6.0.1; Nexus 5X Build/MMB29P) AppleWebKit/537.36 (KHTML, like Gecko) Chrome/135.0.7049.52 Mobile Safari/537.36 (compatible; Googlebot/2.1; +http://www.google.com/bot.html)"
66.249.77.66 - - [11/Apr/2025:16:18:44 +0000] "GET /pcmypage?callback=/product%2Fdetail%2FEHGYT82991178 HTTP/1.1" 200 19599 "-" "Mozilla/5.0 (Linux; Android 6.0.1; Nexus 5X Build/MMB29P) AppleWebKit/537.36 (KHTML, like Gecko) Chrome/135.0.7049.52 Mobile Safari/537.36 (compatible; GoogleOther)"
66.249.77.66 - - [11/Apr/2025:16:18:45 +0000] "GET /pcmypage?callback=product%2Fdetail%2FELMA60078155 HTTP/1.1" 200 19092 "-" "Mozilla/5.0 (Linux; Android 6.0.1; Nexus 5X Build/MMB29P) AppleWebKit/537.36 (KHTML, like Gecko) Chrome/135.0.7049.52 Mobile Safari/537.36 (compatible; GoogleOther)"
66.249.77.69 - - [11/Apr/2025:16:18:47 +0000] "POST /get-message-notify HTTP/1.1" 200 19383 "https://www.abranoticias.com/pcmypage?callback=product%2Fdetail%2FYWQPL60021756" "Mozilla/5.0 (Linux; Android 6.0.1; Nexus 5X Build/MMB29P) AppleWebKit/537.36 (KHTML, like Gecko) Chrome/134.0.6998.165 Mobile Safari/537.36 (compatible; Googlebot/2.1; +http://www.google.com/bot.html)"
66.249.77.66 - - [11/Apr/2025:16:18:48 +0000] "GET /pcmypage?callback=product%2Fdetail%2FPINZE15685436 HTTP/1.1" 200 20415 "-" "Mozilla/5.0 (Linux; Android 6.0.1; Nexus 5X Build/MMB29P) AppleWebKit/537.36 (KHTML, like Gecko) Chrome/135.0.7049.52 Mobile Safari/537.36 (compatible; GoogleOther)"
66.249.77.66 - - [11/Apr/2025:16:18:49 +0000] "GET /pcmypage?callback=product%2Fdetail%2FLGP11273722 HTTP/1.1" 200 19284 "-" "Mozilla/5.0 (Linux; Android 6.0.1; Nexus 5X Build/MMB29P) AppleWebKit/537.36 (KHTML, like Gecko) Chrome/135.0.7049.52 Mobile Safari/537.36 (compatible; GoogleOther)"
66.249.77.67 - - [11/Apr/2025:16:18:30 +0000] "GET /pcmypage?callback=product%2Fdetail%2FHIWF11012843 HTTP/1.1" 200 22565 "-" "Mozilla/5.0 (Linux; Android 6.0.1; Nexus 5X Build/MMB29P) AppleWebKit/537.36 (KHTML, like Gecko) Chrome/135.0.7049.52 Mobile Safari/537.36 (compatible; GoogleOther)"
66.249.77.67 - - [11/Apr/2025:16:18:31 +0000] "GET /pcmypage?callback=product%2Fdetail%2FZIQX153144371 HTTP/1.1" 200 20284 "-" "Mozilla/5.0 (Linux; Android 6.0.1; Nexus 5X Build/MMB29P) AppleWebKit/537.36 (KHTML, like Gecko) Chrome/135.0.7049.52 Mobile Safari/537.36 (compatible; GoogleOther)"
66.249.77.67 - - [11/Apr/2025:16:18:33 +0000] "GET /pcmypage?callback=/product%2Fdetail%2FTCMB31129127 HTTP/1.1" 200 19960 "-" "Mozilla/5.0 (Linux; Android 6.0.1; Nexus 5X Build/MMB29P) AppleWebKit/537.36 (KHTML, like Gecko) Chrome/135.0.7049.52 Mobile Safari/537.36 (compatible; GoogleOther)"
66.249.77.67 - - [11/Apr/2025:16:18:34 +0000] "GET /pcmypage?callback=product%2Fdetail%2FKNQW27471603 HTTP/1.1" 200 20879 "-" "Mozilla/5.0 (Linux; Android 6.0.1; Nexus 5X Build/MMB29P) AppleWebKit/537.36 (KHTML, like Gecko) Chrome/135.0.7049.52 Mobile Safari/537.36 (compatible; GoogleOther)"
217.113.194.213 - - [11/Apr/2025:16:18:36 +0000] "GET /tag/defensa-civil/ HTTP/1.1" 200 25589 "-" "Mozilla/5.0 (compatible; Barkrowler/0.9; +https://babbar.tech/crawler)"
66.249.77.67 - - [11/Apr/2025:16:18:38 +0000] "GET /pcmypage?callback=/product%2Fdetail%2FMAC190586469 HTTP/1.1" 200 18130 "-" "Mozilla/5.0 (Linux; Android 6.0.1; Nexus 5X Build/MMB29P) AppleWebKit/537.36 (KHTML, like Gecko) Chrome/135.0.7049.52 Mobile Safari/537.36 (compatible; GoogleOther)"
66.249.77.68 - - [11/Apr/2025:16:18:39 +0000] "GET /pcmypage?callback=product%2Fdetail%2FMWNS57396946 HTTP/1.1" 200 18582 "-" "Mozilla/5.0 (Linux; Android 6.0.1; Nexus 5X Build/MMB29P) AppleWebKit/537.36 (KHTML, like Gecko) Chrome/135.0.7049.52 Mobile Safari/537.36 (compatible; GoogleOther)"
193.228.15.17 - - [11/Apr/2025:16:18:40 +0000] "GET /author/midiariodepasto/page/9/ HTTP/1.1" 200 25379 "-" "Mozilla/5.0 (Macintosh; Intel Mac OS X 10.15; rv:78.0) Gecko/20100101 Firefox/78.0"
66.249.77.69 - - [11/Apr/2025:16:18:46 +0000] "GET /pcmypage?callback=/product%2Fdetail%2FMCAO13942597 HTTP/1.1" 200 19189 "-" "Mozilla/5.0 (Linux; Android 6.0.1; Nexus 5X Build/MMB29P) AppleWebKit/537.36 (KHTML, like Gecko) Chrome/135.0.7049.52 Mobile Safari/537.36 (compatible; GoogleOther)"
66.249.77.69 - - [11/Apr/2025:16:18:52 +0000] "GET /pcmypage?callback=product%2Fdetail%2FXKQ8334094 HTTP/1.1" 200 19284 "-" "Mozilla/5.0 (Linux; Android 6.0.1; Nexus 5X Build/MMB29P) AppleWebKit/537.36 (KHTML, like Gecko) Chrome/135.0.7049.52 Mobile Safari/537.36 (compatible; GoogleOther)"
66.249.77.66 - - [11/Apr/2025:16:18:52 +0000] "POST /get-message-notify HTTP/1.1" 200 19383 "https://www.abranoticias.com/pcmypage?callback=/product%2Fdetail%2FBMTQX6739987" "Mozilla/5.0 (Linux; Android 6.0.1; Nexus 5X Build/MMB29P) AppleWebKit/537.36 (KHTML, like Gecko) Chrome/134.0.6998.165 Mobile Safari/537.36 (compatible; Googlebot/2.1; +http://www.google.com/bot.html)"
170.10.163.108 - - [11/Apr/2025:16:18:53 +0000] "POST /wp-cron.php?doing_wp_cron=1744388333.0463891029357910156250 HTTP/1.1" 200 0 "-" "WordPress/6.7.2; https://www.abranoticias.com"
66.249.77.69 - - [11/Apr/2025:16:18:53 +0000] "GET /pcmypage?callback=product%2Fdetail%2FGKS61236036 HTTP/1.1" 200 21368 "-" "Mozilla/5.0 (Linux; Android 6.0.1; Nexus 5X Build/MMB29P) AppleWebKit/537.36 (KHTML, like Gecko) Chrome/135.0.7049.52 Mobile Safari/537.36 (compatible; GoogleOther)"
66.249.77.66 - - [11/Apr/2025:16:18:57 +0000] "POST /get-message-notify HTTP/1.1" 200 19383 "https://www.abranoticias.com/pcmypage?callback=product%2Fdetail%2FMNOH80432851" "Mozilla/5.0 (Linux; Android 6.0.1; Nexus 5X Build/MMB29P) AppleWebKit/537.36 (KHTML, like Gecko) Chrome/134.0.6998.165 Mobile Safari/537.36 (compatible; Googlebot/2.1; +http://www.google.com/bot.html)"
66.249.77.66 - - [11/Apr/2025:16:18:50 +0000] "GET /pcmypage?callback=product%2Fdetail%2FJCPX29538854 HTTP/1.1" 200 19263 "-" "Mozilla/5.0 (Linux; Android 6.0.1; Nexus 5X Build/MMB29P) AppleWebKit/537.36 (KHTML, like Gecko) Chrome/135.0.7049.52 Mobile Safari/537.36 (compatible; GoogleOther)"
217.113.194.213 - - [11/Apr/2025:16:18:52 +0000] "GET /tag/defensa-cicil/ HTTP/1.1" 200 22745 "-" "Mozilla/5.0 (compatible; Barkrowler/0.9; +https://babbar.tech/crawler)"
66.249.77.66 - - [11/Apr/2025:16:18:55 +0000] "GET /pcmypage?callback=/product%2Fdetail%2FMVFW36462085 HTTP/1.1" 200 19621 "-" "Mozilla/5.0 (Linux; Android 6.0.1; Nexus 5X Build/MMB29P) AppleWebKit/537.36 (KHTML, like Gecko) Chrome/135.0.7049.52 Mobile Safari/537.36 (compatible; GoogleOther)"
66.249.77.66 - - [11/Apr/2025:16:18:57 +0000] "GET /pcmypage?callback=product%2Fdetail%2FBFMVZ48393318 HTTP/1.1" 200 20133 "-" "Mozilla/5.0 (Linux; Android 6.0.1; Nexus 5X Build/MMB29P) AppleWebKit/537.36 (KHTML, like Gecko) Chrome/135.0.7049.52 Mobile Safari/537.36 (compatible; GoogleOther)"
66.249.77.68 - - [11/Apr/2025:16:18:59 +0000] "GET /pcmypage?callback=product%2Fdetail%2FKRJ75369092 HTTP/1.1" 200 19511 "-" "Mozilla/5.0 (Linux; Android 6.0.1; Nexus 5X Build/MMB29P) AppleWebKit/537.36 (KHTML, like Gecko) Chrome/135.0.7049.52 Mobile Safari/537.36 (compatible; GoogleOther)"
66.249.77.70 - - [11/Apr/2025:16:18:59 +0000] "GET /115227865.shtml HTTP/1.1" 200 18638 "-" "Mozilla/5.0 (Linux; Android 6.0.1; Nexus 5X Build/MMB29P) AppleWebKit/537.36 (KHTML, like Gecko) Chrome/135.0.7049.84 Mobile Safari/537.36 (compatible; Googlebot/2.1; +http://www.google.com/bot.html)"
66.249.77.70 - - [11/Apr/2025:16:19:00 +0000] "GET /pcmypage?callback=product%2Fdetail%2FQNR63563696 HTTP/1.1" 200 19756 "-" "Mozilla/5.0 (Linux; Android 6.0.1; Nexus 5X Build/MMB29P) AppleWebKit/537.36 (KHTML, like Gecko) Chrome/135.0.7049.52 Mobile Safari/537.36 (compatible; GoogleOther)"
66.249.77.66 - - [11/Apr/2025:16:19:01 +0000] "GET /pcmypage?callback=product%2Fdetail%2FJVH48716571 HTTP/1.1" 200 20041 "-" "Mozilla/5.0 (Linux; Android 6.0.1; Nexus 5X Build/MMB29P) AppleWebKit/537.36 (KHTML, like Gecko) Chrome/135.0.7049.52 Mobile Safari/537.36 (compatible; GoogleOther)"
66.249.77.68 - - [11/Apr/2025:16:19:03 +0000] "GET /pcmypage?callback=/product%2Fdetail%2FMGY19995462 HTTP/1.1" 200 18894 "-" "Mozilla/5.0 (Linux; Android 6.0.1; Nexus 5X Build/MMB29P) AppleWebKit/537.36 (KHTML, like Gecko) Chrome/135.0.7049.52 Mobile Safari/537.36 (compatible; GoogleOther)"
66.249.77.68 - - [11/Apr/2025:16:19:04 +0000] "GET /28012871.shtml HTTP/1.1" 200 19050 "-" "Mozilla/5.0 (Linux; Android 6.0.1; Nexus 5X Build/MMB29P) AppleWebKit/537.36 (KHTML, like Gecko) Chrome/135.0.7049.52 Mobile Safari/537.36 (compatible; GoogleOther)"
66.249.77.66 - - [11/Apr/2025:16:19:05 +0000] "GET /pcmypage?callback=product%2Fdetail%2FMLJY142997562 HTTP/1.1" 200 19553 "-" "Mozilla/5.0 (Linux; Android 6.0.1; Nexus 5X Build/MMB29P) AppleWebKit/537.36 (KHTML, like Gecko) Chrome/135.0.7049.52 Mobile Safari/537.36 (compatible; GoogleOther)"
66.249.77.68 - - [11/Apr/2025:16:19:07 +0000] "GET /pcmypage?callback=product%2Fdetail%2FWGS39891866 HTTP/1.1" 200 22713 "-" "Mozilla/5.0 (Linux; Android 6.0.1; Nexus 5X Build/MMB29P) AppleWebKit/537.36 (KHTML, like Gecko) Chrome/135.0.7049.52 Mobile Safari/537.36 (compatible; GoogleOther)"
66.249.77.66 - - [11/Apr/2025:16:19:08 +0000] "GET /pcmypage?callback=product%2Fdetail%2FRHCW15638242 HTTP/1.1" 200 18862 "-" "Mozilla/5.0 (Linux; Android 6.0.1; Nexus 5X Build/MMB29P) AppleWebKit/537.36 (KHTML, like Gecko) Chrome/135.0.7049.52 Mobile Safari/537.36 (compatible; GoogleOther)"
