154.83.103.115 - - [11/Apr/2025:15:41:36 +0000] "GET /?file=http%3A%2F%2F169.254.169.254%2Flatest%2Fuser-data HTTP/1.1" 200 25906 "-" "Mozilla/5.0 (Windows NT 10.0; Win64; x64) AppleWebKit/537.36 (KHTML, like Gecko) Chrome/91.0.4472.124 Safari/537.36"
154.83.103.115 - - [11/Apr/2025:15:41:44 +0000] "GET /?file=file:///var/www/html/.env HTTP/1.1" 301 0 "-" "Mozilla/5.0 (Windows NT 10.0; Win64; x64) AppleWebKit/537.36 (KHTML, like Gecko) Chrome/91.0.4472.124 Safari/537.36"
217.113.194.221 - - [11/Apr/2025:15:41:48 +0000] "GET /category/region/page/5/ HTTP/1.1" 200 25486 "-" "Mozilla/5.0 (compatible; Barkrowler/0.9; +https://babbar.tech/crawler)"
191.156.4.53 - - [11/Apr/2025:15:41:53 +0000] "GET /2025/04/11/en-sandona-allanaron-5-viviendas-este-seria-el-delito/?fbclid=IwZXh0bgNhZW0CMTEAAR6NopByDgmEV2NVTQHZDEPu8_qXqYM0N70SOf6au54fdyloXPF1AT6xcFCCgw_aem_MVIrsk8Apyl25XsHnXTxIA HTTP/1.1" 200 24349 "http://m.facebook.com/" "Mozilla/5.0 (Linux; Android 10; PPA-LX3 Build/HUAWEIPPA-LX3; wv) AppleWebKit/537.36 (KHTML, like Gecko) Version/4.0 Chrome/92.0.4515.105 Mobile Safari/537.36[FBAN/EMA;FBLC/es_LA;FBAV/382.0.0.11.115;]"
191.156.4.53 - - [11/Apr/2025:15:41:59 +0000] "GET /favicon.ico HTTP/1.1" 404 1251 "https://www.abranoticias.com/2025/04/11/en-sandona-allanaron-5-viviendas-este-seria-el-delito/?fbclid=IwZXh0bgNhZW0CMTEAAR6NopByDgmEV2NVTQHZDEPu8_qXqYM0N70SOf6au54fdyloXPF1AT6xcFCCgw_aem_MVIrsk8Apyl25XsHnXTxIA" "Mozilla/5.0 (Linux; Android 10; PPA-LX3 Build/HUAWEIPPA-LX3; wv) AppleWebKit/537.36 (KHTML, like Gecko) Version/4.0 Chrome/92.0.4515.105 Mobile Safari/537.36[FBAN/EMA;FBLC/es_LA;FBAV/382.0.0.11.115;]"
190.130.107.22 - - [11/Apr/2025:15:41:58 +0000] "GET /2025/04/10/que-asco-ser-pobres-frase-clasistas-y-ofensiva-de-universitarias-en-pasto/?fbclid=IwY2xjawJmF5ZleHRuA2FlbQIxMQABHu7lsUAO8qxlMi7I1652IAJyisfcPNadzjtnB5pPri8N9AeflPW_Irgiv490_aem_I12iUJdPPfBp1thobYKUtg HTTP/1.1" 200 24298 "https://lm.facebook.com/" "Mozilla/5.0 (Linux; Android 14; CPH2641 Build/UP1A.231005.007; wv) AppleWebKit/537.36 (KHTML, like Gecko) Version/4.0 Chrome/135.0.7049.49 Mobile Safari/537.36 [FB_IAB/FB4A;FBAV/507.0.0.66.49;IABMV/1;]"
186.148.182.162 - - [11/Apr/2025:15:42:01 +0000] "GET /favicon.ico HTTP/1.1" 404 1251 "https://www.abranoticias.com/2025/04/09/sicario-acuso-a-mujer-de-haber-enviado-a-matar-a-su-esposo/?fbclid=IwY2xjawJmF4tleHRuA2FlbQIxMQABHuMGhRYhA067cYY0-xlru9EDEuyk-C3YHNvFcOYwgZ12fsRGgGuO8GvCfcrh_aem_WFC3mEuqY24ErNDv3hRvqQ" "Mozilla/5.0 (Linux; Android 7.1.1; SM-J250M Build/NMF26X; wv) AppleWebKit/537.36 (KHTML, like Gecko) Version/4.0 Chrome/119.0.6045.193 Mobile Safari/537.36 [FB_IAB/FB4A;FBAV/436.0.0.35.101;]"
190.130.107.22 - - [11/Apr/2025:15:42:03 +0000] "GET /favicon.ico HTTP/1.1" 404 1251 "https://www.abranoticias.com/2025/04/10/que-asco-ser-pobres-frase-clasistas-y-ofensiva-de-universitarias-en-pasto/?fbclid=IwY2xjawJmF5ZleHRuA2FlbQIxMQABHu7lsUAO8qxlMi7I1652IAJyisfcPNadzjtnB5pPri8N9AeflPW_Irgiv490_aem_I12iUJdPPfBp1thobYKUtg" "Mozilla/5.0 (Linux; Android 14; CPH2641 Build/UP1A.231005.007; wv) AppleWebKit/537.36 (KHTML, like Gecko) Version/4.0 Chrome/135.0.7049.49 Mobile Safari/537.36 [FB_IAB/FB4A;FBAV/507.0.0.66.49;IABMV/1;]"
217.113.194.213 - - [11/Apr/2025:15:42:05 +0000] "GET /category/region/page/6/ HTTP/1.1" 200 25493 "-" "Mozilla/5.0 (compatible; Barkrowler/0.9; +https://babbar.tech/crawler)"
54.202.165.28 - - [11/Apr/2025:15:42:26 +0000] "GET / HTTP/1.1" 200 25904 "-" "Mozilla/5.0 (X11; Ubuntu; Linux x86_64; rv:80.0) Gecko/20100101 Firefox/80.0"
154.83.103.115 - - [11/Apr/2025:15:42:27 +0000] "GET /?file=file%3A%2F%2F%2Fvar%2Fwww%2Fhtml%2Fconfig.json HTTP/1.1" 200 25904 "-" "Mozilla/5.0 (Windows NT 10.0; Win64; x64) AppleWebKit/537.36 (KHTML, like Gecko) Chrome/91.0.4472.124 Safari/537.36"
154.83.103.115 - - [11/Apr/2025:15:42:30 +0000] "GET /?file=file:///var/www/html/settings.json HTTP/1.1" 301 0 "-" "Mozilla/5.0 (Windows NT 10.0; Win64; x64) AppleWebKit/537.36 (KHTML, like Gecko) Chrome/91.0.4472.124 Safari/537.36"
154.83.103.115 - - [11/Apr/2025:15:42:41 +0000] "GET /?file=file%3A%2F%2F%2Fvar%2Fwww%2Fhtml%2Fsettings.json HTTP/1.1" 200 25904 "-" "Mozilla/5.0 (Windows NT 10.0; Win64; x64) AppleWebKit/537.36 (KHTML, like Gecko) Chrome/91.0.4472.124 Safari/537.36"
154.83.103.115 - - [11/Apr/2025:15:42:47 +0000] "GET /?file=file:///var/www/html/.htaccess HTTP/1.1" 301 0 "-" "Mozilla/5.0 (Windows NT 10.0; Win64; x64) AppleWebKit/537.36 (KHTML, like Gecko) Chrome/91.0.4472.124 Safari/537.36"
154.83.103.115 - - [11/Apr/2025:15:42:49 +0000] "GET /?file=file%3A%2F%2F%2Fvar%2Fwww%2Fhtml%2F.htaccess HTTP/1.1" 200 25904 "-" "Mozilla/5.0 (Windows NT 10.0; Win64; x64) AppleWebKit/537.36 (KHTML, like Gecko) Chrome/91.0.4472.124 Safari/537.36"
154.83.103.115 - - [11/Apr/2025:15:40:27 +0000] "GET /?file=/var/www/html/config.js HTTP/1.1" 301 0 "-" "Mozilla/5.0 (Windows NT 10.0; Win64; x64) AppleWebKit/537.36 (KHTML, like Gecko) Chrome/91.0.4472.124 Safari/537.36"
154.83.103.115 - - [11/Apr/2025:15:40:29 +0000] "GET /?file=%2Fvar%2Fwww%2Fhtml%2Fconfig.js HTTP/1.1" 200 25904 "-" "Mozilla/5.0 (Windows NT 10.0; Win64; x64) AppleWebKit/537.36 (KHTML, like Gecko) Chrome/91.0.4472.124 Safari/537.36"
207.46.13.126 - - [11/Apr/2025:15:40:32 +0000] "GET /2021/06/13/en-pasto-hallan-cuerpo-de-joven-desaparecido-en-volcan-galeras/ HTTP/1.1" 200 20321 "-" "Mozilla/5.0 AppleWebKit/537.36 (KHTML, like Gecko; compatible; bingbot/2.0; +http://www.bing.com/bingbot.htm) Chrome/116.0.1938.76 Safari/537.36"
207.46.13.126 - - [11/Apr/2025:15:40:34 +0000] "GET /2021/06/14/chachagui-incomunicado-por-via-tapada-por-un-derrumbe/ HTTP/1.1" 200 19828 "-" "Mozilla/5.0 AppleWebKit/537.36 (KHTML, like Gecko; compatible; bingbot/2.0; +http://www.bing.com/bingbot.htm) Chrome/116.0.1938.76 Safari/537.36"
170.10.163.108 - - [11/Apr/2025:15:40:40 +0000] "POST /wp-cron.php?doing_wp_cron=1744386040.9514899253845214843750 HTTP/1.1" 200 0 "-" "WordPress/6.7.2; https://www.abranoticias.com"
109.239.229.239 - - [11/Apr/2025:15:40:44 +0000] "GET /category/deportes/ HTTP/1.1" 200 25618 "-" "Mozilla/5.0 (Macintosh; Intel Mac OS X 10_9_2) AppleWebKit/537.36 (KHTML, like Gecko) Chrome/34.0.1847.131 Safari/537.36"
170.10.163.108 - - [11/Apr/2025:15:40:50 +0000] "POST /wp-cron.php?doing_wp_cron=1744386050.0456519126892089843750 HTTP/1.1" 200 0 "-" "WordPress/6.7.2; https://www.abranoticias.com"
109.239.229.239 - - [11/Apr/2025:15:40:44 +0000] "GET /category/noticias/ HTTP/1.1" 200 25055 "-" "Mozilla/5.0 (Macintosh; Intel Mac OS X 10_9_2) AppleWebKit/537.36 (KHTML, like Gecko) Chrome/34.0.1847.131 Safari/537.36"
66.249.77.69 - - [11/Apr/2025:15:41:09 +0000] "GET /2023/10/05/en-tumaco-desarticularon-presunta-banda-los-domiciliarios-los-acusan-de-vender-droga/ HTTP/1.1" 200 18788 "-" "Mozilla/5.0 (Linux; Android 6.0.1; Nexus 5X Build/MMB29P) AppleWebKit/537.36 (KHTML, like Gecko) Chrome/135.0.7049.52 Mobile Safari/537.36 (compatible; Googlebot/2.1; +http://www.google.com/bot.html)"
217.113.194.217 - - [11/Apr/2025:15:41:15 +0000] "GET /category/region/page/2/ HTTP/1.1" 200 25177 "-" "Mozilla/5.0 (compatible; Barkrowler/0.9; +https://babbar.tech/crawler)"
193.47.239.115 - - [11/Apr/2025:15:41:24 +0000] "GET /author/midiariodepasto/page/8/ HTTP/1.1" 200 25324 "-" "Mozilla/5.0 (Macintosh; Intel Mac OS X 10.15; rv:78.0) Gecko/20100101 Firefox/78.0"
170.10.163.108 - - [11/Apr/2025:15:41:45 +0000] "POST /wp-cron.php?doing_wp_cron=1744386105.5560259819030761718750 HTTP/1.1" 200 0 "-" "WordPress/6.7.2; https://www.abranoticias.com"
154.83.103.115 - - [11/Apr/2025:15:42:02 +0000] "GET /?file=file%3A%2F%2F%2Fvar%2Fwww%2Fhtml%2F.env HTTP/1.1" 200 25904 "-" "Mozilla/5.0 (Windows NT 10.0; Win64; x64) AppleWebKit/537.36 (KHTML, like Gecko) Chrome/91.0.4472.124 Safari/537.36"
154.83.103.115 - - [11/Apr/2025:15:42:09 +0000] "GET /?file=file:///var/www/html/config.json HTTP/1.1" 301 0 "-" "Mozilla/5.0 (Windows NT 10.0; Win64; x64) AppleWebKit/537.36 (KHTML, like Gecko) Chrome/91.0.4472.124 Safari/537.36"
68.65.122.90 - - [11/Apr/2025:15:42:04 +0000] "POST /wp-login.php HTTP/1.1" 200 0 "https://www.abranoticias.com" "Mozilla/5.0 (Windows NT 10.0; Win64; x64) AppleWebKit/537.36 (KHTML, like Gecko) Chrome/115.0.5790.171 Safari/537.36 Edg/115.0.1901.203"
193.47.239.33 - - [11/Apr/2025:15:42:16 +0000] "GET /category/entretenimiento/ HTTP/1.1" 200 25294 "-" "Mozilla/5.0 (Macintosh; Intel Mac OS X 10.15; rv:78.0) Gecko/20100101 Firefox/78.0"
217.113.194.220 - - [11/Apr/2025:15:42:21 +0000] "GET /category/region/page/12/ HTTP/1.1" 200 25761 "-" "Mozilla/5.0 (compatible; Barkrowler/0.9; +https://babbar.tech/crawler)"
217.113.194.212 - - [11/Apr/2025:15:42:54 +0000] "GET /category/region/page/4/ HTTP/1.1" 200 25642 "-" "Mozilla/5.0 (compatible; Barkrowler/0.9; +https://babbar.tech/crawler)"
186.148.182.162 - - [11/Apr/2025:15:41:48 +0000] "GET /2025/04/09/sicario-acuso-a-mujer-de-haber-enviado-a-matar-a-su-esposo/?fbclid=IwY2xjawJmF4tleHRuA2FlbQIxMQABHuMGhRYhA067cYY0-xlru9EDEuyk-C3YHNvFcOYwgZ12fsRGgGuO8GvCfcrh_aem_WFC3mEuqY24ErNDv3hRvqQ HTTP/1.1" 200 24376 "https://lm.facebook.com/" "Mozilla/5.0 (Linux; Android 7.1.1; SM-J250M Build/NMF26X; wv) AppleWebKit/537.36 (KHTML, like Gecko) Version/4.0 Chrome/119.0.6045.193 Mobile Safari/537.36 [FB_IAB/FB4A;FBAV/436.0.0.35.101;]"
170.10.163.108 - - [11/Apr/2025:15:42:06 +0000] "POST /wp-cron.php?doing_wp_cron=1744386126.2391140460968017578125 HTTP/1.1" 200 0 "-" "WordPress/6.7.2; https://www.abranoticias.com"
170.10.163.108 - - [11/Apr/2025:15:42:06 +0000] "POST /wp-admin/admin-ajax.php?action=async_litespeed&nonce=JQGvcimmHVvyW1SWzaHHKV4OD3pbgnig&litespeed_type=imgoptm HTTP/1.1" 200 5 "-" "WordPress/6.7.2; https://www.abranoticias.com"
170.10.163.108 - - [11/Apr/2025:15:42:15 +0000] "POST /wp-cron.php?doing_wp_cron=1744386135.1295979022979736328125 HTTP/1.1" 200 0 "-" "WordPress/6.7.2; https://www.abranoticias.com"
217.113.194.216 - - [11/Apr/2025:15:42:38 +0000] "GET /category/region/page/3/ HTTP/1.1" 200 25391 "-" "Mozilla/5.0 (compatible; Barkrowler/0.9; +https://babbar.tech/crawler)"
5.161.220.112 - - [11/Apr/2025:15:42:57 +0000] "GET /category/imagenes/ HTTP/1.1" 200 25121 "https://www.google.com/" "Mozilla/5.0 (compatible; Paqlebot/2.0; +http://www.paqle.dk/about/paqlebot)"
66.249.77.68 - - [11/Apr/2025:15:43:05 +0000] "GET /207147179.shtml HTTP/1.1" 200 18792 "-" "Mozilla/5.0 (Linux; Android 6.0.1; Nexus 5X Build/MMB29P) AppleWebKit/537.36 (KHTML, like Gecko) Chrome/135.0.7049.84 Mobile Safari/537.36 (compatible; Googlebot/2.1; +http://www.google.com/bot.html)"
154.83.103.115 - - [11/Apr/2025:15:43:05 +0000] "GET /?target=/etc/environment HTTP/1.1" 301 0 "-" "Mozilla/5.0 (Windows NT 10.0; Win64; x64) AppleWebKit/537.36 (KHTML, like Gecko) Chrome/91.0.4472.124 Safari/537.36"
154.83.103.115 - - [11/Apr/2025:15:43:09 +0000] "GET /?target=%2Fetc%2Fenvironment HTTP/1.1" 200 25905 "-" "Mozilla/5.0 (Windows NT 10.0; Win64; x64) AppleWebKit/537.36 (KHTML, like Gecko) Chrome/91.0.4472.124 Safari/537.36"
217.113.194.213 - - [11/Apr/2025:15:43:10 +0000] "GET /category/deportes/page/2/ HTTP/1.1" 200 25647 "-" "Mozilla/5.0 (compatible; Barkrowler/0.9; +https://babbar.tech/crawler)"
154.83.103.115 - - [11/Apr/2025:15:43:12 +0000] "GET /?target=/var/www/html/.env HTTP/1.1" 301 0 "-" "Mozilla/5.0 (Windows NT 10.0; Win64; x64) AppleWebKit/537.36 (KHTML, like Gecko) Chrome/91.0.4472.124 Safari/537.36"
154.83.103.115 - - [11/Apr/2025:15:43:15 +0000] "GET /?target=%2Fvar%2Fwww%2Fhtml%2F.env HTTP/1.1" 200 25906 "-" "Mozilla/5.0 (Windows NT 10.0; Win64; x64) AppleWebKit/537.36 (KHTML, like Gecko) Chrome/91.0.4472.124 Safari/537.36"
154.83.103.115 - - [11/Apr/2025:15:43:17 +0000] "GET /?target=/var/www/.env HTTP/1.1" 301 0 "-" "Mozilla/5.0 (Windows NT 10.0; Win64; x64) AppleWebKit/537.36 (KHTML, like Gecko) Chrome/91.0.4472.124 Safari/537.36"
154.83.103.115 - - [11/Apr/2025:15:43:19 +0000] "GET /?target=%2Fvar%2Fwww%2F.env HTTP/1.1" 200 25904 "-" "Mozilla/5.0 (Windows NT 10.0; Win64; x64) AppleWebKit/537.36 (KHTML, like Gecko) Chrome/91.0.4472.124 Safari/537.36"
154.83.103.115 - - [11/Apr/2025:15:43:21 +0000] "GET /?target=/www/.env HTTP/1.1" 301 0 "-" "Mozilla/5.0 (Windows NT 10.0; Win64; x64) AppleWebKit/537.36 (KHTML, like Gecko) Chrome/91.0.4472.124 Safari/537.36"
154.83.103.115 - - [11/Apr/2025:15:43:23 +0000] "GET /?target=%2Fwww%2F.env HTTP/1.1" 200 25903 "-" "Mozilla/5.0 (Windows NT 10.0; Win64; x64) AppleWebKit/537.36 (KHTML, like Gecko) Chrome/91.0.4472.124 Safari/537.36"
154.83.103.115 - - [11/Apr/2025:15:43:24 +0000] "GET /?target=/app/.env HTTP/1.1" 301 0 "-" "Mozilla/5.0 (Windows NT 10.0; Win64; x64) AppleWebKit/537.36 (KHTML, like Gecko) Chrome/91.0.4472.124 Safari/537.36"
154.83.103.115 - - [11/Apr/2025:15:43:26 +0000] "GET /?target=%2Fapp%2F.env HTTP/1.1" 200 25905 "-" "Mozilla/5.0 (Windows NT 10.0; Win64; x64) AppleWebKit/537.36 (KHTML, like Gecko) Chrome/91.0.4472.124 Safari/537.36"
217.113.194.216 - - [11/Apr/2025:15:43:27 +0000] "GET /category/deportes/feed/ HTTP/1.1" 200 11768 "-" "Mozilla/5.0 (compatible; Barkrowler/0.9; +https://babbar.tech/crawler)"
154.83.103.115 - - [11/Apr/2025:15:43:37 +0000] "GET /?target=/config/.env HTTP/1.1" 301 0 "-" "Mozilla/5.0 (Windows NT 10.0; Win64; x64) AppleWebKit/537.36 (KHTML, like Gecko) Chrome/91.0.4472.124 Safari/537.36"
154.83.103.115 - - [11/Apr/2025:15:43:40 +0000] "GET /?target=%2Fconfig%2F.env HTTP/1.1" 200 25906 "-" "Mozilla/5.0 (Windows NT 10.0; Win64; x64) AppleWebKit/537.36 (KHTML, like Gecko) Chrome/91.0.4472.124 Safari/537.36"
170.10.163.108 - - [11/Apr/2025:15:43:44 +0000] "POST /wp-cron.php?doing_wp_cron=1744386224.0719399452209472656250 HTTP/1.1" 200 0 "-" "WordPress/6.7.2; https://www.abranoticias.com"
154.83.103.115 - - [11/Apr/2025:15:43:43 +0000] "GET /?target=/home/user/.env HTTP/1.1" 301 0 "-" "Mozilla/5.0 (Windows NT 10.0; Win64; x64) AppleWebKit/537.36 (KHTML, like Gecko) Chrome/91.0.4472.124 Safari/537.36"
217.113.194.219 - - [11/Apr/2025:15:43:43 +0000] "GET /category/deportes/page/4/ HTTP/1.1" 200 25178 "-" "Mozilla/5.0 (compatible; Barkrowler/0.9; +https://babbar.tech/crawler)"
154.83.103.115 - - [11/Apr/2025:15:43:47 +0000] "GET /?target=%2Fhome%2Fuser%2F.env HTTP/1.1" 200 25906 "-" "Mozilla/5.0 (Windows NT 10.0; Win64; x64) AppleWebKit/537.36 (KHTML, like Gecko) Chrome/91.0.4472.124 Safari/537.36"
66.249.77.68 - - [11/Apr/2025:15:43:48 +0000] "POST /get-message-notify HTTP/1.1" 200 19385 "https://www.abranoticias.com/category/noticias/" "Mozilla/5.0 AppleWebKit/537.36 (KHTML, like Gecko; compatible; Googlebot/2.1; +http://www.google.com/bot.html) Chrome/134.0.6998.165 Safari/537.36"
154.83.103.115 - - [11/Apr/2025:15:43:50 +0000] "GET /?target=/var/www/html/config.json HTTP/1.1" 301 0 "-" "Mozilla/5.0 (Windows NT 10.0; Win64; x64) AppleWebKit/537.36 (KHTML, like Gecko) Chrome/91.0.4472.124 Safari/537.36"
154.83.103.115 - - [11/Apr/2025:15:43:56 +0000] "GET /?target=%2Fvar%2Fwww%2Fhtml%2Fconfig.json HTTP/1.1" 200 25906 "-" "Mozilla/5.0 (Windows NT 10.0; Win64; x64) AppleWebKit/537.36 (KHTML, like Gecko) Chrome/91.0.4472.124 Safari/537.36"
176.57.207.103 - - [11/Apr/2025:15:43:56 +0000] "GET /2025/04/11/en-sandona-allanaron-5-viviendas-este-seria-el-delito/?fbclid=IwZXh0bgNhZW0CMTEAAR67HSyRQBr5xbARxByzbrQoox_FhzFLmd3kAc7c9iOTJWiMFolMm9tucJloAw_aem_WaTzA-C0pJgBMVi_1t-lpw HTTP/1.1" 200 24349 "http://m.facebook.com/" "Mozilla/5.0 (Linux; Android 14; 2109119DG Build/UKQ1.231108.001; wv) AppleWebKit/537.36 (KHTML, like Gecko) Version/4.0 Chrome/134.0.6998.135 Mobile Safari/537.36[FBAN/EMA;FBLC/es_LA;FBAV/453.0.0.18.113;FBCX/modulariab;]"
154.83.103.115 - - [11/Apr/2025:15:43:59 +0000] "GET /?target=/var/www/config.json HTTP/1.1" 301 0 "-" "Mozilla/5.0 (Windows NT 10.0; Win64; x64) AppleWebKit/537.36 (KHTML, like Gecko) Chrome/91.0.4472.124 Safari/537.36"
217.113.194.213 - - [11/Apr/2025:15:44:00 +0000] "GET /category/deportes/page/3/ HTTP/1.1" 200 25399 "-" "Mozilla/5.0 (compatible; Barkrowler/0.9; +https://babbar.tech/crawler)"
191.106.209.68 - - [11/Apr/2025:15:44:06 +0000] "GET /2025/04/11/en-sandona-allanaron-5-viviendas-este-seria-el-delito/?fbclid=IwY2xjawJmGBVleHRuA2FlbQIxMQABHi3VmeUuhf6uyUN9RvHZDbNcM5WKTt3bGXIEHYO_90_klHYSqdFKaEaHLnJI_aem_0rOYIJDi7UpVYg8mm88MFQ HTTP/1.1" 200 24349 "https://lm.facebook.com/" "Mozilla/5.0 (Linux; Android 12; SM-A315G Build/SP1A.210812.016; wv) AppleWebKit/537.36 (KHTML, like Gecko) Version/4.0 Chrome/135.0.7049.49 Mobile Safari/537.36 [FB_IAB/FB4A;FBAV/507.0.0.66.49;IABMV/1;]"
170.10.163.108 - - [11/Apr/2025:15:44:07 +0000] "POST /wp-admin/admin-ajax.php?action=async_litespeed&nonce=8ED7vmg70enQ76hEAm983RiPWoXCjot6&litespeed_type=imgoptm HTTP/1.1" 200 5 "-" "WordPress/6.7.2; https://www.abranoticias.com"
193.228.14.68 - - [11/Apr/2025:15:42:58 +0000] "GET /author/midiariodepasto/page/2/ HTTP/1.1" 200 25147 "-" "Mozilla/5.0 (Macintosh; Intel Mac OS X 10.15; rv:78.0) Gecko/20100101 Firefox/78.0"
170.10.163.108 - - [11/Apr/2025:15:43:16 +0000] "POST /wp-cron.php?doing_wp_cron=1744386196.2687420845031738281250 HTTP/1.1" 200 0 "-" "WordPress/6.7.2; https://www.abranoticias.com"
66.249.77.68 - - [11/Apr/2025:15:43:32 +0000] "GET /category/noticias/ HTTP/1.1" 200 19567 "-" "Mozilla/5.0 (compatible; Googlebot/2.1; +http://www.google.com/bot.html)"
170.10.163.108 - - [11/Apr/2025:15:43:41 +0000] "POST /wp-cron.php?doing_wp_cron=1744386221.3884620666503906250000 HTTP/1.1" 200 0 "-" "WordPress/6.7.2; https://www.abranoticias.com"
66.249.77.70 - - [11/Apr/2025:15:44:05 +0000] "GET /126356217.shtml HTTP/1.1" 200 20178 "-" "Mozilla/5.0 (Linux; Android 6.0.1; Nexus 5X Build/MMB29P) AppleWebKit/537.36 (KHTML, like Gecko) Chrome/135.0.7049.84 Mobile Safari/537.36 (compatible; Googlebot/2.1; +http://www.google.com/bot.html)"
170.10.163.108 - - [11/Apr/2025:15:44:06 +0000] "POST /wp-cron.php?doing_wp_cron=1744386246.9490010738372802734375 HTTP/1.1" 200 0 "-" "WordPress/6.7.2; https://www.abranoticias.com"
2a03:2880:22ff:73:: - - [11/Apr/2025:15:44:07 +0000] "GET /2023/06/04/en-pasto-desconocidos-mataron-a-un-hombre-en-su-casa/ HTTP/1.1" 200 24779 "-" "facebookexternalhit/1.1 (+http://www.facebook.com/externalhit_uatext.php)"
191.106.209.68 - - [11/Apr/2025:15:44:15 +0000] "GET /favicon.ico HTTP/1.1" 404 1251 "https://www.abranoticias.com/2025/04/11/en-sandona-allanaron-5-viviendas-este-seria-el-delito/?fbclid=IwY2xjawJmGBVleHRuA2FlbQIxMQABHi3VmeUuhf6uyUN9RvHZDbNcM5WKTt3bGXIEHYO_90_klHYSqdFKaEaHLnJI_aem_0rOYIJDi7UpVYg8mm88MFQ" "Mozilla/5.0 (Linux; Android 12; SM-A315G Build/SP1A.210812.016; wv) AppleWebKit/537.36 (KHTML, like Gecko) Version/4.0 Chrome/135.0.7049.49 Mobile Safari/537.36 [FB_IAB/FB4A;FBAV/507.0.0.66.49;IABMV/1;]"
217.113.194.221 - - [11/Apr/2025:15:44:16 +0000] "GET /robots.txt HTTP/1.1" 200 120 "-" "Mozilla/5.0 (compatible; Barkrowler/0.9; +https://babbar.tech/crawler)"
106.154.151.179 - - [11/Apr/2025:15:44:26 +0000] "GET /104527579.htm HTTP/1.1" 200 327 "https://www.google.com/" "Mozilla/5.0 (Windows NT 10.0; Win64; x64; rv:137.0) Gecko/20100101 Firefox/137.0"
170.10.163.108 - - [11/Apr/2025:15:44:50 +0000] "POST /wp-cron.php?doing_wp_cron=1744386290.1979770660400390625000 HTTP/1.1" 200 0 "-" "WordPress/6.7.2; https://www.abranoticias.com"
217.113.194.212 - - [11/Apr/2025:15:44:49 +0000] "GET /category/deportes/page/5/ HTTP/1.1" 200 25377 "-" "Mozilla/5.0 (compatible; Barkrowler/0.9; +https://babbar.tech/crawler)"
154.83.103.115 - - [11/Apr/2025:15:44:54 +0000] "GET /?target=%2Fvar%2Fwww%2Fhtml%2Fsettings.json HTTP/1.1" 200 25906 "-" "Mozilla/5.0 (Windows NT 10.0; Win64; x64) AppleWebKit/537.36 (KHTML, like Gecko) Chrome/91.0.4472.124 Safari/537.36"
66.249.77.68 - - [11/Apr/2025:15:44:55 +0000] "POST /get-message-notify HTTP/1.1" 200 19385 "https://www.abranoticias.com/pcmypage?callback=product/review/IVTP33437273" "Mozilla/5.0 (Linux; Android 6.0.1; Nexus 5X Build/MMB29P) AppleWebKit/537.36 (KHTML, like Gecko) Chrome/134.0.6998.165 Mobile Safari/537.36 (compatible; Googlebot/2.1; +http://www.google.com/bot.html)"
66.249.77.70 - - [11/Apr/2025:15:45:01 +0000] "GET /139710703.shtml HTTP/1.1" 200 18894 "-" "Mozilla/5.0 (Linux; Android 6.0.1; Nexus 5X Build/MMB29P) AppleWebKit/537.36 (KHTML, like Gecko) Chrome/135.0.7049.84 Mobile Safari/537.36 (compatible; Googlebot/2.1; +http://www.google.com/bot.html)"
51.222.253.3 - - [11/Apr/2025:15:45:00 +0000] "GET /14525023.htm HTTP/1.1" 301 0 "-" "Mozilla/5.0 (compatible; AhrefsBot/7.0; +http://ahrefs.com/robot/)"
154.83.103.115 - - [11/Apr/2025:15:45:18 +0000] "GET /?target=%2Fvar%2Fwww%2Fhtml%2Fconfig.js HTTP/1.1" 200 25906 "-" "Mozilla/5.0 (Windows NT 10.0; Win64; x64) AppleWebKit/537.36 (KHTML, like Gecko) Chrome/91.0.4472.124 Safari/537.36"
170.10.163.108 - - [11/Apr/2025:15:43:17 +0000] "POST /wp-admin/admin-ajax.php?action=async_litespeed&nonce=1rIrQSXbk1IarZboVzlJChN8CxkJxdtb&litespeed_type=imgoptm HTTP/1.1" 200 5 "-" "WordPress/6.7.2; https://www.abranoticias.com"
191.106.209.68 - - [11/Apr/2025:15:43:34 +0000] "GET /2025/04/11/en-sandona-allanaron-5-viviendas-este-seria-el-delito/?fbclid=IwY2xjawJmF_VleHRuA2FlbQIxMQABHi3VmeUuhf6uyUN9RvHZDbNcM5WKTt3bGXIEHYO_90_klHYSqdFKaEaHLnJI_aem_0rOYIJDi7UpVYg8mm88MFQ HTTP/1.1" 200 24349 "https://lm.facebook.com/" "Mozilla/5.0 (Linux; Android 12; SM-A315G Build/SP1A.210812.016; wv) AppleWebKit/537.36 (KHTML, like Gecko) Version/4.0 Chrome/135.0.7049.49 Mobile Safari/537.36 [FB_IAB/FB4A;FBAV/507.0.0.66.49;IABMV/1;]"
191.106.209.68 - - [11/Apr/2025:15:43:37 +0000] "GET /2025/04/11/en-sandona-allanaron-5-viviendas-este-seria-el-delito/?fbclid=IwY2xjawJmF_lleHRuA2FlbQIxMQABHi3VmeUuhf6uyUN9RvHZDbNcM5WKTt3bGXIEHYO_90_klHYSqdFKaEaHLnJI_aem_0rOYIJDi7UpVYg8mm88MFQ HTTP/1.1" 200 24349 "https://lm.facebook.com/" "Mozilla/5.0 (Linux; Android 12; SM-A315G Build/SP1A.210812.016; wv) AppleWebKit/537.36 (KHTML, like Gecko) Version/4.0 Chrome/135.0.7049.49 Mobile Safari/537.36 [FB_IAB/FB4A;FBAV/507.0.0.66.49;IABMV/1;] FBNV/5"
66.249.77.68 - - [11/Apr/2025:15:44:34 +0000] "GET /34579521.shtml HTTP/1.1" 200 18209 "-" "Mozilla/5.0 (Linux; Android 6.0.1; Nexus 5X Build/MMB29P) AppleWebKit/537.36 (KHTML, like Gecko) Chrome/135.0.7049.52 Mobile Safari/537.36 (compatible; GoogleOther)"
217.113.194.216 - - [11/Apr/2025:15:45:06 +0000] "GET /category/opinion/page/5/ HTTP/1.1" 200 25501 "-" "Mozilla/5.0 (compatible; Barkrowler/0.9; +https://babbar.tech/crawler)"
154.83.103.115 - - [11/Apr/2025:15:45:11 +0000] "GET /?target=/var/www/html/settings.php HTTP/1.1" 301 0 "-" "Mozilla/5.0 (Windows NT 10.0; Win64; x64) AppleWebKit/537.36 (KHTML, like Gecko) Chrome/91.0.4472.124 Safari/537.36"
52.38.23.43 - - [11/Apr/2025:15:45:11 +0000] "GET / HTTP/1.1" 200 25904 "-" "Mozilla/5.0 (X11; Ubuntu; Linux x86_64; rv:80.0) Gecko/20100101 Firefox/80.0"
154.83.103.115 - - [11/Apr/2025:15:45:13 +0000] "GET /?target=%2Fvar%2Fwww%2Fhtml%2Fsettings.php HTTP/1.1" 200 25906 "-" "Mozilla/5.0 (Windows NT 10.0; Win64; x64) AppleWebKit/537.36 (KHTML, like Gecko) Chrome/91.0.4472.124 Safari/537.36"
154.83.103.115 - - [11/Apr/2025:15:45:15 +0000] "GET /?target=/var/www/html/config.js HTTP/1.1" 301 0 "-" "Mozilla/5.0 (Windows NT 10.0; Win64; x64) AppleWebKit/537.36 (KHTML, like Gecko) Chrome/91.0.4472.124 Safari/537.36"
66.249.77.68 - - [11/Apr/2025:15:45:28 +0000] "GET /254373013.shtml HTTP/1.1" 200 20520 "-" "Mozilla/5.0 (Linux; Android 6.0.1; Nexus 5X Build/MMB29P) AppleWebKit/537.36 (KHTML, like Gecko) Chrome/135.0.7049.52 Mobile Safari/537.36 (compatible; Googlebot/2.1; +http://www.google.com/bot.html)"
66.249.77.68 - - [11/Apr/2025:15:45:29 +0000] "GET /tag/expresa-las-lajas/feed/ HTTP/1.1" 200 20429 "-" "Mozilla/5.0 (Linux; Android 6.0.1; Nexus 5X Build/MMB29P) AppleWebKit/537.36 (KHTML, like Gecko) Chrome/135.0.7049.52 Mobile Safari/537.36 (compatible; Googlebot/2.1; +http://www.google.com/bot.html)"
66.249.77.69 - - [11/Apr/2025:15:45:30 +0000] "GET /safe_search/config?return_url=%2Fproduct%2Fdetail%2FPMXEV1827100 HTTP/1.1" 200 19067 "-" "Mozilla/5.0 (Linux; Android 6.0.1; Nexus 5X Build/MMB29P) AppleWebKit/537.36 (KHTML, like Gecko) Chrome/135.0.7049.52 Mobile Safari/537.36 (compatible; GoogleOther)"
66.249.77.68 - - [11/Apr/2025:15:45:37 +0000] "GET /tag/mercado-el-potrerillo/ HTTP/1.1" 200 18717 "-" "Mozilla/5.0 (compatible; Googlebot/2.1; +http://www.google.com/bot.html)"
217.113.194.217 - - [11/Apr/2025:15:45:38 +0000] "GET /category/opinion/amp/ HTTP/1.1" 404 13656 "-" "Mozilla/5.0 (compatible; Barkrowler/0.9; +https://babbar.tech/crawler)"
170.10.163.108 - - [11/Apr/2025:15:45:41 +0000] "POST /wp-cron.php?doing_wp_cron=1744386341.6071209907531738281250 HTTP/1.1" 200 0 "-" "WordPress/6.7.2; https://www.abranoticias.com"
217.113.194.221 - - [11/Apr/2025:15:45:22 +0000] "GET /category/opinion/page/4/ HTTP/1.1" 200 25057 "-" "Mozilla/5.0 (compatible; Barkrowler/0.9; +https://babbar.tech/crawler)"
66.249.77.69 - - [11/Apr/2025:15:45:31 +0000] "POST /get-message-notify HTTP/1.1" 200 19383 "https://www.abranoticias.com/tag/expresa-las-lajas/feed/" "Mozilla/5.0 (Linux; Android 6.0.1; Nexus 5X Build/MMB29P) AppleWebKit/537.36 (KHTML, like Gecko) Chrome/134.0.6998.165 Mobile Safari/537.36 (compatible; Googlebot/2.1; +http://www.google.com/bot.html)"
185.191.171.13 - - [11/Apr/2025:15:45:40 +0000] "GET /2021/05/20/en-colombia-siguen-negociaciones-y-convocan-a-nuevas-marchas/ HTTP/1.1" 200 24685 "-" "Mozilla/5.0 (compatible; SemrushBot/7~bl; +http://www.semrush.com/bot.html)"
66.249.77.68 - - [11/Apr/2025:15:45:54 +0000] "POST /get-message-notify HTTP/1.1" 200 19383 "https://www.abranoticias.com/tag/mercado-el-potrerillo/" "Mozilla/5.0 AppleWebKit/537.36 (KHTML, like Gecko; compatible; Googlebot/2.1; +http://www.google.com/bot.html) Chrome/134.0.6998.165 Safari/537.36"
217.113.194.212 - - [11/Apr/2025:15:45:55 +0000] "GET /category/judicial/page/2/ HTTP/1.1" 200 25182 "-" "Mozilla/5.0 (compatible; Barkrowler/0.9; +https://babbar.tech/crawler)"
109.239.229.239 - - [11/Apr/2025:15:46:00 +0000] "GET /category/mundo/ HTTP/1.1" 200 25504 "-" "Mozilla/5.0 (Windows NT 6.1; WOW64; rv:29.0) Gecko/20100101 Firefox/29.0"
154.83.103.115 - - [11/Apr/2025:15:46:02 +0000] "GET /?target=/var/www/html/settings.py HTTP/1.1" 301 0 "-" "Mozilla/5.0 (Windows NT 10.0; Win64; x64) AppleWebKit/537.36 (KHTML, like Gecko) Chrome/91.0.4472.124 Safari/537.36"
109.239.229.239 - - [11/Apr/2025:15:46:00 +0000] "GET /category/opinion/ HTTP/1.1" 200 25542 "-" "Mozilla/5.0 (Macintosh; Intel Mac OS X 10_9_2) AppleWebKit/537.36 (KHTML, like Gecko) Chrome/34.0.1847.131 Safari/537.36"
109.239.229.239 - - [11/Apr/2025:15:46:00 +0000] "GET /category/noticias/ HTTP/1.1" 200 25055 "-" "Mozilla/5.0 (Macintosh; Intel Mac OS X 10_9_2) AppleWebKit/537.36 (KHTML, like Gecko) Chrome/34.0.1847.131 Safari/537.36"
154.83.103.115 - - [11/Apr/2025:15:46:14 +0000] "GET /?target=%2Fvar%2Fwww%2Fhtml%2Fsettings.py HTTP/1.1" 200 25906 "-" "Mozilla/5.0 (Windows NT 10.0; Win64; x64) AppleWebKit/537.36 (KHTML, like Gecko) Chrome/91.0.4472.124 Safari/537.36"
154.83.103.115 - - [11/Apr/2025:15:46:18 +0000] "GET /?target=/config/database.yml HTTP/1.1" 301 0 "-" "Mozilla/5.0 (Windows NT 10.0; Win64; x64) AppleWebKit/537.36 (KHTML, like Gecko) Chrome/91.0.4472.124 Safari/537.36"
154.83.103.115 - - [11/Apr/2025:15:46:21 +0000] "GET /?target=%2Fconfig%2Fdatabase.yml HTTP/1.1" 200 25904 "-" "Mozilla/5.0 (Windows NT 10.0; Win64; x64) AppleWebKit/537.36 (KHTML, like Gecko) Chrome/91.0.4472.124 Safari/537.36"
154.83.103.115 - - [11/Apr/2025:15:46:28 +0000] "GET /?target=/var/www/html/config.php HTTP/1.1" 301 0 "-" "Mozilla/5.0 (Windows NT 10.0; Win64; x64) AppleWebKit/537.36 (KHTML, like Gecko) Chrome/91.0.4472.124 Safari/537.36"
154.83.103.115 - - [11/Apr/2025:15:46:31 +0000] "GET /?target=%2Fvar%2Fwww%2Fhtml%2Fconfig.php HTTP/1.1" 200 25906 "-" "Mozilla/5.0 (Windows NT 10.0; Win64; x64) AppleWebKit/537.36 (KHTML, like Gecko) Chrome/91.0.4472.124 Safari/537.36"
154.83.103.115 - - [11/Apr/2025:15:46:35 +0000] "GET /?target=/var/www/html/.htaccess HTTP/1.1" 301 0 "-" "Mozilla/5.0 (Windows NT 10.0; Win64; x64) AppleWebKit/537.36 (KHTML, like Gecko) Chrome/91.0.4472.124 Safari/537.36"
154.83.103.115 - - [11/Apr/2025:15:46:38 +0000] "GET /?target=%2Fvar%2Fwww%2Fhtml%2F.htaccess HTTP/1.1" 200 25906 "-" "Mozilla/5.0 (Windows NT 10.0; Win64; x64) AppleWebKit/537.36 (KHTML, like Gecko) Chrome/91.0.4472.124 Safari/537.36"
154.83.103.115 - - [11/Apr/2025:15:46:40 +0000] "GET /?target=http://169.254.169.254/latest/meta-data/ HTTP/1.1" 301 0 "-" "Mozilla/5.0 (Windows NT 10.0; Win64; x64) AppleWebKit/537.36 (KHTML, like Gecko) Chrome/91.0.4472.124 Safari/537.36"
154.83.103.115 - - [11/Apr/2025:15:44:11 +0000] "GET /?target=%2Fvar%2Fwww%2Fconfig.json HTTP/1.1" 200 25906 "-" "Mozilla/5.0 (Windows NT 10.0; Win64; x64) AppleWebKit/537.36 (KHTML, like Gecko) Chrome/91.0.4472.124 Safari/537.36"
154.83.103.115 - - [11/Apr/2025:15:44:15 +0000] "GET /?target=/var/www/html/config.yaml HTTP/1.1" 301 0 "-" "Mozilla/5.0 (Windows NT 10.0; Win64; x64) AppleWebKit/537.36 (KHTML, like Gecko) Chrome/91.0.4472.124 Safari/537.36"
154.83.103.115 - - [11/Apr/2025:15:44:18 +0000] "GET /?target=%2Fvar%2Fwww%2Fhtml%2Fconfig.yaml HTTP/1.1" 200 25906 "-" "Mozilla/5.0 (Windows NT 10.0; Win64; x64) AppleWebKit/537.36 (KHTML, like Gecko) Chrome/91.0.4472.124 Safari/537.36"
154.83.103.115 - - [11/Apr/2025:15:44:22 +0000] "GET /?target=/var/www/html/config.yml HTTP/1.1" 301 0 "-" "Mozilla/5.0 (Windows NT 10.0; Win64; x64) AppleWebKit/537.36 (KHTML, like Gecko) Chrome/91.0.4472.124 Safari/537.36"
154.83.103.115 - - [11/Apr/2025:15:44:25 +0000] "GET /?target=%2Fvar%2Fwww%2Fhtml%2Fconfig.yml HTTP/1.1" 200 25905 "-" "Mozilla/5.0 (Windows NT 10.0; Win64; x64) AppleWebKit/537.36 (KHTML, like Gecko) Chrome/91.0.4472.124 Safari/537.36"
154.83.103.115 - - [11/Apr/2025:15:44:29 +0000] "GET /?target=/var/www/html/config.php HTTP/1.1" 301 0 "-" "Mozilla/5.0 (Windows NT 10.0; Win64; x64) AppleWebKit/537.36 (KHTML, like Gecko) Chrome/91.0.4472.124 Safari/537.36"
217.113.194.214 - - [11/Apr/2025:15:44:32 +0000] "GET /category/deportes/page/10/ HTTP/1.1" 200 25129 "-" "Mozilla/5.0 (compatible; Barkrowler/0.9; +https://babbar.tech/crawler)"
154.83.103.115 - - [11/Apr/2025:15:44:32 +0000] "GET /?target=%2Fvar%2Fwww%2Fhtml%2Fconfig.php HTTP/1.1" 200 25906 "-" "Mozilla/5.0 (Windows NT 10.0; Win64; x64) AppleWebKit/537.36 (KHTML, like Gecko) Chrome/91.0.4472.124 Safari/537.36"
154.83.103.115 - - [11/Apr/2025:15:44:40 +0000] "GET /?target=/var/www/html/settings.json HTTP/1.1" 301 0 "-" "Mozilla/5.0 (Windows NT 10.0; Win64; x64) AppleWebKit/537.36 (KHTML, like Gecko) Chrome/91.0.4472.124 Safari/537.36"
170.10.163.108 - - [11/Apr/2025:15:45:06 +0000] "POST /wp-cron.php?doing_wp_cron=1744386306.8331439495086669921875 HTTP/1.1" 200 0 "-" "WordPress/6.7.2; https://www.abranoticias.com"
170.10.163.108 - - [11/Apr/2025:15:45:07 +0000] "POST /wp-admin/admin-ajax.php?action=async_litespeed&nonce=7TdfzUfsqecap1UU2kg7mR8XBnCPeeLS&litespeed_type=imgoptm HTTP/1.1" 200 5 "-" "WordPress/6.7.2; https://www.abranoticias.com"
170.10.163.108 - - [11/Apr/2025:15:45:56 +0000] "POST /wp-cron.php?doing_wp_cron=1744386356.1455121040344238281250 HTTP/1.1" 200 0 "-" "WordPress/6.7.2; https://www.abranoticias.com"
109.239.229.239 - - [11/Apr/2025:15:46:00 +0000] "GET /category/deportes/ HTTP/1.1" 200 25618 "-" "Mozilla/5.0 (Windows NT 6.1; WOW64) AppleWebKit/537.36 (KHTML, like Gecko) Chrome/35.0.1916.114 Safari/537.36"
217.113.194.217 - - [11/Apr/2025:15:46:11 +0000] "GET /category/judicial/amp/ HTTP/1.1" 404 13656 "-" "Mozilla/5.0 (compatible; Barkrowler/0.9; +https://babbar.tech/crawler)"
170.10.163.108 - - [11/Apr/2025:15:46:15 +0000] "POST /wp-cron.php?doing_wp_cron=1744386375.6154448986053466796875 HTTP/1.1" 200 0 "-" "WordPress/6.7.2; https://www.abranoticias.com"
170.10.163.108 - - [11/Apr/2025:15:46:41 +0000] "POST /wp-cron.php?doing_wp_cron=1744386401.2986431121826171875000 HTTP/1.1" 200 0 "-" "WordPress/6.7.2; https://www.abranoticias.com"
217.113.194.216 - - [11/Apr/2025:15:46:45 +0000] "GET /category/nacion/page/10/ HTTP/1.1" 200 25406 "-" "Mozilla/5.0 (compatible; Barkrowler/0.9; +https://babbar.tech/crawler)"
170.10.163.108 - - [11/Apr/2025:15:46:50 +0000] "POST /wp-cron.php?doing_wp_cron=1744386410.8003480434417724609375 HTTP/1.1" 200 0 "-" "WordPress/6.7.2; https://www.abranoticias.com"
170.10.163.108 - - [11/Apr/2025:15:46:06 +0000] "POST /wp-cron.php?doing_wp_cron=1744386366.4337251186370849609375 HTTP/1.1" 200 0 "-" "WordPress/6.7.2; https://www.abranoticias.com"
109.239.229.239 - - [11/Apr/2025:15:46:00 +0000] "GET /category/region/ HTTP/1.1" 200 24982 "-" "Mozilla/5.0 (X11; Linux x86_64; rv:29.0) Gecko/20100101 Firefox/29.0"
109.239.229.239 - - [11/Apr/2025:15:46:00 +0000] "GET /category/judicial/ HTTP/1.1" 200 25230 "-" "Mozilla/5.0 (Windows NT 6.1; WOW64) AppleWebKit/537.36 (KHTML, like Gecko) Chrome/35.0.1916.114 Safari/537.36"
109.239.229.239 - - [11/Apr/2025:15:46:00 +0000] "GET /category/entretenimiento/ HTTP/1.1" 200 25294 "-" "Mozilla/5.0 (Windows NT 6.1; WOW64) AppleWebKit/537.36 (KHTML, like Gecko) Chrome/34.0.1847.131 Safari/537.36"
109.239.229.239 - - [11/Apr/2025:15:46:00 +0000] "GET / HTTP/1.1" 200 25905 "-" "Mozilla/5.0 (Windows NT 6.1; WOW64) AppleWebKit/537.36 (KHTML, like Gecko) Chrome/35.0.1916.114 Safari/537.36"
2a03:2880:ff:6:: - - [11/Apr/2025:15:46:04 +0000] "GET /2025/02/21/cadaver-de-mujer-hallado-en-el-rio-pasto-tiene-un-tatuaje/ HTTP/1.1" 200 24573 "-" "facebookexternalhit/1.1 (+http://www.facebook.com/externalhit_uatext.php)"
170.10.163.108 - - [11/Apr/2025:15:46:10 +0000] "POST /wp-admin/admin-ajax.php?action=async_litespeed&nonce=dyP7EkFVf71l8vG0EPbqLkwmJovtfjnX&litespeed_type=imgoptm HTTP/1.1" 200 5 "-" "WordPress/6.7.2; https://www.abranoticias.com"
217.113.194.217 - - [11/Apr/2025:15:46:28 +0000] "GET /category/nacion/amp/ HTTP/1.1" 404 13656 "-" "Mozilla/5.0 (compatible; Barkrowler/0.9; +https://babbar.tech/crawler)"
170.10.163.108 - - [11/Apr/2025:15:46:43 +0000] "POST /wp-cron.php?doing_wp_cron=1744386403.3232970237731933593750 HTTP/1.1" 200 0 "-" "WordPress/6.7.2; https://www.abranoticias.com"
106.154.151.179 - - [11/Apr/2025:15:46:43 +0000] "GET /104527579.htm HTTP/1.1" 200 327 "https://www.google.com/" "Mozilla/5.0 (Windows NT 10.0; Win64; x64; rv:137.0) Gecko/20100101 Firefox/137.0"
217.113.194.215 - - [11/Apr/2025:15:47:01 +0000] "GET /category/tecnologia/page/2/ HTTP/1.1" 200 25189 "-" "Mozilla/5.0 (compatible; Barkrowler/0.9; +https://babbar.tech/crawler)"
170.10.163.108 - - [11/Apr/2025:15:47:09 +0000] "POST /wp-cron.php?doing_wp_cron=1744386429.3886051177978515625000 HTTP/1.1" 200 0 "-" "WordPress/6.7.2; https://www.abranoticias.com"
186.99.166.116 - - [11/Apr/2025:15:47:17 +0000] "GET /2025/04/11/en-sandona-allanaron-5-viviendas-este-seria-el-delito/?fbclid=IwY2xjawJmGNVleHRuA2FlbQIxMQABHkiUAzF1Wc2nh2Qjk40oJezKoOfKNtbf1wDvCJxmibzjrR7wgN4m0-AxJBEB_aem_526Q16XmB0LT08FjIeErJA HTTP/1.1" 200 24349 "https://lm.facebook.com/" "Mozilla/5.0 (Linux; Android 14; moto g24 power Build/UTAS34.82-97-1; wv) AppleWebKit/537.36 (KHTML, like Gecko) Version/4.0 Chrome/135.0.7049.49 Mobile Safari/537.36 [FB_IAB/FB4A;FBAV/507.0.0.66.49;IABMV/1;]"
186.99.166.116 - - [11/Apr/2025:15:47:19 +0000] "GET /wp-includes/js/jquery/jquery-migrate.min.js?ver=3.4.1 HTTP/1.1" 304 0 "https://www.abranoticias.com/2025/04/11/en-sandona-allanaron-5-viviendas-este-seria-el-delito/?fbclid=IwY2xjawJmGNVleHRuA2FlbQIxMQABHkiUAzF1Wc2nh2Qjk40oJezKoOfKNtbf1wDvCJxmibzjrR7wgN4m0-AxJBEB_aem_526Q16XmB0LT08FjIeErJA" "Mozilla/5.0 (Linux; Android 14; moto g24 power Build/UTAS34.82-97-1; wv) AppleWebKit/537.36 (KHTML, like Gecko) Version/4.0 Chrome/135.0.7049.49 Mobile Safari/537.36 [FB_IAB/FB4A;FBAV/507.0.0.66.49;IABMV/1;]"
186.99.166.116 - - [11/Apr/2025:15:47:20 +0000] "GET /wp-content/themes/colormag/assets/js/navigation.min.js?ver=4.0.11 HTTP/1.1" 304 0 "https://www.abranoticias.com/2025/04/11/en-sandona-allanaron-5-viviendas-este-seria-el-delito/?fbclid=IwY2xjawJmGNVleHRuA2FlbQIxMQABHkiUAzF1Wc2nh2Qjk40oJezKoOfKNtbf1wDvCJxmibzjrR7wgN4m0-AxJBEB_aem_526Q16XmB0LT08FjIeErJA" "Mozilla/5.0 (Linux; Android 14; moto g24 power Build/UTAS34.82-97-1; wv) AppleWebKit/537.36 (KHTML, like Gecko) Version/4.0 Chrome/135.0.7049.49 Mobile Safari/537.36 [FB_IAB/FB4A;FBAV/507.0.0.66.49;IABMV/1;]"
154.83.103.115 - - [11/Apr/2025:15:46:42 +0000] "GET /?target=http%3A%2F%2F169.254.169.254%2Flatest%2Fmeta-data%2F HTTP/1.1" 200 25906 "-" "Mozilla/5.0 (Windows NT 10.0; Win64; x64) AppleWebKit/537.36 (KHTML, like Gecko) Chrome/91.0.4472.124 Safari/537.36"
154.83.103.115 - - [11/Apr/2025:15:46:44 +0000] "GET /?target=http://169.254.169.254/latest/meta-data/iam/security-credentials/ HTTP/1.1" 301 0 "-" "Mozilla/5.0 (Windows NT 10.0; Win64; x64) AppleWebKit/537.36 (KHTML, like Gecko) Chrome/91.0.4472.124 Safari/537.36"
154.83.103.115 - - [11/Apr/2025:15:46:45 +0000] "GET /?target=http%3A%2F%2F169.254.169.254%2Flatest%2Fmeta-data%2Fiam%2Fsecurity-credentials%2F HTTP/1.1" 200 25906 "-" "Mozilla/5.0 (Windows NT 10.0; Win64; x64) AppleWebKit/537.36 (KHTML, like Gecko) Chrome/91.0.4472.124 Safari/537.36"
154.83.103.115 - - [11/Apr/2025:15:46:48 +0000] "GET /?target=http://169.254.169.254/latest/meta-data/iam/security-credentials/admin-role HTTP/1.1" 301 0 "-" "Mozilla/5.0 (Windows NT 10.0; Win64; x64) AppleWebKit/537.36 (KHTML, like Gecko) Chrome/91.0.4472.124 Safari/537.36"
154.83.103.115 - - [11/Apr/2025:15:46:49 +0000] "GET /?target=http%3A%2F%2F169.254.169.254%2Flatest%2Fmeta-data%2Fiam%2Fsecurity-credentials%2Fadmin-role HTTP/1.1" 200 25906 "-" "Mozilla/5.0 (Windows NT 10.0; Win64; x64) AppleWebKit/537.36 (KHTML, like Gecko) Chrome/91.0.4472.124 Safari/537.36"
154.83.103.115 - - [11/Apr/2025:15:46:53 +0000] "GET /?target=http://169.254.169.254/latest/user-data HTTP/1.1" 301 0 "-" "Mozilla/5.0 (Windows NT 10.0; Win64; x64) AppleWebKit/537.36 (KHTML, like Gecko) Chrome/91.0.4472.124 Safari/537.36"
154.83.103.115 - - [11/Apr/2025:15:47:03 +0000] "GET /?target=http%3A%2F%2F169.254.169.254%2Flatest%2Fuser-data HTTP/1.1" 200 25906 "-" "Mozilla/5.0 (Windows NT 10.0; Win64; x64) AppleWebKit/537.36 (KHTML, like Gecko) Chrome/91.0.4472.124 Safari/537.36"
154.83.103.115 - - [11/Apr/2025:15:47:08 +0000] "GET /?target=file:///var/www/html/.env HTTP/1.1" 301 0 "-" "Mozilla/5.0 (Windows NT 10.0; Win64; x64) AppleWebKit/537.36 (KHTML, like Gecko) Chrome/91.0.4472.124 Safari/537.36"
179.19.137.42 - - [11/Apr/2025:15:47:08 +0000] "GET /2025/04/11/en-sandona-allanaron-5-viviendas-este-seria-el-delito/?fbclid=IwZXh0bgNhZW0CMTEAAR6Xl67Q7OUXxjDBXMsnekt3ZZGnq3bbS9MSdHycPe6O-57Tk6U7oqXBiT2uaA_aem_Ut1o3KtvKl7GnDiMOIm0JQ HTTP/1.1" 200 24349 "http://m.facebook.com/" "Mozilla/5.0 (Linux; Android 11; K68 Build/RP1A.200720.011; wv) AppleWebKit/537.36 (KHTML, like Gecko) Version/4.0 Chrome/134.0.6998.135 Mobile Safari/537.36[FBAN/EMA;FBLC/es_LA;FBAV/452.1.0.14.109;FBCX/modulariab;]"
170.10.163.108 - - [11/Apr/2025:15:47:10 +0000] "POST /wp-admin/admin-ajax.php?action=async_litespeed&nonce=9iRPaGy7URWn1cP3GUoCePpHUrH24N1w&litespeed_type=imgoptm HTTP/1.1" 200 5 "-" "WordPress/6.7.2; https://www.abranoticias.com"
186.99.166.116 - - [11/Apr/2025:15:47:19 +0000] "GET /wp-includes/js/jquery/jquery.min.js?ver=3.7.1 HTTP/1.1" 304 0 "https://www.abranoticias.com/2025/04/11/en-sandona-allanaron-5-viviendas-este-seria-el-delito/?fbclid=IwY2xjawJmGNVleHRuA2FlbQIxMQABHkiUAzF1Wc2nh2Qjk40oJezKoOfKNtbf1wDvCJxmibzjrR7wgN4m0-AxJBEB_aem_526Q16XmB0LT08FjIeErJA" "Mozilla/5.0 (Linux; Android 14; moto g24 power Build/UTAS34.82-97-1; wv) AppleWebKit/537.36 (KHTML, like Gecko) Version/4.0 Chrome/135.0.7049.49 Mobile Safari/537.36 [FB_IAB/FB4A;FBAV/507.0.0.66.49;IABMV/1;]"
186.99.166.116 - - [11/Apr/2025:15:47:20 +0000] "GET /wp-content/themes/colormag/assets/js/jquery.bxslider.min.js?ver=4.0.11 HTTP/1.1" 304 0 "https://www.abranoticias.com/2025/04/11/en-sandona-allanaron-5-viviendas-este-seria-el-delito/?fbclid=IwY2xjawJmGNVleHRuA2FlbQIxMQABHkiUAzF1Wc2nh2Qjk40oJezKoOfKNtbf1wDvCJxmibzjrR7wgN4m0-AxJBEB_aem_526Q16XmB0LT08FjIeErJA" "Mozilla/5.0 (Linux; Android 14; moto g24 power Build/UTAS34.82-97-1; wv) AppleWebKit/537.36 (KHTML, like Gecko) Version/4.0 Chrome/135.0.7049.49 Mobile Safari/537.36 [FB_IAB/FB4A;FBAV/507.0.0.66.49;IABMV/1;]"
2800:484:a376:1800:c190:8c39:c907:dc77 - - [11/Apr/2025:15:47:04 +0000] "GET /2025/04/11/en-sandona-allanaron-5-viviendas-este-seria-el-delito/?fbclid=IwY2xjawJmGMdleHRuA2FlbQIxMQABHtT73Gslkq1dKrpOitnzpARWbjsocwDnyc1zVdcgOWbm4hgwk8LLrMRkO2I1_aem_rg3IFk7bHplJL-NctAmaEw HTTP/1.1" 200 24349 "https://lm.facebook.com/" "Mozilla/5.0 (Linux; Android 14; SM-A156M Build/UP1A.231005.007; wv) AppleWebKit/537.36 (KHTML, like Gecko) Version/4.0 Chrome/135.0.7049.49 Mobile Safari/537.36 [FB_IAB/FB4A;FBAV/507.0.0.66.49;IABMV/1;]"
2800:484:a376:1800:c190:8c39:c907:dc77 - - [11/Apr/2025:15:47:08 +0000] "GET /favicon.ico HTTP/1.1" 404 1251 "https://www.abranoticias.com/2025/04/11/en-sandona-allanaron-5-viviendas-este-seria-el-delito/?fbclid=IwY2xjawJmGMdleHRuA2FlbQIxMQABHtT73Gslkq1dKrpOitnzpARWbjsocwDnyc1zVdcgOWbm4hgwk8LLrMRkO2I1_aem_rg3IFk7bHplJL-NctAmaEw" "Mozilla/5.0 (Linux; Android 14; SM-A156M Build/UP1A.231005.007; wv) AppleWebKit/537.36 (KHTML, like Gecko) Version/4.0 Chrome/135.0.7049.49 Mobile Safari/537.36 [FB_IAB/FB4A;FBAV/507.0.0.66.49;IABMV/1;]"
179.19.137.42 - - [11/Apr/2025:15:47:13 +0000] "GET /favicon.ico HTTP/1.1" 404 1251 "https://www.abranoticias.com/2025/04/11/en-sandona-allanaron-5-viviendas-este-seria-el-delito/?fbclid=IwZXh0bgNhZW0CMTEAAR6Xl67Q7OUXxjDBXMsnekt3ZZGnq3bbS9MSdHycPe6O-57Tk6U7oqXBiT2uaA_aem_Ut1o3KtvKl7GnDiMOIm0JQ" "Mozilla/5.0 (Linux; Android 11; K68 Build/RP1A.200720.011; wv) AppleWebKit/537.36 (KHTML, like Gecko) Version/4.0 Chrome/134.0.6998.135 Mobile Safari/537.36[FBAN/EMA;FBLC/es_LA;FBAV/452.1.0.14.109;FBCX/modulariab;]"
217.113.194.214 - - [11/Apr/2025:15:47:17 +0000] "GET /category/tecnologia/page/3/ HTTP/1.1" 200 22861 "-" "Mozilla/5.0 (compatible; Barkrowler/0.9; +https://babbar.tech/crawler)"
186.99.166.116 - - [11/Apr/2025:15:47:20 +0000] "GET /wp-content/themes/colormag/assets/js/fitvids/jquery.fitvids.min.js?ver=4.0.11 HTTP/1.1" 304 0 "https://www.abranoticias.com/2025/04/11/en-sandona-allanaron-5-viviendas-este-seria-el-delito/?fbclid=IwY2xjawJmGNVleHRuA2FlbQIxMQABHkiUAzF1Wc2nh2Qjk40oJezKoOfKNtbf1wDvCJxmibzjrR7wgN4m0-AxJBEB_aem_526Q16XmB0LT08FjIeErJA" "Mozilla/5.0 (Linux; Android 14; moto g24 power Build/UTAS34.82-97-1; wv) AppleWebKit/537.36 (KHTML, like Gecko) Version/4.0 Chrome/135.0.7049.49 Mobile Safari/537.36 [FB_IAB/FB4A;FBAV/507.0.0.66.49;IABMV/1;]"
186.99.166.116 - - [11/Apr/2025:15:47:20 +0000] "GET /wp-content/themes/colormag/assets/js/skip-link-focus-fix.min.js?ver=4.0.11 HTTP/1.1" 304 0 "https://www.abranoticias.com/2025/04/11/en-sandona-allanaron-5-viviendas-este-seria-el-delito/?fbclid=IwY2xjawJmGNVleHRuA2FlbQIxMQABHkiUAzF1Wc2nh2Qjk40oJezKoOfKNtbf1wDvCJxmibzjrR7wgN4m0-AxJBEB_aem_526Q16XmB0LT08FjIeErJA" "Mozilla/5.0 (Linux; Android 14; moto g24 power Build/UTAS34.82-97-1; wv) AppleWebKit/537.36 (KHTML, like Gecko) Version/4.0 Chrome/135.0.7049.49 Mobile Safari/537.36 [FB_IAB/FB4A;FBAV/507.0.0.66.49;IABMV/1;]"
217.113.194.212 - - [11/Apr/2025:15:47:34 +0000] "GET /category/tecnologia/feed/ HTTP/1.1" 200 11952 "-" "Mozilla/5.0 (compatible; Barkrowler/0.9; +https://babbar.tech/crawler)"
170.10.163.108 - - [11/Apr/2025:15:47:41 +0000] "POST /wp-cron.php?doing_wp_cron=1744386461.4436099529266357421875 HTTP/1.1" 200 0 "-" "WordPress/6.7.2; https://www.abranoticias.com"
190.130.103.151 - - [11/Apr/2025:15:47:40 +0000] "GET /2025/04/11/en-sandona-allanaron-5-viviendas-este-seria-el-delito/?fbclid=IwZXh0bgNhZW0CMTEAAR75067bszhGqbHlS_cDz57n5St2triT8xBlHIUGGGQujQpVY7qPAqAqcjBGMg_aem_cg8suGMSGYDV-IdDBaIsIw HTTP/1.1" 200 24349 "http://m.facebook.com/" "Mozilla/5.0 (Linux; Android 14; V2322 Build/UP1A.231005.007_SC; wv) AppleWebKit/537.36 (KHTML, like Gecko) Version/4.0 Chrome/135.0.7049.38 Mobile Safari/537.36[FBAN/EMA;FBLC/es_ES;FBAV/453.0.0.18.113;FBCX/modulariab;]"
66.249.77.69 - - [11/Apr/2025:15:47:42 +0000] "GET /category/entretenimiento/ HTTP/1.1" 200 19715 "-" "Mozilla/5.0 (compatible; Googlebot/2.1; +http://www.google.com/bot.html)"
186.99.166.116 - - [11/Apr/2025:15:47:20 +0000] "GET /wp-content/themes/colormag/assets/js/colormag-custom.min.js?ver=4.0.11 HTTP/1.1" 304 0 "https://www.abranoticias.com/2025/04/11/en-sandona-allanaron-5-viviendas-este-seria-el-delito/?fbclid=IwY2xjawJmGNVleHRuA2FlbQIxMQABHkiUAzF1Wc2nh2Qjk40oJezKoOfKNtbf1wDvCJxmibzjrR7wgN4m0-AxJBEB_aem_526Q16XmB0LT08FjIeErJA" "Mozilla/5.0 (Linux; Android 14; moto g24 power Build/UTAS34.82-97-1; wv) AppleWebKit/537.36 (KHTML, like Gecko) Version/4.0 Chrome/135.0.7049.49 Mobile Safari/537.36 [FB_IAB/FB4A;FBAV/507.0.0.66.49;IABMV/1;]"
186.99.166.116 - - [11/Apr/2025:15:47:23 +0000] "GET /favicon.ico HTTP/1.1" 404 1251 "https://www.abranoticias.com/2025/04/11/en-sandona-allanaron-5-viviendas-este-seria-el-delito/?fbclid=IwY2xjawJmGNVleHRuA2FlbQIxMQABHkiUAzF1Wc2nh2Qjk40oJezKoOfKNtbf1wDvCJxmibzjrR7wgN4m0-AxJBEB_aem_526Q16XmB0LT08FjIeErJA" "Mozilla/5.0 (Linux; Android 14; moto g24 power Build/UTAS34.82-97-1; wv) AppleWebKit/537.36 (KHTML, like Gecko) Version/4.0 Chrome/135.0.7049.49 Mobile Safari/537.36 [FB_IAB/FB4A;FBAV/507.0.0.66.49;IABMV/1;]"
54.202.165.28 - - [11/Apr/2025:15:47:26 +0000] "GET / HTTP/1.1" 200 25905 "-" "Mozilla/5.0 (X11; Ubuntu; Linux x86_64; rv:80.0) Gecko/20100101 Firefox/80.0"
154.83.103.115 - - [11/Apr/2025:15:47:31 +0000] "GET /?target=file%3A%2F%2F%2Fvar%2Fwww%2Fhtml%2F.env HTTP/1.1" 200 25905 "-" "Mozilla/5.0 (Windows NT 10.0; Win64; x64) AppleWebKit/537.36 (KHTML, like Gecko) Chrome/91.0.4472.124 Safari/537.36"
154.83.103.115 - - [11/Apr/2025:15:47:33 +0000] "GET /?target=file:///var/www/html/config.json HTTP/1.1" 301 0 "-" "Mozilla/5.0 (Windows NT 10.0; Win64; x64) AppleWebKit/537.36 (KHTML, like Gecko) Chrome/91.0.4472.124 Safari/537.36"
154.83.103.115 - - [11/Apr/2025:15:47:35 +0000] "GET /?target=file%3A%2F%2F%2Fvar%2Fwww%2Fhtml%2Fconfig.json HTTP/1.1" 200 25906 "-" "Mozilla/5.0 (Windows NT 10.0; Win64; x64) AppleWebKit/537.36 (KHTML, like Gecko) Chrome/91.0.4472.124 Safari/537.36"
154.83.103.115 - - [11/Apr/2025:15:47:38 +0000] "GET /?target=file:///var/www/html/settings.json HTTP/1.1" 301 0 "-" "Mozilla/5.0 (Windows NT 10.0; Win64; x64) AppleWebKit/537.36 (KHTML, like Gecko) Chrome/91.0.4472.124 Safari/537.36"
154.83.103.115 - - [11/Apr/2025:15:47:41 +0000] "GET /?target=file%3A%2F%2F%2Fvar%2Fwww%2Fhtml%2Fsettings.json HTTP/1.1" 200 25905 "-" "Mozilla/5.0 (Windows NT 10.0; Win64; x64) AppleWebKit/537.36 (KHTML, like Gecko) Chrome/91.0.4472.124 Safari/537.36"
34.21.118.210 - - [11/Apr/2025:15:47:47 +0000] "GET /feed/ HTTP/1.1" 200 10591 "-" "Mozilla/5.0 (Windows NT 6.3; WOW64; rv:33.0) Gecko/20100101 Firefox/33.0"
154.83.103.115 - - [11/Apr/2025:15:47:47 +0000] "GET /?target=file:///var/www/html/.htaccess HTTP/1.1" 301 0 "-" "Mozilla/5.0 (Windows NT 10.0; Win64; x64) AppleWebKit/537.36 (KHTML, like Gecko) Chrome/91.0.4472.124 Safari/537.36"
170.10.163.108 - - [11/Apr/2025:15:47:51 +0000] "POST /wp-cron.php?doing_wp_cron=1744386471.6466910839080810546875 HTTP/1.1" 200 0 "-" "WordPress/6.7.2; https://www.abranoticias.com"
154.83.103.115 - - [11/Apr/2025:15:47:51 +0000] "GET /?target=file%3A%2F%2F%2Fvar%2Fwww%2Fhtml%2F.htaccess HTTP/1.1" 200 25906 "-" "Mozilla/5.0 (Windows NT 10.0; Win64; x64) AppleWebKit/537.36 (KHTML, like Gecko) Chrome/91.0.4472.124 Safari/537.36"
154.83.103.115 - - [11/Apr/2025:15:48:01 +0000] "GET /?dest=/etc/environment HTTP/1.1" 301 0 "-" "Mozilla/5.0 (Windows NT 10.0; Win64; x64) AppleWebKit/537.36 (KHTML, like Gecko) Chrome/91.0.4472.124 Safari/537.36"
154.83.103.115 - - [11/Apr/2025:15:48:02 +0000] "GET /?dest=%2Fetc%2Fenvironment HTTP/1.1" 200 25906 "-" "Mozilla/5.0 (Windows NT 10.0; Win64; x64) AppleWebKit/537.36 (KHTML, like Gecko) Chrome/91.0.4472.124 Safari/537.36"
154.83.103.115 - - [11/Apr/2025:15:48:04 +0000] "GET /?dest=/var/www/html/.env HTTP/1.1" 301 0 "-" "Mozilla/5.0 (Windows NT 10.0; Win64; x64) AppleWebKit/537.36 (KHTML, like Gecko) Chrome/91.0.4472.124 Safari/537.36"
170.10.163.108 - - [11/Apr/2025:15:47:43 +0000] "POST /wp-cron.php?doing_wp_cron=1744386463.8325068950653076171875 HTTP/1.1" 200 0 "-" "WordPress/6.7.2; https://www.abranoticias.com"
217.113.194.219 - - [11/Apr/2025:15:47:50 +0000] "GET /category/sin-categoria/feed/ HTTP/1.1" 200 7442 "-" "Mozilla/5.0 (compatible; Barkrowler/0.9; +https://babbar.tech/crawler)"
66.249.77.69 - - [11/Apr/2025:15:47:59 +0000] "POST /get-message-notify HTTP/1.1" 200 19385 "https://www.abranoticias.com/category/entretenimiento/" "Mozilla/5.0 AppleWebKit/537.36 (KHTML, like Gecko; compatible; Googlebot/2.1; +http://www.google.com/bot.html) Chrome/134.0.6998.165 Safari/537.36"
191.106.174.160 - - [11/Apr/2025:15:48:05 +0000] "GET /2025/04/09/sicario-acuso-a-mujer-de-haber-enviado-a-matar-a-su-esposo/?fbclid=IwY2xjawJmGQRleHRuA2FlbQIxMQABHnV5sPz9UQv9h-fhObW8_qt7n60wVrEiGPggkAeun5C5Lq_rrydmbx-Fl7SX_aem_f975TFOWPs1VXqDkRO6V0g HTTP/1.1" 200 24376 "https://lm.facebook.com/" "Mozilla/5.0 (Linux; Android 14; Infinix X6531 Build/UP1A.231005.007; wv) AppleWebKit/537.36 (KHTML, like Gecko) Version/4.0 Chrome/135.0.7049.49 Mobile Safari/537.36 [FB_IAB/FB4A;FBAV/507.0.0.66.49;IABMV/1;]"
172.93.142.153 - - [11/Apr/2025:15:48:16 +0000] "GET /category/noticias/ HTTP/1.1" 200 25054 "-" "Mozilla/5.0 (Macintosh; Intel Mac OS X 10.15; rv:78.0) Gecko/20100101 Firefox/78.0"
66.249.77.69 - - [11/Apr/2025:15:48:29 +0000] "GET /product/edit/LWIP22414902 HTTP/1.1" 200 18563 "-" "Mozilla/5.0 (Linux; Android 6.0.1; Nexus 5X Build/MMB29P) AppleWebKit/537.36 (KHTML, like Gecko) Chrome/135.0.7049.52 Mobile Safari/537.36 (compatible; Googlebot/2.1; +http://www.google.com/bot.html)"
