154.83.103.113 - - [11/Apr/2025:13:59:41 +0000] "GET /_profiler/phpinfo HTTP/1.1" 404 13656 "-" "Mozilla/5.0 (Windows NT 10.0; Win64; x64) AppleWebKit/537.36 (KHTML, like Gecko) Chrome/91.0.4472.124 Safari/537.36"
170.10.163.108 - - [11/Apr/2025:13:59:43 +0000] "POST /wp-cron.php?doing_wp_cron=1744379983.3114469051361083984375 HTTP/1.1" 200 0 "-" "WordPress/6.7.2; https://www.abranoticias.com"
154.83.103.113 - - [11/Apr/2025:13:59:42 +0000] "GET /_profiler/phpinfo/info.php HTTP/1.1" 404 13656 "-" "Mozilla/5.0 (Windows NT 10.0; Win64; x64) AppleWebKit/537.36 (KHTML, like Gecko) Chrome/91.0.4472.124 Safari/537.36"
154.83.103.113 - - [11/Apr/2025:13:59:43 +0000] "GET /_profiler/phpinfo/phpinfo.php HTTP/1.1" 404 13656 "-" "Mozilla/5.0 (Windows NT 10.0; Win64; x64) AppleWebKit/537.36 (KHTML, like Gecko) Chrome/91.0.4472.124 Safari/537.36"
154.83.103.113 - - [11/Apr/2025:13:59:45 +0000] "GET /admin/.env HTTP/1.1" 301 0 "-" "Mozilla/5.0 (Windows NT 10.0; Win64; x64) AppleWebKit/537.36 (KHTML, like Gecko) Chrome/91.0.4472.124 Safari/537.36"
154.83.103.113 - - [11/Apr/2025:13:59:13 +0000] "GET /.git/refs/remotes/ HTTP/1.1" 403 1242 "-" "Mozilla/5.0 (Windows NT 10.0; Win64; x64) AppleWebKit/537.36 (KHTML, like Gecko) Chrome/91.0.4472.124 Safari/537.36"
38.51.234.136 - - [11/Apr/2025:13:59:12 +0000] "GET /2025/04/11/en-sandona-allanaron-5-viviendas-este-seria-el-delito/?fbclid=IwZXh0bgNhZW0CMTEAAR62AGwOnCyMWUVgji-1vqL9zR1WB866GX6zFefoiqlZo6jV-5i122msQ20Rtw_aem_WikmTZKlMlT_5QQSELweAg HTTP/1.1" 200 24349 "http://m.facebook.com/" "Mozilla/5.0 (Linux; Android 11; SM-A032M Build/RP1A.201005.001; wv) AppleWebKit/537.36 (KHTML, like Gecko) Version/4.0 Chrome/132.0.6834.163 Mobile Safari/537.36[FBAN/EMA;FBLC/es_ES;FBAV/453.0.0.18.113;FBCX/modulariab;]"
154.83.103.113 - - [11/Apr/2025:13:59:13 +0000] "GET /.git/refs/stash HTTP/1.1" 403 1242 "-" "Mozilla/5.0 (Windows NT 10.0; Win64; x64) AppleWebKit/537.36 (KHTML, like Gecko) Chrome/91.0.4472.124 Safari/537.36"
154.83.103.113 - - [11/Apr/2025:13:59:13 +0000] "GET /.git/refs/tags/ HTTP/1.1" 403 1242 "-" "Mozilla/5.0 (Windows NT 10.0; Win64; x64) AppleWebKit/537.36 (KHTML, like Gecko) Chrome/91.0.4472.124 Safari/537.36"
154.83.103.113 - - [11/Apr/2025:13:59:14 +0000] "GET /.gitattributes HTTP/1.1" 404 13656 "-" "Mozilla/5.0 (Windows NT 10.0; Win64; x64) AppleWebKit/537.36 (KHTML, like Gecko) Chrome/91.0.4472.124 Safari/537.36"
154.83.103.113 - - [11/Apr/2025:13:59:15 +0000] "GET /.gitignore HTTP/1.1" 404 13656 "-" "Mozilla/5.0 (Windows NT 10.0; Win64; x64) AppleWebKit/537.36 (KHTML, like Gecko) Chrome/91.0.4472.124 Safari/537.36"
154.83.103.113 - - [11/Apr/2025:13:59:16 +0000] "GET /.gitkeep HTTP/1.1" 404 13656 "-" "Mozilla/5.0 (Windows NT 10.0; Win64; x64) AppleWebKit/537.36 (KHTML, like Gecko) Chrome/91.0.4472.124 Safari/537.36"
154.83.103.113 - - [11/Apr/2025:13:59:18 +0000] "GET /.gitmodules HTTP/1.1" 404 13657 "-" "Mozilla/5.0 (Windows NT 10.0; Win64; x64) AppleWebKit/537.36 (KHTML, like Gecko) Chrome/91.0.4472.124 Safari/537.36"
38.51.234.136 - - [11/Apr/2025:13:59:22 +0000] "GET /2025/04/11/en-sandona-allanaron-5-viviendas-este-seria-el-delito/?fbclid=IwZXh0bgNhZW0CMTEAAR62AGwOnCyMWUVgji-1vqL9zR1WB866GX6zFefoiqlZo6jV-5i122msQ20Rtw_aem_WikmTZKlMlT_5QQSELweAg HTTP/1.1" 200 24349 "http://m.facebook.com/" "Mozilla/5.0 (Linux; Android 11; SM-A032M Build/RP1A.201005.001; wv) AppleWebKit/537.36 (KHTML, like Gecko) Version/4.0 Chrome/132.0.6834.163 Mobile Safari/537.36[FBAN/EMA;FBLC/es_ES;FBAV/453.0.0.18.113;FBCX/modulariab;]"
154.83.103.113 - - [11/Apr/2025:13:59:26 +0000] "GET /.travis.yml HTTP/1.1" 404 13656 "-" "Mozilla/5.0 (Windows NT 10.0; Win64; x64) AppleWebKit/537.36 (KHTML, like Gecko) Chrome/91.0.4472.124 Safari/537.36"
154.83.103.113 - - [11/Apr/2025:13:59:27 +0000] "GET /.vscode/.env HTTP/1.1" 301 0 "-" "Mozilla/5.0 (Windows NT 10.0; Win64; x64) AppleWebKit/537.36 (KHTML, like Gecko) Chrome/91.0.4472.124 Safari/537.36"
154.83.103.113 - - [11/Apr/2025:13:59:28 +0000] "GET /2022/07/28/envia-a-la-carcel-a-presunto-responsable-de-extorsiones-en-ricaurte/ HTTP/1.1" 200 24347 "-" "Mozilla/5.0 (Windows NT 10.0; Win64; x64) AppleWebKit/537.36 (KHTML, like Gecko) Chrome/91.0.4472.124 Safari/537.36"
154.83.103.113 - - [11/Apr/2025:13:59:29 +0000] "GET /?phpinfo=1 HTTP/1.1" 200 25906 "-" "Mozilla/5.0 (Windows NT 10.0; Win64; x64) AppleWebKit/537.36 (KHTML, like Gecko) Chrome/91.0.4472.124 Safari/537.36"
217.113.194.212 - - [11/Apr/2025:13:59:34 +0000] "GET /tag/chavismo/ HTTP/1.1" 200 22755 "-" "Mozilla/5.0 (compatible; Barkrowler/0.9; +https://babbar.tech/crawler)"
170.10.163.108 - - [11/Apr/2025:13:59:40 +0000] "POST /wp-cron.php?doing_wp_cron=1744379980.9534049034118652343750 HTTP/1.1" 200 0 "-" "WordPress/6.7.2; https://www.abranoticias.com"
154.83.103.113 - - [11/Apr/2025:13:59:48 +0000] "GET /admin/controllers/merchant.js HTTP/1.1" 404 13657 "-" "Mozilla/5.0 (Windows NT 10.0; Win64; x64) AppleWebKit/537.36 (KHTML, like Gecko) Chrome/91.0.4472.124 Safari/537.36"
154.83.103.113 - - [11/Apr/2025:13:59:45 +0000] "GET /2022/07/28/envia-a-la-carcel-a-presunto-responsable-de-extorsiones-en-ricaurte/ HTTP/1.1" 200 24347 "-" "Mozilla/5.0 (Windows NT 10.0; Win64; x64) AppleWebKit/537.36 (KHTML, like Gecko) Chrome/91.0.4472.124 Safari/537.36"
66.249.77.67 - - [11/Apr/2025:13:59:47 +0000] "GET /341444291.shtml HTTP/1.1" 200 21405 "-" "Mozilla/5.0 (Linux; Android 6.0.1; Nexus 5X Build/MMB29P) AppleWebKit/537.36 (KHTML, like Gecko) Chrome/135.0.7049.84 Mobile Safari/537.36 (compatible; Googlebot/2.1; +http://www.google.com/bot.html)"
154.83.103.113 - - [11/Apr/2025:13:59:47 +0000] "GET /admin/config HTTP/1.1" 404 13656 "-" "Mozilla/5.0 (Windows NT 10.0; Win64; x64) AppleWebKit/537.36 (KHTML, like Gecko) Chrome/91.0.4472.124 Safari/537.36"
154.83.103.113 - - [11/Apr/2025:13:59:51 +0000] "GET /admin/internal/api HTTP/1.1" 404 13656 "-" "Mozilla/5.0 (Windows NT 10.0; Win64; x64) AppleWebKit/537.36 (KHTML, like Gecko) Chrome/91.0.4472.124 Safari/537.36"
217.113.194.220 - - [11/Apr/2025:13:59:51 +0000] "GET /tag/chaza/feed/ HTTP/1.1" 200 2651 "-" "Mozilla/5.0 (compatible; Barkrowler/0.9; +https://babbar.tech/crawler)"
154.83.103.113 - - [11/Apr/2025:13:59:53 +0000] "GET /admin/proxy HTTP/1.1" 404 13656 "-" "Mozilla/5.0 (Windows NT 10.0; Win64; x64) AppleWebKit/537.36 (KHTML, like Gecko) Chrome/91.0.4472.124 Safari/537.36"
154.83.103.113 - - [11/Apr/2025:14:00:03 +0000] "GET /admin/server_info.php HTTP/1.1" 404 13655 "-" "Mozilla/5.0 (Windows NT 10.0; Win64; x64) AppleWebKit/537.36 (KHTML, like Gecko) Chrome/91.0.4472.124 Safari/537.36"
154.83.103.113 - - [11/Apr/2025:14:00:05 +0000] "GET /api/.env HTTP/1.1" 301 0 "-" "Mozilla/5.0 (Windows NT 10.0; Win64; x64) AppleWebKit/537.36 (KHTML, like Gecko) Chrome/91.0.4472.124 Safari/537.36"
154.83.103.113 - - [11/Apr/2025:14:00:06 +0000] "GET /2022/07/28/envia-a-la-carcel-a-presunto-responsable-de-extorsiones-en-ricaurte/ HTTP/1.1" 200 24347 "-" "Mozilla/5.0 (Windows NT 10.0; Win64; x64) AppleWebKit/537.36 (KHTML, like Gecko) Chrome/91.0.4472.124 Safari/537.36"
154.83.103.113 - - [11/Apr/2025:14:00:15 +0000] "GET /api/config.env HTTP/1.1" 404 13655 "-" "Mozilla/5.0 (Windows NT 10.0; Win64; x64) AppleWebKit/537.36 (KHTML, like Gecko) Chrome/91.0.4472.124 Safari/537.36"
154.83.103.113 - - [11/Apr/2025:14:00:17 +0000] "GET /api/config.js HTTP/1.1" 404 13655 "-" "Mozilla/5.0 (Windows NT 10.0; Win64; x64) AppleWebKit/537.36 (KHTML, like Gecko) Chrome/91.0.4472.124 Safari/537.36"
154.83.103.113 - - [11/Apr/2025:14:00:18 +0000] "GET /api/config/config.yml HTTP/1.1" 404 13656 "-" "Mozilla/5.0 (Windows NT 10.0; Win64; x64) AppleWebKit/537.36 (KHTML, like Gecko) Chrome/91.0.4472.124 Safari/537.36"
154.83.103.113 - - [11/Apr/2025:14:00:19 +0000] "GET /api/objects/codes.php.save HTTP/1.1" 404 13655 "-" "Mozilla/5.0 (Windows NT 10.0; Win64; x64) AppleWebKit/537.36 (KHTML, like Gecko) Chrome/91.0.4472.124 Safari/537.36"
154.83.103.113 - - [11/Apr/2025:14:00:20 +0000] "GET /api/proxy HTTP/1.1" 404 13655 "-" "Mozilla/5.0 (Windows NT 10.0; Win64; x64) AppleWebKit/537.36 (KHTML, like Gecko) Chrome/91.0.4472.124 Safari/537.36"
154.83.103.113 - - [11/Apr/2025:14:00:21 +0000] "GET /api/shared/.env HTTP/1.1" 404 1251 "-" "Mozilla/5.0 (Windows NT 10.0; Win64; x64) AppleWebKit/537.36 (KHTML, like Gecko) Chrome/91.0.4472.124 Safari/537.36"
35.87.199.253 - - [11/Apr/2025:14:00:21 +0000] "GET / HTTP/1.1" 200 25903 "-" "Mozilla/5.0 (X11; Ubuntu; Linux x86_64; rv:80.0) Gecko/20100101 Firefox/80.0"
154.83.103.113 - - [11/Apr/2025:14:00:21 +0000] "GET /api/shared/config.env HTTP/1.1" 404 13654 "-" "Mozilla/5.0 (Windows NT 10.0; Win64; x64) AppleWebKit/537.36 (KHTML, like Gecko) Chrome/91.0.4472.124 Safari/537.36"
154.83.103.113 - - [11/Apr/2025:14:00:23 +0000] "GET /api/shared/config/.env HTTP/1.1" 301 0 "-" "Mozilla/5.0 (Windows NT 10.0; Win64; x64) AppleWebKit/537.36 (KHTML, like Gecko) Chrome/91.0.4472.124 Safari/537.36"
154.83.103.113 - - [11/Apr/2025:13:58:46 +0000] "GET /.env.old HTTP/1.1" 404 13656 "-" "Mozilla/5.0 (Windows NT 10.0; Win64; x64) AppleWebKit/537.36 (KHTML, like Gecko) Chrome/91.0.4472.124 Safari/537.36"
217.113.194.215 - - [11/Apr/2025:13:59:01 +0000] "GET /tag/autorodades/ HTTP/1.1" 200 22791 "-" "Mozilla/5.0 (compatible; Barkrowler/0.9; +https://babbar.tech/crawler)"
52.10.17.74 - - [11/Apr/2025:13:59:22 +0000] "GET / HTTP/1.1" 200 25905 "-" "Mozilla/5.0 (X11; Ubuntu; Linux x86_64; rv:80.0) Gecko/20100101 Firefox/80.0"
66.249.77.66 - - [11/Apr/2025:13:59:48 +0000] "GET /297954585.shtml HTTP/1.1" 200 19706 "-" "Mozilla/5.0 (Linux; Android 6.0.1; Nexus 5X Build/MMB29P) AppleWebKit/537.36 (KHTML, like Gecko) Chrome/135.0.7049.84 Mobile Safari/537.36 (compatible; Googlebot/2.1; +http://www.google.com/bot.html)"
66.249.77.66 - - [11/Apr/2025:13:59:48 +0000] "GET /24452179.shtml HTTP/1.1" 200 19955 "-" "Mozilla/5.0 (Linux; Android 6.0.1; Nexus 5X Build/MMB29P) AppleWebKit/537.36 (KHTML, like Gecko) Chrome/135.0.7049.84 Mobile Safari/537.36 (compatible; Googlebot/2.1; +http://www.google.com/bot.html)"
170.10.163.108 - - [11/Apr/2025:14:00:07 +0000] "POST /wp-admin/admin-ajax.php?action=async_litespeed&nonce=2TCtv95Ca4uPAhpb3wYDBdBNlIYmop6Q&litespeed_type=imgoptm HTTP/1.1" 200 5 "-" "WordPress/6.7.2; https://www.abranoticias.com"
217.113.194.213 - - [11/Apr/2025:14:00:08 +0000] "GET /tag/chacuas/ HTTP/1.1" 200 23094 "-" "Mozilla/5.0 (compatible; Barkrowler/0.9; +https://babbar.tech/crawler)"
207.46.13.157 - - [11/Apr/2025:14:00:12 +0000] "GET /2023/06/10/accidente-en-via-de-policarpa-murio-una-persona-unas-quedo-herida/ HTTP/1.1" 200 21418 "-" "Mozilla/5.0 AppleWebKit/537.36 (KHTML, like Gecko; compatible; bingbot/2.0; +http://www.bing.com/bingbot.htm) Chrome/116.0.1938.76 Safari/537.36"
66.249.77.66 - - [11/Apr/2025:14:00:27 +0000] "GET /260252437.shtml HTTP/1.1" 200 20062 "-" "Mozilla/5.0 (Linux; Android 6.0.1; Nexus 5X Build/MMB29P) AppleWebKit/537.36 (KHTML, like Gecko) Chrome/135.0.7049.52 Mobile Safari/537.36 (compatible; Googlebot/2.1; +http://www.google.com/bot.html)"
38.56.23.94 - - [11/Apr/2025:14:00:29 +0000] "GET /favicon.ico HTTP/1.1" 404 1251 "https://www.abranoticias.com/2025/04/11/en-sandona-allanaron-5-viviendas-este-seria-el-delito/?fbclid=IwZXh0bgNhZW0CMTEAAR7T_06rCpcGWNwJEqbYx_B-P8h3lkJHhm0y2vY4ItQxJ7Rzc_TL_aK9-VKutw_aem_Z_KT_sIAthnT1kx26wQiZg" "Mozilla/5.0 (Linux; Android 10; SM-G965F Build/QP1A.190711.020; wv) AppleWebKit/537.36 (KHTML, like Gecko) Version/4.0 Chrome/134.0.6998.135 Mobile Safari/537.36[FBAN/EMA;FBLC/es_LA;FBAV/453.0.0.18.113;FBCX/modulariab;]"
190.130.101.231 - - [11/Apr/2025:14:00:29 +0000] "GET /2025/04/11/en-sandona-allanaron-5-viviendas-este-seria-el-delito/?fbclid=IwZXh0bgNhZW0CMTEAAR6oYV2f8GlqtH1oHs8wFlQFn5nNpBEQ1oaUxvakEjYux1PaNXhhuIhGEQqHCw_aem_AqOTXvPMyId-DKA8dxu8Vg HTTP/1.1" 200 24349 "http://m.facebook.com/" "Mozilla/5.0 (Linux; Android 10; M2006C3MG Build/QP1A.190711.020; wv) AppleWebKit/537.36 (KHTML, like Gecko) Version/4.0 Chrome/134.0.6998.135 Mobile Safari/537.36[FBAN/EMA;FBLC/es_LA;FBAV/453.0.0.18.113;FBCX/modulariab;]"
190.90.19.123 - - [11/Apr/2025:14:00:29 +0000] "GET /2025/04/11/en-sandona-allanaron-5-viviendas-este-seria-el-delito/?fbclid=IwY2xjawJl_8xleHRuA2FlbQIxMQABHtmoAHT-2Tm8PGc-nhsySTxDsVwdqI0sQUaqsSjxVykGGjKgipCOUHhBuHYg_aem_FE-Sxut4R0WZ9QZmujdbcA HTTP/1.1" 200 24349 "https://lm.facebook.com/" "Mozilla/5.0 (Linux; Android 14; 23100RN82L Build/UP1A.231005.007; wv) AppleWebKit/537.36 (KHTML, like Gecko) Version/4.0 Chrome/135.0.7049.49 Mobile Safari/537.36 [FB_IAB/FB4A;FBAV/507.0.0.66.49;IABMV/1;]"
38.56.23.94 - - [11/Apr/2025:14:00:23 +0000] "GET /2025/04/11/en-sandona-allanaron-5-viviendas-este-seria-el-delito/?fbclid=IwZXh0bgNhZW0CMTEAAR7T_06rCpcGWNwJEqbYx_B-P8h3lkJHhm0y2vY4ItQxJ7Rzc_TL_aK9-VKutw_aem_Z_KT_sIAthnT1kx26wQiZg HTTP/1.1" 200 24349 "http://m.facebook.com/" "Mozilla/5.0 (Linux; Android 10; SM-G965F Build/QP1A.190711.020; wv) AppleWebKit/537.36 (KHTML, like Gecko) Version/4.0 Chrome/134.0.6998.135 Mobile Safari/537.36[FBAN/EMA;FBLC/es_LA;FBAV/453.0.0.18.113;FBCX/modulariab;]"
154.83.103.113 - - [11/Apr/2025:14:00:24 +0000] "GET /2022/07/28/envia-a-la-carcel-a-presunto-responsable-de-extorsiones-en-ricaurte/ HTTP/1.1" 200 24347 "-" "Mozilla/5.0 (Windows NT 10.0; Win64; x64) AppleWebKit/537.36 (KHTML, like Gecko) Chrome/91.0.4472.124 Safari/537.36"
154.83.103.113 - - [11/Apr/2025:14:00:25 +0000] "GET /api/shared/config/config.env HTTP/1.1" 404 13655 "-" "Mozilla/5.0 (Windows NT 10.0; Win64; x64) AppleWebKit/537.36 (KHTML, like Gecko) Chrome/91.0.4472.124 Safari/537.36"
66.249.77.67 - - [11/Apr/2025:14:00:27 +0000] "GET /pcmypage?callback=product/review/GIUD54135174 HTTP/1.1" 200 21139 "-" "Mozilla/5.0 (Linux; Android 6.0.1; Nexus 5X Build/MMB29P) AppleWebKit/537.36 (KHTML, like Gecko) Chrome/135.0.7049.52 Mobile Safari/537.36 (compatible; Googlebot/2.1; +http://www.google.com/bot.html)"
66.249.77.67 - - [11/Apr/2025:14:00:27 +0000] "GET /pcmypage?callback=product/review/PGU117957572 HTTP/1.1" 200 21170 "-" "Mozilla/5.0 (Linux; Android 6.0.1; Nexus 5X Build/MMB29P) AppleWebKit/537.36 (KHTML, like Gecko) Chrome/135.0.7049.52 Mobile Safari/537.36 (compatible; Googlebot/2.1; +http://www.google.com/bot.html)"
154.83.103.113 - - [11/Apr/2025:14:00:27 +0000] "GET /api/v1/proxy HTTP/1.1" 404 13655 "-" "Mozilla/5.0 (Windows NT 10.0; Win64; x64) AppleWebKit/537.36 (KHTML, like Gecko) Chrome/91.0.4472.124 Safari/537.36"
154.83.103.113 - - [11/Apr/2025:14:00:28 +0000] "GET /api/v2/proxy HTTP/1.1" 404 13656 "-" "Mozilla/5.0 (Windows NT 10.0; Win64; x64) AppleWebKit/537.36 (KHTML, like Gecko) Chrome/91.0.4472.124 Safari/537.36"
154.83.103.113 - - [11/Apr/2025:14:00:29 +0000] "GET /apis/config/config.js HTTP/1.1" 404 13655 "-" "Mozilla/5.0 (Windows NT 10.0; Win64; x64) AppleWebKit/537.36 (KHTML, like Gecko) Chrome/91.0.4472.124 Safari/537.36"
38.154.40.194 - - [11/Apr/2025:14:00:30 +0000] "GET /author/midiariodepasto/page/7/ HTTP/1.1" 200 25003 "-" "Mozilla/5.0 (Macintosh; Intel Mac OS X 10.15; rv:78.0) Gecko/20100101 Firefox/78.0"
154.83.103.113 - - [11/Apr/2025:14:00:36 +0000] "GET /app.js HTTP/1.1" 404 13655 "-" "Mozilla/5.0 (Windows NT 10.0; Win64; x64) AppleWebKit/537.36 (KHTML, like Gecko) Chrome/91.0.4472.124 Safari/537.36"
154.83.103.113 - - [11/Apr/2025:14:00:37 +0000] "GET /app.py HTTP/1.1" 404 13656 "-" "Mozilla/5.0 (Windows NT 10.0; Win64; x64) AppleWebKit/537.36 (KHTML, like Gecko) Chrome/91.0.4472.124 Safari/537.36"
154.83.103.113 - - [11/Apr/2025:14:00:38 +0000] "GET /app/.env HTTP/1.1" 301 0 "-" "Mozilla/5.0 (Windows NT 10.0; Win64; x64) AppleWebKit/537.36 (KHTML, like Gecko) Chrome/91.0.4472.124 Safari/537.36"
154.83.103.113 - - [11/Apr/2025:14:00:38 +0000] "GET /2022/07/28/envia-a-la-carcel-a-presunto-responsable-de-extorsiones-en-ricaurte/ HTTP/1.1" 200 24347 "-" "Mozilla/5.0 (Windows NT 10.0; Win64; x64) AppleWebKit/537.36 (KHTML, like Gecko) Chrome/91.0.4472.124 Safari/537.36"
154.83.103.113 - - [11/Apr/2025:14:00:40 +0000] "GET /app/config/parameters.yml HTTP/1.1" 404 13655 "-" "Mozilla/5.0 (Windows NT 10.0; Win64; x64) AppleWebKit/537.36 (KHTML, like Gecko) Chrome/91.0.4472.124 Safari/537.36"
217.113.194.212 - - [11/Apr/2025:14:00:41 +0000] "GET /tag/torobajo/ HTTP/1.1" 200 23036 "-" "Mozilla/5.0 (compatible; Barkrowler/0.9; +https://babbar.tech/crawler)"
154.83.103.113 - - [11/Apr/2025:14:00:41 +0000] "GET /app_dev.php/_profiler/phpinfo HTTP/1.1" 404 13655 "-" "Mozilla/5.0 (Windows NT 10.0; Win64; x64) AppleWebKit/537.36 (KHTML, like Gecko) Chrome/91.0.4472.124 Safari/537.36"
154.83.103.113 - - [11/Apr/2025:14:00:43 +0000] "GET /application.properties HTTP/1.1" 404 13655 "-" "Mozilla/5.0 (Windows NT 10.0; Win64; x64) AppleWebKit/537.36 (KHTML, like Gecko) Chrome/91.0.4472.124 Safari/537.36"
154.83.103.113 - - [11/Apr/2025:14:00:45 +0000] "GET /application/.env HTTP/1.1" 301 0 "-" "Mozilla/5.0 (Windows NT 10.0; Win64; x64) AppleWebKit/537.36 (KHTML, like Gecko) Chrome/91.0.4472.124 Safari/537.36"
154.83.103.113 - - [11/Apr/2025:14:00:46 +0000] "GET /2022/07/28/envia-a-la-carcel-a-presunto-responsable-de-extorsiones-en-ricaurte/ HTTP/1.1" 200 24347 "-" "Mozilla/5.0 (Windows NT 10.0; Win64; x64) AppleWebKit/537.36 (KHTML, like Gecko) Chrome/91.0.4472.124 Safari/537.36"
154.83.103.113 - - [11/Apr/2025:14:00:47 +0000] "GET /apps/.env HTTP/1.1" 301 0 "-" "Mozilla/5.0 (Windows NT 10.0; Win64; x64) AppleWebKit/537.36 (KHTML, like Gecko) Chrome/91.0.4472.124 Safari/537.36"
154.83.103.113 - - [11/Apr/2025:14:00:48 +0000] "GET /2022/07/28/envia-a-la-carcel-a-presunto-responsable-de-extorsiones-en-ricaurte/ HTTP/1.1" 200 24347 "-" "Mozilla/5.0 (Windows NT 10.0; Win64; x64) AppleWebKit/537.36 (KHTML, like Gecko) Chrome/91.0.4472.124 Safari/537.36"
170.10.163.108 - - [11/Apr/2025:14:00:50 +0000] "POST /wp-cron.php?doing_wp_cron=1744380050.1185860633850097656250 HTTP/1.1" 200 0 "-" "WordPress/6.7.2; https://www.abranoticias.com"
154.83.103.113 - - [11/Apr/2025:14:00:49 +0000] "GET /appsettings.json HTTP/1.1" 404 13655 "-" "Mozilla/5.0 (Windows NT 10.0; Win64; x64) AppleWebKit/537.36 (KHTML, like Gecko) Chrome/91.0.4472.124 Safari/537.36"
154.83.103.113 - - [11/Apr/2025:14:00:50 +0000] "GET /aws-secret.yaml HTTP/1.1" 404 13655 "-" "Mozilla/5.0 (Windows NT 10.0; Win64; x64) AppleWebKit/537.36 (KHTML, like Gecko) Chrome/91.0.4472.124 Safari/537.36"
154.83.103.113 - - [11/Apr/2025:14:00:51 +0000] "GET /aws.yml HTTP/1.1" 404 13655 "-" "Mozilla/5.0 (Windows NT 10.0; Win64; x64) AppleWebKit/537.36 (KHTML, like Gecko) Chrome/91.0.4472.124 Safari/537.36"
154.83.103.113 - - [11/Apr/2025:14:00:53 +0000] "GET /aws/credentials HTTP/1.1" 404 13655 "-" "Mozilla/5.0 (Windows NT 10.0; Win64; x64) AppleWebKit/537.36 (KHTML, like Gecko) Chrome/91.0.4472.124 Safari/537.36"
2a03:2880:22ff:41:: - - [11/Apr/2025:14:00:54 +0000] "GET /wp-content/uploads/2025/03/pereira-Claudia-Jaramillo-Lopez.jpg HTTP/1.1" 200 39250 "-" "facebookexternalhit/1.1 (+http://www.facebook.com/externalhit_uatext.php)"
154.83.103.113 - - [11/Apr/2025:14:00:54 +0000] "GET /awstats/.env HTTP/1.1" 301 0 "-" "Mozilla/5.0 (Windows NT 10.0; Win64; x64) AppleWebKit/537.36 (KHTML, like Gecko) Chrome/91.0.4472.124 Safari/537.36"
2a03:2880:22ff:7:: - - [11/Apr/2025:14:00:55 +0000] "GET /wp-content/uploads/2022/08/cali-banda-los-primos.jpg HTTP/1.1" 200 100729 "-" "facebookexternalhit/1.1 (+http://www.facebook.com/externalhit_uatext.php)"
154.83.103.113 - - [11/Apr/2025:14:00:55 +0000] "GET /2022/07/28/envia-a-la-carcel-a-presunto-responsable-de-extorsiones-en-ricaurte/ HTTP/1.1" 200 24347 "-" "Mozilla/5.0 (Windows NT 10.0; Win64; x64) AppleWebKit/537.36 (KHTML, like Gecko) Chrome/91.0.4472.124 Safari/537.36"
2a03:2880:22ff:71:: - - [11/Apr/2025:14:00:57 +0000] "GET /wp-content/uploads/2022/08/tangua-desaparecidos-4.jpg HTTP/1.1" 200 71968 "-" "facebookexternalhit/1.1 (+http://www.facebook.com/externalhit_uatext.php)"
154.83.103.113 - - [11/Apr/2025:14:00:56 +0000] "GET /backend/.env HTTP/1.1" 301 0 "-" "Mozilla/5.0 (Windows NT 10.0; Win64; x64) AppleWebKit/537.36 (KHTML, like Gecko) Chrome/91.0.4472.124 Safari/537.36"
2a03:2880:22ff:9:: - - [11/Apr/2025:14:00:57 +0000] "GET /wp-content/uploads/2022/08/la-union-El-Mayo-muerto.jpg HTTP/1.1" 200 85219 "-" "facebookexternalhit/1.1 (+http://www.facebook.com/externalhit_uatext.php)"
2a03:2880:22ff:50:: - - [11/Apr/2025:14:00:57 +0000] "GET /wp-content/uploads/2022/08/IMG-20220817-WA0008.jpg HTTP/1.1" 200 229843 "-" "facebookexternalhit/1.1 (+http://www.facebook.com/externalhit_uatext.php)"
191.95.52.55 - - [11/Apr/2025:14:00:30 +0000] "GET /2025/04/11/en-sandona-allanaron-5-viviendas-este-seria-el-delito/?fbclid=IwZXh0bgNhZW0CMTEAAR6VfovGHEb6xCknhvAs94TRBaXN1EzydDJp6p3iqNlq0skUTHnVxZQIXurdRQ_aem_V_iinzQnbFSakLfEAJrzGA HTTP/1.1" 200 24349 "http://m.facebook.com/" "Mozilla/5.0 (Linux; Android 11; SM-A205G Build/RP1A.200720.012; wv) AppleWebKit/537.36 (KHTML, like Gecko) Version/4.0 Chrome/134.0.6998.39 Mobile Safari/537.36[FBAN/EMA;FBLC/es_LA;FBAV/453.0.0.18.113;FBCX/modulariab;]"
190.90.19.123 - - [11/Apr/2025:14:00:38 +0000] "GET /favicon.ico HTTP/1.1" 404 1251 "https://www.abranoticias.com/2025/04/11/en-sandona-allanaron-5-viviendas-este-seria-el-delito/?fbclid=IwY2xjawJl_8xleHRuA2FlbQIxMQABHtmoAHT-2Tm8PGc-nhsySTxDsVwdqI0sQUaqsSjxVykGGjKgipCOUHhBuHYg_aem_FE-Sxut4R0WZ9QZmujdbcA" "Mozilla/5.0 (Linux; Android 14; 23100RN82L Build/UP1A.231005.007; wv) AppleWebKit/537.36 (KHTML, like Gecko) Version/4.0 Chrome/135.0.7049.49 Mobile Safari/537.36 [FB_IAB/FB4A;FBAV/507.0.0.66.49;IABMV/1;]"
170.10.163.108 - - [11/Apr/2025:14:00:57 +0000] "POST /wp-cron.php?doing_wp_cron=1744380057.1517660617828369140625 HTTP/1.1" 200 0 "-" "WordPress/6.7.2; https://www.abranoticias.com"
2a03:2880:22ff:4a:: - - [11/Apr/2025:14:00:57 +0000] "GET /wp-content/uploads/2022/08/barbacoas-escuela-el-vergel.jpg HTTP/1.1" 200 81937 "-" "facebookexternalhit/1.1 (+http://www.facebook.com/externalhit_uatext.php)"
2a03:2880:22ff:3:: - - [11/Apr/2025:14:00:57 +0000] "GET /wp-content/uploads/2022/08/san-bernardo-y-buesaco-muerto.jpg HTTP/1.1" 200 109529 "-" "facebookexternalhit/1.1 (+http://www.facebook.com/externalhit_uatext.php)"
2a03:2880:22ff:4a:: - - [11/Apr/2025:14:00:57 +0000] "GET /wp-content/uploads/2022/08/narino-policia-nacional.jpg HTTP/1.1" 200 127739 "-" "facebookexternalhit/1.1 (+http://www.facebook.com/externalhit_uatext.php)"
2a03:2880:22ff:4e:: - - [11/Apr/2025:14:00:57 +0000] "GET /wp-content/uploads/2022/08/Screenshot_20220819-1133512.png HTTP/1.1" 200 201504 "-" "facebookexternalhit/1.1 (+http://www.facebook.com/externalhit_uatext.php)"
2a03:2880:22ff:a:: - - [11/Apr/2025:14:00:57 +0000] "GET /wp-content/uploads/2022/08/taminago-amgie-riascos-fallecida.jpg HTTP/1.1" 200 33959 "-" "facebookexternalhit/1.1 (+http://www.facebook.com/externalhit_uatext.php)"
2a03:2880:22ff:4d:: - - [11/Apr/2025:14:00:57 +0000] "GET /wp-content/uploads/2022/08/la-union-hospital-eduardo-santos.jpg HTTP/1.1" 200 57375 "-" "facebookexternalhit/1.1 (+http://www.facebook.com/externalhit_uatext.php)"
2a03:2880:22ff:9:: - - [11/Apr/2025:14:00:57 +0000] "GET /wp-content/uploads/2022/08/pasto-bombona-cai.jpg HTTP/1.1" 200 90942 "-" "facebookexternalhit/1.1 (+http://www.facebook.com/externalhit_uatext.php)"
2a03:2880:22ff:71:: - - [11/Apr/2025:14:00:57 +0000] "GET /wp-content/uploads/2022/08/ipiales-interpol-capturado.jpg HTTP/1.1" 200 112408 "-" "facebookexternalhit/1.1 (+http://www.facebook.com/externalhit_uatext.php)"
2a03:2880:22ff:41:: - - [11/Apr/2025:14:00:57 +0000] "GET /wp-content/uploads/2022/08/pasto-capturados-16A.jpg HTTP/1.1" 200 64038 "-" "facebookexternalhit/1.1 (+http://www.facebook.com/externalhit_uatext.php)"
2a03:2880:22ff:74:: - - [11/Apr/2025:14:00:57 +0000] "GET /wp-content/uploads/2022/08/pasto-rioblanco-alias-bola.jpg HTTP/1.1" 200 119920 "-" "facebookexternalhit/1.1 (+http://www.facebook.com/externalhit_uatext.php)"
2a03:2880:22ff:4a:: - - [11/Apr/2025:14:00:57 +0000] "GET /wp-content/uploads/2022/08/IMG_20220820_214930-scaled.jpg HTTP/1.1" 200 400925 "-" "facebookexternalhit/1.1 (+http://www.facebook.com/externalhit_uatext.php)"
2a03:2880:22ff:42:: - - [11/Apr/2025:14:00:57 +0000] "GET /wp-content/uploads/2022/08/cumbal-civica-infatil.jpg HTTP/1.1" 200 137970 "-" "facebookexternalhit/1.1 (+http://www.facebook.com/externalhit_uatext.php)"
2a03:2880:22ff:4a:: - - [11/Apr/2025:14:00:57 +0000] "GET /wp-content/uploads/2022/08/tumaco-los-contadores-capturados.jpg HTTP/1.1" 200 83180 "-" "facebookexternalhit/1.1 (+http://www.facebook.com/externalhit_uatext.php)"
170.10.163.108 - - [11/Apr/2025:13:59:50 +0000] "POST /wp-cron.php?doing_wp_cron=1744379990.5677409172058105468750 HTTP/1.1" 200 0 "-" "WordPress/6.7.2; https://www.abranoticias.com"
154.83.103.113 - - [11/Apr/2025:13:59:49 +0000] "GET /admin/controllers/partner.js HTTP/1.1" 404 13656 "-" "Mozilla/5.0 (Windows NT 10.0; Win64; x64) AppleWebKit/537.36 (KHTML, like Gecko) Chrome/91.0.4472.124 Safari/537.36"
52.167.144.138 - - [11/Apr/2025:13:59:53 +0000] "GET /2021/07/21/patrulleros-estarian-inconformes-con-uniforme-traen-copia-de-otro-pais/ HTTP/1.1" 200 20006 "-" "Mozilla/5.0 AppleWebKit/537.36 (KHTML, like Gecko; compatible; bingbot/2.0; +http://www.bing.com/bingbot.htm) Chrome/116.0.1938.76 Safari/537.36"
170.10.163.108 - - [11/Apr/2025:14:00:06 +0000] "POST /wp-cron.php?doing_wp_cron=1744380006.2591960430145263671875 HTTP/1.1" 200 0 "-" "WordPress/6.7.2; https://www.abranoticias.com"
154.54.249.216 - - [11/Apr/2025:14:00:24 +0000] "GET /tag/chacuas/feed/ HTTP/1.1" 200 2806 "-" "Mozilla/5.0 (compatible; Barkrowler/0.9; +https://babbar.tech/crawler)"
3.213.213.161 - - [11/Apr/2025:14:00:29 +0000] "GET /category/mundo/ HTTP/1.1" 200 25504 "-" "Mozilla/5.0 AppleWebKit/537.36 (KHTML, like Gecko; compatible; Amazonbot/0.1; +https://developer.amazon.com/support/amazonbot) Chrome/119.0.6045.214 Safari/537.36"
52.71.203.206 - - [11/Apr/2025:14:00:31 +0000] "GET /category/deportes/ HTTP/1.1" 200 25616 "-" "Mozilla/5.0 AppleWebKit/537.36 (KHTML, like Gecko; compatible; Amazonbot/0.1; +https://developer.amazon.com/support/amazonbot) Chrome/119.0.6045.214 Safari/537.36"
154.83.103.113 - - [11/Apr/2025:14:00:33 +0000] "GET /apis/controllers/users.js HTTP/1.1" 404 13655 "-" "Mozilla/5.0 (Windows NT 10.0; Win64; x64) AppleWebKit/537.36 (KHTML, like Gecko) Chrome/91.0.4472.124 Safari/537.36"
170.10.163.108 - - [11/Apr/2025:14:00:41 +0000] "POST /wp-cron.php?doing_wp_cron=1744380041.1657121181488037109375 HTTP/1.1" 200 0 "-" "WordPress/6.7.2; https://www.abranoticias.com"
170.10.163.108 - - [11/Apr/2025:14:00:44 +0000] "POST /wp-cron.php?doing_wp_cron=1744380044.5643589496612548828125 HTTP/1.1" 200 0 "-" "WordPress/6.7.2; https://www.abranoticias.com"
2a03:2880:22ff:5:: - - [11/Apr/2025:14:00:54 +0000] "GET /wp-content/uploads/2022/08/Screenshot_20220827-1824372.png HTTP/1.1" 200 212877 "-" "facebookexternalhit/1.1 (+http://www.facebook.com/externalhit_uatext.php)"
2a03:2880:22ff:4d:: - - [11/Apr/2025:14:00:57 +0000] "GET /wp-content/uploads/2022/08/buesaco-escuela-musical-.jpg HTTP/1.1" 200 193106 "-" "facebookexternalhit/1.1 (+http://www.facebook.com/externalhit_uatext.php)"
2a03:2880:22ff:50:: - - [11/Apr/2025:14:00:57 +0000] "GET /wp-content/uploads/2022/08/ipiales-gaula-campana.jpg HTTP/1.1" 200 158602 "-" "facebookexternalhit/1.1 (+http://www.facebook.com/externalhit_uatext.php)"
2a03:2880:22ff:3:: - - [11/Apr/2025:14:00:57 +0000] "GET /wp-content/uploads/2022/08/barbacoas-municipio-1.jpg HTTP/1.1" 200 112850 "-" "facebookexternalhit/1.1 (+http://www.facebook.com/externalhit_uatext.php)"
2a03:2880:22ff:52:: - - [11/Apr/2025:14:00:57 +0000] "GET /wp-content/uploads/2022/08/narino-municipios-gas.jpg HTTP/1.1" 200 125392 "-" "facebookexternalhit/1.1 (+http://www.facebook.com/externalhit_uatext.php)"
2a03:2880:22ff:71:: - - [11/Apr/2025:14:00:57 +0000] "GET /wp-content/uploads/2022/08/tumaco-desaparecida-yesica-arizala-cuero.jpg HTTP/1.1" 200 105954 "-" "facebookexternalhit/1.1 (+http://www.facebook.com/externalhit_uatext.php)"
2a03:2880:22ff:41:: - - [11/Apr/2025:14:00:57 +0000] "GET /wp-content/uploads/2022/08/pasto-accidente-fatima-3-Recuperado.jpg HTTP/1.1" 200 68225 "-" "facebookexternalhit/1.1 (+http://www.facebook.com/externalhit_uatext.php)"
2a03:2880:22ff:3:: - - [11/Apr/2025:14:00:57 +0000] "GET /wp-content/uploads/2022/07/pasto-capturado-sijin.jpg HTTP/1.1" 200 120340 "-" "facebookexternalhit/1.1 (+http://www.facebook.com/externalhit_uatext.php)"
2a03:2880:22ff:43:: - - [11/Apr/2025:14:00:57 +0000] "GET /wp-content/uploads/2022/08/manizales-abogada-capturada.jpg HTTP/1.1" 200 84741 "-" "facebookexternalhit/1.1 (+http://www.facebook.com/externalhit_uatext.php)"
2a03:2880:22ff:4a:: - - [11/Apr/2025:14:00:57 +0000] "GET /wp-content/uploads/2022/08/tumaco-honicidio.jpg HTTP/1.1" 200 33911 "-" "facebookexternalhit/1.1 (+http://www.facebook.com/externalhit_uatext.php)"
2a03:2880:22ff:50:: - - [11/Apr/2025:14:00:57 +0000] "GET /wp-content/uploads/2022/08/arboleda-hospital.jpg HTTP/1.1" 200 80454 "-" "facebookexternalhit/1.1 (+http://www.facebook.com/externalhit_uatext.php)"
2a03:2880:22ff:9:: - - [11/Apr/2025:14:00:57 +0000] "GET /wp-content/uploads/2022/08/la-cruz-capturado-1.jpg HTTP/1.1" 200 72961 "-" "facebookexternalhit/1.1 (+http://www.facebook.com/externalhit_uatext.php)"
2a03:2880:22ff:71:: - - [11/Apr/2025:14:00:57 +0000] "GET /wp-content/uploads/2022/08/pasto-salud-viruela-del-mono.jpg HTTP/1.1" 200 81154 "-" "facebookexternalhit/1.1 (+http://www.facebook.com/externalhit_uatext.php)"
2a03:2880:22ff:9:: - - [11/Apr/2025:14:00:57 +0000] "GET /wp-content/uploads/2022/08/pasto-capturados-delincuentes.jpg HTTP/1.1" 200 101874 "-" "facebookexternalhit/1.1 (+http://www.facebook.com/externalhit_uatext.php)"
2a03:2880:22ff:4a:: - - [11/Apr/2025:14:00:57 +0000] "GET /wp-content/uploads/2022/08/toro-3-muertos.jpg HTTP/1.1" 200 79958 "-" "facebookexternalhit/1.1 (+http://www.facebook.com/externalhit_uatext.php)"
154.83.103.113 - - [11/Apr/2025:14:00:57 +0000] "GET /2022/07/28/envia-a-la-carcel-a-presunto-responsable-de-extorsiones-en-ricaurte/ HTTP/1.1" 200 24347 "-" "Mozilla/5.0 (Windows NT 10.0; Win64; x64) AppleWebKit/537.36 (KHTML, like Gecko) Chrome/91.0.4472.124 Safari/537.36"
154.83.103.113 - - [11/Apr/2025:14:00:58 +0000] "GET /backend/config/default.yml HTTP/1.1" 404 13656 "-" "Mozilla/5.0 (Windows NT 10.0; Win64; x64) AppleWebKit/537.36 (KHTML, like Gecko) Chrome/91.0.4472.124 Safari/537.36"
154.83.103.113 - - [11/Apr/2025:14:01:00 +0000] "GET /backend/config/development.yml HTTP/1.1" 404 13654 "-" "Mozilla/5.0 (Windows NT 10.0; Win64; x64) AppleWebKit/537.36 (KHTML, like Gecko) Chrome/91.0.4472.124 Safari/537.36"
154.83.103.113 - - [11/Apr/2025:14:01:01 +0000] "GET /backend/config/settings.yml HTTP/1.1" 404 13655 "-" "Mozilla/5.0 (Windows NT 10.0; Win64; x64) AppleWebKit/537.36 (KHTML, like Gecko) Chrome/91.0.4472.124 Safari/537.36"
154.83.103.113 - - [11/Apr/2025:14:01:04 +0000] "GET /computeMetadata/v1 HTTP/1.1" 404 13655 "-" "Mozilla/5.0 (Windows NT 10.0; Win64; x64) AppleWebKit/537.36 (KHTML, like Gecko) Chrome/91.0.4472.124 Safari/537.36"
154.83.103.113 - - [11/Apr/2025:14:01:05 +0000] "GET /computeMetadata/v1beta1 HTTP/1.1" 404 13655 "-" "Mozilla/5.0 (Windows NT 10.0; Win64; x64) AppleWebKit/537.36 (KHTML, like Gecko) Chrome/91.0.4472.124 Safari/537.36"
154.83.103.113 - - [11/Apr/2025:14:01:06 +0000] "GET /conf/.env HTTP/1.1" 301 0 "-" "Mozilla/5.0 (Windows NT 10.0; Win64; x64) AppleWebKit/537.36 (KHTML, like Gecko) Chrome/91.0.4472.124 Safari/537.36"
170.10.163.108 - - [11/Apr/2025:14:01:07 +0000] "POST /wp-admin/admin-ajax.php?action=async_litespeed&nonce=hYdyuvRdholjLwAY0x2I9vgNgjqvNTwh&litespeed_type=imgoptm HTTP/1.1" 200 5 "-" "WordPress/6.7.2; https://www.abranoticias.com"
154.83.103.113 - - [11/Apr/2025:14:01:08 +0000] "GET /2022/07/28/envia-a-la-carcel-a-presunto-responsable-de-extorsiones-en-ricaurte/ HTTP/1.1" 200 24347 "-" "Mozilla/5.0 (Windows NT 10.0; Win64; x64) AppleWebKit/537.36 (KHTML, like Gecko) Chrome/91.0.4472.124 Safari/537.36"
154.83.103.113 - - [11/Apr/2025:14:01:14 +0000] "GET /config.env HTTP/1.1" 404 13655 "-" "Mozilla/5.0 (Windows NT 10.0; Win64; x64) AppleWebKit/537.36 (KHTML, like Gecko) Chrome/91.0.4472.124 Safari/537.36"
217.113.194.213 - - [11/Apr/2025:14:01:15 +0000] "GET /tag/wamberal/ HTTP/1.1" 200 22774 "-" "Mozilla/5.0 (compatible; Barkrowler/0.9; +https://babbar.tech/crawler)"
154.83.103.113 - - [11/Apr/2025:14:01:20 +0000] "GET /config.js HTTP/1.1" 404 13654 "-" "Mozilla/5.0 (Windows NT 10.0; Win64; x64) AppleWebKit/537.36 (KHTML, like Gecko) Chrome/91.0.4472.124 Safari/537.36"
154.83.103.113 - - [11/Apr/2025:14:01:21 +0000] "GET /config.json HTTP/1.1" 404 13655 "-" "Mozilla/5.0 (Windows NT 10.0; Win64; x64) AppleWebKit/537.36 (KHTML, like Gecko) Chrome/91.0.4472.124 Safari/537.36"
154.83.103.113 - - [11/Apr/2025:14:01:23 +0000] "GET /config/application.yml HTTP/1.1" 404 13655 "-" "Mozilla/5.0 (Windows NT 10.0; Win64; x64) AppleWebKit/537.36 (KHTML, like Gecko) Chrome/91.0.4472.124 Safari/537.36"
154.83.103.113 - - [11/Apr/2025:14:01:24 +0000] "GET /config/aws.yml HTTP/1.1" 404 13655 "-" "Mozilla/5.0 (Windows NT 10.0; Win64; x64) AppleWebKit/537.36 (KHTML, like Gecko) Chrome/91.0.4472.124 Safari/537.36"
154.83.103.113 - - [11/Apr/2025:14:01:25 +0000] "GET /config/config.json HTTP/1.1" 404 13655 "-" "Mozilla/5.0 (Windows NT 10.0; Win64; x64) AppleWebKit/537.36 (KHTML, like Gecko) Chrome/91.0.4472.124 Safari/537.36"
154.83.103.113 - - [11/Apr/2025:14:01:26 +0000] "GET /config/constants.js HTTP/1.1" 404 13656 "-" "Mozilla/5.0 (Windows NT 10.0; Win64; x64) AppleWebKit/537.36 (KHTML, like Gecko) Chrome/91.0.4472.124 Safari/537.36"
217.113.194.216 - - [11/Apr/2025:14:01:31 +0000] "GET /tag/planadas/feed/ HTTP/1.1" 200 1910 "-" "Mozilla/5.0 (compatible; Barkrowler/0.9; +https://babbar.tech/crawler)"
154.83.103.113 - - [11/Apr/2025:14:01:32 +0000] "GET /config/local.yml HTTP/1.1" 404 13655 "-" "Mozilla/5.0 (Windows NT 10.0; Win64; x64) AppleWebKit/537.36 (KHTML, like Gecko) Chrome/91.0.4472.124 Safari/537.36"
154.83.103.113 - - [11/Apr/2025:14:01:38 +0000] "GET /config/parameters.yml HTTP/1.1" 404 13656 "-" "Mozilla/5.0 (Windows NT 10.0; Win64; x64) AppleWebKit/537.36 (KHTML, like Gecko) Chrome/91.0.4472.124 Safari/537.36"
190.90.19.123 - - [11/Apr/2025:14:01:39 +0000] "GET /2025/04/11/en-sandona-allanaron-5-viviendas-este-seria-el-delito/?fbclid=IwY2xjawJmABJleHRuA2FlbQIxMQABHkJJIUROTYBL3j46b8_LaHMjgrSbY75qO2xM_hKCuuKejoEh95FFLbWQ8_5M_aem_8rjI0hU46BAIxV8bvcisew HTTP/1.1" 200 24349 "https://lm.facebook.com/" "Mozilla/5.0 (Linux; Android 12; SM-A536E Build/SP1A.210812.016; wv) AppleWebKit/537.36 (KHTML, like Gecko) Version/4.0 Chrome/132.0.6834.97 Mobile Safari/537.36 [FB_IAB/FB4A;FBAV/497.0.0.47.36;]"
170.10.163.108 - - [11/Apr/2025:14:01:40 +0000] "POST /wp-cron.php?doing_wp_cron=1744380100.3762819766998291015625 HTTP/1.1" 200 0 "-" "WordPress/6.7.2; https://www.abranoticias.com"
154.83.103.113 - - [11/Apr/2025:14:01:39 +0000] "GET /config/settings.json HTTP/1.1" 404 13655 "-" "Mozilla/5.0 (Windows NT 10.0; Win64; x64) AppleWebKit/537.36 (KHTML, like Gecko) Chrome/91.0.4472.124 Safari/537.36"
190.90.19.123 - - [11/Apr/2025:14:01:43 +0000] "GET /favicon.ico HTTP/1.1" 404 1251 "https://www.abranoticias.com/2025/04/11/en-sandona-allanaron-5-viviendas-este-seria-el-delito/?fbclid=IwY2xjawJmABJleHRuA2FlbQIxMQABHkJJIUROTYBL3j46b8_LaHMjgrSbY75qO2xM_hKCuuKejoEh95FFLbWQ8_5M_aem_8rjI0hU46BAIxV8bvcisew" "Mozilla/5.0 (Linux; Android 12; SM-A536E Build/SP1A.210812.016; wv) AppleWebKit/537.36 (KHTML, like Gecko) Version/4.0 Chrome/132.0.6834.97 Mobile Safari/537.36 [FB_IAB/FB4A;FBAV/497.0.0.47.36;]"
170.10.163.108 - - [11/Apr/2025:14:01:47 +0000] "POST /wp-cron.php?doing_wp_cron=1744380107.9145579338073730468750 HTTP/1.1" 200 0 "-" "WordPress/6.7.2; https://www.abranoticias.com"
154.83.103.113 - - [11/Apr/2025:14:01:47 +0000] "GET /config/settings.local HTTP/1.1" 404 13656 "-" "Mozilla/5.0 (Windows NT 10.0; Win64; x64) AppleWebKit/537.36 (KHTML, like Gecko) Chrome/91.0.4472.124 Safari/537.36"
154.83.103.113 - - [11/Apr/2025:14:01:48 +0000] "GET /config/settings.prod HTTP/1.1" 404 13656 "-" "Mozilla/5.0 (Windows NT 10.0; Win64; x64) AppleWebKit/537.36 (KHTML, like Gecko) Chrome/91.0.4472.124 Safari/537.36"
2a03:2880:22ff:9:: - - [11/Apr/2025:14:00:57 +0000] "GET /wp-content/uploads/2022/08/putumayo-valle-del-guamuez-y-orito-muertos.jpg HTTP/1.1" 200 60249 "-" "facebookexternalhit/1.1 (+http://www.facebook.com/externalhit_uatext.php)"
217.113.194.214 - - [11/Apr/2025:14:00:58 +0000] "GET /tag/tormenta/feed/ HTTP/1.1" 200 3459 "-" "Mozilla/5.0 (compatible; Barkrowler/0.9; +https://babbar.tech/crawler)"
13.59.22.238 - - [11/Apr/2025:14:01:01 +0000] "GET /wp-includes/cookie/index.php?lokasie=%2Fproc%2Fself%2Froot%2Fproc%2Fself%2Froot%2Fhome%2Fabranoticias%2F.cagefs%2Fopt%2Falt%2Fphp81%2Flink%2Fconf%2Fmysqli.ini&loknya=%2Fproc%2Fself%2Froot%2Fproc%2Fself%2Froot%2Fhome%2Fabranoticias%2F.cagefs%2Fopt%2Falt%2Fphp81%2Flink%2Fconf HTTP/1.1" 200 1913 "-" "Mozilla/5.0 AppleWebKit/537.36 (KHTML, like Gecko; compatible; ClaudeBot/1.0; +claudebot@anthropic.com)"
190.130.101.231 - - [11/Apr/2025:14:01:08 +0000] "GET /favicon.ico HTTP/1.1" 404 1251 "https://www.abranoticias.com/2025/04/11/en-sandona-allanaron-5-viviendas-este-seria-el-delito/?fbclid=IwZXh0bgNhZW0CMTEAAR6oYV2f8GlqtH1oHs8wFlQFn5nNpBEQ1oaUxvakEjYux1PaNXhhuIhGEQqHCw_aem_AqOTXvPMyId-DKA8dxu8Vg" "Mozilla/5.0 (Linux; Android 10; M2006C3MG Build/QP1A.190711.020; wv) AppleWebKit/537.36 (KHTML, like Gecko) Version/4.0 Chrome/134.0.6998.135 Mobile Safari/537.36[FBAN/EMA;FBLC/es_LA;FBAV/453.0.0.18.113;FBCX/modulariab;]"
191.156.9.198 - - [11/Apr/2025:14:01:06 +0000] "GET /2025/04/11/en-sandona-allanaron-5-viviendas-este-seria-el-delito/?fbclid=IwZXh0bgNhZW0CMTEAAR4xpPuMWICCzQdYTktRL1cPZ_VEtTm6HnoPhbEIbbo6k5FiOzGvd1F5wzbn-A_aem_8O9esk98Zor55FGIvAjd6w HTTP/1.1" 200 24349 "http://m.facebook.com/" "Mozilla/5.0 (Linux; Android 10; moto g(8) play Build/QMDS30.47-34-5; wv) AppleWebKit/537.36 (KHTML, like Gecko) Version/4.0 Chrome/134.0.6998.135 Mobile Safari/537.36[FBAN/EMA;FBLC/es_ES;FBAV/454.0.0.12.106;FBCX/modulariab;]"
191.156.9.198 - - [11/Apr/2025:14:01:13 +0000] "GET /favicon.ico HTTP/1.1" 404 1251 "https://www.abranoticias.com/2025/04/11/en-sandona-allanaron-5-viviendas-este-seria-el-delito/?fbclid=IwZXh0bgNhZW0CMTEAAR4xpPuMWICCzQdYTktRL1cPZ_VEtTm6HnoPhbEIbbo6k5FiOzGvd1F5wzbn-A_aem_8O9esk98Zor55FGIvAjd6w" "Mozilla/5.0 (Linux; Android 10; moto g(8) play Build/QMDS30.47-34-5; wv) AppleWebKit/537.36 (KHTML, like Gecko) Version/4.0 Chrome/134.0.6998.135 Mobile Safari/537.36[FBAN/EMA;FBLC/es_ES;FBAV/454.0.0.12.106;FBCX/modulariab;]"
170.10.163.108 - - [11/Apr/2025:14:01:15 +0000] "POST /wp-cron.php?doing_wp_cron=1744380075.2979590892791748046875 HTTP/1.1" 200 0 "-" "WordPress/6.7.2; https://www.abranoticias.com"
207.46.13.157 - - [11/Apr/2025:14:01:42 +0000] "GET /2022/10/10/17101/ HTTP/1.1" 200 22689 "-" "Mozilla/5.0 AppleWebKit/537.36 (KHTML, like Gecko; compatible; bingbot/2.0; +http://www.bing.com/bingbot.htm) Chrome/116.0.1938.76 Safari/537.36"
170.10.163.108 - - [11/Apr/2025:14:01:50 +0000] "POST /wp-cron.php?doing_wp_cron=1744380110.9289989471435546875000 HTTP/1.1" 200 0 "-" "WordPress/6.7.2; https://www.abranoticias.com"
154.83.103.113 - - [11/Apr/2025:14:02:02 +0000] "GET /controller/api/post.js HTTP/1.1" 404 13655 "-" "Mozilla/5.0 (Windows NT 10.0; Win64; x64) AppleWebKit/537.36 (KHTML, like Gecko) Chrome/91.0.4472.124 Safari/537.36"
170.10.163.108 - - [11/Apr/2025:14:02:06 +0000] "POST /wp-cron.php?doing_wp_cron=1744380126.7369849681854248046875 HTTP/1.1" 200 0 "-" "WordPress/6.7.2; https://www.abranoticias.com"
217.113.194.221 - - [11/Apr/2025:14:02:05 +0000] "GET /tag/teniente/feed/ HTTP/1.1" 200 10636 "-" "Mozilla/5.0 (compatible; Barkrowler/0.9; +https://babbar.tech/crawler)"
170.10.163.108 - - [11/Apr/2025:14:02:07 +0000] "POST /wp-admin/admin-ajax.php?action=async_litespeed&nonce=E4PKDyJ2sQJpAvHSNEJRGq6AcwDvjnf2&litespeed_type=imgoptm HTTP/1.1" 200 5 "-" "WordPress/6.7.2; https://www.abranoticias.com"
13.59.22.238 - - [11/Apr/2025:14:01:01 +0000] "GET /wp-includes/cookie/index.php?loknya=%2Fproc%2Fself%2Froot%2Fproc%2Fself%2Froot%2Fhome%2Fabranoticias%2F.cagefs%2Fopt%2Falt%2Fphp81%2Flink%2F HTTP/1.1" 200 2312 "-" "Mozilla/5.0 AppleWebKit/537.36 (KHTML, like Gecko; compatible; ClaudeBot/1.0; +claudebot@anthropic.com)"
154.83.103.113 - - [11/Apr/2025:14:01:02 +0000] "GET /cloud/Scraper.js HTTP/1.1" 404 13655 "-" "Mozilla/5.0 (Windows NT 10.0; Win64; x64) AppleWebKit/537.36 (KHTML, like Gecko) Chrome/91.0.4472.124 Safari/537.36"
170.10.163.108 - - [11/Apr/2025:14:01:06 +0000] "POST /wp-cron.php?doing_wp_cron=1744380066.3528800010681152343750 HTTP/1.1" 200 0 "-" "WordPress/6.7.2; https://www.abranoticias.com"
85.208.96.205 - - [11/Apr/2025:14:01:11 +0000] "GET /2022/10/25/cayo-buscado-por-homicidio-en-tumaco-2-mas-fueron-capturados/ HTTP/1.1" 200 24626 "-" "Mozilla/5.0 (compatible; SemrushBot/7~bl; +http://www.semrush.com/bot.html)"
34.21.118.210 - - [11/Apr/2025:14:01:28 +0000] "GET /feed/ HTTP/1.1" 200 10591 "-" "Mozilla/5.0 (Windows NT 6.3; WOW64; rv:33.0) Gecko/20100101 Firefox/33.0"
217.113.194.217 - - [11/Apr/2025:14:01:48 +0000] "GET /tag/alejo/feed/ HTTP/1.1" 200 1292 "-" "Mozilla/5.0 (compatible; Barkrowler/0.9; +https://babbar.tech/crawler)"
154.83.103.113 - - [11/Apr/2025:14:01:51 +0000] "GET /configs/routes-4aug.js HTTP/1.1" 404 13655 "-" "Mozilla/5.0 (Windows NT 10.0; Win64; x64) AppleWebKit/537.36 (KHTML, like Gecko) Chrome/91.0.4472.124 Safari/537.36"
154.83.103.113 - - [11/Apr/2025:14:01:58 +0000] "GET /configs/routes.js HTTP/1.1" 404 13656 "-" "Mozilla/5.0 (Windows NT 10.0; Win64; x64) AppleWebKit/537.36 (KHTML, like Gecko) Chrome/91.0.4472.124 Safari/537.36"
154.83.103.113 - - [11/Apr/2025:14:02:01 +0000] "GET /controller/admin/post.js HTTP/1.1" 404 13655 "-" "Mozilla/5.0 (Windows NT 10.0; Win64; x64) AppleWebKit/537.36 (KHTML, like Gecko) Chrome/91.0.4472.124 Safari/537.36"
191.106.163.230 - - [11/Apr/2025:14:02:04 +0000] "GET /2025/04/11/en-sandona-allanaron-5-viviendas-este-seria-el-delito/?fbclid=IwY2xjawJmACtleHRuA2FlbQIxMQABHq4icsqLMbaEEBNiCFJApdedgmK3vBIsPbYmTEwUzf1Y0pfbeNaXNY3hzrhg_aem_tH4AHAHoRdQuyQCZeJS2dA HTTP/1.1" 200 24349 "https://lm.facebook.com/" "Mozilla/5.0 (Linux; Android 14; TECNO CL6 Build/UP1A.231005.007; wv) AppleWebKit/537.36 (KHTML, like Gecko) Version/4.0 Chrome/135.0.7049.49 Safari/537.36 [FB_IAB/FB4A;FBAV/507.0.0.66.49;IABMV/1;]"
193.47.238.24 - - [11/Apr/2025:14:02:05 +0000] "GET /category/tecnologia/ HTTP/1.1" 200 25460 "-" "Mozilla/5.0 (Macintosh; Intel Mac OS X 10.15; rv:78.0) Gecko/20100101 Firefox/78.0"
52.167.144.225 - - [11/Apr/2025:14:02:07 +0000] "GET /147968761.shtml HTTP/1.1" 200 18825 "-" "Mozilla/5.0 AppleWebKit/537.36 (KHTML, like Gecko; compatible; bingbot/2.0; +http://www.bing.com/bingbot.htm) Chrome/116.0.1938.76 Safari/537.36"
154.83.103.113 - - [11/Apr/2025:14:02:13 +0000] "GET /controllers/settings.js HTTP/1.1" 404 13655 "-" "Mozilla/5.0 (Windows NT 10.0; Win64; x64) AppleWebKit/537.36 (KHTML, like Gecko) Chrome/91.0.4472.124 Safari/537.36"
109.239.229.239 - - [11/Apr/2025:14:02:15 +0000] "GET /category/opinion/ HTTP/1.1" 200 25514 "-" "Mozilla/5.0 (X11; Linux x86_64; rv:29.0) Gecko/20100101 Firefox/29.0"
109.239.229.239 - - [11/Apr/2025:14:02:15 +0000] "GET /category/region/ HTTP/1.1" 200 24981 "-" "Mozilla/5.0 (Windows NT 6.1; WOW64; rv:29.0) Gecko/20100101 Firefox/29.0"
109.239.229.239 - - [11/Apr/2025:14:02:15 +0000] "GET /category/noticias/ HTTP/1.1" 200 25055 "-" "Mozilla/5.0 (Windows NT 6.1; WOW64) AppleWebKit/537.36 (KHTML, like Gecko) Chrome/35.0.1916.114 Safari/537.36"
109.239.229.239 - - [11/Apr/2025:14:02:15 +0000] "GET /category/entretenimiento/ HTTP/1.1" 200 25292 "-" "Mozilla/5.0 (Macintosh; Intel Mac OS X 10_9_2) AppleWebKit/537.36 (KHTML, like Gecko) Chrome/34.0.1847.131 Safari/537.36"
109.239.229.239 - - [11/Apr/2025:14:02:15 +0000] "GET /category/mundo/ HTTP/1.1" 200 25504 "-" "Mozilla/5.0 (Macintosh; Intel Mac OS X 10_9_2) AppleWebKit/537.75.14 (KHTML, like Gecko) Version/7.0.3 Safari/537.75.14"
154.83.103.113 - - [11/Apr/2025:14:01:50 +0000] "GET /config/storage.yml HTTP/1.1" 404 13655 "-" "Mozilla/5.0 (Windows NT 10.0; Win64; x64) AppleWebKit/537.36 (KHTML, like Gecko) Chrome/91.0.4472.124 Safari/537.36"
154.83.103.113 - - [11/Apr/2025:14:02:00 +0000] "GET /configs/s3_config.json HTTP/1.1" 404 13655 "-" "Mozilla/5.0 (Windows NT 10.0; Win64; x64) AppleWebKit/537.36 (KHTML, like Gecko) Chrome/91.0.4472.124 Safari/537.36"
66.249.77.68 - - [11/Apr/2025:14:02:08 +0000] "GET /pcmypage?callback=product/review/JWU58236579 HTTP/1.1" 200 19474 "-" "Mozilla/5.0 (Linux; Android 6.0.1; Nexus 5X Build/MMB29P) AppleWebKit/537.36 (KHTML, like Gecko) Chrome/135.0.7049.52 Mobile Safari/537.36 (compatible; GoogleOther)"
207.46.13.157 - - [11/Apr/2025:14:02:13 +0000] "GET /2024/02/17/identificaron-a-venezolano-ultimado-en-zona-del-putumayo/ HTTP/1.1" 200 19168 "-" "Mozilla/5.0 AppleWebKit/537.36 (KHTML, like Gecko; compatible; bingbot/2.0; +http://www.bing.com/bingbot.htm) Chrome/116.0.1938.76 Safari/537.36"
109.239.229.239 - - [11/Apr/2025:14:02:15 +0000] "GET /category/judicial/ HTTP/1.1" 200 25230 "-" "Mozilla/5.0 (Windows NT 6.1; WOW64) AppleWebKit/537.36 (KHTML, like Gecko) Chrome/34.0.1847.131 Safari/537.36"
217.113.194.213 - - [11/Apr/2025:14:02:40 +0000] "GET /tag/heridos/page/2/ HTTP/1.1" 200 24860 "-" "Mozilla/5.0 (compatible; Barkrowler/0.9; +https://babbar.tech/crawler)"
170.10.163.108 - - [11/Apr/2025:14:02:44 +0000] "POST /wp-cron.php?doing_wp_cron=1744380164.0394370555877685546875 HTTP/1.1" 200 0 "-" "WordPress/6.7.2; https://www.abranoticias.com"
154.83.103.113 - - [11/Apr/2025:14:02:43 +0000] "GET /debug/default/view HTTP/1.1" 404 13656 "-" "Mozilla/5.0 (Windows NT 10.0; Win64; x64) AppleWebKit/537.36 (KHTML, like Gecko) Chrome/91.0.4472.124 Safari/537.36"
154.83.103.113 - - [11/Apr/2025:14:02:44 +0000] "GET /dev/.env HTTP/1.1" 301 0 "-" "Mozilla/5.0 (Windows NT 10.0; Win64; x64) AppleWebKit/537.36 (KHTML, like Gecko) Chrome/91.0.4472.124 Safari/537.36"
154.83.103.113 - - [11/Apr/2025:14:02:45 +0000] "GET /2022/07/28/envia-a-la-carcel-a-presunto-responsable-de-extorsiones-en-ricaurte/ HTTP/1.1" 200 24347 "-" "Mozilla/5.0 (Windows NT 10.0; Win64; x64) AppleWebKit/537.36 (KHTML, like Gecko) Chrome/91.0.4472.124 Safari/537.36"
154.83.103.113 - - [11/Apr/2025:14:02:46 +0000] "GET /development/.env HTTP/1.1" 301 0 "-" "Mozilla/5.0 (Windows NT 10.0; Win64; x64) AppleWebKit/537.36 (KHTML, like Gecko) Chrome/91.0.4472.124 Safari/537.36"
154.83.103.113 - - [11/Apr/2025:14:02:47 +0000] "GET /2022/07/28/envia-a-la-carcel-a-presunto-responsable-de-extorsiones-en-ricaurte/ HTTP/1.1" 200 24347 "-" "Mozilla/5.0 (Windows NT 10.0; Win64; x64) AppleWebKit/537.36 (KHTML, like Gecko) Chrome/91.0.4472.124 Safari/537.36"
154.83.103.113 - - [11/Apr/2025:14:02:48 +0000] "GET /docker/.env HTTP/1.1" 301 0 "-" "Mozilla/5.0 (Windows NT 10.0; Win64; x64) AppleWebKit/537.36 (KHTML, like Gecko) Chrome/91.0.4472.124 Safari/537.36"
154.83.103.113 - - [11/Apr/2025:14:02:49 +0000] "GET /2022/07/28/envia-a-la-carcel-a-presunto-responsable-de-extorsiones-en-ricaurte/ HTTP/1.1" 200 24347 "-" "Mozilla/5.0 (Windows NT 10.0; Win64; x64) AppleWebKit/537.36 (KHTML, like Gecko) Chrome/91.0.4472.124 Safari/537.36"
191.106.189.104 - - [11/Apr/2025:14:02:50 +0000] "GET /2025/04/11/en-sandona-allanaron-5-viviendas-este-seria-el-delito/?fbclid=IwY2xjawJmAFpleHRuA2FlbQIxMQABHpTV9LwR8CkvM3gRT3BMKEzmwmuZrdXzM74b0VY_9CQtkegp1JDeEP6RtP3g_aem_3AhZfCxjObX1ywcXK7m5AQ HTTP/1.1" 200 24349 "https://lm.facebook.com/" "Mozilla/5.0 (Linux; Android 14; V2332 Build/UP1A.231005.007_SC; wv) AppleWebKit/537.36 (KHTML, like Gecko) Version/4.0 Chrome/135.0.7049.49 Mobile Safari/537.36 [FB_IAB/FB4A;FBAV/507.0.0.66.49;IABMV/1;] FBNV/5"
154.83.103.113 - - [11/Apr/2025:14:02:50 +0000] "GET /docker/app/.env HTTP/1.1" 301 0 "-" "Mozilla/5.0 (Windows NT 10.0; Win64; x64) AppleWebKit/537.36 (KHTML, like Gecko) Chrome/91.0.4472.124 Safari/537.36"
191.106.163.230 - - [11/Apr/2025:14:02:09 +0000] "GET /favicon.ico HTTP/1.1" 404 1251 "https://www.abranoticias.com/2025/04/11/en-sandona-allanaron-5-viviendas-este-seria-el-delito/?fbclid=IwY2xjawJmACtleHRuA2FlbQIxMQABHq4icsqLMbaEEBNiCFJApdedgmK3vBIsPbYmTEwUzf1Y0pfbeNaXNY3hzrhg_aem_tH4AHAHoRdQuyQCZeJS2dA" "Mozilla/5.0 (Linux; Android 14; TECNO CL6 Build/UP1A.231005.007; wv) AppleWebKit/537.36 (KHTML, like Gecko) Version/4.0 Chrome/135.0.7049.49 Safari/537.36 [FB_IAB/FB4A;FBAV/507.0.0.66.49;IABMV/1;]"
154.83.103.113 - - [11/Apr/2025:14:02:15 +0000] "GET /core/.env HTTP/1.1" 301 0 "-" "Mozilla/5.0 (Windows NT 10.0; Win64; x64) AppleWebKit/537.36 (KHTML, like Gecko) Chrome/91.0.4472.124 Safari/537.36"
109.239.229.239 - - [11/Apr/2025:14:02:15 +0000] "GET /category/deportes/ HTTP/1.1" 200 25618 "-" "Mozilla/5.0 (Windows NT 6.1; WOW64; rv:29.0) Gecko/20100101 Firefox/29.0"
66.249.77.67 - - [11/Apr/2025:14:02:22 +0000] "POST /get-message-notify HTTP/1.1" 200 19385 "https://www.abranoticias.com/pcmypage?callback=product/review/JWU58236579" "Mozilla/5.0 (Linux; Android 6.0.1; Nexus 5X Build/MMB29P) AppleWebKit/537.36 (KHTML, like Gecko) Chrome/134.0.6998.165 Mobile Safari/537.36 (compatible; Googlebot/2.1; +http://www.google.com/bot.html)"
154.83.103.113 - - [11/Apr/2025:14:02:19 +0000] "GET /2022/07/28/envia-a-la-carcel-a-presunto-responsable-de-extorsiones-en-ricaurte/ HTTP/1.1" 200 24347 "-" "Mozilla/5.0 (Windows NT 10.0; Win64; x64) AppleWebKit/537.36 (KHTML, like Gecko) Chrome/91.0.4472.124 Safari/537.36"
154.83.103.113 - - [11/Apr/2025:14:02:24 +0000] "GET /crm/.env HTTP/1.1" 301 0 "-" "Mozilla/5.0 (Windows NT 10.0; Win64; x64) AppleWebKit/537.36 (KHTML, like Gecko) Chrome/91.0.4472.124 Safari/537.36"
