2a03:2880:11ff:2:: - - [11/Apr/2025:15:27:52 +0000] "GET /2025/03/28/una-joven-se-sometio-a-un-procedimiento-estetico-y-fallecio/ HTTP/1.1" 200 25035 "-" "facebookexternalhit/1.1 (+http://www.facebook.com/externalhit_uatext.php)"
2a03:2880:13ff:51:: - - [11/Apr/2025:15:27:54 +0000] "GET /2025/03/25/a-la-carcel-envian-a-presuntos-integrantes-de-los-espartanos/ HTTP/1.1" 200 24754 "-" "facebookexternalhit/1.1 (+http://www.facebook.com/externalhit_uatext.php)"
66.249.77.66 - - [11/Apr/2025:15:28:27 +0000] "GET /313688925.shtml HTTP/1.1" 200 21188 "-" "Mozilla/5.0 (Linux; Android 6.0.1; Nexus 5X Build/MMB29P) AppleWebKit/537.36 (KHTML, like Gecko) Chrome/135.0.7049.84 Mobile Safari/537.36 (compatible; Googlebot/2.1; +http://www.google.com/bot.html)"
66.249.77.66 - - [11/Apr/2025:15:28:41 +0000] "POST /get-message-notify HTTP/1.1" 200 19385 "https://www.abranoticias.com/17050805.shtml" "Mozilla/5.0 (Linux; Android 6.0.1; Nexus 5X Build/MMB29P) AppleWebKit/537.36 (KHTML, like Gecko) Chrome/134.0.6998.165 Mobile Safari/537.36 (compatible; Googlebot/2.1; +http://www.google.com/bot.html)"
170.10.163.108 - - [11/Apr/2025:15:28:43 +0000] "POST /wp-cron.php?doing_wp_cron=1744385323.9114129543304443359375 HTTP/1.1" 200 0 "-" "WordPress/6.7.2; https://www.abranoticias.com"
217.113.194.217 - - [11/Apr/2025:15:28:46 +0000] "GET /search/banda/page/15/ HTTP/1.1" 200 25307 "-" "Mozilla/5.0 (compatible; Barkrowler/0.9; +https://babbar.tech/crawler)"
170.10.163.108 - - [11/Apr/2025:15:28:56 +0000] "POST /wp-cron.php?doing_wp_cron=1744385336.0236461162567138671875 HTTP/1.1" 200 0 "-" "WordPress/6.7.2; https://www.abranoticias.com"
190.90.28.4 - - [11/Apr/2025:15:29:06 +0000] "GET /favicon.ico HTTP/1.1" 404 1251 "https://www.abranoticias.com/2025/04/11/en-sandona-allanaron-5-viviendas-este-seria-el-delito/?fbclid=IwY2xjawJmFI5leHRuA2FlbQIxMQABHhxghhGFZVI6ZRuVnYeyp6KQtKGPrhjMI10gm_Ispx6LvczBZFeMGmYl_iao_aem_sTSOA0-ADfWkCM4f4Aqfew" "Mozilla/5.0 (Linux; Android 11; TECNO KG5k Build/RP1A.201005.001; wv) AppleWebKit/537.36 (KHTML, like Gecko) Version/4.0 Chrome/135.0.7049.49 Mobile Safari/537.36 [FB_IAB/FB4A;FBAV/507.0.0.66.49;IABMV/1;]"
154.83.103.115 - - [11/Apr/2025:15:29:07 +0000] "GET /?url=/var/www/config.json HTTP/1.1" 301 0 "-" "Mozilla/5.0 (Windows NT 10.0; Win64; x64) AppleWebKit/537.36 (KHTML, like Gecko) Chrome/91.0.4472.124 Safari/537.36"
170.10.163.108 - - [11/Apr/2025:15:29:09 +0000] "POST /wp-admin/admin-ajax.php?action=async_litespeed&nonce=LDaGDTAi5eCKwzl2g51tSDpPI2YeQCvR&litespeed_type=imgoptm HTTP/1.1" 200 5 "-" "WordPress/6.7.2; https://www.abranoticias.com"
154.83.103.115 - - [11/Apr/2025:15:29:10 +0000] "GET /?url=%2Fvar%2Fwww%2Fconfig.json HTTP/1.1" 200 25905 "-" "Mozilla/5.0 (Windows NT 10.0; Win64; x64) AppleWebKit/537.36 (KHTML, like Gecko) Chrome/91.0.4472.124 Safari/537.36"
154.83.103.115 - - [11/Apr/2025:15:29:12 +0000] "GET /?url=/var/www/html/config.yaml HTTP/1.1" 301 0 "-" "Mozilla/5.0 (Windows NT 10.0; Win64; x64) AppleWebKit/537.36 (KHTML, like Gecko) Chrome/91.0.4472.124 Safari/537.36"
157.55.39.7 - - [11/Apr/2025:15:29:13 +0000] "GET /2023/06/02/putumayo-se-quedo-con-esta-corona-del-reinado-en-panama/ HTTP/1.1" 200 22240 "-" "Mozilla/5.0 AppleWebKit/537.36 (KHTML, like Gecko; compatible; bingbot/2.0; +http://www.bing.com/bingbot.htm) Chrome/116.0.1938.76 Safari/537.36"
154.83.103.115 - - [11/Apr/2025:15:29:15 +0000] "GET /?url=%2Fvar%2Fwww%2Fhtml%2Fconfig.yaml HTTP/1.1" 200 25905 "-" "Mozilla/5.0 (Windows NT 10.0; Win64; x64) AppleWebKit/537.36 (KHTML, like Gecko) Chrome/91.0.4472.124 Safari/537.36"
157.55.39.7 - - [11/Apr/2025:15:29:17 +0000] "GET /2021/11/10/la-confundida-que-se-pego-la-reina-del-carnaval-pasto-2022/ HTTP/1.1" 200 20319 "-" "Mozilla/5.0 AppleWebKit/537.36 (KHTML, like Gecko; compatible; bingbot/2.0; +http://www.bing.com/bingbot.htm) Chrome/116.0.1938.76 Safari/537.36"
34.199.252.22 - - [11/Apr/2025:15:29:17 +0000] "GET /category/opinion/ HTTP/1.1" 200 25541 "-" "Mozilla/5.0 AppleWebKit/537.36 (KHTML, like Gecko; compatible; Amazonbot/0.1; +https://developer.amazon.com/support/amazonbot) Chrome/119.0.6045.214 Safari/537.36"
154.83.103.115 - - [11/Apr/2025:15:29:17 +0000] "GET /?url=/var/www/html/config.yml HTTP/1.1" 301 0 "-" "Mozilla/5.0 (Windows NT 10.0; Win64; x64) AppleWebKit/537.36 (KHTML, like Gecko) Chrome/91.0.4472.124 Safari/537.36"
217.113.194.219 - - [11/Apr/2025:15:29:19 +0000] "GET /search/banda/page/13/ HTTP/1.1" 200 25146 "-" "Mozilla/5.0 (compatible; Barkrowler/0.9; +https://babbar.tech/crawler)"
191.106.149.146 - - [11/Apr/2025:15:29:23 +0000] "GET /favicon.ico HTTP/1.1" 404 1251 "https://www.abranoticias.com/2025/04/11/en-sandona-allanaron-5-viviendas-este-seria-el-delito/?fbclid=IwY2xjawJmFIVleHRuA2FlbQIxMQABHnCOU3Psmb3c97tbHkHCQNyHhT9SaL0Ykt17ePOm38xm-NYQPsJnEd-SmGPY_aem_xhXD_AvPWb9hswJeyvAYzA" "Mozilla/5.0 (Linux; Android 13; SM-A515F Build/TP1A.220624.014; wv) AppleWebKit/537.36 (KHTML, like Gecko) Version/4.0 Chrome/135.0.7049.49 Mobile Safari/537.36 [FB_IAB/FB4A;FBAV/507.0.0.66.49;IABMV/1;]"
191.106.149.146 - - [11/Apr/2025:15:29:23 +0000] "GET /favicon.ico HTTP/1.1" 404 1251 "https://www.abranoticias.com/2025/04/11/en-sandona-allanaron-5-viviendas-este-seria-el-delito/?fbclid=IwY2xjawJmFIVleHRuA2FlbQIxMQABHnCOU3Psmb3c97tbHkHCQNyHhT9SaL0Ykt17ePOm38xm-NYQPsJnEd-SmGPY_aem_xhXD_AvPWb9hswJeyvAYzA" "Mozilla/5.0 (Linux; Android 13; SM-A515F Build/TP1A.220624.014; wv) AppleWebKit/537.36 (KHTML, like Gecko) Version/4.0 Chrome/135.0.7049.49 Mobile Safari/537.36 [FB_IAB/FB4A;FBAV/507.0.0.66.49;IABMV/1;]"
154.83.103.115 - - [11/Apr/2025:15:28:49 +0000] "GET /?url=%2Fvar%2Fwww%2Fhtml%2Fconfig.json HTTP/1.1" 200 25904 "-" "Mozilla/5.0 (Windows NT 10.0; Win64; x64) AppleWebKit/537.36 (KHTML, like Gecko) Chrome/91.0.4472.124 Safari/537.36"
66.249.72.71 - - [11/Apr/2025:15:28:56 +0000] "GET / HTTP/1.1" 200 21208 "-" "Mozilla/5.0 (compatible; Googlebot/2.1; +http://www.google.com/bot.html)"
190.90.28.4 - - [11/Apr/2025:15:29:02 +0000] "GET /2025/04/11/en-sandona-allanaron-5-viviendas-este-seria-el-delito/?fbclid=IwY2xjawJmFI5leHRuA2FlbQIxMQABHhxghhGFZVI6ZRuVnYeyp6KQtKGPrhjMI10gm_Ispx6LvczBZFeMGmYl_iao_aem_sTSOA0-ADfWkCM4f4Aqfew HTTP/1.1" 200 24349 "https://lm.facebook.com/" "Mozilla/5.0 (Linux; Android 11; TECNO KG5k Build/RP1A.201005.001; wv) AppleWebKit/537.36 (KHTML, like Gecko) Version/4.0 Chrome/135.0.7049.49 Mobile Safari/537.36 [FB_IAB/FB4A;FBAV/507.0.0.66.49;IABMV/1;]"
170.10.163.108 - - [11/Apr/2025:15:29:08 +0000] "POST /wp-cron.php?doing_wp_cron=1744385348.6130290031433105468750 HTTP/1.1" 200 0 "-" "WordPress/6.7.2; https://www.abranoticias.com"
38.154.40.41 - - [11/Apr/2025:15:29:16 +0000] "GET /category/noticias/page/2/ HTTP/1.1" 200 25106 "-" "Mozilla/5.0 (Macintosh; Intel Mac OS X 10.15; rv:78.0) Gecko/20100101 Firefox/78.0"
68.183.234.75 - - [11/Apr/2025:15:29:18 +0000] "GET /wp-content/uploads/2023/12/ipiales-marihuana-1.jpg HTTP/1.1" 200 86377 "-" "Mozilla/5.0 (iPad; CPU OS 17_0_3 like Mac OS X) AppleWebKit/605.1.15 (KHTML, like Gecko) Version/17.0.1 Mobile/15E148 Safari/604.1"
66.249.77.68 - - [11/Apr/2025:15:29:21 +0000] "GET /246713487.shtml HTTP/1.1" 200 19078 "-" "Mozilla/5.0 (Linux; Android 6.0.1; Nexus 5X Build/MMB29P) AppleWebKit/537.36 (KHTML, like Gecko) Chrome/135.0.7049.84 Mobile Safari/537.36 (compatible; Googlebot/2.1; +http://www.google.com/bot.html)"
154.83.103.115 - - [11/Apr/2025:15:29:30 +0000] "GET /?url=%2Fvar%2Fwww%2Fhtml%2Fconfig.yml HTTP/1.1" 200 25905 "-" "Mozilla/5.0 (Windows NT 10.0; Win64; x64) AppleWebKit/537.36 (KHTML, like Gecko) Chrome/91.0.4472.124 Safari/537.36"
154.83.103.115 - - [11/Apr/2025:15:29:33 +0000] "GET /?url=/var/www/html/config.php HTTP/1.1" 301 0 "-" "Mozilla/5.0 (Windows NT 10.0; Win64; x64) AppleWebKit/537.36 (KHTML, like Gecko) Chrome/91.0.4472.124 Safari/537.36"
154.83.103.115 - - [11/Apr/2025:15:29:35 +0000] "GET /?url=%2Fvar%2Fwww%2Fhtml%2Fconfig.php HTTP/1.1" 200 25905 "-" "Mozilla/5.0 (Windows NT 10.0; Win64; x64) AppleWebKit/537.36 (KHTML, like Gecko) Chrome/91.0.4472.124 Safari/537.36"
217.113.194.214 - - [11/Apr/2025:15:29:36 +0000] "GET /search/gaula/page/3/ HTTP/1.1" 200 24914 "-" "Mozilla/5.0 (compatible; Barkrowler/0.9; +https://babbar.tech/crawler)"
154.83.103.115 - - [11/Apr/2025:15:29:38 +0000] "GET /?url=/var/www/html/settings.json HTTP/1.1" 301 0 "-" "Mozilla/5.0 (Windows NT 10.0; Win64; x64) AppleWebKit/537.36 (KHTML, like Gecko) Chrome/91.0.4472.124 Safari/537.36"
154.83.103.115 - - [11/Apr/2025:15:29:41 +0000] "GET /?url=%2Fvar%2Fwww%2Fhtml%2Fsettings.json HTTP/1.1" 200 25905 "-" "Mozilla/5.0 (Windows NT 10.0; Win64; x64) AppleWebKit/537.36 (KHTML, like Gecko) Chrome/91.0.4472.124 Safari/537.36"
154.83.103.115 - - [11/Apr/2025:15:29:44 +0000] "GET /?url=/var/www/html/settings.php HTTP/1.1" 301 0 "-" "Mozilla/5.0 (Windows NT 10.0; Win64; x64) AppleWebKit/537.36 (KHTML, like Gecko) Chrome/91.0.4472.124 Safari/537.36"
154.83.103.115 - - [11/Apr/2025:15:29:47 +0000] "GET /?url=%2Fvar%2Fwww%2Fhtml%2Fsettings.php HTTP/1.1" 200 25905 "-" "Mozilla/5.0 (Windows NT 10.0; Win64; x64) AppleWebKit/537.36 (KHTML, like Gecko) Chrome/91.0.4472.124 Safari/537.36"
154.83.103.115 - - [11/Apr/2025:15:29:50 +0000] "GET /?url=/var/www/html/config.js HTTP/1.1" 301 0 "-" "Mozilla/5.0 (Windows NT 10.0; Win64; x64) AppleWebKit/537.36 (KHTML, like Gecko) Chrome/91.0.4472.124 Safari/537.36"
38.154.40.129 - - [11/Apr/2025:15:29:51 +0000] "GET /category/deportes/ HTTP/1.1" 200 25618 "-" "Mozilla/5.0 (Macintosh; Intel Mac OS X 10.15; rv:78.0) Gecko/20100101 Firefox/78.0"
52.167.144.216 - - [11/Apr/2025:15:28:00 +0000] "GET /2023/07/26/militares-golpearon-a-disidencias-en-roberto-payan/ HTTP/1.1" 200 18780 "-" "Mozilla/5.0 AppleWebKit/537.36 (KHTML, like Gecko; compatible; bingbot/2.0; +http://www.bing.com/bingbot.htm) Chrome/116.0.1938.76 Safari/537.36"
170.10.163.108 - - [11/Apr/2025:15:28:06 +0000] "POST /wp-cron.php?doing_wp_cron=1744385286.5600409507751464843750 HTTP/1.1" 200 0 "-" "WordPress/6.7.2; https://www.abranoticias.com"
154.83.103.115 - - [11/Apr/2025:15:28:05 +0000] "GET /?url=%2Fvar%2Fwww%2F.env HTTP/1.1" 200 25904 "-" "Mozilla/5.0 (Windows NT 10.0; Win64; x64) AppleWebKit/537.36 (KHTML, like Gecko) Chrome/91.0.4472.124 Safari/537.36"
170.10.163.108 - - [11/Apr/2025:15:28:07 +0000] "POST /wp-admin/admin-ajax.php?action=async_litespeed&nonce=xpSS76VdktmnWjGVrPzSkXopzeU3Ghe6&litespeed_type=imgoptm HTTP/1.1" 200 5 "-" "WordPress/6.7.2; https://www.abranoticias.com"
154.83.103.115 - - [11/Apr/2025:15:28:09 +0000] "GET /?url=/www/.env HTTP/1.1" 301 0 "-" "Mozilla/5.0 (Windows NT 10.0; Win64; x64) AppleWebKit/537.36 (KHTML, like Gecko) Chrome/91.0.4472.124 Safari/537.36"
52.167.144.216 - - [11/Apr/2025:15:28:10 +0000] "GET /2023/09/20/en-pasto-capturan-alias-el-loco-presunto-implicado-en-el-homicidio-de-lesly/ HTTP/1.1" 200 18641 "-" "Mozilla/5.0 AppleWebKit/537.36 (KHTML, like Gecko; compatible; bingbot/2.0; +http://www.bing.com/bingbot.htm) Chrome/116.0.1938.76 Safari/537.36"
217.113.194.219 - - [11/Apr/2025:15:28:14 +0000] "GET /search/banda/page/16/ HTTP/1.1" 200 25378 "-" "Mozilla/5.0 (compatible; Barkrowler/0.9; +https://babbar.tech/crawler)"
217.113.194.215 - - [11/Apr/2025:15:28:30 +0000] "GET /search/banda/page/17/ HTTP/1.1" 200 25183 "-" "Mozilla/5.0 (compatible; Barkrowler/0.9; +https://babbar.tech/crawler)"
170.10.163.108 - - [11/Apr/2025:15:28:40 +0000] "POST /wp-cron.php?doing_wp_cron=1744385320.7154090404510498046875 HTTP/1.1" 200 0 "-" "WordPress/6.7.2; https://www.abranoticias.com"
66.249.77.66 - - [11/Apr/2025:15:28:53 +0000] "GET /search?category=&search_word=&restrict[]=person_id(int)=IYOZX HTTP/1.1" 200 19644 "-" "Mozilla/5.0 (Linux; Android 6.0.1; Nexus 5X Build/MMB29P) AppleWebKit/537.36 (KHTML, like Gecko) Chrome/135.0.7049.52 Mobile Safari/537.36 (compatible; GoogleOther)"
191.106.149.146 - - [11/Apr/2025:15:28:55 +0000] "GET /2025/04/11/en-sandona-allanaron-5-viviendas-este-seria-el-delito/?fbclid=IwY2xjawJmFIVleHRuA2FlbQIxMQABHnCOU3Psmb3c97tbHkHCQNyHhT9SaL0Ykt17ePOm38xm-NYQPsJnEd-SmGPY_aem_xhXD_AvPWb9hswJeyvAYzA HTTP/1.1" 200 24349 "https://lm.facebook.com/" "Mozilla/5.0 (Linux; Android 13; SM-A515F Build/TP1A.220624.014; wv) AppleWebKit/537.36 (KHTML, like Gecko) Version/4.0 Chrome/135.0.7049.49 Mobile Safari/537.36 [FB_IAB/FB4A;FBAV/507.0.0.66.49;IABMV/1;]"
217.113.194.217 - - [11/Apr/2025:15:29:03 +0000] "GET /search/banda/page/11/ HTTP/1.1" 200 25429 "-" "Mozilla/5.0 (compatible; Barkrowler/0.9; +https://babbar.tech/crawler)"
66.249.72.70 - - [11/Apr/2025:15:29:13 +0000] "POST /get-message-notify HTTP/1.1" 200 19802 "https://abranoticias.com/" "Mozilla/5.0 AppleWebKit/537.36 (KHTML, like Gecko; compatible; Googlebot/2.1; +http://www.google.com/bot.html) Chrome/134.0.6998.165 Safari/537.36"
170.10.163.108 - - [11/Apr/2025:15:29:41 +0000] "POST /wp-cron.php?doing_wp_cron=1744385381.9467520713806152343750 HTTP/1.1" 200 0 "-" "WordPress/6.7.2; https://www.abranoticias.com"
170.10.163.108 - - [11/Apr/2025:15:29:45 +0000] "POST /wp-cron.php?doing_wp_cron=1744385385.2834289073944091796875 HTTP/1.1" 200 0 "-" "WordPress/6.7.2; https://www.abranoticias.com"
35.91.237.87 - - [11/Apr/2025:15:29:45 +0000] "GET / HTTP/1.1" 200 25905 "-" "Mozilla/5.0 (X11; Ubuntu; Linux x86_64; rv:80.0) Gecko/20100101 Firefox/80.0"
154.83.103.115 - - [11/Apr/2025:15:30:04 +0000] "GET /?url=%2Fvar%2Fwww%2Fhtml%2Fconfig.js HTTP/1.1" 200 25905 "-" "Mozilla/5.0 (Windows NT 10.0; Win64; x64) AppleWebKit/537.36 (KHTML, like Gecko) Chrome/91.0.4472.124 Safari/537.36"
85.208.96.194 - - [11/Apr/2025:15:29:59 +0000] "GET /2021/06/10/via-deteriorada-impide-sacar-productos-del-campo-en-la-florida/ HTTP/1.1" 200 24410 "-" "Mozilla/5.0 (compatible; SemrushBot/7~bl; +http://www.semrush.com/bot.html)"
170.10.163.108 - - [11/Apr/2025:15:30:10 +0000] "POST /wp-cron.php?doing_wp_cron=1744385410.1033520698547363281250 HTTP/1.1" 200 0 "-" "WordPress/6.7.2; https://www.abranoticias.com"
66.249.77.67 - - [11/Apr/2025:15:30:10 +0000] "GET /185011987.shtml HTTP/1.1" 200 19716 "-" "Mozilla/5.0 (Linux; Android 6.0.1; Nexus 5X Build/MMB29P) AppleWebKit/537.36 (KHTML, like Gecko) Chrome/135.0.7049.84 Mobile Safari/537.36 (compatible; Googlebot/2.1; +http://www.google.com/bot.html)"
170.10.163.108 - - [11/Apr/2025:15:30:10 +0000] "POST /wp-admin/admin-ajax.php?action=async_litespeed&nonce=80RgmHp7kbiMgQwzz59w94QmxC653iTd&litespeed_type=imgoptm HTTP/1.1" 200 5 "-" "WordPress/6.7.2; https://www.abranoticias.com"
154.83.103.115 - - [11/Apr/2025:15:30:16 +0000] "GET /?url=/var/www/html/settings.py HTTP/1.1" 301 0 "-" "Mozilla/5.0 (Windows NT 10.0; Win64; x64) AppleWebKit/537.36 (KHTML, like Gecko) Chrome/91.0.4472.124 Safari/537.36"
109.239.229.239 - - [11/Apr/2025:15:30:20 +0000] "GET /category/noticias/ HTTP/1.1" 200 25055 "-" "Mozilla/5.0 (Windows NT 6.1; WOW64) AppleWebKit/537.36 (KHTML, like Gecko) Chrome/35.0.1916.114 Safari/537.36"
109.239.229.239 - - [11/Apr/2025:15:30:20 +0000] "GET /category/opinion/ HTTP/1.1" 200 25541 "-" "Mozilla/5.0 (Macintosh; Intel Mac OS X 10_9_2) AppleWebKit/537.36 (KHTML, like Gecko) Chrome/34.0.1847.131 Safari/537.36"
109.239.229.239 - - [11/Apr/2025:15:30:20 +0000] "GET /category/region/ HTTP/1.1" 200 24982 "-" "Mozilla/5.0 (Windows NT 6.1; WOW64) AppleWebKit/537.36 (KHTML, like Gecko) Chrome/35.0.1916.114 Safari/537.36"
217.113.194.218 - - [11/Apr/2025:15:30:26 +0000] "GET /search/gaula/page/8/ HTTP/1.1" 200 25442 "-" "Mozilla/5.0 (compatible; Barkrowler/0.9; +https://babbar.tech/crawler)"
154.83.103.115 - - [11/Apr/2025:15:30:27 +0000] "GET /?url=%2Fvar%2Fwww%2Fhtml%2Fsettings.py HTTP/1.1" 200 25905 "-" "Mozilla/5.0 (Windows NT 10.0; Win64; x64) AppleWebKit/537.36 (KHTML, like Gecko) Chrome/91.0.4472.124 Safari/537.36"
154.83.103.115 - - [11/Apr/2025:15:30:31 +0000] "GET /?url=/config/database.yml HTTP/1.1" 301 0 "-" "Mozilla/5.0 (Windows NT 10.0; Win64; x64) AppleWebKit/537.36 (KHTML, like Gecko) Chrome/91.0.4472.124 Safari/537.36"
154.83.103.115 - - [11/Apr/2025:15:30:33 +0000] "GET /?url=%2Fconfig%2Fdatabase.yml HTTP/1.1" 200 25906 "-" "Mozilla/5.0 (Windows NT 10.0; Win64; x64) AppleWebKit/537.36 (KHTML, like Gecko) Chrome/91.0.4472.124 Safari/537.36"
154.83.103.115 - - [11/Apr/2025:15:30:36 +0000] "GET /?url=/var/www/html/config.php HTTP/1.1" 301 0 "-" "Mozilla/5.0 (Windows NT 10.0; Win64; x64) AppleWebKit/537.36 (KHTML, like Gecko) Chrome/91.0.4472.124 Safari/537.36"
154.83.103.115 - - [11/Apr/2025:15:30:38 +0000] "GET /?url=%2Fvar%2Fwww%2Fhtml%2Fconfig.php HTTP/1.1" 200 25906 "-" "Mozilla/5.0 (Windows NT 10.0; Win64; x64) AppleWebKit/537.36 (KHTML, like Gecko) Chrome/91.0.4472.124 Safari/537.36"
170.10.163.108 - - [11/Apr/2025:15:30:45 +0000] "POST /wp-cron.php?doing_wp_cron=1744385445.8467659950256347656250 HTTP/1.1" 200 0 "-" "WordPress/6.7.2; https://www.abranoticias.com"
51.222.253.3 - - [11/Apr/2025:15:30:54 +0000] "GET /13814761.htm HTTP/1.1" 301 0 "-" "Mozilla/5.0 (compatible; AhrefsBot/7.0; +http://ahrefs.com/robot/)"
217.113.194.219 - - [11/Apr/2025:15:31:01 +0000] "GET /search/gaula/page/6/ HTTP/1.1" 200 25445 "-" "Mozilla/5.0 (compatible; Barkrowler/0.9; +https://babbar.tech/crawler)"
154.83.103.115 - - [11/Apr/2025:15:31:14 +0000] "GET /?url=http://169.254.169.254/latest/meta-data/ HTTP/1.1" 301 0 "-" "Mozilla/5.0 (Windows NT 10.0; Win64; x64) AppleWebKit/537.36 (KHTML, like Gecko) Chrome/91.0.4472.124 Safari/537.36"
170.10.163.108 - - [11/Apr/2025:15:31:15 +0000] "POST /wp-admin/admin-ajax.php?action=async_litespeed&nonce=aig4nVJfucnVTPPoHl1UAxUXdWEo8YFK&litespeed_type=imgoptm HTTP/1.1" 200 5 "-" "WordPress/6.7.2; https://www.abranoticias.com"
217.113.194.217 - - [11/Apr/2025:15:30:09 +0000] "GET /search/gaula/page/7/ HTTP/1.1" 200 25499 "-" "Mozilla/5.0 (compatible; Barkrowler/0.9; +https://babbar.tech/crawler)"
40.77.167.4 - - [11/Apr/2025:15:30:15 +0000] "GET /search?category=800 HTTP/1.1" 200 19572 "-" "Mozilla/5.0 AppleWebKit/537.36 (KHTML, like Gecko; compatible; bingbot/2.0; +http://www.bing.com/bingbot.htm) Chrome/116.0.1938.76 Safari/537.36"
109.239.229.239 - - [11/Apr/2025:15:30:20 +0000] "GET /category/deportes/ HTTP/1.1" 200 25618 "-" "Mozilla/5.0 (X11; Linux x86_64; rv:29.0) Gecko/20100101 Firefox/29.0"
109.239.229.239 - - [11/Apr/2025:15:30:20 +0000] "GET /category/judicial/ HTTP/1.1" 200 25230 "-" "Mozilla/5.0 (Windows NT 6.1; WOW64) AppleWebKit/537.36 (KHTML, like Gecko) Chrome/34.0.1847.137 Safari/537.36"
109.239.229.239 - - [11/Apr/2025:15:30:20 +0000] "GET / HTTP/1.1" 200 25828 "-" "Mozilla/5.0 (Windows NT 6.1; WOW64) AppleWebKit/537.36 (KHTML, like Gecko) Chrome/34.0.1847.131 Safari/537.36"
109.239.229.239 - - [11/Apr/2025:15:30:20 +0000] "GET /category/entretenimiento/ HTTP/1.1" 200 25293 "-" "Mozilla/5.0 (Windows NT 6.1; WOW64) AppleWebKit/537.36 (KHTML, like Gecko) Chrome/34.0.1847.137 Safari/537.36"
217.113.194.214 - - [11/Apr/2025:15:30:45 +0000] "GET /search/gaula/page/4/ HTTP/1.1" 200 24904 "-" "Mozilla/5.0 (compatible; Barkrowler/0.9; +https://babbar.tech/crawler)"
190.90.28.4 - - [11/Apr/2025:15:30:46 +0000] "GET /2025/04/11/en-sandona-allanaron-5-viviendas-este-seria-el-delito/?fbclid=IwY2xjawJmFPZleHRuA2FlbQIxMQABHgsP43uo3cdOrfp-oX18SoV1SLtMRsZ7zik33Jd1LyTOZrkDYLq70etJqqs-_aem_pRdUzC-BCOlwoVUGtFd-WQ HTTP/1.1" 200 24349 "https://lm.facebook.com/" "Mozilla/5.0 (Linux; Android 11; TECNO KG5k Build/RP1A.201005.001; wv) AppleWebKit/537.36 (KHTML, like Gecko) Version/4.0 Chrome/135.0.7049.49 Mobile Safari/537.36 [FB_IAB/FB4A;FBAV/507.0.0.66.49;IABMV/1;]"
170.10.163.108 - - [11/Apr/2025:15:30:55 +0000] "POST /wp-cron.php?doing_wp_cron=1744385455.3686199188232421875000 HTTP/1.1" 200 0 "-" "WordPress/6.7.2; https://www.abranoticias.com"
66.249.77.66 - - [11/Apr/2025:15:30:59 +0000] "GET /147374987.shtml HTTP/1.1" 200 18837 "-" "Mozilla/5.0 (Linux; Android 6.0.1; Nexus 5X Build/MMB29P) AppleWebKit/537.36 (KHTML, like Gecko) Chrome/135.0.7049.84 Mobile Safari/537.36 (compatible; Googlebot/2.1; +http://www.google.com/bot.html)"
66.249.77.66 - - [11/Apr/2025:15:31:01 +0000] "GET / HTTP/1.1" 200 23325 "-" "Mozilla/5.0 (compatible; Googlebot/2.1; +http://www.google.com/bot.html)"
34.21.118.210 - - [11/Apr/2025:15:31:01 +0000] "GET /category/deportes/feed/ HTTP/1.1" 200 11768 "-" "Mozilla/5.0 (Windows NT 6.3; WOW64; rv:33.0) Gecko/20100101 Firefox/33.0"
170.10.163.108 - - [11/Apr/2025:15:31:15 +0000] "POST /wp-cron.php?doing_wp_cron=1744385475.1679348945617675781250 HTTP/1.1" 200 0 "-" "WordPress/6.7.2; https://www.abranoticias.com"
66.249.77.66 - - [11/Apr/2025:15:31:15 +0000] "POST /get-message-notify HTTP/1.1" 200 19383 "https://www.abranoticias.com/" "Mozilla/5.0 AppleWebKit/537.36 (KHTML, like Gecko; compatible; Googlebot/2.1; +http://www.google.com/bot.html) Chrome/134.0.6998.165 Safari/537.36"
66.249.77.66 - - [11/Apr/2025:15:31:22 +0000] "GET /322152553.shtml HTTP/1.1" 200 20557 "-" "Mozilla/5.0 (Linux; Android 6.0.1; Nexus 5X Build/MMB29P) AppleWebKit/537.36 (KHTML, like Gecko) Chrome/135.0.7049.84 Mobile Safari/537.36 (compatible; Googlebot/2.1; +http://www.google.com/bot.html)"
154.83.103.115 - - [11/Apr/2025:15:31:33 +0000] "GET /?url=http%3A%2F%2F169.254.169.254%2Flatest%2Fmeta-data%2F HTTP/1.1" 200 25906 "-" "Mozilla/5.0 (Windows NT 10.0; Win64; x64) AppleWebKit/537.36 (KHTML, like Gecko) Chrome/91.0.4472.124 Safari/537.36"
154.83.103.115 - - [11/Apr/2025:15:31:47 +0000] "GET /?url=http://169.254.169.254/latest/meta-data/iam/security-credentials/ HTTP/1.1" 301 0 "-" "Mozilla/5.0 (Windows NT 10.0; Win64; x64) AppleWebKit/537.36 (KHTML, like Gecko) Chrome/91.0.4472.124 Safari/537.36"
191.106.149.146 - - [11/Apr/2025:15:29:24 +0000] "GET /2025/04/11/en-sandona-allanaron-5-viviendas-este-seria-el-delito/?fbclid=IwY2xjawJmFIVleHRuA2FlbQIxMQABHnCOU3Psmb3c97tbHkHCQNyHhT9SaL0Ykt17ePOm38xm-NYQPsJnEd-SmGPY_aem_xhXD_AvPWb9hswJeyvAYzA HTTP/1.1" 200 24349 "https://lm.facebook.com/" "Mozilla/5.0 (Linux; Android 13; SM-A515F Build/TP1A.220624.014; wv) AppleWebKit/537.36 (KHTML, like Gecko) Version/4.0 Chrome/135.0.7049.49 Mobile Safari/537.36 [FB_IAB/FB4A;FBAV/507.0.0.66.49;IABMV/1;] FBNV/5"
172.93.142.215 - - [11/Apr/2025:15:29:31 +0000] "GET /author/midiariodepasto/page/4/ HTTP/1.1" 200 25258 "-" "Mozilla/5.0 (Macintosh; Intel Mac OS X 10.15; rv:78.0) Gecko/20100101 Firefox/78.0"
47.82.11.118 - - [11/Apr/2025:15:29:32 +0000] "GET /wp-content/plugins/wp-post-author/assets/js/awpa-frontend-scripts.js.map HTTP/1.1" 404 13656 "-" "Mozilla/5.0 (Windows NT 10.0; Win64; x64) AppleWebKit/537.36 (KHTML, like Gecko) Chrome/114.0.0.0 Safari/537.36 Edg/114.0.1823.43"
52.167.144.216 - - [11/Apr/2025:15:29:50 +0000] "GET /sitemap.xml HTTP/1.1" 200 435 "-" "Mozilla/5.0 AppleWebKit/537.36 (KHTML, like Gecko; compatible; bingbot/2.0; +http://www.bing.com/bingbot.htm) Chrome/116.0.1938.76 Safari/537.36"
170.10.163.108 - - [11/Apr/2025:15:29:51 +0000] "POST /wp-cron.php?doing_wp_cron=1744385391.5306549072265625000000 HTTP/1.1" 200 0 "-" "WordPress/6.7.2; https://www.abranoticias.com"
217.113.194.212 - - [11/Apr/2025:15:29:53 +0000] "GET /search/gaula/page/5/ HTTP/1.1" 200 25185 "-" "Mozilla/5.0 (compatible; Barkrowler/0.9; +https://babbar.tech/crawler)"
66.249.77.66 - - [11/Apr/2025:15:30:06 +0000] "GET /134759943.shtml HTTP/1.1" 200 18806 "-" "Mozilla/5.0 (Linux; Android 6.0.1; Nexus 5X Build/MMB29P) AppleWebKit/537.36 (KHTML, like Gecko) Chrome/135.0.7049.84 Mobile Safari/537.36 (compatible; Googlebot/2.1; +http://www.google.com/bot.html)"
109.239.229.239 - - [11/Apr/2025:15:30:20 +0000] "GET /category/mundo/ HTTP/1.1" 200 25503 "-" "Mozilla/5.0 (Windows NT 6.1; WOW64; rv:29.0) Gecko/20100101 Firefox/29.0"
40.77.167.241 - - [11/Apr/2025:15:30:28 +0000] "GET /2022/05/08/deportivo-pasto-arrincono-al-america-en-el-libertad/ HTTP/1.1" 200 19715 "-" "Mozilla/5.0 AppleWebKit/537.36 (KHTML, like Gecko; compatible; bingbot/2.0; +http://www.bing.com/bingbot.htm) Chrome/116.0.1938.76 Safari/537.36"
185.191.171.19 - - [11/Apr/2025:15:30:23 +0000] "GET /tag/investigacion/page/2/ HTTP/1.1" 200 25339 "-" "Mozilla/5.0 (compatible; SemrushBot/7~bl; +http://www.semrush.com/bot.html)"
190.90.28.4 - - [11/Apr/2025:15:30:48 +0000] "GET /2025/04/11/en-sandona-allanaron-5-viviendas-este-seria-el-delito/?fbclid=IwY2xjawJmFPZleHRuA2FlbQIxMQABHgsP43uo3cdOrfp-oX18SoV1SLtMRsZ7zik33Jd1LyTOZrkDYLq70etJqqs-_aem_pRdUzC-BCOlwoVUGtFd-WQ HTTP/1.1" 200 24349 "https://lm.facebook.com/" "Mozilla/5.0 (Linux; Android 11; TECNO KG5k Build/RP1A.201005.001; wv) AppleWebKit/537.36 (KHTML, like Gecko) Version/4.0 Chrome/135.0.7049.49 Mobile Safari/537.36 [FB_IAB/FB4A;FBAV/507.0.0.66.49;IABMV/1;] FBNV/5"
154.83.103.115 - - [11/Apr/2025:15:30:54 +0000] "GET /?url=/var/www/html/.htaccess HTTP/1.1" 301 0 "-" "Mozilla/5.0 (Windows NT 10.0; Win64; x64) AppleWebKit/537.36 (KHTML, like Gecko) Chrome/91.0.4472.124 Safari/537.36"
154.83.103.115 - - [11/Apr/2025:15:30:57 +0000] "GET /?url=%2Fvar%2Fwww%2Fhtml%2F.htaccess HTTP/1.1" 200 25906 "-" "Mozilla/5.0 (Windows NT 10.0; Win64; x64) AppleWebKit/537.36 (KHTML, like Gecko) Chrome/91.0.4472.124 Safari/537.36"
170.10.163.108 - - [11/Apr/2025:15:31:48 +0000] "POST /wp-cron.php?doing_wp_cron=1744385508.7231419086456298828125 HTTP/1.1" 200 0 "-" "WordPress/6.7.2; https://www.abranoticias.com"
154.54.249.216 - - [11/Apr/2025:15:31:52 +0000] "GET /search/pasto+/page/9/ HTTP/1.1" 200 25320 "-" "Mozilla/5.0 (compatible; Barkrowler/0.9; +https://babbar.tech/crawler)"
217.113.194.212 - - [11/Apr/2025:15:31:18 +0000] "GET /search/pasto+/page/8/ HTTP/1.1" 200 25207 "-" "Mozilla/5.0 (compatible; Barkrowler/0.9; +https://babbar.tech/crawler)"
185.191.171.3 - - [11/Apr/2025:15:31:35 +0000] "GET /2024/05/08/en-un-sector-de-pasto-hallaron-sin-vida-a-un-psicologo/ HTTP/1.1" 200 24687 "-" "Mozilla/5.0 (compatible; SemrushBot/7~bl; +http://www.semrush.com/bot.html)"
217.113.194.215 - - [11/Apr/2025:15:31:35 +0000] "GET /search/pasto+/page/5/ HTTP/1.1" 200 25356 "-" "Mozilla/5.0 (compatible; Barkrowler/0.9; +https://babbar.tech/crawler)"
66.249.77.68 - - [11/Apr/2025:15:32:06 +0000] "GET /40955973.shtml HTTP/1.1" 200 19641 "-" "Mozilla/5.0 (Linux; Android 6.0.1; Nexus 5X Build/MMB29P) AppleWebKit/537.36 (KHTML, like Gecko) Chrome/135.0.7049.84 Mobile Safari/537.36 (compatible; Googlebot/2.1; +http://www.google.com/bot.html)"
217.113.194.217 - - [11/Apr/2025:15:32:08 +0000] "GET /search/pasto+/page/4/ HTTP/1.1" 200 25153 "-" "Mozilla/5.0 (compatible; Barkrowler/0.9; +https://babbar.tech/crawler)"
34.21.118.210 - - [11/Apr/2025:15:32:10 +0000] "GET /category/opinion/feed/ HTTP/1.1" 200 14364 "-" "Mozilla/5.0 (Windows NT 6.3; WOW64; rv:33.0) Gecko/20100101 Firefox/33.0"
66.249.77.67 - - [11/Apr/2025:15:32:11 +0000] "POST /get-message-notify HTTP/1.1" 200 19383 "https://www.abranoticias.com/search?category=&search_word=&restrict[]=person_id(int)=IYOZX" "Mozilla/5.0 (Linux; Android 6.0.1; Nexus 5X Build/MMB29P) AppleWebKit/537.36 (KHTML, like Gecko) Chrome/134.0.6998.165 Mobile Safari/537.36 (compatible; Googlebot/2.1; +http://www.google.com/bot.html)"
34.48.178.162 - - [11/Apr/2025:15:32:24 +0000] "GET /category/nacion/feed/ HTTP/1.1" 200 10576 "-" "Mozilla/5.0 (Windows NT 6.3; WOW64; rv:33.0) Gecko/20100101 Firefox/33.0"
217.113.194.212 - - [11/Apr/2025:15:32:25 +0000] "GET /search/pasto+/page/7/ HTTP/1.1" 200 25316 "-" "Mozilla/5.0 (compatible; Barkrowler/0.9; +https://babbar.tech/crawler)"
154.83.103.115 - - [11/Apr/2025:15:32:26 +0000] "GET /?url=file%3A%2F%2F%2Fvar%2Fwww%2Fhtml%2F.env HTTP/1.1" 200 25904 "-" "Mozilla/5.0 (Windows NT 10.0; Win64; x64) AppleWebKit/537.36 (KHTML, like Gecko) Chrome/91.0.4472.124 Safari/537.36"
154.83.103.115 - - [11/Apr/2025:15:32:30 +0000] "GET /?url=file:///var/www/html/config.json HTTP/1.1" 301 0 "-" "Mozilla/5.0 (Windows NT 10.0; Win64; x64) AppleWebKit/537.36 (KHTML, like Gecko) Chrome/91.0.4472.124 Safari/537.36"
170.10.163.108 - - [11/Apr/2025:15:32:43 +0000] "POST /wp-cron.php?doing_wp_cron=1744385563.5029730796813964843750 HTTP/1.1" 200 0 "-" "WordPress/6.7.2; https://www.abranoticias.com"
154.83.103.115 - - [11/Apr/2025:15:32:45 +0000] "GET /?url=file%3A%2F%2F%2Fvar%2Fwww%2Fhtml%2Fconfig.json HTTP/1.1" 200 25905 "-" "Mozilla/5.0 (Windows NT 10.0; Win64; x64) AppleWebKit/537.36 (KHTML, like Gecko) Chrome/91.0.4472.124 Safari/537.36"
61.4.121.124 - - [11/Apr/2025:15:32:26 +0000] "POST /xmlrpc.php HTTP/1.1" 200 216 "-" "Mozilla/5.0 (X11; Fedora; Linux x86_64; rv:94.0) Gecko/20100101 Firefox/95.0"
154.83.103.115 - - [11/Apr/2025:15:32:53 +0000] "GET /?url=file:///var/www/html/settings.json HTTP/1.1" 301 0 "-" "Mozilla/5.0 (Windows NT 10.0; Win64; x64) AppleWebKit/537.36 (KHTML, like Gecko) Chrome/91.0.4472.124 Safari/537.36"
154.83.103.115 - - [11/Apr/2025:15:32:55 +0000] "GET /?url=file%3A%2F%2F%2Fvar%2Fwww%2Fhtml%2Fsettings.json HTTP/1.1" 200 25905 "-" "Mozilla/5.0 (Windows NT 10.0; Win64; x64) AppleWebKit/537.36 (KHTML, like Gecko) Chrome/91.0.4472.124 Safari/537.36"
154.83.103.115 - - [11/Apr/2025:15:33:00 +0000] "GET /?url=file:///var/www/html/.htaccess HTTP/1.1" 301 0 "-" "Mozilla/5.0 (Windows NT 10.0; Win64; x64) AppleWebKit/537.36 (KHTML, like Gecko) Chrome/91.0.4472.124 Safari/537.36"
154.83.103.115 - - [11/Apr/2025:15:33:02 +0000] "GET /?url=file%3A%2F%2F%2Fvar%2Fwww%2Fhtml%2F.htaccess HTTP/1.1" 200 25906 "-" "Mozilla/5.0 (Windows NT 10.0; Win64; x64) AppleWebKit/537.36 (KHTML, like Gecko) Chrome/91.0.4472.124 Safari/537.36"
40.77.167.241 - - [11/Apr/2025:15:32:05 +0000] "GET /2024/08/24/por-este-grave-delito-envian-a-la-carcel-a-3-adultos-mayores/ HTTP/1.1" 200 19364 "-" "Mozilla/5.0 AppleWebKit/537.36 (KHTML, like Gecko; compatible; bingbot/2.0; +http://www.bing.com/bingbot.htm) Chrome/116.0.1938.76 Safari/537.36"
170.10.163.108 - - [11/Apr/2025:15:32:09 +0000] "POST /wp-cron.php?doing_wp_cron=1744385529.7800140380859375000000 HTTP/1.1" 200 0 "-" "WordPress/6.7.2; https://www.abranoticias.com"
170.10.163.108 - - [11/Apr/2025:15:32:10 +0000] "POST /wp-admin/admin-ajax.php?action=async_litespeed&nonce=zJDNHgexdXL9lpggJKItwafpjuanbPeX&litespeed_type=imgoptm HTTP/1.1" 200 5 "-" "WordPress/6.7.2; https://www.abranoticias.com"
52.167.144.180 - - [11/Apr/2025:15:32:11 +0000] "GET /2022/08/19/enviaron-a-prision-a-presuntos-integrantes-de-los-contadores-por-extorsion/ HTTP/1.1" 200 19313 "-" "Mozilla/5.0 AppleWebKit/537.36 (KHTML, like Gecko; compatible; bingbot/2.0; +http://www.bing.com/bingbot.htm) Chrome/116.0.1938.76 Safari/537.36"
2001:4860:7:507::fc - - [11/Apr/2025:15:32:16 +0000] "GET /pcmypage?callback=product%2Fdetail%2FBUSRF103959731 HTTP/1.1" 200 393 "https://www.google.com/" "Mozilla/5.0 (Macintosh; Intel Mac OS X 10_15_7) AppleWebKit/537.36 (KHTML, like Gecko) Chrome/135.0.0.0 Safari/537.36"
66.249.82.70 - - [11/Apr/2025:15:32:16 +0000] "GET /.well-known/traffic-advice HTTP/1.1" 404 13656 "-" "Chrome Privacy Preserving Prefetch Proxy"
52.167.144.180 - - [11/Apr/2025:15:32:21 +0000] "GET /2020/11/28/esto-respondio-acusado-de-estafa-en-pasto/ HTTP/1.1" 200 19492 "-" "Mozilla/5.0 AppleWebKit/537.36 (KHTML, like Gecko; compatible; bingbot/2.0; +http://www.bing.com/bingbot.htm) Chrome/116.0.1938.76 Safari/537.36"
217.113.194.218 - - [11/Apr/2025:15:32:42 +0000] "GET /search/pasto+/page/6/ HTTP/1.1" 200 25324 "-" "Mozilla/5.0 (compatible; Barkrowler/0.9; +https://babbar.tech/crawler)"
40.77.167.241 - - [11/Apr/2025:15:32:45 +0000] "GET /2024/06/13/asi-cayeron-presuntos-delincuentes-en-ipiales-y-pasto/ HTTP/1.1" 200 18923 "-" "Mozilla/5.0 AppleWebKit/537.36 (KHTML, like Gecko; compatible; bingbot/2.0; +http://www.bing.com/bingbot.htm) Chrome/116.0.1938.76 Safari/537.36"
40.77.167.241 - - [11/Apr/2025:15:32:46 +0000] "GET /2024/01/19/investigacion-policial-dejo-2-hombres-tras-las-rejas-en-pasto/ HTTP/1.1" 200 18842 "-" "Mozilla/5.0 AppleWebKit/537.36 (KHTML, like Gecko; compatible; bingbot/2.0; +http://www.bing.com/bingbot.htm) Chrome/116.0.1938.76 Safari/537.36"
207.46.13.126 - - [11/Apr/2025:15:32:52 +0000] "GET /pcmypage?callback=product/review/KIZJT95833014 HTTP/1.1" 200 21966 "-" "Mozilla/5.0 AppleWebKit/537.36 (KHTML, like Gecko; compatible; bingbot/2.0; +http://www.bing.com/bingbot.htm) Chrome/116.0.1938.76 Safari/537.36"
66.249.77.66 - - [11/Apr/2025:15:32:53 +0000] "GET /pcmypage?callback=product/review/EDJQV41173568 HTTP/1.1" 200 19402 "-" "Mozilla/5.0 (Linux; Android 6.0.1; Nexus 5X Build/MMB29P) AppleWebKit/537.36 (KHTML, like Gecko) Chrome/135.0.7049.52 Mobile Safari/537.36 (compatible; GoogleOther)"
207.46.13.126 - - [11/Apr/2025:15:32:54 +0000] "GET /2021/12/07/accidente-de-transito-en-avenida-de-pasto-murio-una-mujer/ HTTP/1.1" 200 19278 "-" "Mozilla/5.0 AppleWebKit/537.36 (KHTML, like Gecko; compatible; bingbot/2.0; +http://www.bing.com/bingbot.htm) Chrome/116.0.1938.76 Safari/537.36"
66.249.77.66 - - [11/Apr/2025:15:32:54 +0000] "GET /pcmypage?callback=product/review/IVTP33437273 HTTP/1.1" 200 19050 "-" "Mozilla/5.0 (Linux; Android 6.0.1; Nexus 5X Build/MMB29P) AppleWebKit/537.36 (KHTML, like Gecko) Chrome/135.0.7049.52 Mobile Safari/537.36 (compatible; GoogleOther)"
66.249.77.66 - - [11/Apr/2025:15:32:55 +0000] "GET /pcmypage?callback=product/review/UEL69498424 HTTP/1.1" 200 22260 "-" "Mozilla/5.0 (Linux; Android 6.0.1; Nexus 5X Build/MMB29P) AppleWebKit/537.36 (KHTML, like Gecko) Chrome/135.0.7049.52 Mobile Safari/537.36 (compatible; GoogleOther)"
170.10.163.108 - - [11/Apr/2025:15:31:53 +0000] "POST /wp-cron.php?doing_wp_cron=1744385513.0233891010284423828125 HTTP/1.1" 200 0 "-" "WordPress/6.7.2; https://www.abranoticias.com"
154.83.103.115 - - [11/Apr/2025:15:31:56 +0000] "GET /?url=http%3A%2F%2F169.254.169.254%2Flatest%2Fmeta-data%2Fiam%2Fsecurity-credentials%2F HTTP/1.1" 200 25906 "-" "Mozilla/5.0 (Windows NT 10.0; Win64; x64) AppleWebKit/537.36 (KHTML, like Gecko) Chrome/91.0.4472.124 Safari/537.36"
154.83.103.115 - - [11/Apr/2025:15:31:58 +0000] "GET /?url=http://169.254.169.254/latest/meta-data/iam/security-credentials/admin-role HTTP/1.1" 301 0 "-" "Mozilla/5.0 (Windows NT 10.0; Win64; x64) AppleWebKit/537.36 (KHTML, like Gecko) Chrome/91.0.4472.124 Safari/537.36"
154.83.103.115 - - [11/Apr/2025:15:32:00 +0000] "GET /?url=http%3A%2F%2F169.254.169.254%2Flatest%2Fmeta-data%2Fiam%2Fsecurity-credentials%2Fadmin-role HTTP/1.1" 200 25904 "-" "Mozilla/5.0 (Windows NT 10.0; Win64; x64) AppleWebKit/537.36 (KHTML, like Gecko) Chrome/91.0.4472.124 Safari/537.36"
154.83.103.115 - - [11/Apr/2025:15:32:02 +0000] "GET /?url=http://169.254.169.254/latest/user-data HTTP/1.1" 301 0 "-" "Mozilla/5.0 (Windows NT 10.0; Win64; x64) AppleWebKit/537.36 (KHTML, like Gecko) Chrome/91.0.4472.124 Safari/537.36"
154.83.103.115 - - [11/Apr/2025:15:32:04 +0000] "GET /?url=http%3A%2F%2F169.254.169.254%2Flatest%2Fuser-data HTTP/1.1" 200 25904 "-" "Mozilla/5.0 (Windows NT 10.0; Win64; x64) AppleWebKit/537.36 (KHTML, like Gecko) Chrome/91.0.4472.124 Safari/537.36"
154.83.103.115 - - [11/Apr/2025:15:32:13 +0000] "GET /?url=file:///var/www/html/.env HTTP/1.1" 301 0 "-" "Mozilla/5.0 (Windows NT 10.0; Win64; x64) AppleWebKit/537.36 (KHTML, like Gecko) Chrome/91.0.4472.124 Safari/537.36"
54.202.165.28 - - [11/Apr/2025:15:32:28 +0000] "GET / HTTP/1.1" 200 25905 "-" "Mozilla/5.0 (X11; Ubuntu; Linux x86_64; rv:80.0) Gecko/20100101 Firefox/80.0"
66.249.77.66 - - [11/Apr/2025:15:32:29 +0000] "POST /get-message-notify HTTP/1.1" 200 19385 "https://www.abranoticias.com/33137725.shtml" "Mozilla/5.0 (Linux; Android 6.0.1; Nexus 5X Build/MMB29P) AppleWebKit/537.36 (KHTML, like Gecko) Chrome/134.0.6998.165 Mobile Safari/537.36 (compatible; Googlebot/2.1; +http://www.google.com/bot.html)"
170.10.163.108 - - [11/Apr/2025:15:32:53 +0000] "POST /wp-cron.php?doing_wp_cron=1744385573.7456839084625244140625 HTTP/1.1" 200 0 "-" "WordPress/6.7.2; https://www.abranoticias.com"
217.113.194.219 - - [11/Apr/2025:15:32:59 +0000] "GET /search/pasto+/page/3/ HTTP/1.1" 200 25264 "-" "Mozilla/5.0 (compatible; Barkrowler/0.9; +https://babbar.tech/crawler)"
66.249.77.68 - - [11/Apr/2025:15:33:07 +0000] "GET /feed/ HTTP/1.1" 200 20004 "-" "Mozilla/5.0 (compatible; Googlebot/2.1; +http://www.google.com/bot.html)"
170.10.163.108 - - [11/Apr/2025:15:33:08 +0000] "POST /wp-cron.php?doing_wp_cron=1744385588.9034609794616699218750 HTTP/1.1" 200 0 "-" "WordPress/6.7.2; https://www.abranoticias.com"
66.249.77.66 - - [11/Apr/2025:15:33:09 +0000] "GET /313842523.shtml HTTP/1.1" 200 21004 "-" "Mozilla/5.0 (Linux; Android 6.0.1; Nexus 5X Build/MMB29P) AppleWebKit/537.36 (KHTML, like Gecko) Chrome/135.0.7049.84 Mobile Safari/537.36 (compatible; Googlebot/2.1; +http://www.google.com/bot.html)"
170.10.163.108 - - [11/Apr/2025:15:33:16 +0000] "POST /wp-cron.php?doing_wp_cron=1744385596.3627569675445556640625 HTTP/1.1" 200 0 "-" "WordPress/6.7.2; https://www.abranoticias.com"
217.113.194.218 - - [11/Apr/2025:15:33:15 +0000] "GET /search/pasto/feed/rss2/ HTTP/1.1" 200 9835 "-" "Mozilla/5.0 (compatible; Barkrowler/0.9; +https://babbar.tech/crawler)"
66.249.77.66 - - [11/Apr/2025:15:33:28 +0000] "POST /get-message-notify HTTP/1.1" 200 19383 "https://www.abranoticias.com/feed/" "Mozilla/5.0 AppleWebKit/537.36 (KHTML, like Gecko; compatible; Googlebot/2.1; +http://www.google.com/bot.html) Chrome/134.0.6998.165 Safari/537.36"
217.113.194.221 - - [11/Apr/2025:15:34:05 +0000] "GET /search/putumayo/ HTTP/1.1" 200 25372 "-" "Mozilla/5.0 (compatible; Barkrowler/0.9; +https://babbar.tech/crawler)"
154.83.103.115 - - [11/Apr/2025:15:33:04 +0000] "GET /?uri=/etc/environment HTTP/1.1" 301 0 "-" "Mozilla/5.0 (Windows NT 10.0; Win64; x64) AppleWebKit/537.36 (KHTML, like Gecko) Chrome/91.0.4472.124 Safari/537.36"
154.83.103.115 - - [11/Apr/2025:15:33:08 +0000] "GET /?uri=%2Fetc%2Fenvironment HTTP/1.1" 200 25906 "-" "Mozilla/5.0 (Windows NT 10.0; Win64; x64) AppleWebKit/537.36 (KHTML, like Gecko) Chrome/91.0.4472.124 Safari/537.36"
170.10.163.108 - - [11/Apr/2025:15:33:09 +0000] "POST /wp-admin/admin-ajax.php?action=async_litespeed&nonce=Cz7JFr7UgO5pZLLZgf0PlsutXApVvK7N&litespeed_type=imgoptm HTTP/1.1" 200 5 "-" "WordPress/6.7.2; https://www.abranoticias.com"
154.83.103.115 - - [11/Apr/2025:15:33:12 +0000] "GET /?uri=/var/www/html/.env HTTP/1.1" 301 0 "-" "Mozilla/5.0 (Windows NT 10.0; Win64; x64) AppleWebKit/537.36 (KHTML, like Gecko) Chrome/91.0.4472.124 Safari/537.36"
154.83.103.115 - - [11/Apr/2025:15:33:16 +0000] "GET /?uri=%2Fvar%2Fwww%2Fhtml%2F.env HTTP/1.1" 200 25906 "-" "Mozilla/5.0 (Windows NT 10.0; Win64; x64) AppleWebKit/537.36 (KHTML, like Gecko) Chrome/91.0.4472.124 Safari/537.36"
154.83.103.115 - - [11/Apr/2025:15:33:19 +0000] "GET /?uri=/var/www/.env HTTP/1.1" 301 0 "-" "Mozilla/5.0 (Windows NT 10.0; Win64; x64) AppleWebKit/537.36 (KHTML, like Gecko) Chrome/91.0.4472.124 Safari/537.36"
154.54.249.216 - - [11/Apr/2025:15:33:32 +0000] "GET /search/ecuador/feed/rss2/ HTTP/1.1" 200 11088 "-" "Mozilla/5.0 (compatible; Barkrowler/0.9; +https://babbar.tech/crawler)"
8.29.198.25 - - [11/Apr/2025:15:33:45 +0000] "GET /feed/ HTTP/1.1" 200 10591 "-" "Feedly/1.0 (+https://feedly.com/poller.html; 1 subscribers; )"
66.249.77.66 - - [11/Apr/2025:15:33:57 +0000] "GET /201926311.shtml HTTP/1.1" 200 20276 "-" "Mozilla/5.0 (Linux; Android 6.0.1; Nexus 5X Build/MMB29P) AppleWebKit/537.36 (KHTML, like Gecko) Chrome/135.0.7049.84 Mobile Safari/537.36 (compatible; Googlebot/2.1; +http://www.google.com/bot.html)"
217.113.194.215 - - [11/Apr/2025:15:34:22 +0000] "GET /search/ipiales+/ HTTP/1.1" 200 25006 "-" "Mozilla/5.0 (compatible; Barkrowler/0.9; +https://babbar.tech/crawler)"
170.10.163.108 - - [11/Apr/2025:15:34:24 +0000] "POST /wp-admin/admin-ajax.php?action=async_litespeed&nonce=HgKg9AnoTni6C2rGz6w5jbZBM409Lv34&litespeed_type=imgoptm HTTP/1.1" 200 5 "-" "WordPress/6.7.2; https://www.abranoticias.com"
154.83.103.115 - - [11/Apr/2025:15:34:24 +0000] "GET /?uri=/config/.env HTTP/1.1" 301 0 "-" "Mozilla/5.0 (Windows NT 10.0; Win64; x64) AppleWebKit/537.36 (KHTML, like Gecko) Chrome/91.0.4472.124 Safari/537.36"
154.83.103.115 - - [11/Apr/2025:15:34:26 +0000] "GET /?uri=%2Fconfig%2F.env HTTP/1.1" 200 25905 "-" "Mozilla/5.0 (Windows NT 10.0; Win64; x64) AppleWebKit/537.36 (KHTML, like Gecko) Chrome/91.0.4472.124 Safari/537.36"
154.83.103.115 - - [11/Apr/2025:15:34:29 +0000] "GET /?uri=/home/user/.env HTTP/1.1" 301 0 "-" "Mozilla/5.0 (Windows NT 10.0; Win64; x64) AppleWebKit/537.36 (KHTML, like Gecko) Chrome/91.0.4472.124 Safari/537.36"
154.83.103.115 - - [11/Apr/2025:15:34:30 +0000] "GET /?uri=%2Fhome%2Fuser%2F.env HTTP/1.1" 200 25906 "-" "Mozilla/5.0 (Windows NT 10.0; Win64; x64) AppleWebKit/537.36 (KHTML, like Gecko) Chrome/91.0.4472.124 Safari/537.36"
154.83.103.115 - - [11/Apr/2025:15:34:32 +0000] "GET /?uri=/var/www/html/config.json HTTP/1.1" 301 0 "-" "Mozilla/5.0 (Windows NT 10.0; Win64; x64) AppleWebKit/537.36 (KHTML, like Gecko) Chrome/91.0.4472.124 Safari/537.36"
154.83.103.115 - - [11/Apr/2025:15:34:34 +0000] "GET /?uri=%2Fvar%2Fwww%2Fhtml%2Fconfig.json HTTP/1.1" 200 25906 "-" "Mozilla/5.0 (Windows NT 10.0; Win64; x64) AppleWebKit/537.36 (KHTML, like Gecko) Chrome/91.0.4472.124 Safari/537.36"
154.83.103.115 - - [11/Apr/2025:15:34:38 +0000] "GET /?uri=/var/www/config.json HTTP/1.1" 301 0 "-" "Mozilla/5.0 (Windows NT 10.0; Win64; x64) AppleWebKit/537.36 (KHTML, like Gecko) Chrome/91.0.4472.124 Safari/537.36"
217.113.194.212 - - [11/Apr/2025:15:34:39 +0000] "GET /category/imagenes/amp/ HTTP/1.1" 404 13656 "-" "Mozilla/5.0 (compatible; Barkrowler/0.9; +https://babbar.tech/crawler)"
66.249.77.67 - - [11/Apr/2025:15:33:06 +0000] "GET /265540893.shtml HTTP/1.1" 200 21208 "-" "Mozilla/5.0 (Linux; Android 6.0.1; Nexus 5X Build/MMB29P) AppleWebKit/537.36 (KHTML, like Gecko) Chrome/135.0.7049.84 Mobile Safari/537.36 (compatible; Googlebot/2.1; +http://www.google.com/bot.html)"
68.65.120.227 - - [11/Apr/2025:15:33:05 +0000] "POST /wp-login.php HTTP/1.1" 200 0 "https://www.abranoticias.com" "Mozilla/5.0 (Windows NT 10.0; Win64; x64; rv:129.0) Gecko/20100101 Firefox/129.0"
154.83.103.115 - - [11/Apr/2025:15:33:43 +0000] "GET /?uri=%2Fvar%2Fwww%2F.env HTTP/1.1" 200 25906 "-" "Mozilla/5.0 (Windows NT 10.0; Win64; x64) AppleWebKit/537.36 (KHTML, like Gecko) Chrome/91.0.4472.124 Safari/537.36"
193.47.238.24 - - [11/Apr/2025:15:33:44 +0000] "GET /author/midiariodepasto/page/3/ HTTP/1.1" 200 25253 "-" "Mozilla/5.0 (Macintosh; Intel Mac OS X 10.15; rv:78.0) Gecko/20100101 Firefox/78.0"
154.83.103.115 - - [11/Apr/2025:15:33:46 +0000] "GET /?uri=/www/.env HTTP/1.1" 301 0 "-" "Mozilla/5.0 (Windows NT 10.0; Win64; x64) AppleWebKit/537.36 (KHTML, like Gecko) Chrome/91.0.4472.124 Safari/537.36"
217.113.194.219 - - [11/Apr/2025:15:33:49 +0000] "GET /search/la+florida/ HTTP/1.1" 200 25364 "-" "Mozilla/5.0 (compatible; Barkrowler/0.9; +https://babbar.tech/crawler)"
154.83.103.115 - - [11/Apr/2025:15:33:49 +0000] "GET /?uri=%2Fwww%2F.env HTTP/1.1" 200 25906 "-" "Mozilla/5.0 (Windows NT 10.0; Win64; x64) AppleWebKit/537.36 (KHTML, like Gecko) Chrome/91.0.4472.124 Safari/537.36"
38.154.40.39 - - [11/Apr/2025:15:33:52 +0000] "GET /category/region/ HTTP/1.1" 200 24981 "-" "Mozilla/5.0 (Macintosh; Intel Mac OS X 10.15; rv:78.0) Gecko/20100101 Firefox/78.0"
154.83.103.115 - - [11/Apr/2025:15:33:52 +0000] "GET /?uri=/app/.env HTTP/1.1" 301 0 "-" "Mozilla/5.0 (Windows NT 10.0; Win64; x64) AppleWebKit/537.36 (KHTML, like Gecko) Chrome/91.0.4472.124 Safari/537.36"
154.83.103.115 - - [11/Apr/2025:15:33:59 +0000] "GET /?uri=%2Fapp%2F.env HTTP/1.1" 200 25905 "-" "Mozilla/5.0 (Windows NT 10.0; Win64; x64) AppleWebKit/537.36 (KHTML, like Gecko) Chrome/91.0.4472.124 Safari/537.36"
207.46.13.126 - - [11/Apr/2025:15:34:02 +0000] "GET /2023/06/23/en-ricaurte-indigenas-cayeron-en-campo-minado-dejo-muertos-y-heridos/ HTTP/1.1" 200 20805 "-" "Mozilla/5.0 AppleWebKit/537.36 (KHTML, like Gecko; compatible; bingbot/2.0; +http://www.bing.com/bingbot.htm) Chrome/116.0.1938.76 Safari/537.36"
207.46.13.126 - - [11/Apr/2025:15:34:03 +0000] "GET /safe_search/config?return_url=%2Fproduct%2Fdetail%2FOSR54224239 HTTP/1.1" 200 19099 "-" "Mozilla/5.0 AppleWebKit/537.36 (KHTML, like Gecko; compatible; bingbot/2.0; +http://www.bing.com/bingbot.htm) Chrome/116.0.1938.76 Safari/537.36"
207.46.13.126 - - [11/Apr/2025:15:34:03 +0000] "GET /pcmypage?callback=/product%2Fdetail%2FQKDG69055816 HTTP/1.1" 200 20134 "-" "Mozilla/5.0 AppleWebKit/537.36 (KHTML, like Gecko; compatible; bingbot/2.0; +http://www.bing.com/bingbot.htm) Chrome/116.0.1938.76 Safari/537.36"
18.189.6.40 - - [11/Apr/2025:15:34:39 +0000] "GET /wp-includes/cookie/index.php?loknya=%2Fproc%2Fself%2Froot%2Fproc%2Fself%2Froot%2Fhome%2Fabranoticias%2F.cagefs%2Fvar%2Flog%2F&opsi=esyeem&opsidua=syfile HTTP/1.1" 200 2032 "-" "Mozilla/5.0 AppleWebKit/537.36 (KHTML, like Gecko; compatible; ClaudeBot/1.0; +claudebot@anthropic.com)"
3.14.253.99 - - [11/Apr/2025:15:34:41 +0000] "GET /?p=22113 HTTP/1.1" 301 0 "-" "Mozilla/5.0 AppleWebKit/537.36 (KHTML, like Gecko; compatible; ClaudeBot/1.0; +claudebot@anthropic.com)"
35.91.237.87 - - [11/Apr/2025:15:34:44 +0000] "GET / HTTP/1.1" 200 25906 "-" "Mozilla/5.0 (X11; Ubuntu; Linux x86_64; rv:80.0) Gecko/20100101 Firefox/80.0"
66.249.77.67 - - [11/Apr/2025:15:34:53 +0000] "POST /get-message-notify HTTP/1.1" 200 19383 "https://www.abranoticias.com/33137725.shtml" "Mozilla/5.0 (Linux; Android 6.0.1; Nexus 5X Build/MMB29P) AppleWebKit/537.36 (KHTML, like Gecko) Chrome/134.0.6998.165 Mobile Safari/537.36 (compatible; Googlebot/2.1; +http://www.google.com/bot.html)"
170.10.163.108 - - [11/Apr/2025:15:34:43 +0000] "POST /wp-cron.php?doing_wp_cron=1744385683.1496729850769042968750 HTTP/1.1" 200 0 "-" "WordPress/6.7.2; https://www.abranoticias.com"
154.83.103.115 - - [11/Apr/2025:15:34:42 +0000] "GET /?uri=%2Fvar%2Fwww%2Fconfig.json HTTP/1.1" 200 25906 "-" "Mozilla/5.0 (Windows NT 10.0; Win64; x64) AppleWebKit/537.36 (KHTML, like Gecko) Chrome/91.0.4472.124 Safari/537.36"
154.83.103.115 - - [11/Apr/2025:15:34:45 +0000] "GET /?uri=/var/www/html/config.yaml HTTP/1.1" 301 0 "-" "Mozilla/5.0 (Windows NT 10.0; Win64; x64) AppleWebKit/537.36 (KHTML, like Gecko) Chrome/91.0.4472.124 Safari/537.36"
66.249.77.68 - - [11/Apr/2025:15:34:57 +0000] "POST /get-message-notify HTTP/1.1" 200 19383 "https://www.abranoticias.com/pcmypage?callback=product/review/UEL69498424" "Mozilla/5.0 (Linux; Android 6.0.1; Nexus 5X Build/MMB29P) AppleWebKit/537.36 (KHTML, like Gecko) Chrome/134.0.6998.165 Mobile Safari/537.36 (compatible; Googlebot/2.1; +http://www.google.com/bot.html)"
66.249.77.68 - - [11/Apr/2025:15:35:00 +0000] "GET /pcmypage?callback=/product%2Fdetail%2FOFY82283476 HTTP/1.1" 200 21122 "-" "Mozilla/5.0 (Linux; Android 6.0.1; Nexus 5X Build/MMB29P) AppleWebKit/537.36 (KHTML, like Gecko) Chrome/135.0.7049.84 Mobile Safari/537.36 (compatible; Googlebot/2.1; +http://www.google.com/bot.html)"
170.10.163.108 - - [11/Apr/2025:15:35:07 +0000] "POST /wp-admin/admin-ajax.php?action=async_litespeed&nonce=TGRdldFqQnOFdxZdhtqaS8Noe9g3hHOv&litespeed_type=imgoptm HTTP/1.1" 200 5 "-" "WordPress/6.7.2; https://www.abranoticias.com"
217.113.194.220 - - [11/Apr/2025:15:35:12 +0000] "GET /category/mundo/amp/ HTTP/1.1" 404 13656 "-" "Mozilla/5.0 (compatible; Barkrowler/0.9; +https://babbar.tech/crawler)"
57.154.175.8 - - [11/Apr/2025:15:35:15 +0000] "GET /robots.txt HTTP/1.1" 200 112 "-" "Mozilla/5.0 AppleWebKit/537.36 (KHTML, like Gecko); compatible; ChatGPT-User/1.0; +https://openai.com/bot"
57.154.175.13 - - [11/Apr/2025:15:35:15 +0000] "GET /336970111.htm HTTP/1.1" 301 0 "-" "Mozilla/5.0 AppleWebKit/537.36 (KHTML, like Gecko); compatible; ChatGPT-User/1.0; +https://openai.com/bot"
154.83.103.115 - - [11/Apr/2025:15:35:28 +0000] "GET /?uri=%2Fvar%2Fwww%2Fhtml%2Fconfig.php HTTP/1.1" 200 25904 "-" "Mozilla/5.0 (Windows NT 10.0; Win64; x64) AppleWebKit/537.36 (KHTML, like Gecko) Chrome/91.0.4472.124 Safari/537.36"
217.113.194.218 - - [11/Apr/2025:15:35:28 +0000] "GET /category/mundo/page/8/ HTTP/1.1" 200 24991 "-" "Mozilla/5.0 (compatible; Barkrowler/0.9; +https://babbar.tech/crawler)"
186.118.169.98 - - [11/Apr/2025:15:35:32 +0000] "GET /2025/04/10/que-asco-ser-pobres-frase-clasistas-y-ofensiva-de-universitarias-en-pasto/?fbclid=IwY2xjawJmFhNleHRuA2FlbQIxMQABHiBW8sEhiiMqSeC9TwsVDdlrOOBZNWWVYL31LTiXBUnpmWiaLiSnNt38qCkr_aem_Sb_bFbbNcxQKaP9Z9hDI4A HTTP/1.1" 500 0 "https://lm.facebook.com/" "Mozilla/5.0 (Linux; Android 14; SM-A155M Build/UP1A.231005.007; wv) AppleWebKit/537.36 (KHTML, like Gecko) Version/4.0 Chrome/135.0.7049.49 Mobile Safari/537.36 [FB_IAB/FB4A;FBAV/507.0.0.66.49;IABMV/1;]"
154.83.103.115 - - [11/Apr/2025:15:35:31 +0000] "GET /?uri=/var/www/html/settings.json HTTP/1.1" 301 0 "-" "Mozilla/5.0 (Windows NT 10.0; Win64; x64) AppleWebKit/537.36 (KHTML, like Gecko) Chrome/91.0.4472.124 Safari/537.36"
109.239.229.239 - - [11/Apr/2025:15:35:30 +0000] "GET /category/opinion/ HTTP/1.1" 200 25541 "-" "Mozilla/5.0 (Windows NT 6.1; WOW64) AppleWebKit/537.36 (KHTML, like Gecko) Chrome/34.0.1847.131 Safari/537.36"
109.239.229.239 - - [11/Apr/2025:15:35:30 +0000] "GET /category/entretenimiento/ HTTP/1.1" 200 25293 "-" "Mozilla/5.0 (Macintosh; Intel Mac OS X 10_9_2) AppleWebKit/537.75.14 (KHTML, like Gecko) Version/7.0.3 Safari/537.75.14"
109.239.229.239 - - [11/Apr/2025:15:35:30 +0000] "GET /category/deportes/ HTTP/1.1" 200 25618 "-" "Mozilla/5.0 (Windows NT 6.1; WOW64) AppleWebKit/537.36 (KHTML, like Gecko) Chrome/34.0.1847.137 Safari/537.36"
170.10.163.108 - - [11/Apr/2025:15:34:56 +0000] "POST /wp-cron.php?doing_wp_cron=1744385696.7249701023101806640625 HTTP/1.1" 200 0 "-" "WordPress/6.7.2; https://www.abranoticias.com"
154.83.103.115 - - [11/Apr/2025:15:35:00 +0000] "GET /?uri=%2Fvar%2Fwww%2Fhtml%2Fconfig.yaml HTTP/1.1" 200 25905 "-" "Mozilla/5.0 (Windows NT 10.0; Win64; x64) AppleWebKit/537.36 (KHTML, like Gecko) Chrome/91.0.4472.124 Safari/537.36"
154.83.103.115 - - [11/Apr/2025:15:35:03 +0000] "GET /?uri=/var/www/html/config.yml HTTP/1.1" 301 0 "-" "Mozilla/5.0 (Windows NT 10.0; Win64; x64) AppleWebKit/537.36 (KHTML, like Gecko) Chrome/91.0.4472.124 Safari/537.36"
