170.10.163.108 - - [11/Apr/2025:15:35:06 +0000] "POST /wp-cron.php?doing_wp_cron=1744385706.4759700298309326171875 HTTP/1.1" 200 0 "-" "WordPress/6.7.2; https://www.abranoticias.com"
154.83.103.115 - - [11/Apr/2025:15:35:05 +0000] "GET /?uri=%2Fvar%2Fwww%2Fhtml%2Fconfig.yml HTTP/1.1" 200 25906 "-" "Mozilla/5.0 (Windows NT 10.0; Win64; x64) AppleWebKit/537.36 (KHTML, like Gecko) Chrome/91.0.4472.124 Safari/537.36"
154.83.103.115 - - [11/Apr/2025:15:35:08 +0000] "GET /?uri=/var/www/html/config.php HTTP/1.1" 301 0 "-" "Mozilla/5.0 (Windows NT 10.0; Win64; x64) AppleWebKit/537.36 (KHTML, like Gecko) Chrome/91.0.4472.124 Safari/537.36"
66.249.77.66 - - [11/Apr/2025:15:35:12 +0000] "GET /tag/municipio-de-taminango/ HTTP/1.1" 200 19069 "-" "Mozilla/5.0 (compatible; Googlebot/2.1; +http://www.google.com/bot.html)"
66.249.77.66 - - [11/Apr/2025:15:35:27 +0000] "POST /get-message-notify HTTP/1.1" 200 19385 "https://www.abranoticias.com/tag/municipio-de-taminango/" "Mozilla/5.0 AppleWebKit/537.36 (KHTML, like Gecko; compatible; Googlebot/2.1; +http://www.google.com/bot.html) Chrome/134.0.6998.165 Safari/537.36"
38.154.40.169 - - [11/Apr/2025:15:35:29 +0000] "GET /author/midiariodepasto/page/2/ HTTP/1.1" 200 25147 "-" "Mozilla/5.0 (Macintosh; Intel Mac OS X 10.15; rv:78.0) Gecko/20100101 Firefox/78.0"
109.239.229.239 - - [11/Apr/2025:15:35:30 +0000] "GET /category/mundo/ HTTP/1.1" 200 25504 "-" "Mozilla/5.0 (X11; Linux x86_64; rv:29.0) Gecko/20100101 Firefox/29.0"
170.10.163.108 - - [11/Apr/2025:15:35:40 +0000] "POST /wp-cron.php?doing_wp_cron=1744385740.2981879711151123046875 HTTP/1.1" 200 0 "-" "WordPress/6.7.2; https://www.abranoticias.com"
38.154.40.134 - - [11/Apr/2025:15:35:39 +0000] "GET /author/midiariodepasto/page/8/ HTTP/1.1" 200 25322 "-" "Mozilla/5.0 (Macintosh; Intel Mac OS X 10.15; rv:78.0) Gecko/20100101 Firefox/78.0"
2a03:2880:15ff:73:: - - [11/Apr/2025:15:35:43 +0000] "GET /wp-content/uploads/2025/02/arauca-militares-muertos.jpg HTTP/1.1" 200 75349 "-" "facebookexternalhit/1.1 (+http://www.facebook.com/externalhit_uatext.php)"
2a03:2880:3ff:5:: - - [11/Apr/2025:15:35:45 +0000] "GET /wp-content/uploads/2025/02/tuquerres-y-la-union-narino.jpg HTTP/1.1" 200 94485 "-" "facebookexternalhit/1.1 (+http://www.facebook.com/externalhit_uatext.php)"
170.10.163.108 - - [11/Apr/2025:15:35:45 +0000] "POST /wp-cron.php?doing_wp_cron=1744385745.6936058998107910156250 HTTP/1.1" 200 0 "-" "WordPress/6.7.2; https://www.abranoticias.com"
40.77.167.241 - - [11/Apr/2025:15:35:45 +0000] "GET /2023/08/31/grupo-armado-ultimo-a-mujer-en-tumaco-2-ninos-quedaron-huerfanos/ HTTP/1.1" 200 18344 "-" "Mozilla/5.0 AppleWebKit/537.36 (KHTML, like Gecko; compatible; bingbot/2.0; +http://www.bing.com/bingbot.htm) Chrome/116.0.1938.76 Safari/537.36"
217.113.194.220 - - [11/Apr/2025:15:35:46 +0000] "GET /category/mundo/page/5/ HTTP/1.1" 200 25350 "-" "Mozilla/5.0 (compatible; Barkrowler/0.9; +https://babbar.tech/crawler)"
2a03:2880:15ff:73:: - - [11/Apr/2025:15:35:47 +0000] "GET /wp-content/uploads/2025/02/IMG-20250210-WA0329.jpg HTTP/1.1" 200 46530 "-" "facebookexternalhit/1.1 (+http://www.facebook.com/externalhit_uatext.php)"
2a03:2880:15ff:73:: - - [11/Apr/2025:15:35:47 +0000] "GET /wp-content/uploads/2025/02/los-andes-Sotomayor.jpg HTTP/1.1" 200 98208 "-" "facebookexternalhit/1.1 (+http://www.facebook.com/externalhit_uatext.php)"
170.10.163.108 - - [11/Apr/2025:15:34:23 +0000] "POST /wp-cron.php?doing_wp_cron=1744385663.3924438953399658203125 HTTP/1.1" 200 0 "-" "WordPress/6.7.2; https://www.abranoticias.com"
3.14.253.99 - - [11/Apr/2025:15:34:42 +0000] "GET /2024/01/19/investigacion-policial-dejo-2-hombres-tras-las-rejas-en-pasto/ HTTP/1.1" 200 24700 "-" "Mozilla/5.0 AppleWebKit/537.36 (KHTML, like Gecko; compatible; ClaudeBot/1.0; +claudebot@anthropic.com)"
217.113.194.212 - - [11/Apr/2025:15:34:56 +0000] "GET /category/imagenes/page/2/ HTTP/1.1" 200 25088 "-" "Mozilla/5.0 (compatible; Barkrowler/0.9; +https://babbar.tech/crawler)"
57.154.175.1 - - [11/Apr/2025:15:35:16 +0000] "GET /336970111.htm HTTP/1.1" 404 13656 "-" "Mozilla/5.0 AppleWebKit/537.36 (KHTML, like Gecko); compatible; ChatGPT-User/1.0; +https://openai.com/bot"
66.249.77.66 - - [11/Apr/2025:15:35:21 +0000] "GET /search?category=&search_word=&restrict[]=person_id(int)=SOFJY HTTP/1.1" 200 19547 "-" "Mozilla/5.0 (Linux; Android 6.0.1; Nexus 5X Build/MMB29P) AppleWebKit/537.36 (KHTML, like Gecko) Chrome/135.0.7049.52 Mobile Safari/537.36 (compatible; Googlebot/2.1; +http://www.google.com/bot.html)"
191.156.40.79 - - [11/Apr/2025:15:35:34 +0000] "GET /wp-content/uploads/2021/03/bogota-petro-1-800x387.jpg HTTP/1.1" 200 57762 "https://www.google.com/" "Mozilla/5.0 (Linux; Android 14; SM-A057M Build/UP1A.231005.007; wv) AppleWebKit/537.36 (KHTML, like Gecko) Version/4.0 Chrome/134.0.6998.135 Mobile Safari/537.36 GoogleApp/16.11.37.ve.arm64"
109.239.229.239 - - [11/Apr/2025:15:35:30 +0000] "GET /category/region/ HTTP/1.1" 200 24981 "-" "Mozilla/5.0 (Windows NT 6.1; WOW64) AppleWebKit/537.36 (KHTML, like Gecko) Chrome/34.0.1847.137 Safari/537.36"
109.239.229.239 - - [11/Apr/2025:15:35:30 +0000] "GET /category/noticias/ HTTP/1.1" 200 25054 "-" "Mozilla/5.0 (Windows NT 6.1; WOW64) AppleWebKit/537.36 (KHTML, like Gecko) Chrome/34.0.1847.137 Safari/537.36"
109.239.229.239 - - [11/Apr/2025:15:35:30 +0000] "GET /category/judicial/ HTTP/1.1" 200 25230 "-" "Mozilla/5.0 (Windows NT 6.1; WOW64; rv:29.0) Gecko/20100101 Firefox/29.0"
109.239.229.239 - - [11/Apr/2025:15:35:30 +0000] "GET / HTTP/1.1" 200 25906 "-" "Mozilla/5.0 (Windows NT 6.1; WOW64; rv:29.0) Gecko/20100101 Firefox/29.0"
2a03:2880:13ff:9:: - - [11/Apr/2025:15:35:45 +0000] "GET /wp-content/uploads/2025/02/pasto-alias-chuki.jpg HTTP/1.1" 200 59797 "-" "facebookexternalhit/1.1 (+http://www.facebook.com/externalhit_uatext.php)"
2800:484:c47e:3284:bfb9:323e:fa6a:ba2c - - [11/Apr/2025:15:35:44 +0000] "GET /2025/04/10/que-asco-ser-pobres-frase-clasistas-y-ofensiva-de-universitarias-en-pasto/ HTTP/1.1" 200 24298 "https://l.facebook.com/" "Mozilla/5.0 (Linux; Android 10; K) AppleWebKit/537.36 (KHTML, like Gecko) Chrome/135.0.0.0 Mobile Safari/537.36"
2a03:2880:22ff:2:: - - [11/Apr/2025:15:35:45 +0000] "GET /wp-content/uploads/2025/02/tumaco-inundaciones.jpg HTTP/1.1" 200 113180 "-" "facebookexternalhit/1.1 (+http://www.facebook.com/externalhit_uatext.php)"
66.249.72.69 - - [11/Apr/2025:15:35:54 +0000] "GET /search?category=&search_word=&restrict[]=person_id(int)=HJVPD HTTP/1.1" 200 19648 "-" "Mozilla/5.0 (Linux; Android 6.0.1; Nexus 5X Build/MMB29P) AppleWebKit/537.36 (KHTML, like Gecko) Chrome/135.0.7049.52 Mobile Safari/537.36 (compatible; Googlebot/2.1; +http://www.google.com/bot.html)"
170.10.163.108 - - [11/Apr/2025:15:36:01 +0000] "POST /wp-cron.php?doing_wp_cron=1744385761.7038869857788085937500 HTTP/1.1" 200 0 "-" "WordPress/6.7.2; https://www.abranoticias.com"
154.83.103.115 - - [11/Apr/2025:15:36:00 +0000] "GET /?uri=%2Fvar%2Fwww%2Fhtml%2Fsettings.php HTTP/1.1" 200 25904 "-" "Mozilla/5.0 (Windows NT 10.0; Win64; x64) AppleWebKit/537.36 (KHTML, like Gecko) Chrome/91.0.4472.124 Safari/537.36"
191.156.36.23 - - [11/Apr/2025:15:36:02 +0000] "GET /2025/04/11/en-sandona-allanaron-5-viviendas-este-seria-el-delito/?fbclid=IwY2xjawJmFjFleHRuA2FlbQIxMQABHr_2HCb9tOudps7EwbddZ2D3NLbAvezdTYg7qWBHiuN9p8hCI46FOb7vLDkg_aem_zj44f90RjzMy2SMzAoacyg HTTP/1.1" 200 24348 "https://lm.facebook.com/" "Mozilla/5.0 (Linux; Android 11; SM-A207M Build/RP1A.200720.012; wv) AppleWebKit/537.36 (KHTML, like Gecko) Version/4.0 Chrome/135.0.7049.49 Mobile Safari/537.36 [FB_IAB/FB4A;FBAV/507.0.0.66.49;IABMV/1;]"
217.113.194.213 - - [11/Apr/2025:15:36:02 +0000] "GET /category/mundo/page/9/ HTTP/1.1" 200 24897 "-" "Mozilla/5.0 (compatible; Barkrowler/0.9; +https://babbar.tech/crawler)"
191.156.36.23 - - [11/Apr/2025:15:36:04 +0000] "GET /2025/04/11/en-sandona-allanaron-5-viviendas-este-seria-el-delito/?fbclid=IwY2xjawJmFjNleHRuA2FlbQIxMQABHr_2HCb9tOudps7EwbddZ2D3NLbAvezdTYg7qWBHiuN9p8hCI46FOb7vLDkg_aem_zj44f90RjzMy2SMzAoacyg HTTP/1.1" 200 24349 "https://lm.facebook.com/" "Mozilla/5.0 (Linux; Android 11; SM-A207M Build/RP1A.200720.012; wv) AppleWebKit/537.36 (KHTML, like Gecko) Version/4.0 Chrome/135.0.7049.49 Mobile Safari/537.36 [FB_IAB/FB4A;FBAV/507.0.0.66.49;IABMV/1;] FBNV/5"
154.83.103.115 - - [11/Apr/2025:15:36:04 +0000] "GET /?uri=/var/www/html/config.js HTTP/1.1" 301 0 "-" "Mozilla/5.0 (Windows NT 10.0; Win64; x64) AppleWebKit/537.36 (KHTML, like Gecko) Chrome/91.0.4472.124 Safari/537.36"
170.10.163.108 - - [11/Apr/2025:15:36:06 +0000] "POST /wp-admin/admin-ajax.php?action=async_litespeed&nonce=CyuPA4gXTdHrSKIComAzN4lhTNIaVttw&litespeed_type=imgoptm HTTP/1.1" 200 5 "-" "WordPress/6.7.2; https://www.abranoticias.com"
154.83.103.115 - - [11/Apr/2025:15:36:09 +0000] "GET /?uri=/var/www/html/settings.py HTTP/1.1" 301 0 "-" "Mozilla/5.0 (Windows NT 10.0; Win64; x64) AppleWebKit/537.36 (KHTML, like Gecko) Chrome/91.0.4472.124 Safari/537.36"
154.83.103.115 - - [11/Apr/2025:15:36:11 +0000] "GET /?uri=%2Fvar%2Fwww%2Fhtml%2Fsettings.py HTTP/1.1" 200 25904 "-" "Mozilla/5.0 (Windows NT 10.0; Win64; x64) AppleWebKit/537.36 (KHTML, like Gecko) Chrome/91.0.4472.124 Safari/537.36"
52.167.144.180 - - [11/Apr/2025:15:36:32 +0000] "GET /2024/04/05/en-narino-militares-destruyen-artefactos-explosivos-hallados-en-3-municipios/ HTTP/1.1" 200 19844 "-" "Mozilla/5.0 AppleWebKit/537.36 (KHTML, like Gecko; compatible; bingbot/2.0; +http://www.bing.com/bingbot.htm) Chrome/116.0.1938.76 Safari/537.36"
154.83.103.115 - - [11/Apr/2025:15:36:32 +0000] "GET /?uri=/config/database.yml HTTP/1.1" 301 0 "-" "Mozilla/5.0 (Windows NT 10.0; Win64; x64) AppleWebKit/537.36 (KHTML, like Gecko) Chrome/91.0.4472.124 Safari/537.36"
154.83.103.115 - - [11/Apr/2025:15:36:35 +0000] "GET /?uri=%2Fconfig%2Fdatabase.yml HTTP/1.1" 200 25906 "-" "Mozilla/5.0 (Windows NT 10.0; Win64; x64) AppleWebKit/537.36 (KHTML, like Gecko) Chrome/91.0.4472.124 Safari/537.36"
154.83.103.115 - - [11/Apr/2025:15:36:41 +0000] "GET /?uri=/var/www/html/config.php HTTP/1.1" 301 0 "-" "Mozilla/5.0 (Windows NT 10.0; Win64; x64) AppleWebKit/537.36 (KHTML, like Gecko) Chrome/91.0.4472.124 Safari/537.36"
154.83.103.115 - - [11/Apr/2025:15:36:43 +0000] "GET /?uri=%2Fvar%2Fwww%2Fhtml%2Fconfig.php HTTP/1.1" 200 25906 "-" "Mozilla/5.0 (Windows NT 10.0; Win64; x64) AppleWebKit/537.36 (KHTML, like Gecko) Chrome/91.0.4472.124 Safari/537.36"
154.83.103.115 - - [11/Apr/2025:15:36:46 +0000] "GET /?uri=/var/www/html/.htaccess HTTP/1.1" 301 0 "-" "Mozilla/5.0 (Windows NT 10.0; Win64; x64) AppleWebKit/537.36 (KHTML, like Gecko) Chrome/91.0.4472.124 Safari/537.36"
154.83.103.115 - - [11/Apr/2025:15:36:49 +0000] "GET /?uri=%2Fvar%2Fwww%2Fhtml%2F.htaccess HTTP/1.1" 200 25906 "-" "Mozilla/5.0 (Windows NT 10.0; Win64; x64) AppleWebKit/537.36 (KHTML, like Gecko) Chrome/91.0.4472.124 Safari/537.36"
66.249.72.67 - - [11/Apr/2025:15:36:54 +0000] "GET /search?category=&search_word=&restrict[]=person_id(int)=BNYD HTTP/1.1" 200 19126 "-" "Mozilla/5.0 (Linux; Android 6.0.1; Nexus 5X Build/MMB29P) AppleWebKit/537.36 (KHTML, like Gecko) Chrome/135.0.7049.52 Mobile Safari/537.36 (compatible; Googlebot/2.1; +http://www.google.com/bot.html)"
66.249.72.69 - - [11/Apr/2025:15:36:58 +0000] "POST /get-message-notify HTTP/1.1" 200 19804 "https://abranoticias.com/search?category=&search_word=&restrict[]=person_id(int)=BNYD" "Mozilla/5.0 (Linux; Android 6.0.1; Nexus 5X Build/MMB29P) AppleWebKit/537.36 (KHTML, like Gecko) Chrome/134.0.6998.165 Mobile Safari/537.36 (compatible; Googlebot/2.1; +http://www.google.com/bot.html)"
207.46.13.126 - - [11/Apr/2025:15:37:02 +0000] "GET /2024/05/16/ubicaron-los-cuerpos-de-madre-e-hija-en-el-rosario/ HTTP/1.1" 200 20313 "-" "Mozilla/5.0 AppleWebKit/537.36 (KHTML, like Gecko; compatible; bingbot/2.0; +http://www.bing.com/bingbot.htm) Chrome/116.0.1938.76 Safari/537.36"
154.83.103.115 - - [11/Apr/2025:15:37:02 +0000] "GET /?uri=http://169.254.169.254/latest/meta-data/ HTTP/1.1" 301 0 "-" "Mozilla/5.0 (Windows NT 10.0; Win64; x64) AppleWebKit/537.36 (KHTML, like Gecko) Chrome/91.0.4472.124 Safari/537.36"
154.83.103.115 - - [11/Apr/2025:15:37:05 +0000] "GET /?uri=http%3A%2F%2F169.254.169.254%2Flatest%2Fmeta-data%2F HTTP/1.1" 200 25906 "-" "Mozilla/5.0 (Windows NT 10.0; Win64; x64) AppleWebKit/537.36 (KHTML, like Gecko) Chrome/91.0.4472.124 Safari/537.36"
170.10.163.108 - - [11/Apr/2025:15:37:08 +0000] "POST /wp-cron.php?doing_wp_cron=1744385828.3598680496215820312500 HTTP/1.1" 200 0 "-" "WordPress/6.7.2; https://www.abranoticias.com"
154.83.103.115 - - [11/Apr/2025:15:37:07 +0000] "GET /?uri=http://169.254.169.254/latest/meta-data/iam/security-credentials/ HTTP/1.1" 301 0 "-" "Mozilla/5.0 (Windows NT 10.0; Win64; x64) AppleWebKit/537.36 (KHTML, like Gecko) Chrome/91.0.4472.124 Safari/537.36"
217.113.194.214 - - [11/Apr/2025:15:37:09 +0000] "GET /category/mundo/page/3/ HTTP/1.1" 200 25637 "-" "Mozilla/5.0 (compatible; Barkrowler/0.9; +https://babbar.tech/crawler)"
154.83.103.115 - - [11/Apr/2025:15:37:10 +0000] "GET /?uri=http%3A%2F%2F169.254.169.254%2Flatest%2Fmeta-data%2Fiam%2Fsecurity-credentials%2F HTTP/1.1" 200 25905 "-" "Mozilla/5.0 (Windows NT 10.0; Win64; x64) AppleWebKit/537.36 (KHTML, like Gecko) Chrome/91.0.4472.124 Safari/537.36"
154.83.103.115 - - [11/Apr/2025:15:37:13 +0000] "GET /?uri=http://169.254.169.254/latest/meta-data/iam/security-credentials/admin-role HTTP/1.1" 301 0 "-" "Mozilla/5.0 (Windows NT 10.0; Win64; x64) AppleWebKit/537.36 (KHTML, like Gecko) Chrome/91.0.4472.124 Safari/537.36"
66.249.77.68 - - [11/Apr/2025:15:37:15 +0000] "GET /109863891.shtml HTTP/1.1" 200 18843 "-" "Mozilla/5.0 (Linux; Android 6.0.1; Nexus 5X Build/MMB29P) AppleWebKit/537.36 (KHTML, like Gecko) Chrome/135.0.7049.84 Mobile Safari/537.36 (compatible; Googlebot/2.1; +http://www.google.com/bot.html)"
154.83.103.115 - - [11/Apr/2025:15:37:15 +0000] "GET /?uri=http%3A%2F%2F169.254.169.254%2Flatest%2Fmeta-data%2Fiam%2Fsecurity-credentials%2Fadmin-role HTTP/1.1" 200 25906 "-" "Mozilla/5.0 (Windows NT 10.0; Win64; x64) AppleWebKit/537.36 (KHTML, like Gecko) Chrome/91.0.4472.124 Safari/537.36"
154.83.103.115 - - [11/Apr/2025:15:37:17 +0000] "GET /?uri=http://169.254.169.254/latest/user-data HTTP/1.1" 301 0 "-" "Mozilla/5.0 (Windows NT 10.0; Win64; x64) AppleWebKit/537.36 (KHTML, like Gecko) Chrome/91.0.4472.124 Safari/537.36"
66.249.77.68 - - [11/Apr/2025:15:37:18 +0000] "GET /tag/narino/ HTTP/1.1" 200 20494 "-" "Mozilla/5.0 (compatible; Googlebot/2.1; +http://www.google.com/bot.html)"
154.83.103.115 - - [11/Apr/2025:15:37:18 +0000] "GET /?uri=http%3A%2F%2F169.254.169.254%2Flatest%2Fuser-data HTTP/1.1" 200 25906 "-" "Mozilla/5.0 (Windows NT 10.0; Win64; x64) AppleWebKit/537.36 (KHTML, like Gecko) Chrome/91.0.4472.124 Safari/537.36"
154.83.103.115 - - [11/Apr/2025:15:37:20 +0000] "GET /?uri=file:///var/www/html/.env HTTP/1.1" 301 0 "-" "Mozilla/5.0 (Windows NT 10.0; Win64; x64) AppleWebKit/537.36 (KHTML, like Gecko) Chrome/91.0.4472.124 Safari/537.36"
217.113.194.217 - - [11/Apr/2025:15:37:25 +0000] "GET /category/entretenimiento/ HTTP/1.1" 200 25294 "-" "Mozilla/5.0 (compatible; Barkrowler/0.9; +https://babbar.tech/crawler)"
66.249.77.66 - - [11/Apr/2025:15:35:56 +0000] "GET /pcmypage?callback=/product%2Fdetail%2FBIY141101158 HTTP/1.1" 200 20014 "-" "Mozilla/5.0 (Linux; Android 6.0.1; Nexus 5X Build/MMB29P) AppleWebKit/537.36 (KHTML, like Gecko) Chrome/135.0.7049.52 Mobile Safari/537.36 (compatible; GoogleOther)"
66.249.72.68 - - [11/Apr/2025:15:35:56 +0000] "POST /get-message-notify HTTP/1.1" 200 19802 "https://abranoticias.com/search?category=&search_word=&restrict[]=person_id(int)=HJVPD" "Mozilla/5.0 (Linux; Android 6.0.1; Nexus 5X Build/MMB29P) AppleWebKit/537.36 (KHTML, like Gecko) Chrome/134.0.6998.165 Mobile Safari/537.36 (compatible; Googlebot/2.1; +http://www.google.com/bot.html)"
66.249.77.66 - - [11/Apr/2025:15:35:57 +0000] "GET /pcmypage?callback=product/review/RDZG1473588 HTTP/1.1" 200 21228 "-" "Mozilla/5.0 (Linux; Android 6.0.1; Nexus 5X Build/MMB29P) AppleWebKit/537.36 (KHTML, like Gecko) Chrome/135.0.7049.52 Mobile Safari/537.36 (compatible; GoogleOther)"
66.249.77.66 - - [11/Apr/2025:15:35:58 +0000] "GET /177586701.shtml HTTP/1.1" 200 19319 "-" "Mozilla/5.0 (Linux; Android 6.0.1; Nexus 5X Build/MMB29P) AppleWebKit/537.36 (KHTML, like Gecko) Chrome/135.0.7049.52 Mobile Safari/537.36 (compatible; GoogleOther)"
170.10.163.108 - - [11/Apr/2025:15:36:06 +0000] "POST /wp-cron.php?doing_wp_cron=1744385766.0543649196624755859375 HTTP/1.1" 200 0 "-" "WordPress/6.7.2; https://www.abranoticias.com"
154.83.103.115 - - [11/Apr/2025:15:36:07 +0000] "GET /?uri=%2Fvar%2Fwww%2Fhtml%2Fconfig.js HTTP/1.1" 200 25906 "-" "Mozilla/5.0 (Windows NT 10.0; Win64; x64) AppleWebKit/537.36 (KHTML, like Gecko) Chrome/91.0.4472.124 Safari/537.36"
170.10.163.108 - - [11/Apr/2025:15:36:20 +0000] "POST /wp-cron.php?doing_wp_cron=1744385780.3013229370117187500000 HTTP/1.1" 200 0 "-" "WordPress/6.7.2; https://www.abranoticias.com"
170.10.163.108 - - [11/Apr/2025:15:36:50 +0000] "POST /wp-cron.php?doing_wp_cron=1744385810.1103560924530029296875 HTTP/1.1" 200 0 "-" "WordPress/6.7.2; https://www.abranoticias.com"
217.113.194.219 - - [11/Apr/2025:15:36:52 +0000] "GET /category/mundo/page/6/ HTTP/1.1" 200 25069 "-" "Mozilla/5.0 (compatible; Barkrowler/0.9; +https://babbar.tech/crawler)"
38.154.40.61 - - [11/Apr/2025:15:37:32 +0000] "GET /category/opinion/ HTTP/1.1" 200 25542 "-" "Mozilla/5.0 (Macintosh; Intel Mac OS X 10.15; rv:78.0) Gecko/20100101 Firefox/78.0"
154.83.103.115 - - [11/Apr/2025:15:37:37 +0000] "GET /?uri=file%3A%2F%2F%2Fvar%2Fwww%2Fhtml%2F.env HTTP/1.1" 200 25906 "-" "Mozilla/5.0 (Windows NT 10.0; Win64; x64) AppleWebKit/537.36 (KHTML, like Gecko) Chrome/91.0.4472.124 Safari/537.36"
154.83.103.115 - - [11/Apr/2025:15:37:40 +0000] "GET /?uri=file:///var/www/html/config.json HTTP/1.1" 301 0 "-" "Mozilla/5.0 (Windows NT 10.0; Win64; x64) AppleWebKit/537.36 (KHTML, like Gecko) Chrome/91.0.4472.124 Safari/537.36"
154.83.103.115 - - [11/Apr/2025:15:37:43 +0000] "GET /?uri=file%3A%2F%2F%2Fvar%2Fwww%2Fhtml%2Fconfig.json HTTP/1.1" 200 25906 "-" "Mozilla/5.0 (Windows NT 10.0; Win64; x64) AppleWebKit/537.36 (KHTML, like Gecko) Chrome/91.0.4472.124 Safari/537.36"
154.83.103.115 - - [11/Apr/2025:15:37:45 +0000] "GET /?uri=file:///var/www/html/settings.json HTTP/1.1" 301 0 "-" "Mozilla/5.0 (Windows NT 10.0; Win64; x64) AppleWebKit/537.36 (KHTML, like Gecko) Chrome/91.0.4472.124 Safari/537.36"
154.83.103.115 - - [11/Apr/2025:15:37:47 +0000] "GET /?uri=file%3A%2F%2F%2Fvar%2Fwww%2Fhtml%2Fsettings.json HTTP/1.1" 200 25906 "-" "Mozilla/5.0 (Windows NT 10.0; Win64; x64) AppleWebKit/537.36 (KHTML, like Gecko) Chrome/91.0.4472.124 Safari/537.36"
170.10.163.108 - - [11/Apr/2025:15:38:07 +0000] "POST /wp-admin/admin-ajax.php?action=async_litespeed&nonce=IWLYzm6e3ihxkb1K5y0XYqyep9UeCuS1&litespeed_type=imgoptm HTTP/1.1" 200 5 "-" "WordPress/6.7.2; https://www.abranoticias.com"
2a03:2880:20ff:52:: - - [11/Apr/2025:15:38:10 +0000] "GET /2025/04/09/sicario-acuso-a-mujer-de-haber-enviado-a-matar-a-su-esposo/ HTTP/1.1" 200 24376 "-" "facebookexternalhit/1.1 (+http://www.facebook.com/externalhit_uatext.php)"
154.83.103.115 - - [11/Apr/2025:15:35:38 +0000] "GET /?uri=%2Fvar%2Fwww%2Fhtml%2Fsettings.json HTTP/1.1" 200 25906 "-" "Mozilla/5.0 (Windows NT 10.0; Win64; x64) AppleWebKit/537.36 (KHTML, like Gecko) Chrome/91.0.4472.124 Safari/537.36"
154.83.103.115 - - [11/Apr/2025:15:35:41 +0000] "GET /?uri=/var/www/html/settings.php HTTP/1.1" 301 0 "-" "Mozilla/5.0 (Windows NT 10.0; Win64; x64) AppleWebKit/537.36 (KHTML, like Gecko) Chrome/91.0.4472.124 Safari/537.36"
2800:484:c47e:3284:bfb9:323e:fa6a:ba2c - - [11/Apr/2025:15:35:50 +0000] "GET /favicon.ico HTTP/1.1" 404 1251 "https://www.abranoticias.com/2025/04/10/que-asco-ser-pobres-frase-clasistas-y-ofensiva-de-universitarias-en-pasto/" "Mozilla/5.0 (Linux; Android 10; K) AppleWebKit/537.36 (KHTML, like Gecko) Chrome/135.0.0.0 Mobile Safari/537.36"
217.113.194.212 - - [11/Apr/2025:15:36:19 +0000] "GET /category/mundo/page/4/ HTTP/1.1" 200 25287 "-" "Mozilla/5.0 (compatible; Barkrowler/0.9; +https://babbar.tech/crawler)"
217.113.194.214 - - [11/Apr/2025:15:36:36 +0000] "GET /category/mundo/page/7/ HTTP/1.1" 200 25312 "-" "Mozilla/5.0 (compatible; Barkrowler/0.9; +https://babbar.tech/crawler)"
170.10.163.108 - - [11/Apr/2025:15:36:42 +0000] "POST /wp-cron.php?doing_wp_cron=1744385802.0882089138031005859375 HTTP/1.1" 200 0 "-" "WordPress/6.7.2; https://www.abranoticias.com"
170.10.163.108 - - [11/Apr/2025:15:36:44 +0000] "POST /wp-cron.php?doing_wp_cron=1744385804.6461660861968994140625 HTTP/1.1" 200 0 "-" "WordPress/6.7.2; https://www.abranoticias.com"
193.47.239.82 - - [11/Apr/2025:15:36:51 +0000] "GET /author/midiariodepasto/page/9/ HTTP/1.1" 200 25378 "-" "Mozilla/5.0 (Macintosh; Intel Mac OS X 10.15; rv:78.0) Gecko/20100101 Firefox/78.0"
170.10.163.108 - - [11/Apr/2025:15:37:09 +0000] "POST /wp-admin/admin-ajax.php?action=async_litespeed&nonce=k7kv4y6qsVRPr5IazFFSfzDMU5KHls6a&litespeed_type=imgoptm HTTP/1.1" 200 5 "-" "WordPress/6.7.2; https://www.abranoticias.com"
170.10.163.108 - - [11/Apr/2025:15:37:21 +0000] "POST /wp-cron.php?doing_wp_cron=1744385841.4079160690307617187500 HTTP/1.1" 200 0 "-" "WordPress/6.7.2; https://www.abranoticias.com"
54.202.165.28 - - [11/Apr/2025:15:37:24 +0000] "GET / HTTP/1.1" 200 25905 "-" "Mozilla/5.0 (X11; Ubuntu; Linux x86_64; rv:80.0) Gecko/20100101 Firefox/80.0"
66.249.77.66 - - [11/Apr/2025:15:37:35 +0000] "POST /get-message-notify HTTP/1.1" 200 19385 "https://www.abranoticias.com/tag/narino/" "Mozilla/5.0 AppleWebKit/537.36 (KHTML, like Gecko; compatible; Googlebot/2.1; +http://www.google.com/bot.html) Chrome/134.0.6998.165 Safari/537.36"
217.113.194.217 - - [11/Apr/2025:15:37:42 +0000] "GET /category/noticias/amp/ HTTP/1.1" 404 13656 "-" "Mozilla/5.0 (compatible; Barkrowler/0.9; +https://babbar.tech/crawler)"
170.10.163.108 - - [11/Apr/2025:15:37:59 +0000] "POST /wp-cron.php?doing_wp_cron=1744385879.2524039745330810546875 HTTP/1.1" 200 0 "-" "WordPress/6.7.2; https://www.abranoticias.com"
217.113.194.220 - - [11/Apr/2025:15:37:58 +0000] "GET /category/noticias/page/2/ HTTP/1.1" 200 25105 "-" "Mozilla/5.0 (compatible; Barkrowler/0.9; +https://babbar.tech/crawler)"
52.167.144.180 - - [11/Apr/2025:15:38:01 +0000] "GET /2024/07/31/acusan-a-las-disidencias-del-crimen-de-lider-indigena/ HTTP/1.1" 200 19924 "-" "Mozilla/5.0 AppleWebKit/537.36 (KHTML, like Gecko; compatible; bingbot/2.0; +http://www.bing.com/bingbot.htm) Chrome/116.0.1938.76 Safari/537.36"
52.167.144.180 - - [11/Apr/2025:15:38:03 +0000] "GET /2024/03/12/auxiliar-de-enfermeria-practico-cirugia-estetica-y-paciente-fallecio-enviado-a-la-carcel/ HTTP/1.1" 200 20986 "-" "Mozilla/5.0 AppleWebKit/537.36 (KHTML, like Gecko; compatible; bingbot/2.0; +http://www.bing.com/bingbot.htm) Chrome/116.0.1938.76 Safari/537.36"
217.113.194.214 - - [11/Apr/2025:15:38:14 +0000] "GET /category/noticias/page/9/ HTTP/1.1" 200 25889 "-" "Mozilla/5.0 (compatible; Barkrowler/0.9; +https://babbar.tech/crawler)"
154.83.103.115 - - [11/Apr/2025:15:38:15 +0000] "GET /?uri=file%3A%2F%2F%2Fvar%2Fwww%2Fhtml%2F.htaccess HTTP/1.1" 200 25906 "-" "Mozilla/5.0 (Windows NT 10.0; Win64; x64) AppleWebKit/537.36 (KHTML, like Gecko) Chrome/91.0.4472.124 Safari/537.36"
154.83.103.115 - - [11/Apr/2025:15:38:18 +0000] "GET /?file=/etc/environment HTTP/1.1" 301 0 "-" "Mozilla/5.0 (Windows NT 10.0; Win64; x64) AppleWebKit/537.36 (KHTML, like Gecko) Chrome/91.0.4472.124 Safari/537.36"
154.83.103.115 - - [11/Apr/2025:15:38:21 +0000] "GET /?file=%2Fetc%2Fenvironment HTTP/1.1" 200 25904 "-" "Mozilla/5.0 (Windows NT 10.0; Win64; x64) AppleWebKit/537.36 (KHTML, like Gecko) Chrome/91.0.4472.124 Safari/537.36"
154.83.103.115 - - [11/Apr/2025:15:38:23 +0000] "GET /?file=/var/www/html/.env HTTP/1.1" 301 0 "-" "Mozilla/5.0 (Windows NT 10.0; Win64; x64) AppleWebKit/537.36 (KHTML, like Gecko) Chrome/91.0.4472.124 Safari/537.36"
154.83.103.115 - - [11/Apr/2025:15:38:25 +0000] "GET /?file=%2Fvar%2Fwww%2Fhtml%2F.env HTTP/1.1" 200 25903 "-" "Mozilla/5.0 (Windows NT 10.0; Win64; x64) AppleWebKit/537.36 (KHTML, like Gecko) Chrome/91.0.4472.124 Safari/537.36"
154.83.103.115 - - [11/Apr/2025:15:38:27 +0000] "GET /?file=/var/www/.env HTTP/1.1" 301 0 "-" "Mozilla/5.0 (Windows NT 10.0; Win64; x64) AppleWebKit/537.36 (KHTML, like Gecko) Chrome/91.0.4472.124 Safari/537.36"
204.199.115.3 - - [11/Apr/2025:15:38:28 +0000] "GET /2025/04/11/en-sandona-allanaron-5-viviendas-este-seria-el-delito/?fbclid=IwZXh0bgNhZW0CMTEAAR4jHUO7MIeEHsf2Tzl44sfg_nUqx9sMCMjOkhJpJratlpRnKXPktD84oxrDMA_aem_IxaKU2ByHL32uX-y3kRQcA HTTP/1.1" 200 24349 "http://m.facebook.com/" "Mozilla/5.0 (Linux; Android 13; TECNO KI7 Build/TP1A.220624.014; wv) AppleWebKit/537.36 (KHTML, like Gecko) Version/4.0 Chrome/134.0.6998.135 Mobile Safari/537.36[FBAN/EMA;FBLC/es_LA;FBAV/453.0.0.18.113;FBCX/modulariab;]"
154.83.103.115 - - [11/Apr/2025:15:38:29 +0000] "GET /?file=%2Fvar%2Fwww%2F.env HTTP/1.1" 200 25906 "-" "Mozilla/5.0 (Windows NT 10.0; Win64; x64) AppleWebKit/537.36 (KHTML, like Gecko) Chrome/91.0.4472.124 Safari/537.36"
154.54.249.216 - - [11/Apr/2025:15:38:31 +0000] "GET /category/noticias/page/3/ HTTP/1.1" 200 25515 "-" "Mozilla/5.0 (compatible; Barkrowler/0.9; +https://babbar.tech/crawler)"
154.83.103.115 - - [11/Apr/2025:15:38:32 +0000] "GET /?file=/www/.env HTTP/1.1" 301 0 "-" "Mozilla/5.0 (Windows NT 10.0; Win64; x64) AppleWebKit/537.36 (KHTML, like Gecko) Chrome/91.0.4472.124 Safari/537.36"
154.83.103.115 - - [11/Apr/2025:15:38:34 +0000] "GET /?file=%2Fwww%2F.env HTTP/1.1" 200 25906 "-" "Mozilla/5.0 (Windows NT 10.0; Win64; x64) AppleWebKit/537.36 (KHTML, like Gecko) Chrome/91.0.4472.124 Safari/537.36"
154.83.103.115 - - [11/Apr/2025:15:38:37 +0000] "GET /?file=/app/.env HTTP/1.1" 301 0 "-" "Mozilla/5.0 (Windows NT 10.0; Win64; x64) AppleWebKit/537.36 (KHTML, like Gecko) Chrome/91.0.4472.124 Safari/537.36"
154.83.103.115 - - [11/Apr/2025:15:38:39 +0000] "GET /?file=%2Fapp%2F.env HTTP/1.1" 200 25906 "-" "Mozilla/5.0 (Windows NT 10.0; Win64; x64) AppleWebKit/537.36 (KHTML, like Gecko) Chrome/91.0.4472.124 Safari/537.36"
154.83.103.115 - - [11/Apr/2025:15:38:43 +0000] "GET /?file=/config/.env HTTP/1.1" 301 0 "-" "Mozilla/5.0 (Windows NT 10.0; Win64; x64) AppleWebKit/537.36 (KHTML, like Gecko) Chrome/91.0.4472.124 Safari/537.36"
154.83.103.115 - - [11/Apr/2025:15:38:45 +0000] "GET /?file=%2Fconfig%2F.env HTTP/1.1" 200 25906 "-" "Mozilla/5.0 (Windows NT 10.0; Win64; x64) AppleWebKit/537.36 (KHTML, like Gecko) Chrome/91.0.4472.124 Safari/537.36"
154.83.103.115 - - [11/Apr/2025:15:38:48 +0000] "GET /?file=/home/user/.env HTTP/1.1" 301 0 "-" "Mozilla/5.0 (Windows NT 10.0; Win64; x64) AppleWebKit/537.36 (KHTML, like Gecko) Chrome/91.0.4472.124 Safari/537.36"
170.10.163.108 - - [11/Apr/2025:15:38:51 +0000] "POST /wp-cron.php?doing_wp_cron=1744385931.3206748962402343750000 HTTP/1.1" 200 0 "-" "WordPress/6.7.2; https://www.abranoticias.com"
204.199.115.3 - - [11/Apr/2025:15:38:31 +0000] "GET /favicon.ico HTTP/1.1" 404 1251 "https://www.abranoticias.com/2025/04/11/en-sandona-allanaron-5-viviendas-este-seria-el-delito/?fbclid=IwZXh0bgNhZW0CMTEAAR4jHUO7MIeEHsf2Tzl44sfg_nUqx9sMCMjOkhJpJratlpRnKXPktD84oxrDMA_aem_IxaKU2ByHL32uX-y3kRQcA" "Mozilla/5.0 (Linux; Android 13; TECNO KI7 Build/TP1A.220624.014; wv) AppleWebKit/537.36 (KHTML, like Gecko) Version/4.0 Chrome/134.0.6998.135 Mobile Safari/537.36[FBAN/EMA;FBLC/es_LA;FBAV/453.0.0.18.113;FBCX/modulariab;]"
170.10.163.108 - - [11/Apr/2025:15:38:41 +0000] "POST /wp-cron.php?doing_wp_cron=1744385921.0589599609375000000000 HTTP/1.1" 200 0 "-" "WordPress/6.7.2; https://www.abranoticias.com"
217.113.194.215 - - [11/Apr/2025:15:38:47 +0000] "GET /category/noticias/page/5/ HTTP/1.1" 200 25516 "-" "Mozilla/5.0 (compatible; Barkrowler/0.9; +https://babbar.tech/crawler)"
204.199.115.3 - - [11/Apr/2025:15:38:53 +0000] "GET /2025/04/11/en-sandona-allanaron-5-viviendas-este-seria-el-delito/ HTTP/1.1" 200 24349 "https://www.abranoticias.com/2025/04/11/en-sandona-allanaron-5-viviendas-este-seria-el-delito/?fbclid=IwZXh0bgNhZW0CMTEAAR4jHUO7MIeEHsf2Tzl44sfg_nUqx9sMCMjOkhJpJratlpRnKXPktD84oxrDMA_aem_IxaKU2ByHL32uX-y3kRQcA" "Mozilla/5.0 (Linux; Android 13; TECNO KI7 Build/TP1A.220624.014; wv) AppleWebKit/537.36 (KHTML, like Gecko) Version/4.0 Chrome/134.0.6998.135 Mobile Safari/537.36[FBAN/EMA;FBLC/es_LA;FBAV/453.0.0.18.113;FBCX/modulariab;]"
66.249.77.70 - - [11/Apr/2025:15:38:58 +0000] "GET /pcmypage?callback=product/review/YMJF143243670 HTTP/1.1" 200 20843 "-" "Mozilla/5.0 (Linux; Android 6.0.1; Nexus 5X Build/MMB29P) AppleWebKit/537.36 (KHTML, like Gecko) Chrome/135.0.7049.52 Mobile Safari/537.36 (compatible; GoogleOther)"
217.113.194.214 - - [11/Apr/2025:15:39:04 +0000] "GET /category/noticias/page/4/ HTTP/1.1" 200 25271 "-" "Mozilla/5.0 (compatible; Barkrowler/0.9; +https://babbar.tech/crawler)"
170.10.163.108 - - [11/Apr/2025:15:39:06 +0000] "POST /wp-cron.php?doing_wp_cron=1744385946.4861989021301269531250 HTTP/1.1" 200 0 "-" "WordPress/6.7.2; https://www.abranoticias.com"
3.229.2.217 - - [11/Apr/2025:15:39:14 +0000] "GET /category/deportes/ HTTP/1.1" 200 25617 "-" "Mozilla/5.0 AppleWebKit/537.36 (KHTML, like Gecko; compatible; Amazonbot/0.1; +https://developer.amazon.com/support/amazonbot) Chrome/119.0.6045.214 Safari/537.36"
154.83.103.115 - - [11/Apr/2025:15:39:27 +0000] "GET /?file=%2Fvar%2Fwww%2Fhtml%2Fconfig.yml HTTP/1.1" 200 25905 "-" "Mozilla/5.0 (Windows NT 10.0; Win64; x64) AppleWebKit/537.36 (KHTML, like Gecko) Chrome/91.0.4472.124 Safari/537.36"
154.83.103.115 - - [11/Apr/2025:15:39:30 +0000] "GET /?file=/var/www/html/config.php HTTP/1.1" 301 0 "-" "Mozilla/5.0 (Windows NT 10.0; Win64; x64) AppleWebKit/537.36 (KHTML, like Gecko) Chrome/91.0.4472.124 Safari/537.36"
154.83.103.115 - - [11/Apr/2025:15:39:32 +0000] "GET /?file=%2Fvar%2Fwww%2Fhtml%2Fconfig.php HTTP/1.1" 200 25906 "-" "Mozilla/5.0 (Windows NT 10.0; Win64; x64) AppleWebKit/537.36 (KHTML, like Gecko) Chrome/91.0.4472.124 Safari/537.36"
154.83.103.115 - - [11/Apr/2025:15:39:34 +0000] "GET /?file=/var/www/html/settings.json HTTP/1.1" 301 0 "-" "Mozilla/5.0 (Windows NT 10.0; Win64; x64) AppleWebKit/537.36 (KHTML, like Gecko) Chrome/91.0.4472.124 Safari/537.36"
66.249.77.68 - - [11/Apr/2025:15:39:36 +0000] "POST /get-message-notify HTTP/1.1" 200 19385 "https://www.abranoticias.com/tag/comfamiliar-de-narino/" "Mozilla/5.0 AppleWebKit/537.36 (KHTML, like Gecko; compatible; Googlebot/2.1; +http://www.google.com/bot.html) Chrome/134.0.6998.165 Safari/537.36"
154.54.249.216 - - [11/Apr/2025:15:39:52 +0000] "GET /category/region/page/9/ HTTP/1.1" 200 25519 "-" "Mozilla/5.0 (compatible; Barkrowler/0.9; +https://babbar.tech/crawler)"
40.77.167.241 - - [11/Apr/2025:15:40:26 +0000] "GET /2023/02/20/soldado-profesional-se-lo-llevo-el-rio-en-tumaco-lo-hallaron-muerto/ HTTP/1.1" 200 18666 "-" "Mozilla/5.0 AppleWebKit/537.36 (KHTML, like Gecko; compatible; bingbot/2.0; +http://www.bing.com/bingbot.htm) Chrome/116.0.1938.76 Safari/537.36"
154.83.103.115 - - [11/Apr/2025:15:38:50 +0000] "GET /?file=%2Fhome%2Fuser%2F.env HTTP/1.1" 200 25904 "-" "Mozilla/5.0 (Windows NT 10.0; Win64; x64) AppleWebKit/537.36 (KHTML, like Gecko) Chrome/91.0.4472.124 Safari/537.36"
154.83.103.115 - - [11/Apr/2025:15:38:52 +0000] "GET /?file=/var/www/html/config.json HTTP/1.1" 301 0 "-" "Mozilla/5.0 (Windows NT 10.0; Win64; x64) AppleWebKit/537.36 (KHTML, like Gecko) Chrome/91.0.4472.124 Safari/537.36"
154.83.103.115 - - [11/Apr/2025:15:38:55 +0000] "GET /?file=%2Fvar%2Fwww%2Fhtml%2Fconfig.json HTTP/1.1" 200 25904 "-" "Mozilla/5.0 (Windows NT 10.0; Win64; x64) AppleWebKit/537.36 (KHTML, like Gecko) Chrome/91.0.4472.124 Safari/537.36"
154.83.103.115 - - [11/Apr/2025:15:38:58 +0000] "GET /?file=/var/www/config.json HTTP/1.1" 301 0 "-" "Mozilla/5.0 (Windows NT 10.0; Win64; x64) AppleWebKit/537.36 (KHTML, like Gecko) Chrome/91.0.4472.124 Safari/537.36"
154.83.103.115 - - [11/Apr/2025:15:39:00 +0000] "GET /?file=%2Fvar%2Fwww%2Fconfig.json HTTP/1.1" 200 25906 "-" "Mozilla/5.0 (Windows NT 10.0; Win64; x64) AppleWebKit/537.36 (KHTML, like Gecko) Chrome/91.0.4472.124 Safari/537.36"
154.83.103.115 - - [11/Apr/2025:15:39:03 +0000] "GET /?file=/var/www/html/config.yaml HTTP/1.1" 301 0 "-" "Mozilla/5.0 (Windows NT 10.0; Win64; x64) AppleWebKit/537.36 (KHTML, like Gecko) Chrome/91.0.4472.124 Safari/537.36"
154.83.103.115 - - [11/Apr/2025:15:39:05 +0000] "GET /?file=%2Fvar%2Fwww%2Fhtml%2Fconfig.yaml HTTP/1.1" 200 25906 "-" "Mozilla/5.0 (Windows NT 10.0; Win64; x64) AppleWebKit/537.36 (KHTML, like Gecko) Chrome/91.0.4472.124 Safari/537.36"
170.10.163.108 - - [11/Apr/2025:15:39:07 +0000] "POST /wp-admin/admin-ajax.php?action=async_litespeed&nonce=LER3PjG37riHrqsszq9y14xdNrIA7Kud&litespeed_type=imgoptm HTTP/1.1" 200 5 "-" "WordPress/6.7.2; https://www.abranoticias.com"
154.83.103.115 - - [11/Apr/2025:15:39:09 +0000] "GET /?file=/var/www/html/config.yml HTTP/1.1" 301 0 "-" "Mozilla/5.0 (Windows NT 10.0; Win64; x64) AppleWebKit/537.36 (KHTML, like Gecko) Chrome/91.0.4472.124 Safari/537.36"
217.113.194.219 - - [11/Apr/2025:15:39:20 +0000] "GET /category/region/amp/ HTTP/1.1" 404 13656 "-" "Mozilla/5.0 (compatible; Barkrowler/0.9; +https://babbar.tech/crawler)"
191.156.44.83 - - [11/Apr/2025:15:39:32 +0000] "GET /2025/04/10/que-asco-ser-pobres-frase-clasistas-y-ofensiva-de-universitarias-en-pasto/?fbclid=IwZXh0bgNhZW0CMTEAAR6r8beHFZL9xrXJk8tmqo1iodtidw4e3Grw-9brIwu0zB3R-6xSgLvAuTw_TQ_aem_lC-16QkhDxR4IdZuUG2qLw HTTP/1.1" 200 24298 "http://m.facebook.com" "Mozilla/5.0 (iPhone; CPU iPhone OS 18_3_2 like Mac OS X) AppleWebKit/605.1.15 (KHTML, like Gecko) Mobile/22D82 [FBAN/FBIOS;FBAV/507.0.0.58.94;FBBV/716584418;FBDV/iPhone15,2;FBMD/iPhone;FBSN/iOS;FBSV/18.3.2;FBSS/3;FBID/phone;FBLC/es_LA;FBOP/5;FBRV/720206491;IABMV/1]"
143.189.119.235 - - [11/Apr/2025:15:39:46 +0000] "GET /pcmypage?callback=/product%2Fdetail%2FBEM44465734 HTTP/1.1" 200 303 "https://www.google.co.jp/" "Mozilla/5.0 (iPhone; CPU iPhone OS 16_7_10 like Mac OS X) AppleWebKit/605.1.15 (KHTML, like Gecko) Version/16.6 Mobile/15E148 Safari/604.1"
154.83.103.115 - - [11/Apr/2025:15:39:49 +0000] "GET /?file=%2Fvar%2Fwww%2Fhtml%2Fsettings.json HTTP/1.1" 200 25906 "-" "Mozilla/5.0 (Windows NT 10.0; Win64; x64) AppleWebKit/537.36 (KHTML, like Gecko) Chrome/91.0.4472.124 Safari/537.36"
193.47.238.178 - - [11/Apr/2025:15:39:51 +0000] "GET /category/nacion/ HTTP/1.1" 200 25000 "-" "Mozilla/5.0 (Macintosh; Intel Mac OS X 10.15; rv:78.0) Gecko/20100101 Firefox/78.0"
154.83.103.115 - - [11/Apr/2025:15:39:51 +0000] "GET /?file=/var/www/html/settings.php HTTP/1.1" 301 0 "-" "Mozilla/5.0 (Windows NT 10.0; Win64; x64) AppleWebKit/537.36 (KHTML, like Gecko) Chrome/91.0.4472.124 Safari/537.36"
154.83.103.115 - - [11/Apr/2025:15:39:54 +0000] "GET /?file=%2Fvar%2Fwww%2Fhtml%2Fsettings.php HTTP/1.1" 200 25906 "-" "Mozilla/5.0 (Windows NT 10.0; Win64; x64) AppleWebKit/537.36 (KHTML, like Gecko) Chrome/91.0.4472.124 Safari/537.36"
170.10.163.108 - - [11/Apr/2025:15:37:41 +0000] "POST /wp-cron.php?doing_wp_cron=1744385861.0097279548645019531250 HTTP/1.1" 200 0 "-" "WordPress/6.7.2; https://www.abranoticias.com"
170.10.163.108 - - [11/Apr/2025:15:37:44 +0000] "POST /wp-cron.php?doing_wp_cron=1744385864.0246529579162597656250 HTTP/1.1" 200 0 "-" "WordPress/6.7.2; https://www.abranoticias.com"
154.83.103.115 - - [11/Apr/2025:15:38:01 +0000] "GET /?uri=file:///var/www/html/.htaccess HTTP/1.1" 301 0 "-" "Mozilla/5.0 (Windows NT 10.0; Win64; x64) AppleWebKit/537.36 (KHTML, like Gecko) Chrome/91.0.4472.124 Safari/537.36"
198.235.24.30 - - [11/Apr/2025:15:38:38 +0000] "GET / HTTP/1.1" 200 29666 "-" "Expanse, a Palo Alto Networks company, searches across the global IPv4 space multiple times per day to identify customers' presences on the Internet. If you would like to be excluded from our scans, please send IP addresses/domains to: scaninfo@paloaltonetworks.com"
34.48.178.162 - - [11/Apr/2025:15:39:08 +0000] "GET /category/imagenes/feed/ HTTP/1.1" 200 9951 "-" "Mozilla/5.0 (Windows NT 6.3; WOW64; rv:33.0) Gecko/20100101 Firefox/33.0"
66.249.77.68 - - [11/Apr/2025:15:39:22 +0000] "GET /tag/comfamiliar-de-narino/ HTTP/1.1" 200 19320 "-" "Mozilla/5.0 (compatible; Googlebot/2.1; +http://www.google.com/bot.html)"
2a03:2880:10ff:43:: - - [11/Apr/2025:15:39:34 +0000] "GET /wp-content/uploads/2022/05/pasto-gota-a-gota.jpg HTTP/1.1" 200 75337 "-" "facebookexternalhit/1.1 (+http://www.facebook.com/externalhit_uatext.php)"
217.113.194.214 - - [11/Apr/2025:15:39:36 +0000] "GET /category/region/page/14/ HTTP/1.1" 200 25779 "-" "Mozilla/5.0 (compatible; Barkrowler/0.9; +https://babbar.tech/crawler)"
193.47.239.220 - - [11/Apr/2025:15:39:37 +0000] "GET /author/midiariodepasto/page/3/ HTTP/1.1" 200 25254 "-" "Mozilla/5.0 (Macintosh; Intel Mac OS X 10.15; rv:78.0) Gecko/20100101 Firefox/78.0"
170.10.163.108 - - [11/Apr/2025:15:39:50 +0000] "POST /wp-cron.php?doing_wp_cron=1744385990.4578449726104736328125 HTTP/1.1" 200 0 "-" "WordPress/6.7.2; https://www.abranoticias.com"
170.10.163.108 - - [11/Apr/2025:15:40:10 +0000] "POST /wp-cron.php?doing_wp_cron=1744386010.1375439167022705078125 HTTP/1.1" 200 0 "-" "WordPress/6.7.2; https://www.abranoticias.com"
154.54.249.216 - - [11/Apr/2025:15:40:09 +0000] "GET /category/region/page/8/ HTTP/1.1" 200 25604 "-" "Mozilla/5.0 (compatible; Barkrowler/0.9; +https://babbar.tech/crawler)"
170.10.163.108 - - [11/Apr/2025:15:40:11 +0000] "POST /wp-admin/admin-ajax.php?action=async_litespeed&nonce=oGMJE65hAilqDbMSLFpm17erlG1JoGAm&litespeed_type=imgoptm HTTP/1.1" 200 5 "-" "WordPress/6.7.2; https://www.abranoticias.com"
52.38.23.43 - - [11/Apr/2025:15:40:12 +0000] "GET / HTTP/1.1" 200 25905 "-" "Mozilla/5.0 (X11; Ubuntu; Linux x86_64; rv:80.0) Gecko/20100101 Firefox/80.0"
66.249.77.68 - - [11/Apr/2025:15:40:21 +0000] "GET /100667775.shtml HTTP/1.1" 200 18474 "-" "Mozilla/5.0 (Linux; Android 6.0.1; Nexus 5X Build/MMB29P) AppleWebKit/537.36 (KHTML, like Gecko) Chrome/135.0.7049.84 Mobile Safari/537.36 (compatible; Googlebot/2.1; +http://www.google.com/bot.html)"
217.113.194.216 - - [11/Apr/2025:15:40:25 +0000] "GET /category/region/page/7/ HTTP/1.1" 200 25532 "-" "Mozilla/5.0 (compatible; Barkrowler/0.9; +https://babbar.tech/crawler)"
66.249.77.68 - - [11/Apr/2025:15:40:30 +0000] "POST /get-message-notify HTTP/1.1" 200 19385 "https://www.abranoticias.com/pcmypage?callback=product/review/RDZG1473588" "Mozilla/5.0 (Linux; Android 6.0.1; Nexus 5X Build/MMB29P) AppleWebKit/537.36 (KHTML, like Gecko) Chrome/134.0.6998.165 Mobile Safari/537.36 (compatible; Googlebot/2.1; +http://www.google.com/bot.html)"
154.83.103.115 - - [11/Apr/2025:15:40:33 +0000] "GET /?file=/var/www/html/settings.py HTTP/1.1" 301 0 "-" "Mozilla/5.0 (Windows NT 10.0; Win64; x64) AppleWebKit/537.36 (KHTML, like Gecko) Chrome/91.0.4472.124 Safari/537.36"
154.83.103.115 - - [11/Apr/2025:15:40:35 +0000] "GET /?file=%2Fvar%2Fwww%2Fhtml%2Fsettings.py HTTP/1.1" 200 25906 "-" "Mozilla/5.0 (Windows NT 10.0; Win64; x64) AppleWebKit/537.36 (KHTML, like Gecko) Chrome/91.0.4472.124 Safari/537.36"
154.83.103.115 - - [11/Apr/2025:15:40:40 +0000] "GET /?file=/config/database.yml HTTP/1.1" 301 0 "-" "Mozilla/5.0 (Windows NT 10.0; Win64; x64) AppleWebKit/537.36 (KHTML, like Gecko) Chrome/91.0.4472.124 Safari/537.36"
154.83.103.115 - - [11/Apr/2025:15:40:41 +0000] "GET /?file=%2Fconfig%2Fdatabase.yml HTTP/1.1" 200 25906 "-" "Mozilla/5.0 (Windows NT 10.0; Win64; x64) AppleWebKit/537.36 (KHTML, like Gecko) Chrome/91.0.4472.124 Safari/537.36"
170.10.163.108 - - [11/Apr/2025:15:40:43 +0000] "POST /wp-cron.php?doing_wp_cron=1744386043.3840289115905761718750 HTTP/1.1" 200 0 "-" "WordPress/6.7.2; https://www.abranoticias.com"
109.239.229.239 - - [11/Apr/2025:15:40:44 +0000] "GET /category/opinion/ HTTP/1.1" 200 25541 "-" "Mozilla/5.0 (Windows NT 6.1; WOW64) AppleWebKit/537.36 (KHTML, like Gecko) Chrome/34.0.1847.137 Safari/537.36"
170.10.163.108 - - [11/Apr/2025:15:40:50 +0000] "POST /wp-cron.php?doing_wp_cron=1744386050.0427849292755126953125 HTTP/1.1" 200 0 "-" "WordPress/6.7.2; https://www.abranoticias.com"
109.239.229.239 - - [11/Apr/2025:15:40:44 +0000] "GET /category/region/ HTTP/1.1" 200 24981 "-" "Mozilla/5.0 (Windows NT 6.1; WOW64) AppleWebKit/537.36 (KHTML, like Gecko) Chrome/35.0.1916.114 Safari/537.36"
109.239.229.239 - - [11/Apr/2025:15:40:44 +0000] "GET /category/mundo/ HTTP/1.1" 200 25503 "-" "Mozilla/5.0 (X11; Linux x86_64; rv:29.0) Gecko/20100101 Firefox/29.0"
154.83.103.115 - - [11/Apr/2025:15:40:49 +0000] "GET /?file=/var/www/html/config.php HTTP/1.1" 301 0 "-" "Mozilla/5.0 (Windows NT 10.0; Win64; x64) AppleWebKit/537.36 (KHTML, like Gecko) Chrome/91.0.4472.124 Safari/537.36"
154.83.103.115 - - [11/Apr/2025:15:40:54 +0000] "GET /?file=%2Fvar%2Fwww%2Fhtml%2Fconfig.php HTTP/1.1" 200 25906 "-" "Mozilla/5.0 (Windows NT 10.0; Win64; x64) AppleWebKit/537.36 (KHTML, like Gecko) Chrome/91.0.4472.124 Safari/537.36"
154.54.249.216 - - [11/Apr/2025:15:40:59 +0000] "GET /category/region/page/11/ HTTP/1.1" 200 25532 "-" "Mozilla/5.0 (compatible; Barkrowler/0.9; +https://babbar.tech/crawler)"
154.83.103.115 - - [11/Apr/2025:15:41:03 +0000] "GET /?file=/var/www/html/.htaccess HTTP/1.1" 301 0 "-" "Mozilla/5.0 (Windows NT 10.0; Win64; x64) AppleWebKit/537.36 (KHTML, like Gecko) Chrome/91.0.4472.124 Safari/537.36"
154.83.103.115 - - [11/Apr/2025:15:41:06 +0000] "GET /?file=%2Fvar%2Fwww%2Fhtml%2F.htaccess HTTP/1.1" 200 25905 "-" "Mozilla/5.0 (Windows NT 10.0; Win64; x64) AppleWebKit/537.36 (KHTML, like Gecko) Chrome/91.0.4472.124 Safari/537.36"
66.249.77.69 - - [11/Apr/2025:15:41:08 +0000] "GET /pcmypage?callback=product/review/BJP93294410 HTTP/1.1" 200 21805 "-" "Mozilla/5.0 (Linux; Android 6.0.1; Nexus 5X Build/MMB29P) AppleWebKit/537.36 (KHTML, like Gecko) Chrome/135.0.7049.52 Mobile Safari/537.36 (compatible; GoogleOther)"
66.249.77.69 - - [11/Apr/2025:15:41:09 +0000] "GET /pcmypage?callback=product/review/YRLH80247434 HTTP/1.1" 200 18807 "-" "Mozilla/5.0 (Linux; Android 6.0.1; Nexus 5X Build/MMB29P) AppleWebKit/537.36 (KHTML, like Gecko) Chrome/135.0.7049.52 Mobile Safari/537.36 (compatible; GoogleOther)"
66.249.77.69 - - [11/Apr/2025:15:41:11 +0000] "GET /157890167.shtml HTTP/1.1" 200 19807 "-" "Mozilla/5.0 (Linux; Android 6.0.1; Nexus 5X Build/MMB29P) AppleWebKit/537.36 (KHTML, like Gecko) Chrome/135.0.7049.52 Mobile Safari/537.36 (compatible; GoogleOther)"
66.249.77.68 - - [11/Apr/2025:15:41:12 +0000] "GET /search?category=&search_word=&restrict[]=person_id(int)=OBI HTTP/1.1" 200 20960 "-" "Mozilla/5.0 (Linux; Android 6.0.1; Nexus 5X Build/MMB29P) AppleWebKit/537.36 (KHTML, like Gecko) Chrome/135.0.7049.52 Mobile Safari/537.36 (compatible; GoogleOther)"
170.10.163.108 - - [11/Apr/2025:15:41:15 +0000] "POST /wp-cron.php?doing_wp_cron=1744386075.1543819904327392578125 HTTP/1.1" 200 0 "-" "WordPress/6.7.2; https://www.abranoticias.com"
2a03:2880:15ff:: - - [11/Apr/2025:15:40:29 +0000] "GET /wp-content/uploads/2021/05/ipiales-claudia-esmeralda.jpg HTTP/1.1" 200 93099 "-" "facebookexternalhit/1.1 (+http://www.facebook.com/externalhit_uatext.php)"
217.113.194.221 - - [11/Apr/2025:15:40:42 +0000] "GET /category/region/page/13/ HTTP/1.1" 200 25698 "-" "Mozilla/5.0 (compatible; Barkrowler/0.9; +https://babbar.tech/crawler)"
109.239.229.239 - - [11/Apr/2025:15:40:44 +0000] "GET /category/entretenimiento/ HTTP/1.1" 200 25294 "-" "Mozilla/5.0 (Macintosh; Intel Mac OS X 10_9_2) AppleWebKit/537.75.14 (KHTML, like Gecko) Version/7.0.3 Safari/537.75.14"
109.239.229.239 - - [11/Apr/2025:15:40:44 +0000] "GET /category/judicial/ HTTP/1.1" 200 25229 "-" "Mozilla/5.0 (Windows NT 6.1; WOW64; rv:29.0) Gecko/20100101 Firefox/29.0"
109.239.229.239 - - [11/Apr/2025:15:40:44 +0000] "GET / HTTP/1.1" 200 25906 "-" "Mozilla/5.0 (Windows NT 6.1; WOW64) AppleWebKit/537.36 (KHTML, like Gecko) Chrome/34.0.1847.137 Safari/537.36"
185.191.171.3 - - [11/Apr/2025:15:40:48 +0000] "GET /2021/04/17/sin-piedad-en-yacuanquer-desalojaron-a-madre-e-hijos/ HTTP/1.1" 200 25686 "-" "Mozilla/5.0 (compatible; SemrushBot/7~bl; +http://www.semrush.com/bot.html)"
170.10.163.108 - - [11/Apr/2025:15:41:07 +0000] "POST /wp-cron.php?doing_wp_cron=1744386067.2189049720764160156250 HTTP/1.1" 200 0 "-" "WordPress/6.7.2; https://www.abranoticias.com"
170.10.163.108 - - [11/Apr/2025:15:41:08 +0000] "POST /wp-admin/admin-ajax.php?action=async_litespeed&nonce=qjcETmKMEgttGbDAxrd4Xr1Oax3e5ykC&litespeed_type=imgoptm HTTP/1.1" 200 5 "-" "WordPress/6.7.2; https://www.abranoticias.com"
66.249.72.70 - - [11/Apr/2025:15:41:09 +0000] "GET /267766879.htm HTTP/1.1" 200 20552 "-" "Mozilla/5.0 (Linux; Android 6.0.1; Nexus 5X Build/MMB29P) AppleWebKit/537.36 (KHTML, like Gecko) Chrome/135.0.7049.52 Mobile Safari/537.36 (compatible; Googlebot/2.1; +http://www.google.com/bot.html)"
66.249.72.69 - - [11/Apr/2025:15:41:09 +0000] "GET /pcmypage?callback=product%2Fdetail%2FHKINC206136 HTTP/1.1" 200 19196 "-" "Mozilla/5.0 (Linux; Android 6.0.1; Nexus 5X Build/MMB29P) AppleWebKit/537.36 (KHTML, like Gecko) Chrome/135.0.7049.52 Mobile Safari/537.36 (compatible; Googlebot/2.1; +http://www.google.com/bot.html)"
2a03:2880:11ff:74:: - - [11/Apr/2025:15:41:10 +0000] "GET /2025/03/30/adulto-mayor-fallecio-en-tuquerres-tras-caer-a-una-quebrada/ HTTP/1.1" 200 24506 "-" "facebookexternalhit/1.1 (+http://www.facebook.com/externalhit_uatext.php)"
190.130.107.22 - - [11/Apr/2025:15:41:21 +0000] "GET /2025/04/10/que-asco-ser-pobres-frase-clasistas-y-ofensiva-de-universitarias-en-pasto/?fbclid=IwY2xjawJmF3BleHRuA2FlbQIxMQABHu7lsUAO8qxlMi7I1652IAJyisfcPNadzjtnB5pPri8N9AeflPW_Irgiv490_aem_I12iUJdPPfBp1thobYKUtg HTTP/1.1" 200 24296 "https://lm.facebook.com/" "Mozilla/5.0 (Linux; Android 14; CPH2641 Build/UP1A.231005.007; wv) AppleWebKit/537.36 (KHTML, like Gecko) Version/4.0 Chrome/135.0.7049.49 Mobile Safari/537.36 [FB_IAB/FB4A;FBAV/507.0.0.66.49;IABMV/1;]"
66.249.77.69 - - [11/Apr/2025:15:41:27 +0000] "GET /tag/ipiales/ HTTP/1.1" 200 19227 "-" "Mozilla/5.0 (compatible; Googlebot/2.1; +http://www.google.com/bot.html)"
217.113.194.220 - - [11/Apr/2025:15:41:32 +0000] "GET /category/region/page/10/ HTTP/1.1" 200 25736 "-" "Mozilla/5.0 (compatible; Barkrowler/0.9; +https://babbar.tech/crawler)"
66.249.77.68 - - [11/Apr/2025:15:41:43 +0000] "POST /get-message-notify HTTP/1.1" 200 19383 "https://www.abranoticias.com/tag/ipiales/" "Mozilla/5.0 AppleWebKit/537.36 (KHTML, like Gecko; compatible; Googlebot/2.1; +http://www.google.com/bot.html) Chrome/134.0.6998.165 Safari/537.36"
170.10.163.108 - - [11/Apr/2025:15:41:50 +0000] "POST /wp-cron.php?doing_wp_cron=1744386110.2051820755004882812500 HTTP/1.1" 200 0 "-" "WordPress/6.7.2; https://www.abranoticias.com"
154.83.103.115 - - [11/Apr/2025:15:41:14 +0000] "GET /?file=http://169.254.169.254/latest/meta-data/ HTTP/1.1" 301 0 "-" "Mozilla/5.0 (Windows NT 10.0; Win64; x64) AppleWebKit/537.36 (KHTML, like Gecko) Chrome/91.0.4472.124 Safari/537.36"
8.29.198.26 - - [11/Apr/2025:15:41:15 +0000] "GET /feed/ HTTP/1.1" 200 10591 "-" "Feedly/1.0 (+https://feedly.com/poller.html; 1 subscribers; )"
44.195.145.102 - - [11/Apr/2025:15:41:17 +0000] "GET /category/mundo/ HTTP/1.1" 200 25502 "-" "Mozilla/5.0 AppleWebKit/537.36 (KHTML, like Gecko; compatible; Amazonbot/0.1; +https://developer.amazon.com/support/amazonbot) Chrome/119.0.6045.214 Safari/537.36"
154.83.103.115 - - [11/Apr/2025:15:41:17 +0000] "GET /?file=http%3A%2F%2F169.254.169.254%2Flatest%2Fmeta-data%2F HTTP/1.1" 200 25905 "-" "Mozilla/5.0 (Windows NT 10.0; Win64; x64) AppleWebKit/537.36 (KHTML, like Gecko) Chrome/91.0.4472.124 Safari/537.36"
154.83.103.115 - - [11/Apr/2025:15:41:20 +0000] "GET /?file=http://169.254.169.254/latest/meta-data/iam/security-credentials/ HTTP/1.1" 301 0 "-" "Mozilla/5.0 (Windows NT 10.0; Win64; x64) AppleWebKit/537.36 (KHTML, like Gecko) Chrome/91.0.4472.124 Safari/537.36"
190.130.107.22 - - [11/Apr/2025:15:41:23 +0000] "GET /2025/04/10/que-asco-ser-pobres-frase-clasistas-y-ofensiva-de-universitarias-en-pasto/?fbclid=IwY2xjawJmF3BleHRuA2FlbQIxMQABHu7lsUAO8qxlMi7I1652IAJyisfcPNadzjtnB5pPri8N9AeflPW_Irgiv490_aem_I12iUJdPPfBp1thobYKUtg HTTP/1.1" 200 24297 "https://lm.facebook.com/" "Mozilla/5.0 (Linux; Android 14; CPH2641 Build/UP1A.231005.007; wv) AppleWebKit/537.36 (KHTML, like Gecko) Version/4.0 Chrome/135.0.7049.49 Mobile Safari/537.36 [FB_IAB/FB4A;FBAV/507.0.0.66.49;IABMV/1;] FBNV/5"
66.249.72.69 - - [11/Apr/2025:15:41:24 +0000] "POST /get-message-notify HTTP/1.1" 200 19804 "https://abranoticias.com/267766879.htm" "Mozilla/5.0 (Linux; Android 6.0.1; Nexus 5X Build/MMB29P) AppleWebKit/537.36 (KHTML, like Gecko) Chrome/134.0.6998.165 Mobile Safari/537.36 (compatible; Googlebot/2.1; +http://www.google.com/bot.html)"
154.83.103.115 - - [11/Apr/2025:15:41:23 +0000] "GET /?file=http%3A%2F%2F169.254.169.254%2Flatest%2Fmeta-data%2Fiam%2Fsecurity-credentials%2F HTTP/1.1" 200 25904 "-" "Mozilla/5.0 (Windows NT 10.0; Win64; x64) AppleWebKit/537.36 (KHTML, like Gecko) Chrome/91.0.4472.124 Safari/537.36"
154.83.103.115 - - [11/Apr/2025:15:41:26 +0000] "GET /?file=http://169.254.169.254/latest/meta-data/iam/security-credentials/admin-role HTTP/1.1" 301 0 "-" "Mozilla/5.0 (Windows NT 10.0; Win64; x64) AppleWebKit/537.36 (KHTML, like Gecko) Chrome/91.0.4472.124 Safari/537.36"
154.83.103.115 - - [11/Apr/2025:15:41:29 +0000] "GET /?file=http%3A%2F%2F169.254.169.254%2Flatest%2Fmeta-data%2Fiam%2Fsecurity-credentials%2Fadmin-role HTTP/1.1" 200 25905 "-" "Mozilla/5.0 (Windows NT 10.0; Win64; x64) AppleWebKit/537.36 (KHTML, like Gecko) Chrome/91.0.4472.124 Safari/537.36"
154.83.103.115 - - [11/Apr/2025:15:41:33 +0000] "GET /?file=http://169.254.169.254/latest/user-data HTTP/1.1" 301 0 "-" "Mozilla/5.0 (Windows NT 10.0; Win64; x64) AppleWebKit/537.36 (KHTML, like Gecko) Chrome/91.0.4472.124 Safari/537.36"
