66.249.77.70 - - [11/Apr/2025:15:48:29 +0000] "GET /pcmypage?callback=/product%2Fdetail%2FBZD223961895 HTTP/1.1" 200 20130 "-" "Mozilla/5.0 (Linux; Android 6.0.1; Nexus 5X Build/MMB29P) AppleWebKit/537.36 (KHTML, like Gecko) Chrome/135.0.7049.52 Mobile Safari/537.36 (compatible; Googlebot/2.1; +http://www.google.com/bot.html)"
66.249.77.69 - - [11/Apr/2025:15:48:29 +0000] "GET /pcmypage?callback=product/review/CWA19231528 HTTP/1.1" 200 21636 "-" "Mozilla/5.0 (Linux; Android 6.0.1; Nexus 5X Build/MMB29P) AppleWebKit/537.36 (KHTML, like Gecko) Chrome/135.0.7049.52 Mobile Safari/537.36 (compatible; Googlebot/2.1; +http://www.google.com/bot.html)"
154.83.103.115 - - [11/Apr/2025:15:48:30 +0000] "GET /?dest=/www/.env HTTP/1.1" 301 0 "-" "Mozilla/5.0 (Windows NT 10.0; Win64; x64) AppleWebKit/537.36 (KHTML, like Gecko) Chrome/91.0.4472.124 Safari/537.36"
34.21.118.210 - - [11/Apr/2025:15:48:31 +0000] "GET /category/mundo/feed/ HTTP/1.1" 200 11133 "-" "Mozilla/5.0 (Windows NT 6.3; WOW64; rv:33.0) Gecko/20100101 Firefox/33.0"
154.83.103.115 - - [11/Apr/2025:15:48:33 +0000] "GET /?dest=%2Fwww%2F.env HTTP/1.1" 200 25905 "-" "Mozilla/5.0 (Windows NT 10.0; Win64; x64) AppleWebKit/537.36 (KHTML, like Gecko) Chrome/91.0.4472.124 Safari/537.36"
154.83.103.115 - - [11/Apr/2025:15:48:35 +0000] "GET /?dest=/app/.env HTTP/1.1" 301 0 "-" "Mozilla/5.0 (Windows NT 10.0; Win64; x64) AppleWebKit/537.36 (KHTML, like Gecko) Chrome/91.0.4472.124 Safari/537.36"
170.10.163.108 - - [11/Apr/2025:15:48:42 +0000] "POST /wp-cron.php?doing_wp_cron=1744386522.7718501091003417968750 HTTP/1.1" 200 0 "-" "WordPress/6.7.2; https://www.abranoticias.com"
217.113.194.213 - - [11/Apr/2025:15:48:42 +0000] "GET /page/2/?s=gaula HTTP/1.1" 200 25069 "-" "Mozilla/5.0 (compatible; Barkrowler/0.9; +https://babbar.tech/crawler)"
217.113.194.217 - - [11/Apr/2025:15:48:58 +0000] "GET /page/2/?s=Pasto HTTP/1.1" 200 25060 "-" "Mozilla/5.0 (compatible; Barkrowler/0.9; +https://babbar.tech/crawler)"
170.10.163.108 - - [11/Apr/2025:15:49:09 +0000] "POST /wp-admin/admin-ajax.php?action=async_litespeed&nonce=fCOh4QRvwSuOJ8zOFBUT7xfmQ21WsOT9&litespeed_type=imgoptm HTTP/1.1" 200 5 "-" "WordPress/6.7.2; https://www.abranoticias.com"
217.113.194.217 - - [11/Apr/2025:15:49:15 +0000] "GET /page/2/?s=comuna+ HTTP/1.1" 200 25055 "-" "Mozilla/5.0 (compatible; Barkrowler/0.9; +https://babbar.tech/crawler)"
8.34.221.42 - - [11/Apr/2025:15:49:25 +0000] "GET /feed/ HTTP/1.1" 200 10591 "-" "okhttp/4.12.0"
51.222.253.5 - - [11/Apr/2025:15:49:46 +0000] "GET /14696509.htm HTTP/1.1" 301 0 "-" "Mozilla/5.0 (compatible; AhrefsBot/7.0; +http://ahrefs.com/robot/)"
191.156.5.184 - - [11/Apr/2025:15:49:54 +0000] "GET /2025/04/11/en-sandona-allanaron-5-viviendas-este-seria-el-delito/?fbclid=IwZXh0bgNhZW0CMTEAAR7a8gu0D5zUdtslVCCjMWTNgkE-i9qLBWuRF6OPiFaA-miO5hYBeQpaQTM-1g_aem_hR_nj4ZppcZzwhUQoxj-tg HTTP/1.1" 200 24349 "http://m.facebook.com/" "Mozilla/5.0 (Linux; Android 14; RMX3710 Build/UKQ1.230924.001; wv) AppleWebKit/537.36 (KHTML, like Gecko) Version/4.0 Chrome/134.0.6998.135 Mobile Safari/537.36[FBAN/EMA;FBLC/es_ES;FBAV/453.0.0.18.113;FBCX/modulariab;]"
34.48.178.162 - - [11/Apr/2025:15:49:54 +0000] "GET /category/deportes/feed/ HTTP/1.1" 200 11768 "-" "Mozilla/5.0 (Windows NT 6.3; WOW64; rv:33.0) Gecko/20100101 Firefox/33.0"
191.156.5.184 - - [11/Apr/2025:15:50:02 +0000] "GET /favicon.ico HTTP/1.1" 404 1251 "https://www.abranoticias.com/2025/04/11/en-sandona-allanaron-5-viviendas-este-seria-el-delito/?fbclid=IwZXh0bgNhZW0CMTEAAR7a8gu0D5zUdtslVCCjMWTNgkE-i9qLBWuRF6OPiFaA-miO5hYBeQpaQTM-1g_aem_hR_nj4ZppcZzwhUQoxj-tg" "Mozilla/5.0 (Linux; Android 14; RMX3710 Build/UKQ1.230924.001; wv) AppleWebKit/537.36 (KHTML, like Gecko) Version/4.0 Chrome/134.0.6998.135 Mobile Safari/537.36[FBAN/EMA;FBLC/es_ES;FBAV/453.0.0.18.113;FBCX/modulariab;]"
170.10.163.108 - - [11/Apr/2025:15:50:06 +0000] "POST /wp-cron.php?doing_wp_cron=1744386606.8495399951934814453125 HTTP/1.1" 200 0 "-" "WordPress/6.7.2; https://www.abranoticias.com"
154.83.103.115 - - [11/Apr/2025:15:50:21 +0000] "GET /?dest=%2Fvar%2Fwww%2Fhtml%2Fconfig.yml HTTP/1.1" 200 25904 "-" "Mozilla/5.0 (Windows NT 10.0; Win64; x64) AppleWebKit/537.36 (KHTML, like Gecko) Chrome/91.0.4472.124 Safari/537.36"
217.113.194.221 - - [11/Apr/2025:15:50:22 +0000] "GET /page/4/?s=banda HTTP/1.1" 200 24982 "-" "Mozilla/5.0 (compatible; Barkrowler/0.9; +https://babbar.tech/crawler)"
154.83.103.115 - - [11/Apr/2025:15:50:24 +0000] "GET /?dest=/var/www/html/config.php HTTP/1.1" 301 0 "-" "Mozilla/5.0 (Windows NT 10.0; Win64; x64) AppleWebKit/537.36 (KHTML, like Gecko) Chrome/91.0.4472.124 Safari/537.36"
154.83.103.115 - - [11/Apr/2025:15:50:27 +0000] "GET /?dest=%2Fvar%2Fwww%2Fhtml%2Fconfig.php HTTP/1.1" 200 25904 "-" "Mozilla/5.0 (Windows NT 10.0; Win64; x64) AppleWebKit/537.36 (KHTML, like Gecko) Chrome/91.0.4472.124 Safari/537.36"
154.83.103.115 - - [11/Apr/2025:15:50:35 +0000] "GET /?dest=/var/www/html/settings.json HTTP/1.1" 301 0 "-" "Mozilla/5.0 (Windows NT 10.0; Win64; x64) AppleWebKit/537.36 (KHTML, like Gecko) Chrome/91.0.4472.124 Safari/537.36"
111.225.148.72 - - [11/Apr/2025:15:50:37 +0000] "GET /wp-content/uploads/2021/05/pasto-dec_0210_26_may_2021.pdf HTTP/1.1" 404 13656 "-" "Mozilla/5.0 (Linux; Android 5.0) AppleWebKit/537.36 (KHTML, like Gecko) Mobile Safari/537.36 (compatible; Bytespider; spider-feedback@bytedance.com)"
185.191.171.12 - - [11/Apr/2025:15:48:53 +0000] "GET /2022/01/23/judicializados-asi-falsificaban-carne-de-vacunas-del-covid-19/ HTTP/1.1" 200 24374 "-" "Mozilla/5.0 (compatible; SemrushBot/7~bl; +http://www.semrush.com/bot.html)"
154.83.103.115 - - [11/Apr/2025:15:48:55 +0000] "GET /?dest=%2Fapp%2F.env HTTP/1.1" 200 25906 "-" "Mozilla/5.0 (Windows NT 10.0; Win64; x64) AppleWebKit/537.36 (KHTML, like Gecko) Chrome/91.0.4472.124 Safari/537.36"
154.83.103.115 - - [11/Apr/2025:15:48:58 +0000] "GET /?dest=/config/.env HTTP/1.1" 301 0 "-" "Mozilla/5.0 (Windows NT 10.0; Win64; x64) AppleWebKit/537.36 (KHTML, like Gecko) Chrome/91.0.4472.124 Safari/537.36"
38.154.40.61 - - [11/Apr/2025:15:49:08 +0000] "GET /category/tecnologia/ HTTP/1.1" 200 25461 "-" "Mozilla/5.0 (Macintosh; Intel Mac OS X 10.15; rv:78.0) Gecko/20100101 Firefox/78.0"
185.240.215.134 - - [11/Apr/2025:15:49:15 +0000] "GET /2025/04/09/sicario-acuso-a-mujer-de-haber-enviado-a-matar-a-su-esposo/?fbclid=IwY2xjawJmGUpleHRuA2FlbQIxMQABHtFIyT2zST7xOX7ZzadC9TBT_ALV7OY3Yx-ZEwmbWIQ3pZ5uGlOr6-Gaf5ck_aem_TJmBNDG0XvuJHAaZAQrWJQ HTTP/1.1" 404 1251 "https://lm.facebook.com/" "Mozilla/5.0 (Linux; Android 12; SM-A217M Build/SP1A.210812.016; wv) AppleWebKit/537.36 (KHTML, like Gecko) Version/4.0 Chrome/135.0.7049.49 Mobile Safari/537.36 [FB_IAB/FB4A;FBAV/507.0.0.66.49;IABMV/1;]"
154.83.103.115 - - [11/Apr/2025:15:49:14 +0000] "GET /?dest=%2Fconfig%2F.env HTTP/1.1" 200 25906 "-" "Mozilla/5.0 (Windows NT 10.0; Win64; x64) AppleWebKit/537.36 (KHTML, like Gecko) Chrome/91.0.4472.124 Safari/537.36"
154.83.103.115 - - [11/Apr/2025:15:49:17 +0000] "GET /?dest=/home/user/.env HTTP/1.1" 301 0 "-" "Mozilla/5.0 (Windows NT 10.0; Win64; x64) AppleWebKit/537.36 (KHTML, like Gecko) Chrome/91.0.4472.124 Safari/537.36"
154.83.103.115 - - [11/Apr/2025:15:49:27 +0000] "GET /?dest=%2Fhome%2Fuser%2F.env HTTP/1.1" 200 25905 "-" "Mozilla/5.0 (Windows NT 10.0; Win64; x64) AppleWebKit/537.36 (KHTML, like Gecko) Chrome/91.0.4472.124 Safari/537.36"
154.83.103.115 - - [11/Apr/2025:15:49:29 +0000] "GET /?dest=/var/www/html/config.json HTTP/1.1" 301 0 "-" "Mozilla/5.0 (Windows NT 10.0; Win64; x64) AppleWebKit/537.36 (KHTML, like Gecko) Chrome/91.0.4472.124 Safari/537.36"
154.83.103.115 - - [11/Apr/2025:15:49:31 +0000] "GET /?dest=%2Fvar%2Fwww%2Fhtml%2Fconfig.json HTTP/1.1" 200 25906 "-" "Mozilla/5.0 (Windows NT 10.0; Win64; x64) AppleWebKit/537.36 (KHTML, like Gecko) Chrome/91.0.4472.124 Safari/537.36"
154.83.103.115 - - [11/Apr/2025:15:49:34 +0000] "GET /?dest=/var/www/config.json HTTP/1.1" 301 0 "-" "Mozilla/5.0 (Windows NT 10.0; Win64; x64) AppleWebKit/537.36 (KHTML, like Gecko) Chrome/91.0.4472.124 Safari/537.36"
154.83.103.115 - - [11/Apr/2025:15:49:37 +0000] "GET /?dest=%2Fvar%2Fwww%2Fconfig.json HTTP/1.1" 200 25906 "-" "Mozilla/5.0 (Windows NT 10.0; Win64; x64) AppleWebKit/537.36 (KHTML, like Gecko) Chrome/91.0.4472.124 Safari/537.36"
170.10.163.108 - - [11/Apr/2025:15:49:50 +0000] "POST /wp-cron.php?doing_wp_cron=1744386590.0669798851013183593750 HTTP/1.1" 200 0 "-" "WordPress/6.7.2; https://www.abranoticias.com"
217.113.194.215 - - [11/Apr/2025:15:49:49 +0000] "GET /page/7/?s=gaula HTTP/1.1" 200 25485 "-" "Mozilla/5.0 (compatible; Barkrowler/0.9; +https://babbar.tech/crawler)"
217.113.194.215 - - [11/Apr/2025:15:50:05 +0000] "GET /page/7/?s=Pasto HTTP/1.1" 200 25254 "-" "Mozilla/5.0 (compatible; Barkrowler/0.9; +https://babbar.tech/crawler)"
170.10.163.108 - - [11/Apr/2025:15:50:07 +0000] "POST /wp-admin/admin-ajax.php?action=async_litespeed&nonce=UFF8kZW4ujvPPh6NQmxTC9tWICHQ1wGF&litespeed_type=imgoptm HTTP/1.1" 200 5 "-" "WordPress/6.7.2; https://www.abranoticias.com"
52.38.23.43 - - [11/Apr/2025:15:50:10 +0000] "GET / HTTP/1.1" 200 25905 "-" "Mozilla/5.0 (X11; Ubuntu; Linux x86_64; rv:80.0) Gecko/20100101 Firefox/80.0"
154.83.103.115 - - [11/Apr/2025:15:50:41 +0000] "GET /?dest=/var/www/html/settings.php HTTP/1.1" 301 0 "-" "Mozilla/5.0 (Windows NT 10.0; Win64; x64) AppleWebKit/537.36 (KHTML, like Gecko) Chrome/91.0.4472.124 Safari/537.36"
154.83.103.115 - - [11/Apr/2025:15:50:44 +0000] "GET /?dest=%2Fvar%2Fwww%2Fhtml%2Fsettings.php HTTP/1.1" 200 25906 "-" "Mozilla/5.0 (Windows NT 10.0; Win64; x64) AppleWebKit/537.36 (KHTML, like Gecko) Chrome/91.0.4472.124 Safari/537.36"
154.83.103.115 - - [11/Apr/2025:15:50:48 +0000] "GET /?dest=/var/www/html/config.js HTTP/1.1" 301 0 "-" "Mozilla/5.0 (Windows NT 10.0; Win64; x64) AppleWebKit/537.36 (KHTML, like Gecko) Chrome/91.0.4472.124 Safari/537.36"
154.83.103.115 - - [11/Apr/2025:15:50:53 +0000] "GET /?dest=/var/www/html/settings.py HTTP/1.1" 301 0 "-" "Mozilla/5.0 (Windows NT 10.0; Win64; x64) AppleWebKit/537.36 (KHTML, like Gecko) Chrome/91.0.4472.124 Safari/537.36"
154.83.103.115 - - [11/Apr/2025:15:50:55 +0000] "GET /?dest=%2Fvar%2Fwww%2Fhtml%2Fsettings.py HTTP/1.1" 200 25904 "-" "Mozilla/5.0 (Windows NT 10.0; Win64; x64) AppleWebKit/537.36 (KHTML, like Gecko) Chrome/91.0.4472.124 Safari/537.36"
217.113.194.220 - - [11/Apr/2025:15:50:55 +0000] "GET /page/4/?s=Pasto HTTP/1.1" 200 25108 "-" "Mozilla/5.0 (compatible; Barkrowler/0.9; +https://babbar.tech/crawler)"
154.83.103.115 - - [11/Apr/2025:15:50:57 +0000] "GET /?dest=/config/database.yml HTTP/1.1" 301 0 "-" "Mozilla/5.0 (Windows NT 10.0; Win64; x64) AppleWebKit/537.36 (KHTML, like Gecko) Chrome/91.0.4472.124 Safari/537.36"
154.83.103.115 - - [11/Apr/2025:15:50:59 +0000] "GET /?dest=%2Fconfig%2Fdatabase.yml HTTP/1.1" 200 25905 "-" "Mozilla/5.0 (Windows NT 10.0; Win64; x64) AppleWebKit/537.36 (KHTML, like Gecko) Chrome/91.0.4472.124 Safari/537.36"
154.83.103.115 - - [11/Apr/2025:15:51:03 +0000] "GET /?dest=/var/www/html/config.php HTTP/1.1" 301 0 "-" "Mozilla/5.0 (Windows NT 10.0; Win64; x64) AppleWebKit/537.36 (KHTML, like Gecko) Chrome/91.0.4472.124 Safari/537.36"
170.10.163.108 - - [11/Apr/2025:15:51:06 +0000] "POST /wp-cron.php?doing_wp_cron=1744386666.8414158821105957031250 HTTP/1.1" 200 0 "-" "WordPress/6.7.2; https://www.abranoticias.com"
154.83.103.115 - - [11/Apr/2025:15:51:06 +0000] "GET /?dest=%2Fvar%2Fwww%2Fhtml%2Fconfig.php HTTP/1.1" 200 25905 "-" "Mozilla/5.0 (Windows NT 10.0; Win64; x64) AppleWebKit/537.36 (KHTML, like Gecko) Chrome/91.0.4472.124 Safari/537.36"
185.191.171.9 - - [11/Apr/2025:15:51:08 +0000] "GET /2020/12/06/accidente-en-calle-de-ipiales-dejo-un-muerto/ HTTP/1.1" 200 24306 "-" "Mozilla/5.0 (compatible; SemrushBot/7~bl; +http://www.semrush.com/bot.html)"
154.83.103.115 - - [11/Apr/2025:15:51:09 +0000] "GET /?dest=/var/www/html/.htaccess HTTP/1.1" 301 0 "-" "Mozilla/5.0 (Windows NT 10.0; Win64; x64) AppleWebKit/537.36 (KHTML, like Gecko) Chrome/91.0.4472.124 Safari/537.36"
217.113.194.219 - - [11/Apr/2025:15:51:12 +0000] "GET /page/4/?s=pasto HTTP/1.1" 200 25106 "-" "Mozilla/5.0 (compatible; Barkrowler/0.9; +https://babbar.tech/crawler)"
185.191.171.19 - - [11/Apr/2025:15:51:14 +0000] "GET /2020/09/23/en-ipiales-golpearon-a-red-de-contrabando-5-capturados/ HTTP/1.1" 200 25863 "-" "Mozilla/5.0 (compatible; SemrushBot/7~bl; +http://www.semrush.com/bot.html)"
154.83.103.115 - - [11/Apr/2025:15:51:23 +0000] "GET /?dest=%2Fvar%2Fwww%2Fhtml%2F.htaccess HTTP/1.1" 200 25904 "-" "Mozilla/5.0 (Windows NT 10.0; Win64; x64) AppleWebKit/537.36 (KHTML, like Gecko) Chrome/91.0.4472.124 Safari/537.36"
154.83.103.115 - - [11/Apr/2025:15:51:26 +0000] "GET /?dest=http://169.254.169.254/latest/meta-data/ HTTP/1.1" 301 0 "-" "Mozilla/5.0 (Windows NT 10.0; Win64; x64) AppleWebKit/537.36 (KHTML, like Gecko) Chrome/91.0.4472.124 Safari/537.36"
109.239.229.239 - - [11/Apr/2025:15:51:24 +0000] "GET /category/noticias/ HTTP/1.1" 200 25052 "-" "Mozilla/5.0 (Windows NT 6.1; WOW64) AppleWebKit/537.36 (KHTML, like Gecko) Chrome/34.0.1847.131 Safari/537.36"
170.10.163.108 - - [11/Apr/2025:15:50:44 +0000] "POST /wp-cron.php?doing_wp_cron=1744386644.9057888984680175781250 HTTP/1.1" 200 0 "-" "WordPress/6.7.2; https://www.abranoticias.com"
85.208.96.202 - - [11/Apr/2025:15:50:45 +0000] "GET /2020/05/13/judicializan-a-5-hombres-por-hurto-a-un-supermercado-en-ipiales/ HTTP/1.1" 200 24491 "-" "Mozilla/5.0 (compatible; SemrushBot/7~bl; +http://www.semrush.com/bot.html)"
154.83.103.115 - - [11/Apr/2025:15:50:50 +0000] "GET /?dest=%2Fvar%2Fwww%2Fhtml%2Fconfig.js HTTP/1.1" 200 25905 "-" "Mozilla/5.0 (Windows NT 10.0; Win64; x64) AppleWebKit/537.36 (KHTML, like Gecko) Chrome/91.0.4472.124 Safari/537.36"
191.106.183.30 - - [11/Apr/2025:15:51:09 +0000] "GET /2025/04/09/sicario-acuso-a-mujer-de-haber-enviado-a-matar-a-su-esposo/?fbclid=IwZXh0bgNhZW0CMTEAAR7GWZAgMbBMO1U6mcOTPXJkKOXl7wRZ6IOQDjg5gehhJaL57Q07okKAX65vZA_aem_imtBrjqd1Wi7VULiYX8LLw HTTP/1.1" 200 24376 "http://m.facebook.com/" "Mozilla/5.0 (Linux; Android 12; SM-A315G Build/SP1A.210812.016; wv) AppleWebKit/537.36 (KHTML, like Gecko) Version/4.0 Chrome/135.0.7049.38 Mobile Safari/537.36[FBAN/EMA;FBLC/es_LA;FBAV/453.0.0.18.113;FBCX/modulariab;]"
109.239.229.239 - - [11/Apr/2025:15:51:24 +0000] "GET /category/opinion/ HTTP/1.1" 200 25542 "-" "Mozilla/5.0 (X11; Linux x86_64; rv:29.0) Gecko/20100101 Firefox/29.0"
109.239.229.239 - - [11/Apr/2025:15:51:24 +0000] "GET /category/entretenimiento/ HTTP/1.1" 200 25294 "-" "Mozilla/5.0 (Windows NT 6.1; WOW64) AppleWebKit/537.36 (KHTML, like Gecko) Chrome/34.0.1847.131 Safari/537.36"
109.239.229.239 - - [11/Apr/2025:15:51:23 +0000] "GET /category/deportes/ HTTP/1.1" 200 25616 "-" "Mozilla/5.0 (Windows NT 6.1; WOW64; rv:29.0) Gecko/20100101 Firefox/29.0"
109.239.229.239 - - [11/Apr/2025:15:51:24 +0000] "GET / HTTP/1.1" 200 25905 "-" "Mozilla/5.0 (Macintosh; Intel Mac OS X 10_9_2) AppleWebKit/537.36 (KHTML, like Gecko) Chrome/34.0.1847.131 Safari/537.36"
109.239.229.239 - - [11/Apr/2025:15:51:24 +0000] "GET /category/region/ HTTP/1.1" 200 24981 "-" "Mozilla/5.0 (Macintosh; Intel Mac OS X 10_9_2) AppleWebKit/537.75.14 (KHTML, like Gecko) Version/7.0.3 Safari/537.75.14"
109.239.229.239 - - [11/Apr/2025:15:51:24 +0000] "GET /category/mundo/ HTTP/1.1" 200 25503 "-" "Mozilla/5.0 (Windows NT 6.1; WOW64) AppleWebKit/537.36 (KHTML, like Gecko) Chrome/34.0.1847.137 Safari/537.36"
217.113.194.220 - - [11/Apr/2025:15:51:29 +0000] "GET /page/4/?s=leiva HTTP/1.1" 200 25513 "-" "Mozilla/5.0 (compatible; Barkrowler/0.9; +https://babbar.tech/crawler)"
217.113.194.214 - - [11/Apr/2025:15:50:39 +0000] "GET /page/4/?s=gaula HTTP/1.1" 200 24901 "-" "Mozilla/5.0 (compatible; Barkrowler/0.9; +https://babbar.tech/crawler)"
170.10.163.108 - - [11/Apr/2025:15:50:51 +0000] "POST /wp-cron.php?doing_wp_cron=1744386651.3375320434570312500000 HTTP/1.1" 200 0 "-" "WordPress/6.7.2; https://www.abranoticias.com"
170.10.163.108 - - [11/Apr/2025:15:51:07 +0000] "POST /wp-admin/admin-ajax.php?action=async_litespeed&nonce=NgsGxQHTFR7xPzRqVco50ciiaTTIu65V&litespeed_type=imgoptm HTTP/1.1" 200 5 "-" "WordPress/6.7.2; https://www.abranoticias.com"
170.10.163.108 - - [11/Apr/2025:15:51:09 +0000] "POST /wp-cron.php?doing_wp_cron=1744386669.7195971012115478515625 HTTP/1.1" 200 0 "-" "WordPress/6.7.2; https://www.abranoticias.com"
198.54.126.140 - - [11/Apr/2025:15:50:59 +0000] "POST /wp-login.php HTTP/1.1" 200 0 "https://www.abranoticias.com" "Mozilla/5.0 (Windows NT 10.0; Win64; x64) AppleWebKit/537.36 (KHTML, like Gecko) Chrome/113.0.5672.126 Safari/537.36 Edg/113.0.1774.50"
109.239.229.239 - - [11/Apr/2025:15:51:24 +0000] "GET /category/judicial/ HTTP/1.1" 200 25228 "-" "Mozilla/5.0 (X11; Linux x86_64; rv:29.0) Gecko/20100101 Firefox/29.0"
194.50.16.252 - - [11/Apr/2025:15:47:43 +0000] "GET /_profiler/phpinfo HTTP/1.1" 404 16336 "-" "Mozilla/5.0 (Ubuntu; Linux x86_64) AppleWebKit/537.36 (KHTML, like Gecko) Chrome/124.0.0.0 Safari/537.36"
191.106.174.160 - - [11/Apr/2025:15:48:06 +0000] "GET /2025/04/09/sicario-acuso-a-mujer-de-haber-enviado-a-matar-a-su-esposo/?fbclid=IwY2xjawJmGQZleHRuA2FlbQIxMQABHnV5sPz9UQv9h-fhObW8_qt7n60wVrEiGPggkAeun5C5Lq_rrydmbx-Fl7SX_aem_f975TFOWPs1VXqDkRO6V0g HTTP/1.1" 200 24376 "https://lm.facebook.com/" "Mozilla/5.0 (Linux; Android 14; Infinix X6531 Build/UP1A.231005.007; wv) AppleWebKit/537.36 (KHTML, like Gecko) Version/4.0 Chrome/135.0.7049.49 Mobile Safari/537.36 [FB_IAB/FB4A;FBAV/507.0.0.66.49;IABMV/1;] FBNV/5"
170.10.163.108 - - [11/Apr/2025:15:48:08 +0000] "POST /wp-admin/admin-ajax.php?action=async_litespeed&nonce=1XhjipbPmlSKSMtCiAjt3n70Ry4f4AbH&litespeed_type=imgoptm HTTP/1.1" 200 5 "-" "WordPress/6.7.2; https://www.abranoticias.com"
66.249.72.69 - - [11/Apr/2025:15:48:29 +0000] "GET /pcmypage?callback=/product%2Fdetail%2FYVKG33459147 HTTP/1.1" 200 19701 "-" "Mozilla/5.0 (Linux; Android 6.0.1; Nexus 5X Build/MMB29P) AppleWebKit/537.36 (KHTML, like Gecko) Chrome/135.0.7049.52 Mobile Safari/537.36 (compatible; Googlebot/2.1; +http://www.google.com/bot.html)"
8.29.198.25 - - [11/Apr/2025:15:48:34 +0000] "GET /feed/ HTTP/1.1" 200 10591 "-" "Feedly/1.0 (+https://feedly.com/poller.html; 1 subscribers; )"
172.93.136.238 - - [11/Apr/2025:15:48:35 +0000] "GET /category/entretenimiento/ HTTP/1.1" 200 25294 "-" "Mozilla/5.0 (Macintosh; Intel Mac OS X 10.15; rv:78.0) Gecko/20100101 Firefox/78.0"
66.249.72.71 - - [11/Apr/2025:15:51:30 +0000] "GET /pcmypage?callback=product%2Fdetail%2FDRP75272167 HTTP/1.1" 200 18136 "-" "Mozilla/5.0 (Linux; Android 6.0.1; Nexus 5X Build/MMB29P) AppleWebKit/537.36 (KHTML, like Gecko) Chrome/135.0.7049.52 Mobile Safari/537.36 (compatible; Googlebot/2.1; +http://www.google.com/bot.html)"
217.113.194.212 - - [11/Apr/2025:15:52:05 +0000] "GET /page/5/?s=gaula HTTP/1.1" 200 25182 "-" "Mozilla/5.0 (compatible; Barkrowler/0.9; +https://babbar.tech/crawler)"
191.106.214.83 - - [11/Apr/2025:15:51:32 +0000] "GET /2025/04/11/en-sandona-allanaron-5-viviendas-este-seria-el-delito/?fbclid=IwY2xjawJmGdNleHRuA2FlbQIxMQABHg9eb0_dJDCngYZNfaWiyRgXHUKOcfsTG0N2OVyYCnAHw5mxsfvwShooYpvF_aem_bfWmAcLduAoF54r0KFK5ng HTTP/1.1" 200 24349 "https://lm.facebook.com/" "Mozilla/5.0 (Linux; Android 14; SM-A145M Build/UP1A.231005.007; wv) AppleWebKit/537.36 (KHTML, like Gecko) Version/4.0 Chrome/134.0.6998.170 Mobile Safari/537.36 [FB_IAB/FB4A;FBAV/506.1.0.74.27;IABMV/1;]"
66.249.72.69 - - [11/Apr/2025:15:51:33 +0000] "POST /get-message-notify HTTP/1.1" 200 19804 "https://abranoticias.com/pcmypage?callback=product%2Fdetail%2FDRP75272167" "Mozilla/5.0 (Linux; Android 6.0.1; Nexus 5X Build/MMB29P) AppleWebKit/537.36 (KHTML, like Gecko) Chrome/134.0.6998.165 Mobile Safari/537.36 (compatible; Googlebot/2.1; +http://www.google.com/bot.html)"
191.106.214.83 - - [11/Apr/2025:15:51:43 +0000] "GET /2025/04/11/en-sandona-allanaron-5-viviendas-este-seria-el-delito/?fbclid=IwY2xjawJmGdNleHRuA2FlbQIxMQABHg9eb0_dJDCngYZNfaWiyRgXHUKOcfsTG0N2OVyYCnAHw5mxsfvwShooYpvF_aem_bfWmAcLduAoF54r0KFK5ng HTTP/1.1" 200 24349 "https://lm.facebook.com/" "Mozilla/5.0 (Linux; Android 14; SM-A145M Build/UP1A.231005.007; wv) AppleWebKit/537.36 (KHTML, like Gecko) Version/4.0 Chrome/134.0.6998.170 Mobile Safari/537.36 [FB_IAB/FB4A;FBAV/506.1.0.74.27;IABMV/1;] FBNV/5"
34.21.118.210 - - [11/Apr/2025:15:51:59 +0000] "GET /category/opinion/feed/ HTTP/1.1" 200 14364 "-" "Mozilla/5.0 (Windows NT 6.3; WOW64; rv:33.0) Gecko/20100101 Firefox/33.0"
217.113.194.214 - - [11/Apr/2025:15:51:48 +0000] "GET /page/5/?s=banda HTTP/1.1" 200 25055 "-" "Mozilla/5.0 (compatible; Barkrowler/0.9; +https://babbar.tech/crawler)"
154.83.103.115 - - [11/Apr/2025:15:51:51 +0000] "GET /?dest=http%3A%2F%2F169.254.169.254%2Flatest%2Fmeta-data%2F HTTP/1.1" 200 25904 "-" "Mozilla/5.0 (Windows NT 10.0; Win64; x64) AppleWebKit/537.36 (KHTML, like Gecko) Chrome/91.0.4472.124 Safari/537.36"
170.10.163.108 - - [11/Apr/2025:15:48:06 +0000] "POST /wp-cron.php?doing_wp_cron=1744386486.4854290485382080078125 HTTP/1.1" 200 0 "-" "WordPress/6.7.2; https://www.abranoticias.com"
154.83.103.115 - - [11/Apr/2025:15:48:06 +0000] "GET /?dest=%2Fvar%2Fwww%2Fhtml%2F.env HTTP/1.1" 200 25906 "-" "Mozilla/5.0 (Windows NT 10.0; Win64; x64) AppleWebKit/537.36 (KHTML, like Gecko) Chrome/91.0.4472.124 Safari/537.36"
217.113.194.213 - - [11/Apr/2025:15:48:07 +0000] "GET /page/2/?s=pasto+ HTTP/1.1" 200 25126 "-" "Mozilla/5.0 (compatible; Barkrowler/0.9; +https://babbar.tech/crawler)"
154.83.103.115 - - [11/Apr/2025:15:48:12 +0000] "GET /?dest=/var/www/.env HTTP/1.1" 301 0 "-" "Mozilla/5.0 (Windows NT 10.0; Win64; x64) AppleWebKit/537.36 (KHTML, like Gecko) Chrome/91.0.4472.124 Safari/537.36"
154.83.103.115 - - [11/Apr/2025:15:48:15 +0000] "GET /?dest=%2Fvar%2Fwww%2F.env HTTP/1.1" 200 25906 "-" "Mozilla/5.0 (Windows NT 10.0; Win64; x64) AppleWebKit/537.36 (KHTML, like Gecko) Chrome/91.0.4472.124 Safari/537.36"
217.113.194.217 - - [11/Apr/2025:15:48:25 +0000] "GET /page/2/?s=ipiales HTTP/1.1" 200 25237 "-" "Mozilla/5.0 (compatible; Barkrowler/0.9; +https://babbar.tech/crawler)"
170.10.163.108 - - [11/Apr/2025:15:52:54 +0000] "POST /wp-cron.php?doing_wp_cron=1744386774.7132940292358398437500 HTTP/1.1" 200 0 "-" "WordPress/6.7.2; https://www.abranoticias.com"
170.10.163.108 - - [11/Apr/2025:15:53:13 +0000] "POST /wp-cron.php?doing_wp_cron=1744386793.0081698894500732421875 HTTP/1.1" 200 0 "-" "WordPress/6.7.2; https://www.abranoticias.com"
217.113.194.217 - - [11/Apr/2025:15:53:12 +0000] "GET /page/3/?s=banda HTTP/1.1" 200 25401 "-" "Mozilla/5.0 (compatible; Barkrowler/0.9; +https://babbar.tech/crawler)"
154.83.103.115 - - [11/Apr/2025:15:53:15 +0000] "GET /?dest=file%3A%2F%2F%2Fvar%2Fwww%2Fhtml%2F.htaccess HTTP/1.1" 200 25906 "-" "Mozilla/5.0 (Windows NT 10.0; Win64; x64) AppleWebKit/537.36 (KHTML, like Gecko) Chrome/91.0.4472.124 Safari/537.36"
154.83.103.115 - - [11/Apr/2025:15:53:20 +0000] "GET /?redirect=/etc/environment HTTP/1.1" 301 0 "-" "Mozilla/5.0 (Windows NT 10.0; Win64; x64) AppleWebKit/537.36 (KHTML, like Gecko) Chrome/91.0.4472.124 Safari/537.36"
154.83.103.115 - - [11/Apr/2025:15:53:22 +0000] "GET /?redirect=%2Fetc%2Fenvironment HTTP/1.1" 200 25905 "-" "Mozilla/5.0 (Windows NT 10.0; Win64; x64) AppleWebKit/537.36 (KHTML, like Gecko) Chrome/91.0.4472.124 Safari/537.36"
217.113.194.212 - - [11/Apr/2025:15:53:28 +0000] "GET /page/3/?s=gaula HTTP/1.1" 200 24908 "-" "Mozilla/5.0 (compatible; Barkrowler/0.9; +https://babbar.tech/crawler)"
66.249.77.69 - - [11/Apr/2025:15:53:00 +0000] "GET /144405263.shtml HTTP/1.1" 200 18934 "-" "Mozilla/5.0 (Linux; Android 6.0.1; Nexus 5X Build/MMB29P) AppleWebKit/537.36 (KHTML, like Gecko) Chrome/135.0.7049.84 Mobile Safari/537.36 (compatible; Googlebot/2.1; +http://www.google.com/bot.html)"
154.83.103.115 - - [11/Apr/2025:15:52:53 +0000] "GET /?dest=file:///var/www/html/.htaccess HTTP/1.1" 301 0 "-" "Mozilla/5.0 (Windows NT 10.0; Win64; x64) AppleWebKit/537.36 (KHTML, like Gecko) Chrome/91.0.4472.124 Safari/537.36"
217.113.194.214 - - [11/Apr/2025:15:52:55 +0000] "GET /page/5/?s=leiva HTTP/1.1" 200 24915 "-" "Mozilla/5.0 (compatible; Barkrowler/0.9; +https://babbar.tech/crawler)"
66.249.77.68 - - [11/Apr/2025:15:52:59 +0000] "GET /tag/carreta/ HTTP/1.1" 200 19447 "-" "Mozilla/5.0 (Linux; Android 6.0.1; Nexus 5X Build/MMB29P) AppleWebKit/537.36 (KHTML, like Gecko) Chrome/135.0.7049.52 Mobile Safari/537.36 (compatible; Googlebot/2.1; +http://www.google.com/bot.html)"
170.10.163.108 - - [11/Apr/2025:15:53:13 +0000] "POST /wp-admin/admin-ajax.php?action=async_litespeed&nonce=BjQV7W0VYubMlLSpycl3bl9TldNcrFMQ&litespeed_type=imgoptm HTTP/1.1" 200 5 "-" "WordPress/6.7.2; https://www.abranoticias.com"
66.249.77.69 - - [11/Apr/2025:15:53:28 +0000] "GET /search?category=&search_word=&restrict[]=person_id(int)=ICDLN HTTP/1.1" 200 18946 "-" "Mozilla/5.0 (Linux; Android 6.0.1; Nexus 5X Build/MMB29P) AppleWebKit/537.36 (KHTML, like Gecko) Chrome/135.0.7049.84 Mobile Safari/537.36 (compatible; Googlebot/2.1; +http://www.google.com/bot.html)"
170.10.163.108 - - [11/Apr/2025:15:53:46 +0000] "POST /wp-cron.php?doing_wp_cron=1744386826.1174569129943847656250 HTTP/1.1" 200 0 "-" "WordPress/6.7.2; https://www.abranoticias.com"
154.83.103.115 - - [11/Apr/2025:15:53:54 +0000] "GET /?redirect=%2Fvar%2Fwww%2F.env HTTP/1.1" 200 25906 "-" "Mozilla/5.0 (Windows NT 10.0; Win64; x64) AppleWebKit/537.36 (KHTML, like Gecko) Chrome/91.0.4472.124 Safari/537.36"
170.10.163.108 - - [11/Apr/2025:15:52:12 +0000] "POST /wp-admin/admin-ajax.php?action=async_litespeed&nonce=MdvAI1aQc8Lv1YsQ3LZu1MAxx32x32p2&litespeed_type=imgoptm HTTP/1.1" 200 5 "-" "WordPress/6.7.2; https://www.abranoticias.com"
193.228.14.229 - - [11/Apr/2025:15:52:36 +0000] "GET /author/midiariodepasto/page/7/ HTTP/1.1" 200 25004 "-" "Mozilla/5.0 (Macintosh; Intel Mac OS X 10.15; rv:78.0) Gecko/20100101 Firefox/78.0"
217.113.194.220 - - [11/Apr/2025:15:52:38 +0000] "GET /page/5/?s=pasto HTTP/1.1" 200 25375 "-" "Mozilla/5.0 (compatible; Barkrowler/0.9; +https://babbar.tech/crawler)"
40.77.167.241 - - [11/Apr/2025:15:52:43 +0000] "GET /wp-content/uploads/2024/10/el-rosario-widinson.jpg HTTP/1.1" 200 45962 "-" "Mozilla/5.0 AppleWebKit/537.36 (KHTML, like Gecko; compatible; bingbot/2.0; +http://www.bing.com/bingbot.htm) Chrome/116.0.1938.76 Safari/537.36"
170.10.163.108 - - [11/Apr/2025:15:52:40 +0000] "POST /wp-cron.php?doing_wp_cron=1744386760.1381700038909912109375 HTTP/1.1" 200 0 "-" "WordPress/6.7.2; https://www.abranoticias.com"
154.83.103.115 - - [11/Apr/2025:15:52:08 +0000] "GET /?dest=http://169.254.169.254/latest/meta-data/iam/security-credentials/ HTTP/1.1" 301 0 "-" "Mozilla/5.0 (Windows NT 10.0; Win64; x64) AppleWebKit/537.36 (KHTML, like Gecko) Chrome/91.0.4472.124 Safari/537.36"
170.10.163.108 - - [11/Apr/2025:15:52:11 +0000] "POST /wp-cron.php?doing_wp_cron=1744386731.9250559806823730468750 HTTP/1.1" 200 0 "-" "WordPress/6.7.2; https://www.abranoticias.com"
154.83.103.115 - - [11/Apr/2025:15:52:11 +0000] "GET /?dest=http%3A%2F%2F169.254.169.254%2Flatest%2Fmeta-data%2Fiam%2Fsecurity-credentials%2F HTTP/1.1" 200 25904 "-" "Mozilla/5.0 (Windows NT 10.0; Win64; x64) AppleWebKit/537.36 (KHTML, like Gecko) Chrome/91.0.4472.124 Safari/537.36"
154.83.103.115 - - [11/Apr/2025:15:52:13 +0000] "GET /?dest=http://169.254.169.254/latest/meta-data/iam/security-credentials/admin-role HTTP/1.1" 301 0 "-" "Mozilla/5.0 (Windows NT 10.0; Win64; x64) AppleWebKit/537.36 (KHTML, like Gecko) Chrome/91.0.4472.124 Safari/537.36"
154.83.103.115 - - [11/Apr/2025:15:52:15 +0000] "GET /?dest=http%3A%2F%2F169.254.169.254%2Flatest%2Fmeta-data%2Fiam%2Fsecurity-credentials%2Fadmin-role HTTP/1.1" 200 25903 "-" "Mozilla/5.0 (Windows NT 10.0; Win64; x64) AppleWebKit/537.36 (KHTML, like Gecko) Chrome/91.0.4472.124 Safari/537.36"
154.83.103.115 - - [11/Apr/2025:15:52:17 +0000] "GET /?dest=http://169.254.169.254/latest/user-data HTTP/1.1" 301 0 "-" "Mozilla/5.0 (Windows NT 10.0; Win64; x64) AppleWebKit/537.36 (KHTML, like Gecko) Chrome/91.0.4472.124 Safari/537.36"
154.83.103.115 - - [11/Apr/2025:15:52:19 +0000] "GET /?dest=http%3A%2F%2F169.254.169.254%2Flatest%2Fuser-data HTTP/1.1" 200 25904 "-" "Mozilla/5.0 (Windows NT 10.0; Win64; x64) AppleWebKit/537.36 (KHTML, like Gecko) Chrome/91.0.4472.124 Safari/537.36"
154.83.103.115 - - [11/Apr/2025:15:52:22 +0000] "GET /?dest=file:///var/www/html/.env HTTP/1.1" 301 0 "-" "Mozilla/5.0 (Windows NT 10.0; Win64; x64) AppleWebKit/537.36 (KHTML, like Gecko) Chrome/91.0.4472.124 Safari/537.36"
217.113.194.217 - - [11/Apr/2025:15:52:21 +0000] "GET /page/5/?s=Pasto HTTP/1.1" 200 25301 "-" "Mozilla/5.0 (compatible; Barkrowler/0.9; +https://babbar.tech/crawler)"
154.83.103.115 - - [11/Apr/2025:15:52:24 +0000] "GET /?dest=file%3A%2F%2F%2Fvar%2Fwww%2Fhtml%2F.env HTTP/1.1" 200 25904 "-" "Mozilla/5.0 (Windows NT 10.0; Win64; x64) AppleWebKit/537.36 (KHTML, like Gecko) Chrome/91.0.4472.124 Safari/537.36"
154.83.103.115 - - [11/Apr/2025:15:52:26 +0000] "GET /?dest=file:///var/www/html/config.json HTTP/1.1" 301 0 "-" "Mozilla/5.0 (Windows NT 10.0; Win64; x64) AppleWebKit/537.36 (KHTML, like Gecko) Chrome/91.0.4472.124 Safari/537.36"
54.202.165.28 - - [11/Apr/2025:15:52:27 +0000] "GET / HTTP/1.1" 200 25904 "-" "Mozilla/5.0 (X11; Ubuntu; Linux x86_64; rv:80.0) Gecko/20100101 Firefox/80.0"
154.83.103.115 - - [11/Apr/2025:15:52:32 +0000] "GET /?dest=file%3A%2F%2F%2Fvar%2Fwww%2Fhtml%2Fconfig.json HTTP/1.1" 200 25903 "-" "Mozilla/5.0 (Windows NT 10.0; Win64; x64) AppleWebKit/537.36 (KHTML, like Gecko) Chrome/91.0.4472.124 Safari/537.36"
154.83.103.115 - - [11/Apr/2025:15:52:36 +0000] "GET /?dest=file:///var/www/html/settings.json HTTP/1.1" 301 0 "-" "Mozilla/5.0 (Windows NT 10.0; Win64; x64) AppleWebKit/537.36 (KHTML, like Gecko) Chrome/91.0.4472.124 Safari/537.36"
154.83.103.115 - - [11/Apr/2025:15:52:38 +0000] "GET /?dest=file%3A%2F%2F%2Fvar%2Fwww%2Fhtml%2Fsettings.json HTTP/1.1" 200 25904 "-" "Mozilla/5.0 (Windows NT 10.0; Win64; x64) AppleWebKit/537.36 (KHTML, like Gecko) Chrome/91.0.4472.124 Safari/537.36"
217.113.194.214 - - [11/Apr/2025:15:53:45 +0000] "GET /page/3/?s=Pasto HTTP/1.1" 200 25220 "-" "Mozilla/5.0 (compatible; Barkrowler/0.9; +https://babbar.tech/crawler)"
154.83.103.115 - - [11/Apr/2025:15:53:48 +0000] "GET /?redirect=/var/www/html/.env HTTP/1.1" 301 0 "-" "Mozilla/5.0 (Windows NT 10.0; Win64; x64) AppleWebKit/537.36 (KHTML, like Gecko) Chrome/91.0.4472.124 Safari/537.36"
170.10.163.108 - - [11/Apr/2025:15:53:50 +0000] "POST /wp-cron.php?doing_wp_cron=1744386830.6812961101531982421875 HTTP/1.1" 200 0 "-" "WordPress/6.7.2; https://www.abranoticias.com"
154.83.103.115 - - [11/Apr/2025:15:53:49 +0000] "GET /?redirect=%2Fvar%2Fwww%2Fhtml%2F.env HTTP/1.1" 200 25906 "-" "Mozilla/5.0 (Windows NT 10.0; Win64; x64) AppleWebKit/537.36 (KHTML, like Gecko) Chrome/91.0.4472.124 Safari/537.36"
154.83.103.115 - - [11/Apr/2025:15:53:52 +0000] "GET /?redirect=/var/www/.env HTTP/1.1" 301 0 "-" "Mozilla/5.0 (Windows NT 10.0; Win64; x64) AppleWebKit/537.36 (KHTML, like Gecko) Chrome/91.0.4472.124 Safari/537.36"
154.54.249.216 - - [11/Apr/2025:15:54:02 +0000] "GET /page/3/?s=pasto HTTP/1.1" 200 25222 "-" "Mozilla/5.0 (compatible; Barkrowler/0.9; +https://babbar.tech/crawler)"
170.10.163.108 - - [11/Apr/2025:15:54:06 +0000] "POST /wp-cron.php?doing_wp_cron=1744386846.3911581039428710937500 HTTP/1.1" 200 0 "-" "WordPress/6.7.2; https://www.abranoticias.com"
47.128.118.170 - - [11/Apr/2025:15:54:06 +0000] "GET /robots.txt HTTP/1.1" 200 120 "-" "Mozilla/5.0 (Linux; Android 5.0) AppleWebKit/537.36 (KHTML, like Gecko) Mobile Safari/537.36 (compatible; Bytespider; spider-feedback@bytedance.com)"
170.10.163.108 - - [11/Apr/2025:15:54:07 +0000] "POST /wp-admin/admin-ajax.php?action=async_litespeed&nonce=cO4MTVbDGj0dyVjwX1jf5MdewfY16OH9&litespeed_type=imgoptm HTTP/1.1" 200 5 "-" "WordPress/6.7.2; https://www.abranoticias.com"
38.154.40.221 - - [11/Apr/2025:15:54:05 +0000] "GET /author/midiariodepasto/ HTTP/1.1" 200 24925 "-" "Mozilla/5.0 (Macintosh; Intel Mac OS X 10.15; rv:78.0) Gecko/20100101 Firefox/78.0"
154.83.103.115 - - [11/Apr/2025:15:54:27 +0000] "GET /?redirect=/var/www/html/config.json HTTP/1.1" 301 0 "-" "Mozilla/5.0 (Windows NT 10.0; Win64; x64) AppleWebKit/537.36 (KHTML, like Gecko) Chrome/91.0.4472.124 Safari/537.36"
154.83.103.115 - - [11/Apr/2025:15:50:38 +0000] "GET /?dest=%2Fvar%2Fwww%2Fhtml%2Fsettings.json HTTP/1.1" 200 25906 "-" "Mozilla/5.0 (Windows NT 10.0; Win64; x64) AppleWebKit/537.36 (KHTML, like Gecko) Chrome/91.0.4472.124 Safari/537.36"
154.83.103.115 - - [11/Apr/2025:15:53:58 +0000] "GET /?redirect=/www/.env HTTP/1.1" 301 0 "-" "Mozilla/5.0 (Windows NT 10.0; Win64; x64) AppleWebKit/537.36 (KHTML, like Gecko) Chrome/91.0.4472.124 Safari/537.36"
154.83.103.115 - - [11/Apr/2025:15:54:00 +0000] "GET /?redirect=%2Fwww%2F.env HTTP/1.1" 200 25905 "-" "Mozilla/5.0 (Windows NT 10.0; Win64; x64) AppleWebKit/537.36 (KHTML, like Gecko) Chrome/91.0.4472.124 Safari/537.36"
154.83.103.115 - - [11/Apr/2025:15:54:02 +0000] "GET /?redirect=/app/.env HTTP/1.1" 301 0 "-" "Mozilla/5.0 (Windows NT 10.0; Win64; x64) AppleWebKit/537.36 (KHTML, like Gecko) Chrome/91.0.4472.124 Safari/537.36"
154.83.103.115 - - [11/Apr/2025:15:54:05 +0000] "GET /?redirect=%2Fapp%2F.env HTTP/1.1" 200 25906 "-" "Mozilla/5.0 (Windows NT 10.0; Win64; x64) AppleWebKit/537.36 (KHTML, like Gecko) Chrome/91.0.4472.124 Safari/537.36"
154.83.103.115 - - [11/Apr/2025:15:54:08 +0000] "GET /?redirect=/config/.env HTTP/1.1" 301 0 "-" "Mozilla/5.0 (Windows NT 10.0; Win64; x64) AppleWebKit/537.36 (KHTML, like Gecko) Chrome/91.0.4472.124 Safari/537.36"
154.83.103.115 - - [11/Apr/2025:15:54:10 +0000] "GET /?redirect=%2Fconfig%2F.env HTTP/1.1" 200 25905 "-" "Mozilla/5.0 (Windows NT 10.0; Win64; x64) AppleWebKit/537.36 (KHTML, like Gecko) Chrome/91.0.4472.124 Safari/537.36"
154.83.103.115 - - [11/Apr/2025:15:54:13 +0000] "GET /?redirect=/home/user/.env HTTP/1.1" 301 0 "-" "Mozilla/5.0 (Windows NT 10.0; Win64; x64) AppleWebKit/537.36 (KHTML, like Gecko) Chrome/91.0.4472.124 Safari/537.36"
154.54.249.216 - - [11/Apr/2025:15:54:19 +0000] "GET /page/3/?s=leiva HTTP/1.1" 200 25796 "-" "Mozilla/5.0 (compatible; Barkrowler/0.9; +https://babbar.tech/crawler)"
154.83.103.115 - - [11/Apr/2025:15:54:24 +0000] "GET /?redirect=%2Fhome%2Fuser%2F.env HTTP/1.1" 200 25905 "-" "Mozilla/5.0 (Windows NT 10.0; Win64; x64) AppleWebKit/537.36 (KHTML, like Gecko) Chrome/91.0.4472.124 Safari/537.36"
179.19.137.42 - - [11/Apr/2025:15:48:59 +0000] "GET /2025/04/11/en-sandona-allanaron-5-viviendas-este-seria-el-delito/?fbclid=IwZXh0bgNhZW0CMTEAAR6Xl67Q7OUXxjDBXMsnekt3ZZGnq3bbS9MSdHycPe6O-57Tk6U7oqXBiT2uaA_aem_Ut1o3KtvKl7GnDiMOIm0JQ HTTP/1.1" 200 24349 "http://m.facebook.com/" "Mozilla/5.0 (Linux; Android 11; K68 Build/RP1A.200720.011; wv) AppleWebKit/537.36 (KHTML, like Gecko) Version/4.0 Chrome/134.0.6998.135 Mobile Safari/537.36[FBAN/EMA;FBLC/es_LA;FBAV/452.1.0.14.109;FBCX/modulariab;]"
170.10.163.108 - - [11/Apr/2025:15:49:09 +0000] "POST /wp-cron.php?doing_wp_cron=1744386549.1727759838104248046875 HTTP/1.1" 200 0 "-" "WordPress/6.7.2; https://www.abranoticias.com"
185.240.215.134 - - [11/Apr/2025:15:49:16 +0000] "GET /favicon.ico HTTP/1.1" 404 1251 "https://www.abranoticias.com/2025/04/09/sicario-acuso-a-mujer-de-haber-enviado-a-matar-a-su-esposo/?fbclid=IwY2xjawJmGUpleHRuA2FlbQIxMQABHtFIyT2zST7xOX7ZzadC9TBT_ALV7OY3Yx-ZEwmbWIQ3pZ5uGlOr6-Gaf5ck_aem_TJmBNDG0XvuJHAaZAQrWJQ" "Mozilla/5.0 (Linux; Android 12; SM-A217M Build/SP1A.210812.016; wv) AppleWebKit/537.36 (KHTML, like Gecko) Version/4.0 Chrome/135.0.7049.49 Mobile Safari/537.36 [FB_IAB/FB4A;FBAV/507.0.0.66.49;IABMV/1;]"
66.249.77.68 - - [11/Apr/2025:15:49:32 +0000] "POST /get-message-notify HTTP/1.1" 200 19383 "https://www.abranoticias.com/pcmypage?callback=/product%2Fdetail%2FBZD223961895" "Mozilla/5.0 (Linux; Android 6.0.1; Nexus 5X Build/MMB29P) AppleWebKit/537.36 (KHTML, like Gecko) Chrome/134.0.6998.165 Mobile Safari/537.36 (compatible; Googlebot/2.1; +http://www.google.com/bot.html)"
193.47.239.64 - - [11/Apr/2025:15:49:31 +0000] "GET /author/midiariodepasto/page/10/ HTTP/1.1" 200 25465 "-" "Mozilla/5.0 (Macintosh; Intel Mac OS X 10.15; rv:78.0) Gecko/20100101 Firefox/78.0"
217.113.194.217 - - [11/Apr/2025:15:49:32 +0000] "GET /page/7/?s=banda HTTP/1.1" 200 24685 "-" "Mozilla/5.0 (compatible; Barkrowler/0.9; +https://babbar.tech/crawler)"
170.10.163.108 - - [11/Apr/2025:15:49:47 +0000] "POST /wp-cron.php?doing_wp_cron=1744386587.0147669315338134765625 HTTP/1.1" 200 0 "-" "WordPress/6.7.2; https://www.abranoticias.com"
154.83.103.115 - - [11/Apr/2025:15:50:00 +0000] "GET /?dest=/var/www/html/config.yaml HTTP/1.1" 301 0 "-" "Mozilla/5.0 (Windows NT 10.0; Win64; x64) AppleWebKit/537.36 (KHTML, like Gecko) Chrome/91.0.4472.124 Safari/537.36"
154.83.103.115 - - [11/Apr/2025:15:50:03 +0000] "GET /?dest=%2Fvar%2Fwww%2Fhtml%2Fconfig.yaml HTTP/1.1" 200 25905 "-" "Mozilla/5.0 (Windows NT 10.0; Win64; x64) AppleWebKit/537.36 (KHTML, like Gecko) Chrome/91.0.4472.124 Safari/537.36"
154.83.103.115 - - [11/Apr/2025:15:50:07 +0000] "GET /?dest=/var/www/html/config.yml HTTP/1.1" 301 0 "-" "Mozilla/5.0 (Windows NT 10.0; Win64; x64) AppleWebKit/537.36 (KHTML, like Gecko) Chrome/91.0.4472.124 Safari/537.36"
44.194.139.149 - - [11/Apr/2025:15:50:37 +0000] "GET /category/opinion/ HTTP/1.1" 200 25541 "-" "Mozilla/5.0 AppleWebKit/537.36 (KHTML, like Gecko; compatible; Amazonbot/0.1; +https://developer.amazon.com/support/amazonbot) Chrome/119.0.6045.214 Safari/537.36"
154.83.103.115 - - [11/Apr/2025:15:54:30 +0000] "GET /?redirect=%2Fvar%2Fwww%2Fhtml%2Fconfig.json HTTP/1.1" 200 25906 "-" "Mozilla/5.0 (Windows NT 10.0; Win64; x64) AppleWebKit/537.36 (KHTML, like Gecko) Chrome/91.0.4472.124 Safari/537.36"
154.83.103.115 - - [11/Apr/2025:15:54:34 +0000] "GET /?redirect=/var/www/config.json HTTP/1.1" 301 0 "-" "Mozilla/5.0 (Windows NT 10.0; Win64; x64) AppleWebKit/537.36 (KHTML, like Gecko) Chrome/91.0.4472.124 Safari/537.36"
154.83.103.115 - - [11/Apr/2025:15:54:36 +0000] "GET /?redirect=%2Fvar%2Fwww%2Fconfig.json HTTP/1.1" 200 25906 "-" "Mozilla/5.0 (Windows NT 10.0; Win64; x64) AppleWebKit/537.36 (KHTML, like Gecko) Chrome/91.0.4472.124 Safari/537.36"
154.83.103.115 - - [11/Apr/2025:15:54:38 +0000] "GET /?redirect=/var/www/html/config.yaml HTTP/1.1" 301 0 "-" "Mozilla/5.0 (Windows NT 10.0; Win64; x64) AppleWebKit/537.36 (KHTML, like Gecko) Chrome/91.0.4472.124 Safari/537.36"
170.10.163.108 - - [11/Apr/2025:15:54:41 +0000] "POST /wp-cron.php?doing_wp_cron=1744386881.2400639057159423828125 HTTP/1.1" 200 0 "-" "WordPress/6.7.2; https://www.abranoticias.com"
154.83.103.115 - - [11/Apr/2025:15:54:40 +0000] "GET /?redirect=%2Fvar%2Fwww%2Fhtml%2Fconfig.yaml HTTP/1.1" 200 25906 "-" "Mozilla/5.0 (Windows NT 10.0; Win64; x64) AppleWebKit/537.36 (KHTML, like Gecko) Chrome/91.0.4472.124 Safari/537.36"
170.10.163.108 - - [11/Apr/2025:15:54:44 +0000] "POST /wp-cron.php?doing_wp_cron=1744386884.1061449050903320312500 HTTP/1.1" 200 0 "-" "WordPress/6.7.2; https://www.abranoticias.com"
154.83.103.115 - - [11/Apr/2025:15:54:43 +0000] "GET /?redirect=/var/www/html/config.yml HTTP/1.1" 301 0 "-" "Mozilla/5.0 (Windows NT 10.0; Win64; x64) AppleWebKit/537.36 (KHTML, like Gecko) Chrome/91.0.4472.124 Safari/537.36"
154.83.103.115 - - [11/Apr/2025:15:54:45 +0000] "GET /?redirect=%2Fvar%2Fwww%2Fhtml%2Fconfig.yml HTTP/1.1" 200 25906 "-" "Mozilla/5.0 (Windows NT 10.0; Win64; x64) AppleWebKit/537.36 (KHTML, like Gecko) Chrome/91.0.4472.124 Safari/537.36"
154.83.103.115 - - [11/Apr/2025:15:54:47 +0000] "GET /?redirect=/var/www/html/config.php HTTP/1.1" 301 0 "-" "Mozilla/5.0 (Windows NT 10.0; Win64; x64) AppleWebKit/537.36 (KHTML, like Gecko) Chrome/91.0.4472.124 Safari/537.36"
154.83.103.115 - - [11/Apr/2025:15:54:49 +0000] "GET /?redirect=%2Fvar%2Fwww%2Fhtml%2Fconfig.php HTTP/1.1" 200 25906 "-" "Mozilla/5.0 (Windows NT 10.0; Win64; x64) AppleWebKit/537.36 (KHTML, like Gecko) Chrome/91.0.4472.124 Safari/537.36"
170.10.163.108 - - [11/Apr/2025:15:54:52 +0000] "POST /wp-cron.php?doing_wp_cron=1744386892.7977099418640136718750 HTTP/1.1" 200 0 "-" "WordPress/6.7.2; https://www.abranoticias.com"
154.83.103.115 - - [11/Apr/2025:15:54:52 +0000] "GET /?redirect=/var/www/html/settings.json HTTP/1.1" 301 0 "-" "Mozilla/5.0 (Windows NT 10.0; Win64; x64) AppleWebKit/537.36 (KHTML, like Gecko) Chrome/91.0.4472.124 Safari/537.36"
170.10.163.108 - - [11/Apr/2025:15:55:10 +0000] "POST /wp-cron.php?doing_wp_cron=1744386910.4660270214080810546875 HTTP/1.1" 200 0 "-" "WordPress/6.7.2; https://www.abranoticias.com"
170.10.163.108 - - [11/Apr/2025:15:55:11 +0000] "POST /wp-admin/admin-ajax.php?action=async_litespeed&nonce=7t4RXt3LmzOTEOI48VImCPjh10jgLecg&litespeed_type=imgoptm HTTP/1.1" 200 5 "-" "WordPress/6.7.2; https://www.abranoticias.com"
217.113.194.215 - - [11/Apr/2025:15:55:09 +0000] "GET /page/6/?s=Pasto HTTP/1.1" 200 25264 "-" "Mozilla/5.0 (compatible; Barkrowler/0.9; +https://babbar.tech/crawler)"
185.191.171.8 - - [11/Apr/2025:15:55:15 +0000] "GET /2024/10/17/en-ipiales-identifican-a-joven-que-perdio-la-vida-se-habria-lanzado-a-un-pozo/ HTTP/1.1" 200 24779 "-" "Mozilla/5.0 (compatible; SemrushBot/7~bl; +http://www.semrush.com/bot.html)"
66.249.77.68 - - [11/Apr/2025:15:55:30 +0000] "GET /157754381.shtml HTTP/1.1" 200 19127 "-" "Mozilla/5.0 (Linux; Android 6.0.1; Nexus 5X Build/MMB29P) AppleWebKit/537.36 (KHTML, like Gecko) Chrome/135.0.7049.52 Mobile Safari/537.36 (compatible; Googlebot/2.1; +http://www.google.com/bot.html)"
154.83.103.115 - - [11/Apr/2025:15:55:31 +0000] "GET /?redirect=/var/www/html/settings.php HTTP/1.1" 301 0 "-" "Mozilla/5.0 (Windows NT 10.0; Win64; x64) AppleWebKit/537.36 (KHTML, like Gecko) Chrome/91.0.4472.124 Safari/537.36"
66.249.77.69 - - [11/Apr/2025:15:55:32 +0000] "GET /pcmypage?callback=product/review/ISCUB63679956 HTTP/1.1" 200 20909 "-" "Mozilla/5.0 (Linux; Android 6.0.1; Nexus 5X Build/MMB29P) AppleWebKit/537.36 (KHTML, like Gecko) Chrome/135.0.7049.52 Mobile Safari/537.36 (compatible; GoogleOther)"
154.83.103.115 - - [11/Apr/2025:15:55:33 +0000] "GET /?redirect=%2Fvar%2Fwww%2Fhtml%2Fsettings.php HTTP/1.1" 200 25906 "-" "Mozilla/5.0 (Windows NT 10.0; Win64; x64) AppleWebKit/537.36 (KHTML, like Gecko) Chrome/91.0.4472.124 Safari/537.36"
170.10.163.108 - - [11/Apr/2025:15:55:43 +0000] "POST /wp-cron.php?doing_wp_cron=1744386943.5663590431213378906250 HTTP/1.1" 200 0 "-" "WordPress/6.7.2; https://www.abranoticias.com"
154.83.103.115 - - [11/Apr/2025:15:55:43 +0000] "GET /?redirect=/var/www/html/settings.py HTTP/1.1" 301 0 "-" "Mozilla/5.0 (Windows NT 10.0; Win64; x64) AppleWebKit/537.36 (KHTML, like Gecko) Chrome/91.0.4472.124 Safari/537.36"
66.249.72.71 - - [11/Apr/2025:15:55:47 +0000] "GET /252542677.htm HTTP/1.1" 200 20014 "-" "Mozilla/5.0 (Linux; Android 6.0.1; Nexus 5X Build/MMB29P) AppleWebKit/537.36 (KHTML, like Gecko) Chrome/135.0.7049.84 Mobile Safari/537.36 (compatible; Googlebot/2.1; +http://www.google.com/bot.html)"
154.83.103.115 - - [11/Apr/2025:15:55:37 +0000] "GET /?redirect=/var/www/html/config.js HTTP/1.1" 301 0 "-" "Mozilla/5.0 (Windows NT 10.0; Win64; x64) AppleWebKit/537.36 (KHTML, like Gecko) Chrome/91.0.4472.124 Safari/537.36"
38.154.40.134 - - [11/Apr/2025:15:55:42 +0000] "GET /category/imagenes/ HTTP/1.1" 200 25121 "-" "Mozilla/5.0 (Macintosh; Intel Mac OS X 10.15; rv:78.0) Gecko/20100101 Firefox/78.0"
170.10.163.108 - - [11/Apr/2025:15:55:57 +0000] "POST /wp-cron.php?doing_wp_cron=1744386956.9770638942718505859375 HTTP/1.1" 200 0 "-" "WordPress/6.7.2; https://www.abranoticias.com"
66.249.77.69 - - [11/Apr/2025:15:55:57 +0000] "GET /364226205.shtml HTTP/1.1" 200 20546 "-" "Mozilla/5.0 (Linux; Android 6.0.1; Nexus 5X Build/MMB29P) AppleWebKit/537.36 (KHTML, like Gecko) Chrome/135.0.7049.84 Mobile Safari/537.36 (compatible; Googlebot/2.1; +http://www.google.com/bot.html)"
154.83.103.115 - - [11/Apr/2025:15:55:59 +0000] "GET /?redirect=/config/database.yml HTTP/1.1" 301 0 "-" "Mozilla/5.0 (Windows NT 10.0; Win64; x64) AppleWebKit/537.36 (KHTML, like Gecko) Chrome/91.0.4472.124 Safari/537.36"
217.113.194.217 - - [11/Apr/2025:15:56:00 +0000] "GET /page/12/?s=banda HTTP/1.1" 200 25659 "-" "Mozilla/5.0 (compatible; Barkrowler/0.9; +https://babbar.tech/crawler)"
154.83.103.115 - - [11/Apr/2025:15:55:16 +0000] "GET /?redirect=%2Fvar%2Fwww%2Fhtml%2Fsettings.json HTTP/1.1" 200 25906 "-" "Mozilla/5.0 (Windows NT 10.0; Win64; x64) AppleWebKit/537.36 (KHTML, like Gecko) Chrome/91.0.4472.124 Safari/537.36"
217.113.194.217 - - [11/Apr/2025:15:55:26 +0000] "GET /page/6/?s=pasto HTTP/1.1" 200 25268 "-" "Mozilla/5.0 (compatible; Barkrowler/0.9; +https://babbar.tech/crawler)"
170.10.163.108 - - [11/Apr/2025:15:55:40 +0000] "POST /wp-cron.php?doing_wp_cron=1744386940.3037168979644775390625 HTTP/1.1" 200 0 "-" "WordPress/6.7.2; https://www.abranoticias.com"
154.83.103.115 - - [11/Apr/2025:15:55:39 +0000] "GET /?redirect=%2Fvar%2Fwww%2Fhtml%2Fconfig.js HTTP/1.1" 200 25906 "-" "Mozilla/5.0 (Windows NT 10.0; Win64; x64) AppleWebKit/537.36 (KHTML, like Gecko) Chrome/91.0.4472.124 Safari/537.36"
217.113.194.214 - - [11/Apr/2025:15:55:42 +0000] "GET /page/6/?s=leiva HTTP/1.1" 200 24894 "-" "Mozilla/5.0 (compatible; Barkrowler/0.9; +https://babbar.tech/crawler)"
20.15.133.191 - - [11/Apr/2025:15:55:45 +0000] "GET /227108941.shtml HTTP/1.1" 200 19324 "-" "Mozilla/5.0 AppleWebKit/537.36 (KHTML, like Gecko; compatible; bingbot/2.0; +http://www.bing.com/bingbot.htm) Chrome/116.0.1938.76 Safari/537.36"
154.83.103.115 - - [11/Apr/2025:15:55:56 +0000] "GET /?redirect=%2Fvar%2Fwww%2Fhtml%2Fsettings.py HTTP/1.1" 200 25906 "-" "Mozilla/5.0 (Windows NT 10.0; Win64; x64) AppleWebKit/537.36 (KHTML, like Gecko) Chrome/91.0.4472.124 Safari/537.36"
154.83.103.115 - - [11/Apr/2025:15:56:01 +0000] "GET /?redirect=%2Fconfig%2Fdatabase.yml HTTP/1.1" 200 25904 "-" "Mozilla/5.0 (Windows NT 10.0; Win64; x64) AppleWebKit/537.36 (KHTML, like Gecko) Chrome/91.0.4472.124 Safari/537.36"
170.10.163.108 - - [11/Apr/2025:15:56:12 +0000] "POST /wp-cron.php?doing_wp_cron=1744386972.8093290328979492187500 HTTP/1.1" 200 0 "-" "WordPress/6.7.2; https://www.abranoticias.com"
217.113.194.219 - - [11/Apr/2025:15:56:16 +0000] "GET /page/11/?s=banda HTTP/1.1" 200 25424 "-" "Mozilla/5.0 (compatible; Barkrowler/0.9; +https://babbar.tech/crawler)"
154.83.103.115 - - [11/Apr/2025:15:56:26 +0000] "GET /?redirect=/var/www/html/config.php HTTP/1.1" 301 0 "-" "Mozilla/5.0 (Windows NT 10.0; Win64; x64) AppleWebKit/537.36 (KHTML, like Gecko) Chrome/91.0.4472.124 Safari/537.36"
154.83.103.115 - - [11/Apr/2025:15:56:29 +0000] "GET /?redirect=%2Fvar%2Fwww%2Fhtml%2Fconfig.php HTTP/1.1" 200 25905 "-" "Mozilla/5.0 (Windows NT 10.0; Win64; x64) AppleWebKit/537.36 (KHTML, like Gecko) Chrome/91.0.4472.124 Safari/537.36"
66.249.77.69 - - [11/Apr/2025:15:56:30 +0000] "GET /pcmypage?callback=product/review/CEG40087386 HTTP/1.1" 200 18631 "-" "Mozilla/5.0 (Linux; Android 6.0.1; Nexus 5X Build/MMB29P) AppleWebKit/537.36 (KHTML, like Gecko) Chrome/135.0.7049.52 Mobile Safari/537.36 (compatible; Googlebot/2.1; +http://www.google.com/bot.html)"
154.83.103.115 - - [11/Apr/2025:15:56:31 +0000] "GET /?redirect=/var/www/html/.htaccess HTTP/1.1" 301 0 "-" "Mozilla/5.0 (Windows NT 10.0; Win64; x64) AppleWebKit/537.36 (KHTML, like Gecko) Chrome/91.0.4472.124 Safari/537.36"
154.83.103.115 - - [11/Apr/2025:15:56:32 +0000] "GET /?redirect=%2Fvar%2Fwww%2Fhtml%2F.htaccess HTTP/1.1" 200 25905 "-" "Mozilla/5.0 (Windows NT 10.0; Win64; x64) AppleWebKit/537.36 (KHTML, like Gecko) Chrome/91.0.4472.124 Safari/537.36"
154.83.103.115 - - [11/Apr/2025:15:56:35 +0000] "GET /?redirect=http://169.254.169.254/latest/meta-data/ HTTP/1.1" 301 0 "-" "Mozilla/5.0 (Windows NT 10.0; Win64; x64) AppleWebKit/537.36 (KHTML, like Gecko) Chrome/91.0.4472.124 Safari/537.36"
154.83.103.115 - - [11/Apr/2025:15:56:36 +0000] "GET /?redirect=http%3A%2F%2F169.254.169.254%2Flatest%2Fmeta-data%2F HTTP/1.1" 200 25905 "-" "Mozilla/5.0 (Windows NT 10.0; Win64; x64) AppleWebKit/537.36 (KHTML, like Gecko) Chrome/91.0.4472.124 Safari/537.36"
170.10.163.108 - - [11/Apr/2025:15:56:13 +0000] "POST /wp-admin/admin-ajax.php?action=async_litespeed&nonce=EIeCsiRBAdJ89BkBLPUdPdvfhl0S5ncd&litespeed_type=imgoptm HTTP/1.1" 200 5 "-" "WordPress/6.7.2; https://www.abranoticias.com"
179.1.85.188 - - [11/Apr/2025:15:56:19 +0000] "GET /2025/04/11/en-sandona-allanaron-5-viviendas-este-seria-el-delito/?fbclid=IwY2xjawJmGvJleHRuA2FlbQIxMQABHvL62Cx5LfTqAq4i671m67LJwmUdHEq52VKPT8NeJ-bv4TnqDsR9IFGHNB7t_aem_MWGZA3pL1pk--9XrlDZQAg HTTP/1.1" 200 24349 "https://lm.facebook.com/" "Mozilla/5.0 (Linux; Android 15; 23117RA68G Build/AP3A.240905.015.A2; wv) AppleWebKit/537.36 (KHTML, like Gecko) Version/4.0 Chrome/135.0.7049.49 Mobile Safari/537.36 [FB_IAB/FB4A;FBAV/507.0.0.66.49;IABMV/1;]"
66.249.72.70 - - [11/Apr/2025:15:56:22 +0000] "GET /127804063.htm HTTP/1.1" 200 19833 "-" "Mozilla/5.0 (Linux; Android 6.0.1; Nexus 5X Build/MMB29P) AppleWebKit/537.36 (KHTML, like Gecko) Chrome/135.0.7049.84 Mobile Safari/537.36 (compatible; Googlebot/2.1; +http://www.google.com/bot.html)"
66.249.72.70 - - [11/Apr/2025:15:56:25 +0000] "GET /179484601.htm HTTP/1.1" 200 18716 "-" "Mozilla/5.0 (Linux; Android 6.0.1; Nexus 5X Build/MMB29P) AppleWebKit/537.36 (KHTML, like Gecko) Chrome/135.0.7049.84 Mobile Safari/537.36 (compatible; Googlebot/2.1; +http://www.google.com/bot.html)"
217.113.194.217 - - [11/Apr/2025:15:54:35 +0000] "GET /page/6/?s=banda HTTP/1.1" 200 24957 "-" "Mozilla/5.0 (compatible; Barkrowler/0.9; +https://babbar.tech/crawler)"
217.113.194.217 - - [11/Apr/2025:15:54:52 +0000] "GET /page/6/?s=gaula HTTP/1.1" 200 25444 "-" "Mozilla/5.0 (compatible; Barkrowler/0.9; +https://babbar.tech/crawler)"
52.38.23.43 - - [11/Apr/2025:15:55:11 +0000] "GET / HTTP/1.1" 200 25904 "-" "Mozilla/5.0 (X11; Ubuntu; Linux x86_64; rv:80.0) Gecko/20100101 Firefox/80.0"
