66.249.77.68 - - [11/Apr/2025:15:56:34 +0000] "GET /357293067.shtml HTTP/1.1" 200 21981 "-" "Mozilla/5.0 (Linux; Android 6.0.1; Nexus 5X Build/MMB29P) AppleWebKit/537.36 (KHTML, like Gecko) Chrome/135.0.7049.52 Mobile Safari/537.36 (compatible; GoogleOther)"
34.48.178.162 - - [11/Apr/2025:15:56:33 +0000] "GET /category/entretenimiento/feed/ HTTP/1.1" 200 10318 "-" "Mozilla/5.0 (Windows NT 6.3; WOW64; rv:33.0) Gecko/20100101 Firefox/33.0"
66.249.77.68 - - [11/Apr/2025:15:56:35 +0000] "GET /pcmypage?callback=product/review/CHG49723545 HTTP/1.1" 200 21565 "-" "Mozilla/5.0 (Linux; Android 6.0.1; Nexus 5X Build/MMB29P) AppleWebKit/537.36 (KHTML, like Gecko) Chrome/135.0.7049.52 Mobile Safari/537.36 (compatible; GoogleOther)"
66.249.77.68 - - [11/Apr/2025:15:56:36 +0000] "GET /pcmypage?callback=product/review/QOHD3941707 HTTP/1.1" 200 22288 "-" "Mozilla/5.0 (Linux; Android 6.0.1; Nexus 5X Build/MMB29P) AppleWebKit/537.36 (KHTML, like Gecko) Chrome/135.0.7049.52 Mobile Safari/537.36 (compatible; GoogleOther)"
45.167.249.149 - - [11/Apr/2025:15:56:42 +0000] "GET /wp-content/uploads/2020/10/pasto-mocondino-v%C3%ADa-1-800x387.jpg HTTP/1.1" 200 85207 "https://www.google.com/" "Mozilla/5.0 (Windows NT 10.0; Win64; x64) AppleWebKit/537.36 (KHTML, like Gecko) Chrome/135.0.0.0 Safari/537.36"
170.10.163.108 - - [11/Apr/2025:15:56:43 +0000] "POST /wp-cron.php?doing_wp_cron=1744387003.0390849113464355468750 HTTP/1.1" 200 0 "-" "WordPress/6.7.2; https://www.abranoticias.com"
109.239.229.239 - - [11/Apr/2025:15:56:37 +0000] "GET /category/opinion/ HTTP/1.1" 200 25540 "-" "Mozilla/5.0 (X11; Linux x86_64; rv:29.0) Gecko/20100101 Firefox/29.0"
109.239.229.239 - - [11/Apr/2025:15:56:37 +0000] "GET /category/noticias/ HTTP/1.1" 200 25053 "-" "Mozilla/5.0 (Windows NT 6.1; WOW64) AppleWebKit/537.36 (KHTML, like Gecko) Chrome/35.0.1916.114 Safari/537.36"
2a03:2880:32ff:8:: - - [11/Apr/2025:15:56:37 +0000] "GET /2022/02/12/richard-carapaz-contagiado-con-coronavirus-se-retiro-de-competencia/ HTTP/1.1" 200 24741 "-" "facebookexternalhit/1.1 (+http://www.facebook.com/externalhit_uatext.php)"
217.113.194.214 - - [11/Apr/2025:15:56:50 +0000] "GET /page/10/?s=banda HTTP/1.1" 200 25023 "-" "Mozilla/5.0 (compatible; Barkrowler/0.9; +https://babbar.tech/crawler)"
217.113.194.221 - - [11/Apr/2025:15:57:07 +0000] "GET /page/10/?s=ecuador HTTP/1.1" 200 25526 "-" "Mozilla/5.0 (compatible; Barkrowler/0.9; +https://babbar.tech/crawler)"
170.10.163.108 - - [11/Apr/2025:15:57:08 +0000] "POST /wp-admin/admin-ajax.php?action=async_litespeed&nonce=Gs0EEREdCO2ljv1gTNY19VWlVlT04dsp&litespeed_type=imgoptm HTTP/1.1" 200 5 "-" "WordPress/6.7.2; https://www.abranoticias.com"
66.249.77.70 - - [11/Apr/2025:15:56:34 +0000] "POST /get-message-notify HTTP/1.1" 200 19385 "https://www.abranoticias.com/pcmypage?callback=product/review/CEG40087386" "Mozilla/5.0 (Linux; Android 6.0.1; Nexus 5X Build/MMB29P) AppleWebKit/537.36 (KHTML, like Gecko) Chrome/134.0.6998.165 Mobile Safari/537.36 (compatible; Googlebot/2.1; +http://www.google.com/bot.html)"
217.113.194.219 - - [11/Apr/2025:15:56:33 +0000] "GET /page/11/?s=ecuador HTTP/1.1" 200 25805 "-" "Mozilla/5.0 (compatible; Barkrowler/0.9; +https://babbar.tech/crawler)"
109.239.229.239 - - [11/Apr/2025:15:56:37 +0000] "GET /category/entretenimiento/ HTTP/1.1" 200 25294 "-" "Mozilla/5.0 (X11; Linux x86_64; rv:29.0) Gecko/20100101 Firefox/29.0"
109.239.229.239 - - [11/Apr/2025:15:56:37 +0000] "GET /category/judicial/ HTTP/1.1" 200 25230 "-" "Mozilla/5.0 (Windows NT 6.1; WOW64) AppleWebKit/537.36 (KHTML, like Gecko) Chrome/35.0.1916.114 Safari/537.36"
109.239.229.239 - - [11/Apr/2025:15:56:37 +0000] "GET /category/deportes/ HTTP/1.1" 200 25617 "-" "Mozilla/5.0 (Windows NT 6.1; WOW64) AppleWebKit/537.36 (KHTML, like Gecko) Chrome/34.0.1847.131 Safari/537.36"
154.83.103.115 - - [11/Apr/2025:15:56:41 +0000] "GET /?redirect=http://169.254.169.254/latest/meta-data/iam/security-credentials/ HTTP/1.1" 301 0 "-" "Mozilla/5.0 (Windows NT 10.0; Win64; x64) AppleWebKit/537.36 (KHTML, like Gecko) Chrome/91.0.4472.124 Safari/537.36"
109.239.229.239 - - [11/Apr/2025:15:56:37 +0000] "GET / HTTP/1.1" 200 25905 "-" "Mozilla/5.0 (X11; Linux x86_64; rv:29.0) Gecko/20100101 Firefox/29.0"
154.83.103.115 - - [11/Apr/2025:15:56:48 +0000] "GET /?redirect=http%3A%2F%2F169.254.169.254%2Flatest%2Fmeta-data%2Fiam%2Fsecurity-credentials%2F HTTP/1.1" 200 25904 "-" "Mozilla/5.0 (Windows NT 10.0; Win64; x64) AppleWebKit/537.36 (KHTML, like Gecko) Chrome/91.0.4472.124 Safari/537.36"
170.10.163.108 - - [11/Apr/2025:15:56:51 +0000] "POST /wp-cron.php?doing_wp_cron=1744387011.3242719173431396484375 HTTP/1.1" 200 0 "-" "WordPress/6.7.2; https://www.abranoticias.com"
217.113.194.217 - - [11/Apr/2025:15:57:24 +0000] "GET /page/9/?s=ecuador HTTP/1.1" 200 25628 "-" "Mozilla/5.0 (compatible; Barkrowler/0.9; +https://babbar.tech/crawler)"
66.249.77.70 - - [11/Apr/2025:15:57:31 +0000] "GET /safe_search/config?return_url=%2Fproduct%2Fdetail%2FAMO98888528 HTTP/1.1" 200 18715 "-" "Mozilla/5.0 (Linux; Android 6.0.1; Nexus 5X Build/MMB29P) AppleWebKit/537.36 (KHTML, like Gecko) Chrome/135.0.7049.52 Mobile Safari/537.36 (compatible; Googlebot/2.1; +http://www.google.com/bot.html)"
66.249.77.68 - - [11/Apr/2025:15:57:34 +0000] "POST /get-message-notify HTTP/1.1" 200 19385 "https://www.abranoticias.com/safe_search/config?return_url=%2Fproduct%2Fdetail%2FAMO98888528" "Mozilla/5.0 (Linux; Android 6.0.1; Nexus 5X Build/MMB29P) AppleWebKit/537.36 (KHTML, like Gecko) Chrome/134.0.6998.165 Mobile Safari/537.36 (compatible; Googlebot/2.1; +http://www.google.com/bot.html)"
66.249.77.69 - - [11/Apr/2025:15:56:33 +0000] "GET /pcmypage?callback=product/review/AVB5001409 HTTP/1.1" 200 19699 "-" "Mozilla/5.0 (Linux; Android 6.0.1; Nexus 5X Build/MMB29P) AppleWebKit/537.36 (KHTML, like Gecko) Chrome/135.0.7049.52 Mobile Safari/537.36 (compatible; GoogleOther)"
179.1.85.188 - - [11/Apr/2025:15:56:33 +0000] "GET /favicon.ico HTTP/1.1" 404 1251 "https://www.abranoticias.com/2025/04/11/en-sandona-allanaron-5-viviendas-este-seria-el-delito/?fbclid=IwY2xjawJmGvJleHRuA2FlbQIxMQABHvL62Cx5LfTqAq4i671m67LJwmUdHEq52VKPT8NeJ-bv4TnqDsR9IFGHNB7t_aem_MWGZA3pL1pk--9XrlDZQAg" "Mozilla/5.0 (Linux; Android 15; 23117RA68G Build/AP3A.240905.015.A2; wv) AppleWebKit/537.36 (KHTML, like Gecko) Version/4.0 Chrome/135.0.7049.49 Mobile Safari/537.36 [FB_IAB/FB4A;FBAV/507.0.0.66.49;IABMV/1;]"
34.21.118.210 - - [11/Apr/2025:15:56:35 +0000] "GET /category/nacion/feed/ HTTP/1.1" 200 10576 "-" "Mozilla/5.0 (Windows NT 6.3; WOW64; rv:33.0) Gecko/20100101 Firefox/33.0"
109.239.229.239 - - [11/Apr/2025:15:56:37 +0000] "GET /category/region/ HTTP/1.1" 200 24981 "-" "Mozilla/5.0 (Windows NT 6.1; WOW64; rv:29.0) Gecko/20100101 Firefox/29.0"
109.239.229.239 - - [11/Apr/2025:15:56:37 +0000] "GET /category/mundo/ HTTP/1.1" 200 25502 "-" "Mozilla/5.0 (X11; Linux x86_64; rv:29.0) Gecko/20100101 Firefox/29.0"
170.10.163.108 - - [11/Apr/2025:15:57:07 +0000] "POST /wp-cron.php?doing_wp_cron=1744387027.7523639202117919921875 HTTP/1.1" 200 0 "-" "WordPress/6.7.2; https://www.abranoticias.com"
154.83.103.115 - - [11/Apr/2025:15:57:06 +0000] "GET /?redirect=http://169.254.169.254/latest/meta-data/iam/security-credentials/admin-role HTTP/1.1" 301 0 "-" "Mozilla/5.0 (Windows NT 10.0; Win64; x64) AppleWebKit/537.36 (KHTML, like Gecko) Chrome/91.0.4472.124 Safari/537.36"
154.83.103.115 - - [11/Apr/2025:15:57:09 +0000] "GET /?redirect=http%3A%2F%2F169.254.169.254%2Flatest%2Fmeta-data%2Fiam%2Fsecurity-credentials%2Fadmin-role HTTP/1.1" 200 25905 "-" "Mozilla/5.0 (Windows NT 10.0; Win64; x64) AppleWebKit/537.36 (KHTML, like Gecko) Chrome/91.0.4472.124 Safari/537.36"
154.83.103.115 - - [11/Apr/2025:15:57:12 +0000] "GET /?redirect=http://169.254.169.254/latest/user-data HTTP/1.1" 301 0 "-" "Mozilla/5.0 (Windows NT 10.0; Win64; x64) AppleWebKit/537.36 (KHTML, like Gecko) Chrome/91.0.4472.124 Safari/537.36"
154.83.103.115 - - [11/Apr/2025:15:57:16 +0000] "GET /?redirect=http%3A%2F%2F169.254.169.254%2Flatest%2Fuser-data HTTP/1.1" 200 25906 "-" "Mozilla/5.0 (Windows NT 10.0; Win64; x64) AppleWebKit/537.36 (KHTML, like Gecko) Chrome/91.0.4472.124 Safari/537.36"
154.83.103.115 - - [11/Apr/2025:15:57:19 +0000] "GET /?redirect=file:///var/www/html/.env HTTP/1.1" 301 0 "-" "Mozilla/5.0 (Windows NT 10.0; Win64; x64) AppleWebKit/537.36 (KHTML, like Gecko) Chrome/91.0.4472.124 Safari/537.36"
85.208.96.194 - - [11/Apr/2025:15:57:28 +0000] "GET /2025/04/10/que-asco-ser-pobres-frase-clasistas-y-ofensiva-de-universitarias-en-pasto/ HTTP/1.1" 200 24297 "-" "Mozilla/5.0 (compatible; SemrushBot/7~bl; +http://www.semrush.com/bot.html)"
154.83.103.115 - - [11/Apr/2025:15:57:28 +0000] "GET /?redirect=file%3A%2F%2F%2Fvar%2Fwww%2Fhtml%2F.env HTTP/1.1" 200 25906 "-" "Mozilla/5.0 (Windows NT 10.0; Win64; x64) AppleWebKit/537.36 (KHTML, like Gecko) Chrome/91.0.4472.124 Safari/537.36"
54.202.165.28 - - [11/Apr/2025:15:57:30 +0000] "GET / HTTP/1.1" 200 25906 "-" "Mozilla/5.0 (X11; Ubuntu; Linux x86_64; rv:80.0) Gecko/20100101 Firefox/80.0"
2a03:2880:25ff:8:: - - [11/Apr/2025:15:56:12 +0000] "GET /2025/04/11/en-sandona-allanaron-5-viviendas-este-seria-el-delito/ HTTP/1.1" 200 24349 "-" "facebookexternalhit/1.1 (+http://www.facebook.com/externalhit_uatext.php)"
8.29.198.25 - - [11/Apr/2025:15:56:18 +0000] "GET /feed/ HTTP/1.1" 200 10591 "-" "Feedly/1.0 (+https://feedly.com/poller.html; 1 subscribers; )"
154.83.103.115 - - [11/Apr/2025:15:57:44 +0000] "GET /?redirect=file:///var/www/html/config.json HTTP/1.1" 301 0 "-" "Mozilla/5.0 (Windows NT 10.0; Win64; x64) AppleWebKit/537.36 (KHTML, like Gecko) Chrome/91.0.4472.124 Safari/537.36"
154.83.103.115 - - [11/Apr/2025:15:57:47 +0000] "GET /?redirect=file%3A%2F%2F%2Fvar%2Fwww%2Fhtml%2Fconfig.json HTTP/1.1" 200 25906 "-" "Mozilla/5.0 (Windows NT 10.0; Win64; x64) AppleWebKit/537.36 (KHTML, like Gecko) Chrome/91.0.4472.124 Safari/537.36"
170.10.163.108 - - [11/Apr/2025:15:57:50 +0000] "POST /wp-cron.php?doing_wp_cron=1744387070.2805929183959960937500 HTTP/1.1" 200 0 "-" "WordPress/6.7.2; https://www.abranoticias.com"
154.83.103.115 - - [11/Apr/2025:15:57:49 +0000] "GET /?redirect=file:///var/www/html/settings.json HTTP/1.1" 301 0 "-" "Mozilla/5.0 (Windows NT 10.0; Win64; x64) AppleWebKit/537.36 (KHTML, like Gecko) Chrome/91.0.4472.124 Safari/537.36"
154.83.103.115 - - [11/Apr/2025:15:58:04 +0000] "GET /?redirect=file%3A%2F%2F%2Fvar%2Fwww%2Fhtml%2Fsettings.json HTTP/1.1" 200 25906 "-" "Mozilla/5.0 (Windows NT 10.0; Win64; x64) AppleWebKit/537.36 (KHTML, like Gecko) Chrome/91.0.4472.124 Safari/537.36"
217.113.194.212 - - [11/Apr/2025:15:58:13 +0000] "GET /page/8/?s=Pasto HTTP/1.1" 200 25220 "-" "Mozilla/5.0 (compatible; Barkrowler/0.9; +https://babbar.tech/crawler)"
217.113.194.217 - - [11/Apr/2025:15:58:29 +0000] "GET /tag/base-militar/amp/ HTTP/1.1" 301 0 "-" "Mozilla/5.0 (compatible; Barkrowler/0.9; +https://babbar.tech/crawler)"
185.191.171.2 - - [11/Apr/2025:15:58:37 +0000] "GET /2024/07/31/acusan-a-las-disidencias-del-crimen-de-lider-indigena/ HTTP/1.1" 200 24628 "-" "Mozilla/5.0 (compatible; SemrushBot/7~bl; +http://www.semrush.com/bot.html)"
170.10.163.108 - - [11/Apr/2025:15:58:46 +0000] "POST /wp-cron.php?doing_wp_cron=1744387126.8097739219665527343750 HTTP/1.1" 200 0 "-" "WordPress/6.7.2; https://www.abranoticias.com"
217.113.194.215 - - [11/Apr/2025:15:58:45 +0000] "GET /tag/adulto-mayor/ HTTP/1.1" 200 25369 "-" "Mozilla/5.0 (compatible; Barkrowler/0.9; +https://babbar.tech/crawler)"
66.249.77.68 - - [11/Apr/2025:15:58:49 +0000] "GET /tag/peliculas/ HTTP/1.1" 200 20852 "-" "Mozilla/5.0 (Linux; Android 6.0.1; Nexus 5X Build/MMB29P) AppleWebKit/537.36 (KHTML, like Gecko) Chrome/135.0.7049.52 Mobile Safari/537.36 (compatible; Googlebot/2.1; +http://www.google.com/bot.html)"
66.249.77.68 - - [11/Apr/2025:15:59:33 +0000] "GET /100903479.shtml HTTP/1.1" 200 19479 "-" "Mozilla/5.0 (Linux; Android 6.0.1; Nexus 5X Build/MMB29P) AppleWebKit/537.36 (KHTML, like Gecko) Chrome/135.0.7049.84 Mobile Safari/537.36 (compatible; Googlebot/2.1; +http://www.google.com/bot.html)"
66.249.77.68 - - [11/Apr/2025:15:59:48 +0000] "GET /360179831.shtml HTTP/1.1" 200 20002 "-" "Mozilla/5.0 (compatible; Googlebot/2.1; +http://www.google.com/bot.html)"
217.113.194.216 - - [11/Apr/2025:15:59:51 +0000] "GET /tag/equidad/amp/ HTTP/1.1" 301 0 "-" "Mozilla/5.0 (compatible; Barkrowler/0.9; +https://babbar.tech/crawler)"
66.249.77.68 - - [11/Apr/2025:15:59:58 +0000] "GET /252550333.shtml HTTP/1.1" 200 20174 "-" "Mozilla/5.0 (Linux; Android 6.0.1; Nexus 5X Build/MMB29P) AppleWebKit/537.36 (KHTML, like Gecko) Chrome/135.0.7049.84 Mobile Safari/537.36 (compatible; Googlebot/2.1; +http://www.google.com/bot.html)"
170.10.163.108 - - [11/Apr/2025:16:00:08 +0000] "POST /wp-admin/admin-ajax.php?action=async_litespeed&nonce=sGBr7biU5JGGoXuIUJYVwBsnneMrJjwe&litespeed_type=imgoptm HTTP/1.1" 200 5 "-" "WordPress/6.7.2; https://www.abranoticias.com"
66.249.77.69 - - [11/Apr/2025:16:00:16 +0000] "GET /85870639.shtml HTTP/1.1" 200 18443 "-" "Mozilla/5.0 (Linux; Android 6.0.1; Nexus 5X Build/MMB29P) AppleWebKit/537.36 (KHTML, like Gecko) Chrome/135.0.7049.84 Mobile Safari/537.36 (compatible; Googlebot/2.1; +http://www.google.com/bot.html)"
217.113.194.212 - - [11/Apr/2025:16:00:23 +0000] "GET /tag/santafe/amp/ HTTP/1.1" 301 0 "-" "Mozilla/5.0 (compatible; Barkrowler/0.9; +https://babbar.tech/crawler)"
217.113.194.214 - - [11/Apr/2025:15:57:57 +0000] "GET /page/8/?s=banda HTTP/1.1" 200 24598 "-" "Mozilla/5.0 (compatible; Barkrowler/0.9; +https://babbar.tech/crawler)"
170.10.163.108 - - [11/Apr/2025:15:58:09 +0000] "POST /wp-admin/admin-ajax.php?action=async_litespeed&nonce=C3q3ta0CxG9BxewvWokDBpxUO4MVJWnB&litespeed_type=imgoptm HTTP/1.1" 200 5 "-" "WordPress/6.7.2; https://www.abranoticias.com"
66.249.77.68 - - [11/Apr/2025:15:58:18 +0000] "GET /277397463.shtml HTTP/1.1" 200 19223 "-" "Mozilla/5.0 (Linux; Android 6.0.1; Nexus 5X Build/MMB29P) AppleWebKit/537.36 (KHTML, like Gecko) Chrome/135.0.7049.84 Mobile Safari/537.36 (compatible; Googlebot/2.1; +http://www.google.com/bot.html)"
154.83.103.115 - - [11/Apr/2025:15:58:25 +0000] "GET /?redirect=file:///var/www/html/.htaccess HTTP/1.1" 301 0 "-" "Mozilla/5.0 (Windows NT 10.0; Win64; x64) AppleWebKit/537.36 (KHTML, like Gecko) Chrome/91.0.4472.124 Safari/537.36"
66.249.77.68 - - [11/Apr/2025:15:58:31 +0000] "GET /pcmypage?callback=product/review/EMVSG158986908 HTTP/1.1" 200 18945 "-" "Mozilla/5.0 (Linux; Android 6.0.1; Nexus 5X Build/MMB29P) AppleWebKit/537.36 (KHTML, like Gecko) Chrome/135.0.7049.52 Mobile Safari/537.36 (compatible; Googlebot/2.1; +http://www.google.com/bot.html)"
154.83.103.115 - - [11/Apr/2025:15:58:37 +0000] "GET /?redirect=file%3A%2F%2F%2Fvar%2Fwww%2Fhtml%2F.htaccess HTTP/1.1" 200 25906 "-" "Mozilla/5.0 (Windows NT 10.0; Win64; x64) AppleWebKit/537.36 (KHTML, like Gecko) Chrome/91.0.4472.124 Safari/537.36"
66.249.77.68 - - [11/Apr/2025:15:58:52 +0000] "POST /get-message-notify HTTP/1.1" 200 19385 "https://www.abranoticias.com/tag/peliculas/" "Mozilla/5.0 (Linux; Android 6.0.1; Nexus 5X Build/MMB29P) AppleWebKit/537.36 (KHTML, like Gecko) Chrome/134.0.6998.165 Mobile Safari/537.36 (compatible; Googlebot/2.1; +http://www.google.com/bot.html)"
66.249.77.69 - - [11/Apr/2025:15:59:00 +0000] "GET /175545275.shtml HTTP/1.1" 200 19462 "-" "Mozilla/5.0 (Linux; Android 6.0.1; Nexus 5X Build/MMB29P) AppleWebKit/537.36 (KHTML, like Gecko) Chrome/135.0.7049.84 Mobile Safari/537.36 (compatible; Googlebot/2.1; +http://www.google.com/bot.html)"
217.113.194.215 - - [11/Apr/2025:15:59:02 +0000] "GET /tag/adulta-mayor/ HTTP/1.1" 200 23219 "-" "Mozilla/5.0 (compatible; Barkrowler/0.9; +https://babbar.tech/crawler)"
185.191.171.14 - - [11/Apr/2025:15:59:15 +0000] "GET /2021/08/26/naye-detenida-tras-haber-robado-a-conductor-de-taxi-en-pasto/ HTTP/1.1" 200 24365 "-" "Mozilla/5.0 (compatible; SemrushBot/7~bl; +http://www.semrush.com/bot.html)"
20.15.133.191 - - [11/Apr/2025:15:59:33 +0000] "GET /?s=cobran%C3%A7a+de+taxa+pelo+uso+da+%C3%A1gua+por+lan%C3%A7amento+de+efluentes HTTP/1.1" 200 19240 "-" "Mozilla/5.0 AppleWebKit/537.36 (KHTML, like Gecko; compatible; bingbot/2.0; +http://www.bing.com/bingbot.htm) Chrome/116.0.1938.76 Safari/537.36"
217.156.65.24 - - [11/Apr/2025:15:59:41 +0000] "POST /wp-login.php HTTP/1.1" 200 0 "https://www.abranoticias.com" "Mozilla/5.0 (Windows NT 10.0; Win64; x64; rv:127.0) Gecko/20100101 Firefox/127.0"
66.249.77.70 - - [11/Apr/2025:16:00:06 +0000] "POST /get-message-notify HTTP/1.1" 200 19383 "https://www.abranoticias.com/360179831.shtml" "Mozilla/5.0 AppleWebKit/537.36 (KHTML, like Gecko; compatible; Googlebot/2.1; +http://www.google.com/bot.html) Chrome/134.0.6998.165 Safari/537.36"
170.10.163.108 - - [11/Apr/2025:16:00:08 +0000] "POST /wp-cron.php?doing_wp_cron=1744387208.1320159435272216796875 HTTP/1.1" 200 0 "-" "WordPress/6.7.2; https://www.abranoticias.com"
217.113.194.221 - - [11/Apr/2025:16:00:07 +0000] "GET /tag/santafe/feed/ HTTP/1.1" 200 1615 "-" "Mozilla/5.0 (compatible; Barkrowler/0.9; +https://babbar.tech/crawler)"
34.48.178.162 - - [11/Apr/2025:16:00:23 +0000] "GET /category/judicial/feed/ HTTP/1.1" 200 8243 "-" "Mozilla/5.0 (Windows NT 6.3; WOW64; rv:33.0) Gecko/20100101 Firefox/33.0"
38.154.40.10 - - [11/Apr/2025:16:00:25 +0000] "GET /author/midiariodepasto/page/6/ HTTP/1.1" 200 25222 "-" "Mozilla/5.0 (Macintosh; Intel Mac OS X 10.15; rv:78.0) Gecko/20100101 Firefox/78.0"
170.10.163.108 - - [11/Apr/2025:15:57:41 +0000] "POST /wp-cron.php?doing_wp_cron=1744387061.2962300777435302734375 HTTP/1.1" 200 0 "-" "WordPress/6.7.2; https://www.abranoticias.com"
217.113.194.219 - - [11/Apr/2025:15:57:40 +0000] "GET /page/9/?s=banda HTTP/1.1" 200 24783 "-" "Mozilla/5.0 (compatible; Barkrowler/0.9; +https://babbar.tech/crawler)"
66.249.77.68 - - [11/Apr/2025:15:57:58 +0000] "GET /wp-content/uploads/2021/06/chachagui-hospital-800x387.jpg HTTP/1.1" 200 61311 "-" "Googlebot-Image/1.0"
66.249.77.69 - - [11/Apr/2025:15:58:06 +0000] "GET /19405161.shtml HTTP/1.1" 200 18549 "-" "Mozilla/5.0 (Linux; Android 6.0.1; Nexus 5X Build/MMB29P) AppleWebKit/537.36 (KHTML, like Gecko) Chrome/135.0.7049.84 Mobile Safari/537.36 (compatible; Googlebot/2.1; +http://www.google.com/bot.html)"
85.208.96.209 - - [11/Apr/2025:15:58:35 +0000] "GET /2022/05/19/torrencial-aguacero-inundo-barrios-en-el-tambo/ HTTP/1.1" 200 24325 "-" "Mozilla/5.0 (compatible; SemrushBot/7~bl; +http://www.semrush.com/bot.html)"
2a03:2880:ff:70:: - - [11/Apr/2025:15:58:46 +0000] "GET /2025/04/08/policia-y-bomberos-controlaron-incendio-en-barrio-de-pasto/ HTTP/1.1" 200 24152 "-" "facebookexternalhit/1.1 (+http://www.facebook.com/externalhit_uatext.php)"
170.10.163.108 - - [11/Apr/2025:15:59:03 +0000] "POST /wp-cron.php?doing_wp_cron=1744387143.4534420967102050781250 HTTP/1.1" 200 0 "-" "WordPress/6.7.2; https://www.abranoticias.com"
170.10.163.108 - - [11/Apr/2025:15:59:12 +0000] "POST /wp-admin/admin-ajax.php?action=async_litespeed&nonce=xXggzYvnKdLK7P5KLZAu7Mow6OLP5XAj&litespeed_type=imgoptm HTTP/1.1" 200 5 "-" "WordPress/6.7.2; https://www.abranoticias.com"
34.48.178.162 - - [11/Apr/2025:15:59:13 +0000] "GET /category/imagenes/feed/ HTTP/1.1" 200 9951 "-" "Mozilla/5.0 (Windows NT 6.3; WOW64; rv:33.0) Gecko/20100101 Firefox/33.0"
217.113.194.221 - - [11/Apr/2025:15:59:19 +0000] "GET /tag/adulto/amp/ HTTP/1.1" 301 0 "-" "Mozilla/5.0 (compatible; Barkrowler/0.9; +https://babbar.tech/crawler)"
217.113.194.217 - - [11/Apr/2025:15:59:35 +0000] "GET /tag/identificados/feed/ HTTP/1.1" 200 1651 "-" "Mozilla/5.0 (compatible; Barkrowler/0.9; +https://babbar.tech/crawler)"
170.10.163.108 - - [11/Apr/2025:15:59:52 +0000] "POST /wp-cron.php?doing_wp_cron=1744387192.0322160720825195312500 HTTP/1.1" 200 0 "-" "WordPress/6.7.2; https://www.abranoticias.com"
52.38.23.43 - - [11/Apr/2025:16:00:10 +0000] "GET / HTTP/1.1" 200 25904 "-" "Mozilla/5.0 (X11; Ubuntu; Linux x86_64; rv:80.0) Gecko/20100101 Firefox/80.0"
170.10.163.108 - - [11/Apr/2025:16:00:52 +0000] "POST /wp-cron.php?doing_wp_cron=1744387252.5567970275878906250000 HTTP/1.1" 200 0 "-" "WordPress/6.7.2; https://www.abranoticias.com"
217.113.194.221 - - [11/Apr/2025:16:00:55 +0000] "GET /tag/conductor/amp/ HTTP/1.1" 301 0 "-" "Mozilla/5.0 (compatible; Barkrowler/0.9; +https://babbar.tech/crawler)"
223.109.252.236 - - [11/Apr/2025:16:01:03 +0000] "GET / HTTP/1.1" 200 25905 "-" "Sogou web spider/4.0(+http://www.sogou.com/docs/help/webmasters.htm#07)"
170.10.163.108 - - [11/Apr/2025:16:01:11 +0000] "POST /wp-cron.php?doing_wp_cron=1744387271.8410749435424804687500 HTTP/1.1" 200 0 "-" "WordPress/6.7.2; https://www.abranoticias.com"
66.249.72.69 - - [11/Apr/2025:16:01:31 +0000] "GET /357330073.htm HTTP/1.1" 200 19167 "-" "Mozilla/5.0 (Linux; Android 6.0.1; Nexus 5X Build/MMB29P) AppleWebKit/537.36 (KHTML, like Gecko) Chrome/135.0.7049.52 Mobile Safari/537.36 (compatible; Googlebot/2.1; +http://www.google.com/bot.html)"
217.113.194.215 - - [11/Apr/2025:16:01:43 +0000] "GET /tag/conductor/page/3/ HTTP/1.1" 200 25665 "-" "Mozilla/5.0 (compatible; Barkrowler/0.9; +https://babbar.tech/crawler)"
34.48.178.162 - - [11/Apr/2025:16:01:44 +0000] "GET /author/midiariodepasto/feed/ HTTP/1.1" 200 10602 "-" "Mozilla/5.0 (Windows NT 6.3; WOW64; rv:33.0) Gecko/20100101 Firefox/33.0"
170.10.163.108 - - [11/Apr/2025:16:01:54 +0000] "POST /wp-cron.php?doing_wp_cron=1744387314.7380599975585937500000 HTTP/1.1" 200 0 "-" "WordPress/6.7.2; https://www.abranoticias.com"
18.214.138.148 - - [11/Apr/2025:16:00:29 +0000] "GET /category/mundo/ HTTP/1.1" 200 25504 "-" "Mozilla/5.0 AppleWebKit/537.36 (KHTML, like Gecko; compatible; Amazonbot/0.1; +https://developer.amazon.com/support/amazonbot) Chrome/119.0.6045.214 Safari/537.36"
217.113.194.219 - - [11/Apr/2025:16:00:39 +0000] "GET /tag/conductor-de-moto/ HTTP/1.1" 404 0 "-" "Mozilla/5.0 (compatible; Barkrowler/0.9; +https://babbar.tech/crawler)"
190.90.154.76 - - [11/Apr/2025:16:00:51 +0000] "GET /2025/04/09/sicario-acuso-a-mujer-de-haber-enviado-a-matar-a-su-esposo/?fbclid=IwY2xjawJmHANleHRuA2FlbQIxMQABHnBP19LaWUruBuy9JV1qnO0uqsxzk9e306FiM0tGkuPPWycBT_ZwxWEb10Sp_aem_F1bkyQC0_e6V045QF3NP0Q HTTP/1.1" 200 24376 "https://lm.facebook.com/" "Mozilla/5.0 (Linux; Android 14; SM-A525M Build/UP1A.231005.007; wv) AppleWebKit/537.36 (KHTML, like Gecko) Version/4.0 Chrome/135.0.7049.49 Mobile Safari/537.36 [FB_IAB/FB4A;FBAV/507.0.0.66.49;IABMV/1;]"
190.90.154.76 - - [11/Apr/2025:16:00:56 +0000] "GET /favicon.ico HTTP/1.1" 404 1251 "https://www.abranoticias.com/2025/04/09/sicario-acuso-a-mujer-de-haber-enviado-a-matar-a-su-esposo/?fbclid=IwY2xjawJmHANleHRuA2FlbQIxMQABHnBP19LaWUruBuy9JV1qnO0uqsxzk9e306FiM0tGkuPPWycBT_ZwxWEb10Sp_aem_F1bkyQC0_e6V045QF3NP0Q" "Mozilla/5.0 (Linux; Android 14; SM-A525M Build/UP1A.231005.007; wv) AppleWebKit/537.36 (KHTML, like Gecko) Version/4.0 Chrome/135.0.7049.49 Mobile Safari/537.36 [FB_IAB/FB4A;FBAV/507.0.0.66.49;IABMV/1;]"
154.54.249.216 - - [11/Apr/2025:16:01:11 +0000] "GET /tag/conductor-faber/ HTTP/1.1" 200 22766 "-" "Mozilla/5.0 (compatible; Barkrowler/0.9; +https://babbar.tech/crawler)"
170.10.163.108 - - [11/Apr/2025:16:01:12 +0000] "POST /wp-admin/admin-ajax.php?action=async_litespeed&nonce=iYL8vIOoIU1g6XbQsIoRu5IuGFhrMF9G&litespeed_type=imgoptm HTTP/1.1" 200 5 "-" "WordPress/6.7.2; https://www.abranoticias.com"
66.249.77.67 - - [11/Apr/2025:16:01:32 +0000] "GET /pcmypage?callback=product%2Fdetail%2FZLCHU24386415 HTTP/1.1" 200 21437 "-" "Mozilla/5.0 (Linux; Android 6.0.1; Nexus 5X Build/MMB29P) AppleWebKit/537.36 (KHTML, like Gecko) Chrome/135.0.7049.52 Mobile Safari/537.36 (compatible; Googlebot/2.1; +http://www.google.com/bot.html)"
170.10.163.108 - - [11/Apr/2025:16:01:44 +0000] "POST /wp-cron.php?doing_wp_cron=1744387304.4402759075164794921875 HTTP/1.1" 200 0 "-" "WordPress/6.7.2; https://www.abranoticias.com"
2a03:2880:20ff:44:: - - [11/Apr/2025:16:01:50 +0000] "GET /wp-content/uploads/2023/04/pasto-chile-capturado-1.jpg HTTP/1.1" 200 214273 "-" "facebookexternalhit/1.1 (+http://www.facebook.com/externalhit_uatext.php)"
109.239.229.239 - - [11/Apr/2025:16:01:49 +0000] "GET /category/mundo/ HTTP/1.1" 200 25504 "-" "Mozilla/5.0 (Windows NT 6.1; WOW64) AppleWebKit/537.36 (KHTML, like Gecko) Chrome/34.0.1847.137 Safari/537.36"
66.249.72.71 - - [11/Apr/2025:16:02:04 +0000] "GET /67488871.htm HTTP/1.1" 200 20463 "-" "Mozilla/5.0 (Linux; Android 6.0.1; Nexus 5X Build/MMB29P) AppleWebKit/537.36 (KHTML, like Gecko) Chrome/135.0.7049.52 Mobile Safari/537.36 (compatible; Googlebot/2.1; +http://www.google.com/bot.html)"
66.249.72.69 - - [11/Apr/2025:16:02:13 +0000] "POST /get-message-notify HTTP/1.1" 200 19804 "https://abranoticias.com/67488871.htm" "Mozilla/5.0 (Linux; Android 6.0.1; Nexus 5X Build/MMB29P) AppleWebKit/537.36 (KHTML, like Gecko) Chrome/134.0.6998.165 Mobile Safari/537.36 (compatible; Googlebot/2.1; +http://www.google.com/bot.html)"
217.113.194.213 - - [11/Apr/2025:16:02:16 +0000] "GET /tag/conductor/page/4/ HTTP/1.1" 200 25062 "-" "Mozilla/5.0 (compatible; Barkrowler/0.9; +https://babbar.tech/crawler)"
217.113.194.221 - - [11/Apr/2025:16:02:32 +0000] "GET /tag/conductor/feed/ HTTP/1.1" 200 8576 "-" "Mozilla/5.0 (compatible; Barkrowler/0.9; +https://babbar.tech/crawler)"
107.23.62.75 - - [11/Apr/2025:16:00:33 +0000] "GET /category/deportes/ HTTP/1.1" 404 0 "-" "Mozilla/5.0 AppleWebKit/537.36 (KHTML, like Gecko; compatible; Amazonbot/0.1; +https://developer.amazon.com/support/amazonbot) Chrome/119.0.6045.214 Safari/537.36"
54.37.20.219 - - [11/Apr/2025:16:01:15 +0000] "GET /category/deportes/feed HTTP/1.1" 200 19152 "-" "Feedfetcher-Google; (+http://www.google.com/feedfetcher.html; feed-id=8639390370582375869)"
66.249.77.68 - - [11/Apr/2025:16:01:18 +0000] "GET /301920439.shtml HTTP/1.1" 200 22830 "-" "Mozilla/5.0 (Linux; Android 6.0.1; Nexus 5X Build/MMB29P) AppleWebKit/537.36 (KHTML, like Gecko) Chrome/135.0.7049.84 Mobile Safari/537.36 (compatible; Googlebot/2.1; +http://www.google.com/bot.html)"
217.113.194.213 - - [11/Apr/2025:16:01:27 +0000] "GET /tag/conductor/page/2/ HTTP/1.1" 200 25262 "-" "Mozilla/5.0 (compatible; Barkrowler/0.9; +https://babbar.tech/crawler)"
66.249.77.66 - - [11/Apr/2025:16:01:36 +0000] "GET /safe_search/config?return_url=%2Fproduct%2Fdetail%2FMWLCD54280365 HTTP/1.1" 200 30425 "-" "Mozilla/5.0 (Linux; Android 6.0.1; Nexus 5X Build/MMB29P) AppleWebKit/537.36 (KHTML, like Gecko) Chrome/135.0.7049.52 Mobile Safari/537.36 (compatible; GoogleOther)"
2a03:2880:2ff:7:: - - [11/Apr/2025:16:01:52 +0000] "GET /wp-content/uploads/2023/03/ipiales-banda-los-de-la-14.jpg HTTP/1.1" 200 256554 "-" "facebookexternalhit/1.1 (+http://www.facebook.com/externalhit_uatext.php)"
109.239.229.239 - - [11/Apr/2025:16:01:49 +0000] "GET /category/noticias/ HTTP/1.1" 200 25055 "-" "Mozilla/5.0 (Windows NT 6.1; WOW64) AppleWebKit/537.36 (KHTML, like Gecko) Chrome/34.0.1847.131 Safari/537.36"
109.239.229.239 - - [11/Apr/2025:16:01:49 +0000] "GET /category/judicial/ HTTP/1.1" 200 25229 "-" "Mozilla/5.0 (X11; Linux x86_64; rv:29.0) Gecko/20100101 Firefox/29.0"
109.239.229.239 - - [11/Apr/2025:16:01:50 +0000] "GET /category/opinion/ HTTP/1.1" 200 25541 "-" "Mozilla/5.0 (Windows NT 6.1; WOW64) AppleWebKit/537.36 (KHTML, like Gecko) Chrome/34.0.1847.131 Safari/537.36"
66.249.72.69 - - [11/Apr/2025:16:02:36 +0000] "GET /search?category=&search_word=&restrict[]=person_id(int)=DLCF HTTP/1.1" 200 19240 "-" "Mozilla/5.0 (Linux; Android 6.0.1; Nexus 5X Build/MMB29P) AppleWebKit/537.36 (KHTML, like Gecko) Chrome/135.0.7049.52 Mobile Safari/537.36 (compatible; Googlebot/2.1; +http://www.google.com/bot.html)"
66.249.77.68 - - [11/Apr/2025:16:02:37 +0000] "GET /pcmypage?callback=/product%2Fdetail%2FIUO271395107 HTTP/1.1" 200 19178 "-" "Mozilla/5.0 (Linux; Android 6.0.1; Nexus 5X Build/MMB29P) AppleWebKit/537.36 (KHTML, like Gecko) Chrome/135.0.7049.52 Mobile Safari/537.36 (compatible; GoogleOther)"
154.54.249.216 - - [11/Apr/2025:16:02:49 +0000] "GET /tag/tumaco/page/3/ HTTP/1.1" 200 25564 "-" "Mozilla/5.0 (compatible; Barkrowler/0.9; +https://babbar.tech/crawler)"
66.249.77.66 - - [11/Apr/2025:16:02:59 +0000] "POST /get-message-notify HTTP/1.1" 200 19383 "https://www.abranoticias.com/search?category=&search_word=&restrict[]=person_id(int)=OBI" "Mozilla/5.0 (Linux; Android 6.0.1; Nexus 5X Build/MMB29P) AppleWebKit/537.36 (KHTML, like Gecko) Chrome/134.0.6998.165 Mobile Safari/537.36 (compatible; Googlebot/2.1; +http://www.google.com/bot.html)"
66.249.77.67 - - [11/Apr/2025:16:03:09 +0000] "GET /pcmypage?callback=product/review/RSL48249824 HTTP/1.1" 200 19956 "-" "Mozilla/5.0 (Linux; Android 6.0.1; Nexus 5X Build/MMB29P) AppleWebKit/537.36 (KHTML, like Gecko) Chrome/135.0.7049.52 Mobile Safari/537.36 (compatible; Googlebot/2.1; +http://www.google.com/bot.html)"
66.249.77.67 - - [11/Apr/2025:16:03:10 +0000] "GET /37642087.shtml HTTP/1.1" 200 19448 "-" "Mozilla/5.0 (Linux; Android 6.0.1; Nexus 5X Build/MMB29P) AppleWebKit/537.36 (KHTML, like Gecko) Chrome/135.0.7049.52 Mobile Safari/537.36 (compatible; Googlebot/2.1; +http://www.google.com/bot.html)"
191.156.14.63 - - [11/Apr/2025:16:02:45 +0000] "GET /2025/04/11/en-sandona-allanaron-5-viviendas-este-seria-el-delito/?fbclid=IwY2xjawJmHHRleHRuA2FlbQIxMQABHm3o8sMhuEAMVvbLl0c8-MSlpyTN78CbBHDDYlBBnf9H1I7DSMvml33JFwWg_aem_8k89AOrKJGdMHyVqsbsfzA HTTP/1.1" 200 24349 "https://lm.facebook.com/" "Mozilla/5.0 (Linux; Android 11; Silver Max Lite 2 Build/RP1A.200720.011; wv) AppleWebKit/537.36 (KHTML, like Gecko) Version/4.0 Chrome/135.0.7049.38 Mobile Safari/537.36 [FB_IAB/FB4A;FBAV/492.0.0.127.80;]"
191.156.14.63 - - [11/Apr/2025:16:03:03 +0000] "GET /2025/04/11/en-sandona-allanaron-5-viviendas-este-seria-el-delito/?fbclid=IwY2xjawJmHIdleHRuA2FlbQIxMQABHm3o8sMhuEAMVvbLl0c8-MSlpyTN78CbBHDDYlBBnf9H1I7DSMvml33JFwWg_aem_8k89AOrKJGdMHyVqsbsfzA HTTP/1.1" 200 24349 "https://lm.facebook.com/" "Mozilla/5.0 (Linux; Android 11; Silver Max Lite 2 Build/RP1A.200720.011; wv) AppleWebKit/537.36 (KHTML, like Gecko) Version/4.0 Chrome/135.0.7049.38 Mobile Safari/537.36 [FB_IAB/FB4A;FBAV/492.0.0.127.80;]"
217.113.194.215 - - [11/Apr/2025:16:03:05 +0000] "GET /tag/tumaco/page/4/ HTTP/1.1" 200 25699 "-" "Mozilla/5.0 (compatible; Barkrowler/0.9; +https://babbar.tech/crawler)"
66.249.72.69 - - [11/Apr/2025:16:03:11 +0000] "GET /pcmypage?callback=/product%2Fdetail%2FPCFG67830707 HTTP/1.1" 200 19696 "-" "Mozilla/5.0 (Linux; Android 6.0.1; Nexus 5X Build/MMB29P) AppleWebKit/537.36 (KHTML, like Gecko) Chrome/135.0.7049.52 Mobile Safari/537.36 (compatible; Googlebot/2.1; +http://www.google.com/bot.html)"
191.156.14.63 - - [11/Apr/2025:16:03:13 +0000] "GET /favicon.ico HTTP/1.1" 404 1251 "https://www.abranoticias.com/2025/04/11/en-sandona-allanaron-5-viviendas-este-seria-el-delito/?fbclid=IwY2xjawJmHIdleHRuA2FlbQIxMQABHm3o8sMhuEAMVvbLl0c8-MSlpyTN78CbBHDDYlBBnf9H1I7DSMvml33JFwWg_aem_8k89AOrKJGdMHyVqsbsfzA" "Mozilla/5.0 (Linux; Android 11; Silver Max Lite 2 Build/RP1A.200720.011; wv) AppleWebKit/537.36 (KHTML, like Gecko) Version/4.0 Chrome/135.0.7049.38 Mobile Safari/537.36 [FB_IAB/FB4A;FBAV/492.0.0.127.80;]"
193.47.239.124 - - [11/Apr/2025:16:03:20 +0000] "GET /author/midiariodepasto/page/8/ HTTP/1.1" 200 25321 "-" "Mozilla/5.0 (Macintosh; Intel Mac OS X 10.15; rv:78.0) Gecko/20100101 Firefox/78.0"
2a03:2880:22ff:4e:: - - [11/Apr/2025:16:03:28 +0000] "GET /2023/07/13/cayo-en-popayan-uno-de-los-mas-buscados-en-pasto/ HTTP/1.1" 200 24963 "-" "facebookexternalhit/1.1 (+http://www.facebook.com/externalhit_uatext.php)"
2a03:2880:22ff:42:: - - [11/Apr/2025:16:03:28 +0000] "GET /2023/07/13/cayo-en-popayan-uno-de-los-mas-buscados-en-pasto/ HTTP/1.1" 200 24963 "-" "facebookexternalhit/1.1 (+http://www.facebook.com/externalhit_uatext.php)"
217.113.194.212 - - [11/Apr/2025:16:03:54 +0000] "GET /tag/tumaco/amp/ HTTP/1.1" 301 0 "-" "Mozilla/5.0 (compatible; Barkrowler/0.9; +https://babbar.tech/crawler)"
170.10.163.108 - - [11/Apr/2025:16:04:09 +0000] "POST /wp-admin/admin-ajax.php?action=async_litespeed&nonce=PohlAQRB9oB8alVdB2gXNTLGm9zMpl6Y&litespeed_type=imgoptm HTTP/1.1" 200 5 "-" "WordPress/6.7.2; https://www.abranoticias.com"
185.191.171.5 - - [11/Apr/2025:16:04:10 +0000] "GET /2023/06/27/en-pasto-un-hombre-le-puso-fin-a-su-vida/ HTTP/1.1" 200 25043 "-" "Mozilla/5.0 (compatible; SemrushBot/7~bl; +http://www.semrush.com/bot.html)"
217.113.194.216 - - [11/Apr/2025:16:04:11 +0000] "GET /tag/tumaco/page/2/ HTTP/1.1" 200 25429 "-" "Mozilla/5.0 (compatible; Barkrowler/0.9; +https://babbar.tech/crawler)"
66.249.77.67 - - [11/Apr/2025:16:04:16 +0000] "GET /343575143.shtml HTTP/1.1" 200 22008 "-" "Mozilla/5.0 (Linux; Android 6.0.1; Nexus 5X Build/MMB29P) AppleWebKit/537.36 (KHTML, like Gecko) Chrome/135.0.7049.52 Mobile Safari/537.36 (compatible; Googlebot/2.1; +http://www.google.com/bot.html)"
66.249.77.67 - - [11/Apr/2025:16:04:16 +0000] "GET /354582227.shtml HTTP/1.1" 200 19320 "-" "Mozilla/5.0 (Linux; Android 6.0.1; Nexus 5X Build/MMB29P) AppleWebKit/537.36 (KHTML, like Gecko) Chrome/135.0.7049.52 Mobile Safari/537.36 (compatible; Googlebot/2.1; +http://www.google.com/bot.html)"
109.239.229.239 - - [11/Apr/2025:16:01:50 +0000] "GET /category/entretenimiento/ HTTP/1.1" 200 25292 "-" "Mozilla/5.0 (Windows NT 6.1; WOW64) AppleWebKit/537.36 (KHTML, like Gecko) Chrome/34.0.1847.137 Safari/537.36"
109.239.229.239 - - [11/Apr/2025:16:01:50 +0000] "GET /category/deportes/ HTTP/1.1" 200 25616 "-" "Mozilla/5.0 (Windows NT 6.1; WOW64; rv:29.0) Gecko/20100101 Firefox/29.0"
109.239.229.239 - - [11/Apr/2025:16:01:50 +0000] "GET / HTTP/1.1" 200 25905 "-" "Mozilla/5.0 (X11; Linux x86_64; rv:29.0) Gecko/20100101 Firefox/29.0"
109.239.229.239 - - [11/Apr/2025:16:01:49 +0000] "GET /category/region/ HTTP/1.1" 200 24980 "-" "Mozilla/5.0 (X11; Linux x86_64; rv:29.0) Gecko/20100101 Firefox/29.0"
217.113.194.212 - - [11/Apr/2025:16:02:00 +0000] "GET /tag/conductor/page/5/ HTTP/1.1" 200 23366 "-" "Mozilla/5.0 (compatible; Barkrowler/0.9; +https://babbar.tech/crawler)"
170.10.163.108 - - [11/Apr/2025:16:02:09 +0000] "POST /wp-admin/admin-ajax.php?action=async_litespeed&nonce=JZcadeOvrmpnSaOcSQON9Z1eTMIgYvbJ&litespeed_type=imgoptm HTTP/1.1" 200 5 "-" "WordPress/6.7.2; https://www.abranoticias.com"
54.202.165.28 - - [11/Apr/2025:16:02:32 +0000] "GET / HTTP/1.1" 200 25904 "-" "Mozilla/5.0 (X11; Ubuntu; Linux x86_64; rv:80.0) Gecko/20100101 Firefox/80.0"
66.249.72.71 - - [11/Apr/2025:16:03:10 +0000] "GET /product/edit/OUXL30564995 HTTP/1.1" 200 18674 "-" "Mozilla/5.0 (Linux; Android 6.0.1; Nexus 5X Build/MMB29P) AppleWebKit/537.36 (KHTML, like Gecko) Chrome/135.0.7049.52 Mobile Safari/537.36 (compatible; Googlebot/2.1; +http://www.google.com/bot.html)"
66.249.72.71 - - [11/Apr/2025:16:03:11 +0000] "GET /370745797.htm HTTP/1.1" 200 20169 "-" "Mozilla/5.0 (Linux; Android 6.0.1; Nexus 5X Build/MMB29P) AppleWebKit/537.36 (KHTML, like Gecko) Chrome/135.0.7049.52 Mobile Safari/537.36 (compatible; Googlebot/2.1; +http://www.google.com/bot.html)"
66.249.77.68 - - [11/Apr/2025:16:03:12 +0000] "POST /get-message-notify HTTP/1.1" 200 19383 "https://www.abranoticias.com/pcmypage?callback=product/review/RSL48249824" "Mozilla/5.0 (Linux; Android 6.0.1; Nexus 5X Build/MMB29P) AppleWebKit/537.36 (KHTML, like Gecko) Chrome/134.0.6998.165 Mobile Safari/537.36 (compatible; Googlebot/2.1; +http://www.google.com/bot.html)"
170.10.163.108 - - [11/Apr/2025:16:03:21 +0000] "POST /wp-cron.php?doing_wp_cron=1744387401.5546960830688476562500 HTTP/1.1" 200 0 "-" "WordPress/6.7.2; https://www.abranoticias.com"
217.113.194.214 - - [11/Apr/2025:16:03:21 +0000] "GET /tag/tumaco/page/10/ HTTP/1.1" 200 25430 "-" "Mozilla/5.0 (compatible; Barkrowler/0.9; +https://babbar.tech/crawler)"
170.10.163.108 - - [11/Apr/2025:16:03:22 +0000] "POST /wp-admin/admin-ajax.php?action=async_litespeed&nonce=NiUduMJsocNEer8aFHepKmDCNFwamLM6&litespeed_type=imgoptm HTTP/1.1" 200 5 "-" "WordPress/6.7.2; https://www.abranoticias.com"
66.249.72.69 - - [11/Apr/2025:16:03:44 +0000] "GET /49349785.htm HTTP/1.1" 200 19512 "-" "Mozilla/5.0 (Linux; Android 6.0.1; Nexus 5X Build/MMB29P) AppleWebKit/537.36 (KHTML, like Gecko) Chrome/135.0.7049.52 Mobile Safari/537.36 (compatible; Googlebot/2.1; +http://www.google.com/bot.html)"
191.106.179.69 - - [11/Apr/2025:16:04:29 +0000] "GET /2025/04/11/en-sandona-allanaron-5-viviendas-este-seria-el-delito/?fbclid=IwZXh0bgNhZW0CMTEAAR5brSmvKlaiyOrtex67QS7at_z_OC7jJYw3W5Vkj1IiBHk3cUOsEm_-_0kSDA_aem_h_st6W4RroMLwxAP9C9SOw HTTP/1.1" 200 24349 "http://m.facebook.com/" "Mozilla/5.0 (Linux; Android 10; SM-A013M Build/QP1A.190711.020; wv) AppleWebKit/537.36 (KHTML, like Gecko) Version/4.0 Chrome/134.0.6998.135 Mobile Safari/537.36[FBAN/EMA;FBLC/es_LA;FBAV/453.0.0.18.113;FBCX/modulariab;]"
66.249.77.67 - - [11/Apr/2025:16:03:10 +0000] "GET /237979141.shtml HTTP/1.1" 200 19893 "-" "Mozilla/5.0 (Linux; Android 6.0.1; Nexus 5X Build/MMB29P) AppleWebKit/537.36 (KHTML, like Gecko) Chrome/135.0.7049.52 Mobile Safari/537.36 (compatible; Googlebot/2.1; +http://www.google.com/bot.html)"
66.249.77.67 - - [11/Apr/2025:16:03:10 +0000] "GET /pcmypage?callback=product%2Fdetail%2FTBP85590319 HTTP/1.1" 200 18594 "-" "Mozilla/5.0 (Linux; Android 6.0.1; Nexus 5X Build/MMB29P) AppleWebKit/537.36 (KHTML, like Gecko) Chrome/135.0.7049.52 Mobile Safari/537.36 (compatible; Googlebot/2.1; +http://www.google.com/bot.html)"
66.249.72.70 - - [11/Apr/2025:16:03:11 +0000] "GET /product/edit/NOPVH119530617 HTTP/1.1" 200 19499 "-" "Mozilla/5.0 (Linux; Android 6.0.1; Nexus 5X Build/MMB29P) AppleWebKit/537.36 (KHTML, like Gecko) Chrome/135.0.7049.52 Mobile Safari/537.36 (compatible; Googlebot/2.1; +http://www.google.com/bot.html)"
2a03:2880:15ff:2:: - - [11/Apr/2025:16:03:30 +0000] "GET /wp-content/uploads/2023/07/popayan-pasto-capturado.jpg HTTP/1.1" 200 95277 "-" "facebookexternalhit/1.1 (+http://www.facebook.com/externalhit_uatext.php)"
2a03:2880:7ff:2:: - - [11/Apr/2025:16:03:36 +0000] "GET /wp-content/uploads/2024/11/samaniego-amanda-jojoa.jpg HTTP/1.1" 200 147584 "-" "facebookexternalhit/1.1 (+http://www.facebook.com/externalhit_uatext.php)"
66.249.77.66 - - [11/Apr/2025:16:03:37 +0000] "GET /pcmypage?callback=product/review/FPLA30070437 HTTP/1.1" 200 19478 "-" "Mozilla/5.0 (Linux; Android 6.0.1; Nexus 5X Build/MMB29P) AppleWebKit/537.36 (KHTML, like Gecko) Chrome/135.0.7049.52 Mobile Safari/537.36 (compatible; GoogleOther)"
217.113.194.214 - - [11/Apr/2025:16:03:38 +0000] "GET /tag/tumaco/page/5/ HTTP/1.1" 200 25262 "-" "Mozilla/5.0 (compatible; Barkrowler/0.9; +https://babbar.tech/crawler)"
66.249.77.66 - - [11/Apr/2025:16:03:44 +0000] "GET /48015625.shtml HTTP/1.1" 200 19028 "-" "Mozilla/5.0 (Linux; Android 6.0.1; Nexus 5X Build/MMB29P) AppleWebKit/537.36 (KHTML, like Gecko) Chrome/135.0.7049.52 Mobile Safari/537.36 (compatible; Googlebot/2.1; +http://www.google.com/bot.html)"
66.249.77.66 - - [11/Apr/2025:16:03:44 +0000] "GET /215288727.shtml HTTP/1.1" 200 19048 "-" "Mozilla/5.0 (Linux; Android 6.0.1; Nexus 5X Build/MMB29P) AppleWebKit/537.36 (KHTML, like Gecko) Chrome/135.0.7049.52 Mobile Safari/537.36 (compatible; Googlebot/2.1; +http://www.google.com/bot.html)"
66.249.77.66 - - [11/Apr/2025:16:03:49 +0000] "POST /get-message-notify HTTP/1.1" 200 19383 "https://www.abranoticias.com/215288727.shtml" "Mozilla/5.0 (Linux; Android 6.0.1; Nexus 5X Build/MMB29P) AppleWebKit/537.36 (KHTML, like Gecko) Chrome/134.0.6998.165 Mobile Safari/537.36 (compatible; Googlebot/2.1; +http://www.google.com/bot.html)"
170.10.163.108 - - [11/Apr/2025:16:03:55 +0000] "POST /wp-cron.php?doing_wp_cron=1744387435.7291619777679443359375 HTTP/1.1" 200 0 "-" "WordPress/6.7.2; https://www.abranoticias.com"
185.191.171.12 - - [11/Apr/2025:16:04:19 +0000] "GET /2022/11/10/a-punal-habrian-matado-a-joven-en-putumayo-abandonaron-cuerpo-en-un-paraje/ HTTP/1.1" 200 24827 "-" "Mozilla/5.0 (compatible; SemrushBot/7~bl; +http://www.semrush.com/bot.html)"
51.222.253.2 - - [11/Apr/2025:16:04:25 +0000] "GET /robots.txt HTTP/1.1" 200 112 "-" "Mozilla/5.0 (compatible; AhrefsBot/7.0; +http://ahrefs.com/robot/)"
51.222.253.8 - - [11/Apr/2025:16:04:26 +0000] "GET /15785149.htm HTTP/1.1" 301 0 "-" "Mozilla/5.0 (compatible; AhrefsBot/7.0; +http://ahrefs.com/robot/)"
217.113.194.218 - - [11/Apr/2025:16:04:27 +0000] "GET /tag/tumal/amp/ HTTP/1.1" 301 0 "-" "Mozilla/5.0 (compatible; Barkrowler/0.9; +https://babbar.tech/crawler)"
66.249.77.66 - - [11/Apr/2025:16:04:37 +0000] "GET /321015757.shtml HTTP/1.1" 200 20484 "-" "Mozilla/5.0 (Linux; Android 6.0.1; Nexus 5X Build/MMB29P) AppleWebKit/537.36 (KHTML, like Gecko) Chrome/135.0.7049.52 Mobile Safari/537.36 (compatible; GoogleOther)"
8.29.198.25 - - [11/Apr/2025:16:04:16 +0000] "GET /feed/ HTTP/1.1" 200 10591 "-" "Feedly/1.0 (+https://feedly.com/poller.html; 1 subscribers; )"
66.249.77.67 - - [11/Apr/2025:16:04:18 +0000] "GET /23581709.shtml HTTP/1.1" 200 20120 "-" "Mozilla/5.0 (Linux; Android 6.0.1; Nexus 5X Build/MMB29P) AppleWebKit/537.36 (KHTML, like Gecko) Chrome/135.0.7049.84 Mobile Safari/537.36 (compatible; Googlebot/2.1; +http://www.google.com/bot.html)"
85.208.96.211 - - [11/Apr/2025:16:04:22 +0000] "GET /2024/05/22/en-tuquerres-condenaron-a-un-hombre-por-homicidio/ HTTP/1.1" 200 24363 "-" "Mozilla/5.0 (compatible; SemrushBot/7~bl; +http://www.semrush.com/bot.html)"
3.94.199.128 - - [11/Apr/2025:16:04:33 +0000] "GET /category/nacion/ HTTP/1.1" 200 25000 "-" "Mozilla/5.0 AppleWebKit/537.36 (KHTML, like Gecko; compatible; Amazonbot/0.1; +https://developer.amazon.com/support/amazonbot) Chrome/119.0.6045.214 Safari/537.36"
85.208.96.208 - - [11/Apr/2025:16:04:34 +0000] "GET /2022/02/27/en-la-union-ubicaron-cuerpo-de-nina-arrastrada-por-avalancha-en-san-pablo/ HTTP/1.1" 200 24262 "-" "Mozilla/5.0 (compatible; SemrushBot/7~bl; +http://www.semrush.com/bot.html)"
191.106.179.69 - - [11/Apr/2025:16:04:47 +0000] "GET /favicon.ico HTTP/1.1" 404 1251 "https://www.abranoticias.com/2025/04/11/en-sandona-allanaron-5-viviendas-este-seria-el-delito/?fbclid=IwZXh0bgNhZW0CMTEAAR5brSmvKlaiyOrtex67QS7at_z_OC7jJYw3W5Vkj1IiBHk3cUOsEm_-_0kSDA_aem_h_st6W4RroMLwxAP9C9SOw" "Mozilla/5.0 (Linux; Android 10; SM-A013M Build/QP1A.190711.020; wv) AppleWebKit/537.36 (KHTML, like Gecko) Version/4.0 Chrome/134.0.6998.135 Mobile Safari/537.36[FBAN/EMA;FBLC/es_LA;FBAV/453.0.0.18.113;FBCX/modulariab;]"
66.249.72.69 - - [11/Apr/2025:16:04:49 +0000] "GET /product/edit/YZBSQ38664001 HTTP/1.1" 200 21515 "-" "Mozilla/5.0 (Linux; Android 6.0.1; Nexus 5X Build/MMB29P) AppleWebKit/537.36 (KHTML, like Gecko) Chrome/135.0.7049.52 Mobile Safari/537.36 (compatible; Googlebot/2.1; +http://www.google.com/bot.html)"
191.106.136.187 - - [11/Apr/2025:16:05:01 +0000] "GET /2025/04/11/en-sandona-allanaron-5-viviendas-este-seria-el-delito/?fbclid=IwY2xjawJmHPxleHRuA2FlbQIxMQABHn9mfvfFPQh21kpRbjMEbEgnI5waiMSHijXJEozgmb2ipsAbgZG-8P1AHiO__aem_lOaidbpi6BjBMFaeZ3B1tQ HTTP/1.1" 200 24349 "https://lm.facebook.com/" "Mozilla/5.0 (Linux; Android 11; M2102J20SG Build/RKQ1.200826.002; wv) AppleWebKit/537.36 (KHTML, like Gecko) Version/4.0 Chrome/135.0.7049.49 Mobile Safari/537.36 [FB_IAB/FB4A;FBAV/507.0.0.66.49;IABMV/1;]"
170.10.163.108 - - [11/Apr/2025:16:05:11 +0000] "POST /wp-cron.php?doing_wp_cron=1744387511.4896481037139892578125 HTTP/1.1" 200 0 "-" "WordPress/6.7.2; https://www.abranoticias.com"
52.38.23.43 - - [11/Apr/2025:16:05:10 +0000] "GET / HTTP/1.1" 200 25904 "-" "Mozilla/5.0 (X11; Ubuntu; Linux x86_64; rv:80.0) Gecko/20100101 Firefox/80.0"
66.249.77.66 - - [11/Apr/2025:16:05:35 +0000] "GET /pcmypage?callback=product/review/NYQX93549531 HTTP/1.1" 200 19123 "-" "Mozilla/5.0 (Linux; Android 6.0.1; Nexus 5X Build/MMB29P) AppleWebKit/537.36 (KHTML, like Gecko) Chrome/135.0.7049.84 Mobile Safari/537.36 (compatible; Googlebot/2.1; +http://www.google.com/bot.html)"
191.106.179.69 - - [11/Apr/2025:16:05:36 +0000] "GET /favicon.ico HTTP/1.1" 404 1251 "https://www.abranoticias.com/2025/04/11/en-sandona-allanaron-5-viviendas-este-seria-el-delito/?fbclid=IwZXh0bgNhZW0CMTEAAR5brSmvKlaiyOrtex67QS7at_z_OC7jJYw3W5Vkj1IiBHk3cUOsEm_-_0kSDA_aem_h_st6W4RroMLwxAP9C9SOw" "Mozilla/5.0 (Linux; Android 10; SM-A013M Build/QP1A.190711.020; wv) AppleWebKit/537.36 (KHTML, like Gecko) Version/4.0 Chrome/134.0.6998.135 Mobile Safari/537.36[FBAN/EMA;FBLC/es_LA;FBAV/453.0.0.18.113;FBCX/modulariab;]"
40.84.221.218 - - [11/Apr/2025:16:05:42 +0000] "GET / HTTP/1.1" 200 25906 "-" "Mozilla/5.0 AppleWebKit/537.36 (KHTML, like Gecko); compatible; ChatGPT-User/1.0; +https://openai.com/bot"
66.249.77.66 - - [11/Apr/2025:16:04:38 +0000] "GET /278145323.shtml HTTP/1.1" 200 19915 "-" "Mozilla/5.0 (Linux; Android 6.0.1; Nexus 5X Build/MMB29P) AppleWebKit/537.36 (KHTML, like Gecko) Chrome/135.0.7049.52 Mobile Safari/537.36 (compatible; GoogleOther)"
66.249.77.66 - - [11/Apr/2025:16:04:49 +0000] "GET /218022869.shtml HTTP/1.1" 200 19733 "-" "Mozilla/5.0 (Linux; Android 6.0.1; Nexus 5X Build/MMB29P) AppleWebKit/537.36 (KHTML, like Gecko) Chrome/135.0.7049.52 Mobile Safari/537.36 (compatible; Googlebot/2.1; +http://www.google.com/bot.html)"
66.249.77.66 - - [11/Apr/2025:16:04:49 +0000] "GET /product/edit/HGDO21347288 HTTP/1.1" 200 18867 "-" "Mozilla/5.0 (Linux; Android 6.0.1; Nexus 5X Build/MMB29P) AppleWebKit/537.36 (KHTML, like Gecko) Chrome/135.0.7049.52 Mobile Safari/537.36 (compatible; Googlebot/2.1; +http://www.google.com/bot.html)"
66.249.77.66 - - [11/Apr/2025:16:04:57 +0000] "POST /get-message-notify HTTP/1.1" 200 19383 "https://www.abranoticias.com/product/edit/HGDO21347288" "Mozilla/5.0 (Linux; Android 6.0.1; Nexus 5X Build/MMB29P) AppleWebKit/537.36 (KHTML, like Gecko) Chrome/134.0.6998.165 Mobile Safari/537.36 (compatible; Googlebot/2.1; +http://www.google.com/bot.html)"
170.10.163.108 - - [11/Apr/2025:16:05:01 +0000] "POST /wp-cron.php?doing_wp_cron=1744387501.3438529968261718750000 HTTP/1.1" 200 0 "-" "WordPress/6.7.2; https://www.abranoticias.com"
217.113.194.217 - - [11/Apr/2025:16:05:17 +0000] "GET /tag/catatumbo/feed/ HTTP/1.1" 200 1910 "-" "Mozilla/5.0 (compatible; Barkrowler/0.9; +https://babbar.tech/crawler)"
170.10.163.108 - - [11/Apr/2025:16:05:42 +0000] "POST /wp-cron.php?doing_wp_cron=1744387542.3172850608825683593750 HTTP/1.1" 200 0 "-" "WordPress/6.7.2; https://www.abranoticias.com"
40.84.221.216 - - [11/Apr/2025:16:05:41 +0000] "GET / HTTP/1.1" 301 0 "-" "Mozilla/5.0 AppleWebKit/537.36 (KHTML, like Gecko); compatible; ChatGPT-User/1.0; +https://openai.com/bot"
217.113.194.220 - - [11/Apr/2025:16:05:49 +0000] "GET /tag/catambuco/ HTTP/1.1" 200 25105 "-" "Mozilla/5.0 (compatible; Barkrowler/0.9; +https://babbar.tech/crawler)"
66.249.72.69 - - [11/Apr/2025:16:05:54 +0000] "GET /253567561.htm HTTP/1.1" 200 19468 "-" "Mozilla/5.0 (Linux; Android 6.0.1; Nexus 5X Build/MMB29P) AppleWebKit/537.36 (KHTML, like Gecko) Chrome/135.0.7049.52 Mobile Safari/537.36 (compatible; Googlebot/2.1; +http://www.google.com/bot.html)"
217.113.194.220 - - [11/Apr/2025:16:06:22 +0000] "GET /tag/catar-2022/ HTTP/1.1" 200 23501 "-" "Mozilla/5.0 (compatible; Barkrowler/0.9; +https://babbar.tech/crawler)"
149.78.124.14 - - [11/Apr/2025:16:06:29 +0000] "GET /feed/ HTTP/1.1" 200 10591 "-" "Java/1.8.0_412"
217.113.194.217 - - [11/Apr/2025:16:06:38 +0000] "GET /tag/ricaurte/page/2/ HTTP/1.1" 200 25395 "-" "Mozilla/5.0 (compatible; Barkrowler/0.9; +https://babbar.tech/crawler)"
66.249.77.67 - - [11/Apr/2025:16:06:40 +0000] "GET /zhHant/product/surugaya/RXTVG51858857?campaign_uid=f64d716db5e979ed2f947dbaf4296895b951ae7f HTTP/1.1" 200 18227 "-" "Mozilla/5.0 (Linux; Android 6.0.1; Nexus 5X Build/MMB29P) AppleWebKit/537.36 (KHTML, like Gecko) Chrome/135.0.7049.52 Mobile Safari/537.36 (compatible; GoogleOther)"
66.249.77.67 - - [11/Apr/2025:16:06:41 +0000] "GET /zhHant/product/surugaya/IORZY43841410?campaign_uid=f64d716db5e979ed2f947dbaf4296895b951ae7f HTTP/1.1" 200 18428 "-" "Mozilla/5.0 (Linux; Android 6.0.1; Nexus 5X Build/MMB29P) AppleWebKit/537.36 (KHTML, like Gecko) Chrome/135.0.7049.52 Mobile Safari/537.36 (compatible; GoogleOther)"
66.249.77.67 - - [11/Apr/2025:16:06:42 +0000] "GET /product/edit/FYB81086219 HTTP/1.1" 200 20602 "-" "Mozilla/5.0 (Linux; Android 6.0.1; Nexus 5X Build/MMB29P) AppleWebKit/537.36 (KHTML, like Gecko) Chrome/135.0.7049.52 Mobile Safari/537.36 (compatible; GoogleOther)"
66.249.77.67 - - [11/Apr/2025:16:06:44 +0000] "GET /pcmypage?callback=product/review/BYCU80749354 HTTP/1.1" 200 19772 "-" "Mozilla/5.0 (Linux; Android 6.0.1; Nexus 5X Build/MMB29P) AppleWebKit/537.36 (KHTML, like Gecko) Chrome/135.0.7049.52 Mobile Safari/537.36 (compatible; GoogleOther)"
191.106.179.69 - - [11/Apr/2025:16:04:37 +0000] "GET /2025/04/11/en-sandona-allanaron-5-viviendas-este-seria-el-delito/?fbclid=IwZXh0bgNhZW0CMTEAAR5brSmvKlaiyOrtex67QS7at_z_OC7jJYw3W5Vkj1IiBHk3cUOsEm_-_0kSDA_aem_h_st6W4RroMLwxAP9C9SOw HTTP/1.1" 200 24349 "http://m.facebook.com/" "Mozilla/5.0 (Linux; Android 10; SM-A013M Build/QP1A.190711.020; wv) AppleWebKit/537.36 (KHTML, like Gecko) Version/4.0 Chrome/134.0.6998.135 Mobile Safari/537.36[FBAN/EMA;FBLC/es_LA;FBAV/453.0.0.18.113;FBCX/modulariab;]"
66.249.72.70 - - [11/Apr/2025:16:04:39 +0000] "GET /pcmypage?callback=product%2Fdetail%2FFTQ26243961 HTTP/1.1" 200 19750 "-" "Mozilla/5.0 (Linux; Android 6.0.1; Nexus 5X Build/MMB29P) AppleWebKit/537.36 (KHTML, like Gecko) Chrome/135.0.7049.52 Mobile Safari/537.36 (compatible; GoogleOther)"
217.113.194.216 - - [11/Apr/2025:16:04:43 +0000] "GET /tag/rosas-cauca/ HTTP/1.1" 200 23168 "-" "Mozilla/5.0 (compatible; Barkrowler/0.9; +https://babbar.tech/crawler)"
217.113.194.212 - - [11/Apr/2025:16:05:00 +0000] "GET /tag/rosaflorida-norte/ HTTP/1.1" 200 22728 "-" "Mozilla/5.0 (compatible; Barkrowler/0.9; +https://babbar.tech/crawler)"
170.10.163.108 - - [11/Apr/2025:16:05:12 +0000] "POST /wp-admin/admin-ajax.php?action=async_litespeed&nonce=SyDK6mxk8lTvAAqbhomTzasOQJgGLNXA&litespeed_type=imgoptm HTTP/1.1" 200 5 "-" "WordPress/6.7.2; https://www.abranoticias.com"
