78.173.245.214 - - [27/Mar/2025:15:13:50 +0000] "GET /wp-content/plugins/wp-mlm/readme.txt HTTP/1.1" 404 16303 "-" "Mozilla/5.0 (iPhone; CPU iPhone OS 17_2 like Mac OS X) AppleWebKit/605.1.15 (KHTML, like Gecko) Version/17.2 Mobile/15E148 Safari/604.1"
78.173.245.214 - - [27/Mar/2025:15:13:53 +0000] "GET /wp-content/plugins/userpro/changelog.txt HTTP/1.1" 404 16304 "-" "Mozilla/5.0 (iPhone; CPU iPhone OS 17_2 like Mac OS X) AppleWebKit/605.1.15 (KHTML, like Gecko) Version/17.2 Mobile/15E148 Safari/604.1"
78.173.245.214 - - [27/Mar/2025:15:14:07 +0000] "GET /wp-content/plugins/woocommerce-simple-registration/readme.txt HTTP/1.1" 404 16304 "-" "Mozilla/5.0 (iPhone; CPU iPhone OS 17_2 like Mac OS X) AppleWebKit/605.1.15 (KHTML, like Gecko) Version/17.2 Mobile/15E148 Safari/604.1"
78.173.245.214 - - [27/Mar/2025:15:14:09 +0000] "GET /wp-content/plugins/miniorange-2-factor-authentication/readme.txt HTTP/1.1" 404 16304 "-" "Mozilla/5.0 (iPhone; CPU iPhone OS 17_2 like Mac OS X) AppleWebKit/605.1.15 (KHTML, like Gecko) Version/17.2 Mobile/15E148 Safari/604.1"
78.173.245.214 - - [27/Mar/2025:15:14:15 +0000] "GET /wp-content/plugins/masterstudy-lms-learning-management-system/readme.txt HTTP/1.1" 404 16304 "-" "Mozilla/5.0 (iPhone; CPU iPhone OS 17_2 like Mac OS X) AppleWebKit/605.1.15 (KHTML, like Gecko) Version/17.2 Mobile/15E148 Safari/604.1"
78.173.245.214 - - [27/Mar/2025:15:14:56 +0000] "GET /wp-content/plugins/easy-digital-downloads/readme.txt HTTP/1.1" 404 16304 "-" "Mozilla/5.0 (iPhone; CPU iPhone OS 17_2 like Mac OS X) AppleWebKit/605.1.15 (KHTML, like Gecko) Version/17.2 Mobile/15E148 Safari/604.1"
78.173.245.214 - - [27/Mar/2025:15:14:58 +0000] "GET /wp-content/plugins/woocommerce-payments/readme.txt HTTP/1.1" 404 16304 "-" "Mozilla/5.0 (iPhone; CPU iPhone OS 17_2 like Mac OS X) AppleWebKit/605.1.15 (KHTML, like Gecko) Version/17.2 Mobile/15E148 Safari/604.1"
78.173.245.214 - - [27/Mar/2025:15:15:07 +0000] "GET / HTTP/1.1" 301 0 "-" "Mozilla/5.0 (iPhone; CPU iPhone OS 17_2 like Mac OS X) AppleWebKit/605.1.15 (KHTML, like Gecko) Version/17.2 Mobile/15E148 Safari/604.1"
78.173.245.214 - - [27/Mar/2025:15:14:33 +0000] "GET /wp-content/plugins/userpro/changelog.txt HTTP/1.1" 404 16304 "-" "Mozilla/5.0 (iPhone; CPU iPhone OS 17_2 like Mac OS X) AppleWebKit/605.1.15 (KHTML, like Gecko) Version/17.2 Mobile/15E148 Safari/604.1"
78.173.245.214 - - [27/Mar/2025:15:14:34 +0000] "GET /wp-content/plugins/backup-backup/readme.txt HTTP/1.1" 404 16304 "-" "Mozilla/5.0 (iPhone; CPU iPhone OS 17_2 like Mac OS X) AppleWebKit/605.1.15 (KHTML, like Gecko) Version/17.2 Mobile/15E148 Safari/604.1"
78.173.245.214 - - [27/Mar/2025:15:14:36 +0000] "GET /wp-content/plugins/royal-elementor-addons/readme.txt HTTP/1.1" 404 16304 "-" "Mozilla/5.0 (iPhone; CPU iPhone OS 17_2 like Mac OS X) AppleWebKit/605.1.15 (KHTML, like Gecko) Version/17.2 Mobile/15E148 Safari/604.1"
78.173.245.214 - - [27/Mar/2025:15:14:38 +0000] "GET /wp-content/plugins/import-xml-feed/readme.txt HTTP/1.1" 404 16304 "-" "Mozilla/5.0 (iPhone; CPU iPhone OS 17_2 like Mac OS X) AppleWebKit/605.1.15 (KHTML, like Gecko) Version/17.2 Mobile/15E148 Safari/604.1"
170.10.163.108 - - [27/Mar/2025:15:14:40 +0000] "POST /wp-cron.php?doing_wp_cron=1743088480.5290360450744628906250 HTTP/1.1" 200 0 "-" "WordPress/6.7.2; https://www.abranoticias.com"
78.173.245.214 - - [27/Mar/2025:15:14:39 +0000] "GET /wp-content/plugins/email-posts-to-subscribers/readme.txt HTTP/1.1" 404 16304 "-" "Mozilla/5.0 (iPhone; CPU iPhone OS 17_2 like Mac OS X) AppleWebKit/605.1.15 (KHTML, like Gecko) Version/17.2 Mobile/15E148 Safari/604.1"
78.173.245.214 - - [27/Mar/2025:15:14:41 +0000] "GET /wp-content/plugins/kadence-blocks/readme.txt HTTP/1.1" 404 16304 "-" "Mozilla/5.0 (iPhone; CPU iPhone OS 17_2 like Mac OS X) AppleWebKit/605.1.15 (KHTML, like Gecko) Version/17.2 Mobile/15E148 Safari/604.1"
78.173.245.214 - - [27/Mar/2025:15:14:43 +0000] "GET /wp-content/plugins/jupiterx-core/readme.txt HTTP/1.1" 404 16304 "-" "Mozilla/5.0 (iPhone; CPU iPhone OS 17_2 like Mac OS X) AppleWebKit/605.1.15 (KHTML, like Gecko) Version/17.2 Mobile/15E148 Safari/604.1"
78.173.245.214 - - [27/Mar/2025:15:14:48 +0000] "GET /wp-content/plugins/wp-post-author/readme.txt HTTP/1.1" 404 16304 "-" "Mozilla/5.0 (iPhone; CPU iPhone OS 17_2 like Mac OS X) AppleWebKit/605.1.15 (KHTML, like Gecko) Version/17.2 Mobile/15E148 Safari/604.1"
170.10.163.108 - - [27/Mar/2025:15:14:51 +0000] "POST /wp-cron.php?doing_wp_cron=1743088491.1935679912567138671875 HTTP/1.1" 200 0 "-" "WordPress/6.7.2; https://www.abranoticias.com"
78.173.245.214 - - [27/Mar/2025:15:14:50 +0000] "GET /wp-content/plugins/mstore-api/readme.txt HTTP/1.1" 404 16304 "-" "Mozilla/5.0 (iPhone; CPU iPhone OS 17_2 like Mac OS X) AppleWebKit/605.1.15 (KHTML, like Gecko) Version/17.2 Mobile/15E148 Safari/604.1"
78.173.245.214 - - [27/Mar/2025:15:14:52 +0000] "GET /wp-content/plugins/ultimate-member/readme.txt HTTP/1.1" 404 16304 "-" "Mozilla/5.0 (iPhone; CPU iPhone OS 17_2 like Mac OS X) AppleWebKit/605.1.15 (KHTML, like Gecko) Version/17.2 Mobile/15E148 Safari/604.1"
78.173.245.214 - - [27/Mar/2025:15:14:54 +0000] "GET /wp-content/plugins/essential-addons-for-elementor-lite/readme.txt HTTP/1.1" 404 16304 "-" "Mozilla/5.0 (iPhone; CPU iPhone OS 17_2 like Mac OS X) AppleWebKit/605.1.15 (KHTML, like Gecko) Version/17.2 Mobile/15E148 Safari/604.1"
78.173.245.214 - - [27/Mar/2025:15:15:17 +0000] "GET /wp-content/plugins/wp-sms/readme.txt HTTP/1.1" 404 16302 "-" "Mozilla/5.0 (iPhone; CPU iPhone OS 17_2 like Mac OS X) AppleWebKit/605.1.15 (KHTML, like Gecko) Version/17.2 Mobile/15E148 Safari/604.1"
78.173.245.214 - - [27/Mar/2025:15:15:19 +0000] "GET /wp-content/plugins/n-media-woocommerce-checkout-fields/readme.txt HTTP/1.1" 404 16304 "-" "Mozilla/5.0 (iPhone; CPU iPhone OS 17_2 like Mac OS X) AppleWebKit/605.1.15 (KHTML, like Gecko) Version/17.2 Mobile/15E148 Safari/604.1"
78.173.245.214 - - [27/Mar/2025:15:15:27 +0000] "GET /wp-content/themes/statfort-new/include/lang_upload.php HTTP/1.1" 404 16304 "-" "Mozilla/5.0 (iPhone; CPU iPhone OS 17_2 like Mac OS X) AppleWebKit/605.1.15 (KHTML, like Gecko) Version/17.2 Mobile/15E148 Safari/604.1"
78.173.245.214 - - [27/Mar/2025:15:15:29 +0000] "GET /wp-content/themes/faith-theme/include/lang_upload.php HTTP/1.1" 404 16304 "-" "Mozilla/5.0 (iPhone; CPU iPhone OS 17_2 like Mac OS X) AppleWebKit/605.1.15 (KHTML, like Gecko) Version/17.2 Mobile/15E148 Safari/604.1"
78.173.245.214 - - [27/Mar/2025:15:15:31 +0000] "GET /wp-content/themes/soccer-theme/include/lang_upload.php HTTP/1.1" 404 16297 "-" "Mozilla/5.0 (iPhone; CPU iPhone OS 17_2 like Mac OS X) AppleWebKit/605.1.15 (KHTML, like Gecko) Version/17.2 Mobile/15E148 Safari/604.1"
78.173.245.214 - - [27/Mar/2025:15:15:33 +0000] "GET /wp-content/themes/churchlife/include/lang_upload.php HTTP/1.1" 404 16304 "-" "Mozilla/5.0 (iPhone; CPU iPhone OS 17_2 like Mac OS X) AppleWebKit/605.1.15 (KHTML, like Gecko) Version/17.2 Mobile/15E148 Safari/604.1"
78.173.245.214 - - [27/Mar/2025:15:15:35 +0000] "GET /wp-content/themes/onelife/include/lang_upload.php HTTP/1.1" 404 16304 "-" "Mozilla/5.0 (iPhone; CPU iPhone OS 17_2 like Mac OS X) AppleWebKit/605.1.15 (KHTML, like Gecko) Version/17.2 Mobile/15E148 Safari/604.1"
78.173.245.214 - - [27/Mar/2025:15:15:47 +0000] "GET /wp-content/themes/spikes-black/include/lang_upload.php HTTP/1.1" 404 16304 "-" "Mozilla/5.0 (iPhone; CPU iPhone OS 17_2 like Mac OS X) AppleWebKit/605.1.15 (KHTML, like Gecko) Version/17.2 Mobile/15E148 Safari/604.1"
78.173.245.214 - - [27/Mar/2025:15:15:21 +0000] "GET /wp-content/plugins/videowhisper-live-streaming-integration/readme.txt HTTP/1.1" 404 16304 "-" "Mozilla/5.0 (iPhone; CPU iPhone OS 17_2 like Mac OS X) AppleWebKit/605.1.15 (KHTML, like Gecko) Version/17.2 Mobile/15E148 Safari/604.1"
78.173.245.214 - - [27/Mar/2025:15:15:22 +0000] "GET /wp-content/plugins/learnpress/readme.txt HTTP/1.1" 404 16304 "-" "Mozilla/5.0 (iPhone; CPU iPhone OS 17_2 like Mac OS X) AppleWebKit/605.1.15 (KHTML, like Gecko) Version/17.2 Mobile/15E148 Safari/604.1"
78.173.245.214 - - [27/Mar/2025:15:15:24 +0000] "GET /wp-content/plugins/extensive-vc-addon/readme.txt HTTP/1.1" 404 16304 "-" "Mozilla/5.0 (iPhone; CPU iPhone OS 17_2 like Mac OS X) AppleWebKit/605.1.15 (KHTML, like Gecko) Version/17.2 Mobile/15E148 Safari/604.1"
78.173.245.214 - - [27/Mar/2025:15:15:36 +0000] "GET /wp-content/themes/snapture/include/lang_upload.php HTTP/1.1" 404 16304 "-" "Mozilla/5.0 (iPhone; CPU iPhone OS 17_2 like Mac OS X) AppleWebKit/605.1.15 (KHTML, like Gecko) Version/17.2 Mobile/15E148 Safari/604.1"
78.173.245.214 - - [27/Mar/2025:15:15:38 +0000] "GET /wp-content/themes/theme-deejay/include/lang_upload.php HTTP/1.1" 404 16304 "-" "Mozilla/5.0 (iPhone; CPU iPhone OS 17_2 like Mac OS X) AppleWebKit/605.1.15 (KHTML, like Gecko) Version/17.2 Mobile/15E148 Safari/604.1"
78.173.245.214 - - [27/Mar/2025:15:15:40 +0000] "GET /wp-content/themes/bolster-theme/include/lang_upload.php HTTP/1.1" 404 16304 "-" "Mozilla/5.0 (iPhone; CPU iPhone OS 17_2 like Mac OS X) AppleWebKit/605.1.15 (KHTML, like Gecko) Version/17.2 Mobile/15E148 Safari/604.1"
78.173.245.214 - - [27/Mar/2025:15:15:41 +0000] "GET /wp-content/themes/rocky-theme/include/lang_upload.php HTTP/1.1" 404 16304 "-" "Mozilla/5.0 (iPhone; CPU iPhone OS 17_2 like Mac OS X) AppleWebKit/605.1.15 (KHTML, like Gecko) Version/17.2 Mobile/15E148 Safari/604.1"
78.173.245.214 - - [27/Mar/2025:15:15:43 +0000] "GET /wp-content/themes/bolster/include/lang_upload.php HTTP/1.1" 404 16304 "-" "Mozilla/5.0 (iPhone; CPU iPhone OS 17_2 like Mac OS X) AppleWebKit/605.1.15 (KHTML, like Gecko) Version/17.2 Mobile/15E148 Safari/604.1"
78.173.245.214 - - [27/Mar/2025:15:15:45 +0000] "GET /wp-content/themes/soundblast/include/lang_upload.php HTTP/1.1" 404 16304 "-" "Mozilla/5.0 (iPhone; CPU iPhone OS 17_2 like Mac OS X) AppleWebKit/605.1.15 (KHTML, like Gecko) Version/17.2 Mobile/15E148 Safari/604.1"
170.10.163.108 - - [27/Mar/2025:15:15:50 +0000] "POST /wp-cron.php?doing_wp_cron=1743088550.3990240097045898437500 HTTP/1.1" 200 0 "-" "WordPress/6.7.2; https://www.abranoticias.com"
78.173.245.214 - - [27/Mar/2025:15:15:49 +0000] "GET /wp-content/themes/spikes/include/lang_upload.php HTTP/1.1" 404 16304 "-" "Mozilla/5.0 (iPhone; CPU iPhone OS 17_2 like Mac OS X) AppleWebKit/605.1.15 (KHTML, like Gecko) Version/17.2 Mobile/15E148 Safari/604.1"
78.173.245.214 - - [27/Mar/2025:15:14:11 +0000] "GET /wp-content/plugins/miniorange-malware-protection/readme.txt HTTP/1.1" 404 16304 "-" "Mozilla/5.0 (iPhone; CPU iPhone OS 17_2 like Mac OS X) AppleWebKit/605.1.15 (KHTML, like Gecko) Version/17.2 Mobile/15E148 Safari/604.1"
78.173.245.214 - - [27/Mar/2025:15:14:17 +0000] "GET /wp-content/plugins/activedemand/readme.txt HTTP/1.1" 404 16304 "-" "Mozilla/5.0 (iPhone; CPU iPhone OS 17_2 like Mac OS X) AppleWebKit/605.1.15 (KHTML, like Gecko) Version/17.2 Mobile/15E148 Safari/604.1"
170.10.163.108 - - [27/Mar/2025:15:14:44 +0000] "POST /wp-cron.php?doing_wp_cron=1743088484.0716419219970703125000 HTTP/1.1" 200 0 "-" "WordPress/6.7.2; https://www.abranoticias.com"
78.173.245.214 - - [27/Mar/2025:15:14:45 +0000] "GET /wp-content/plugins/forminator/readme.txt HTTP/1.1" 404 16304 "-" "Mozilla/5.0 (iPhone; CPU iPhone OS 17_2 like Mac OS X) AppleWebKit/605.1.15 (KHTML, like Gecko) Version/17.2 Mobile/15E148 Safari/604.1"
78.173.245.214 - - [27/Mar/2025:15:14:46 +0000] "GET /wp-content/plugins/ht-mega-for-elementor/readme.txt HTTP/1.1" 404 16304 "-" "Mozilla/5.0 (iPhone; CPU iPhone OS 17_2 like Mac OS X) AppleWebKit/605.1.15 (KHTML, like Gecko) Version/17.2 Mobile/15E148 Safari/604.1"
78.173.245.214 - - [27/Mar/2025:15:15:00 +0000] "GET /wp-content/plugins/wp-email-capture/readme.txt HTTP/1.1" 404 16304 "-" "Mozilla/5.0 (iPhone; CPU iPhone OS 17_2 like Mac OS X) AppleWebKit/605.1.15 (KHTML, like Gecko) Version/17.2 Mobile/15E148 Safari/604.1"
78.173.245.214 - - [27/Mar/2025:15:15:01 +0000] "GET /wp-content/plugins/zendrop-dropshipping-and-fulfillment/readme.txt HTTP/1.1" 404 16304 "-" "Mozilla/5.0 (iPhone; CPU iPhone OS 17_2 like Mac OS X) AppleWebKit/605.1.15 (KHTML, like Gecko) Version/17.2 Mobile/15E148 Safari/604.1"
78.173.245.214 - - [27/Mar/2025:15:15:04 +0000] "GET /complete-order/?selected_package=1 HTTP/1.1" 404 16304 "-" "Mozilla/5.0 (iPhone; CPU iPhone OS 17_2 like Mac OS X) AppleWebKit/605.1.15 (KHTML, like Gecko) Version/17.2 Mobile/15E148 Safari/604.1"
78.173.245.214 - - [27/Mar/2025:15:15:26 +0000] "GET /wp-content/plugins/js-support-ticket/readme.txt HTTP/1.1" 404 16304 "-" "Mozilla/5.0 (iPhone; CPU iPhone OS 17_2 like Mac OS X) AppleWebKit/605.1.15 (KHTML, like Gecko) Version/17.2 Mobile/15E148 Safari/604.1"
170.10.163.108 - - [27/Mar/2025:15:15:40 +0000] "POST /wp-cron.php?doing_wp_cron=1743088540.9233100414276123046875 HTTP/1.1" 200 0 "-" "WordPress/6.7.2; https://www.abranoticias.com"
78.173.245.214 - - [27/Mar/2025:15:15:51 +0000] "GET /wp-content/themes/kingclub-theme/include/lang_upload.php HTTP/1.1" 404 16304 "-" "Mozilla/5.0 (iPhone; CPU iPhone OS 17_2 like Mac OS X) AppleWebKit/605.1.15 (KHTML, like Gecko) Version/17.2 Mobile/15E148 Safari/604.1"
78.173.245.214 - - [27/Mar/2025:15:15:53 +0000] "GET /wp-content/themes/club-theme/include/lang_upload.php HTTP/1.1" 404 16304 "-" "Mozilla/5.0 (iPhone; CPU iPhone OS 17_2 like Mac OS X) AppleWebKit/605.1.15 (KHTML, like Gecko) Version/17.2 Mobile/15E148 Safari/604.1"
78.173.245.214 - - [27/Mar/2025:15:15:55 +0000] "GET /wp-content/themes/statfort/include/lang_upload.php HTTP/1.1" 404 16304 "-" "Mozilla/5.0 (iPhone; CPU iPhone OS 17_2 like Mac OS X) AppleWebKit/605.1.15 (KHTML, like Gecko) Version/17.2 Mobile/15E148 Safari/604.1"
78.173.245.214 - - [27/Mar/2025:15:15:57 +0000] "GET /wp-content/themes/aidreform/include/lang_upload.php HTTP/1.1" 404 16298 "-" "Mozilla/5.0 (iPhone; CPU iPhone OS 17_2 like Mac OS X) AppleWebKit/605.1.15 (KHTML, like Gecko) Version/17.2 Mobile/15E148 Safari/604.1"
78.173.245.214 - - [27/Mar/2025:15:15:58 +0000] "GET /wp-content/themes/footysquare/include/lang_upload.php HTTP/1.1" 404 16298 "-" "Mozilla/5.0 (iPhone; CPU iPhone OS 17_2 like Mac OS X) AppleWebKit/605.1.15 (KHTML, like Gecko) Version/17.2 Mobile/15E148 Safari/604.1"
78.173.245.214 - - [27/Mar/2025:15:16:00 +0000] "GET /wp-content/themes/westand/include/lang_upload.php HTTP/1.1" 404 16296 "-" "Mozilla/5.0 (iPhone; CPU iPhone OS 17_2 like Mac OS X) AppleWebKit/605.1.15 (KHTML, like Gecko) Version/17.2 Mobile/15E148 Safari/604.1"
78.173.245.214 - - [27/Mar/2025:15:16:03 +0000] "GET /wp-content/plugins/dsp_dating/wpdating-gallery/lib/server/php/index.php HTTP/1.1" 301 0 "-" "Mozilla/5.0 (iPhone; CPU iPhone OS 17_2 like Mac OS X) AppleWebKit/605.1.15 (KHTML, like Gecko) Version/17.2 Mobile/15E148 Safari/604.1"
78.173.245.214 - - [27/Mar/2025:15:16:05 +0000] "GET /wp-content/plugins/dsp_dating/wpdating-gallery/lib/server/php/ HTTP/1.1" 404 16303 "-" "Mozilla/5.0 (iPhone; CPU iPhone OS 17_2 like Mac OS X) AppleWebKit/605.1.15 (KHTML, like Gecko) Version/17.2 Mobile/15E148 Safari/604.1"
78.173.245.214 - - [27/Mar/2025:15:16:07 +0000] "GET /wp-content/plugins/yith-woocommerce-gift-cards-premium/readme.txt HTTP/1.1" 404 16302 "-" "Mozilla/5.0 (iPhone; CPU iPhone OS 17_2 like Mac OS X) AppleWebKit/605.1.15 (KHTML, like Gecko) Version/17.2 Mobile/15E148 Safari/604.1"
78.173.245.214 - - [27/Mar/2025:15:16:14 +0000] "GET /wp-content/plugins/wholesale-market-for-woocommerce/readme.txt HTTP/1.1" 404 16302 "-" "Mozilla/5.0 (iPhone; CPU iPhone OS 17_2 like Mac OS X) AppleWebKit/605.1.15 (KHTML, like Gecko) Version/17.2 Mobile/15E148 Safari/604.1"
78.173.245.214 - - [27/Mar/2025:15:16:28 +0000] "GET /wp-content/plugins/woo-refund-and-exchange-lite/readme.txt HTTP/1.1" 404 16303 "-" "Mozilla/5.0 (iPhone; CPU iPhone OS 17_2 like Mac OS X) AppleWebKit/605.1.15 (KHTML, like Gecko) Version/17.2 Mobile/15E148 Safari/604.1"
78.173.245.214 - - [27/Mar/2025:15:16:31 +0000] "GET /wp-content/plugins/armember/documentation/index.html HTTP/1.1" 404 16302 "-" "Mozilla/5.0 (iPhone; CPU iPhone OS 17_2 like Mac OS X) AppleWebKit/605.1.15 (KHTML, like Gecko) Version/17.2 Mobile/15E148 Safari/604.1"
78.173.245.214 - - [27/Mar/2025:15:16:33 +0000] "GET /wp-content/plugins/jobboardwp/readme.txt HTTP/1.1" 404 16303 "-" "Mozilla/5.0 (iPhone; CPU iPhone OS 17_2 like Mac OS X) AppleWebKit/605.1.15 (KHTML, like Gecko) Version/17.2 Mobile/15E148 Safari/604.1"
78.173.245.214 - - [27/Mar/2025:15:16:47 +0000] "GET /wp-content/plugins/scripts-organizer/plugins/meta-box/readme.txt HTTP/1.1" 404 16303 "-" "Mozilla/5.0 (iPhone; CPU iPhone OS 17_2 like Mac OS X) AppleWebKit/605.1.15 (KHTML, like Gecko) Version/17.2 Mobile/15E148 Safari/604.1"
170.10.163.108 - - [27/Mar/2025:15:16:50 +0000] "POST /wp-cron.php?doing_wp_cron=1743088610.4051280021667480468750 HTTP/1.1" 200 0 "-" "WordPress/6.7.2; https://www.abranoticias.com"
170.10.163.108 - - [27/Mar/2025:15:16:06 +0000] "POST /wp-cron.php?doing_wp_cron=1743088566.3787200450897216796875 HTTP/1.1" 200 0 "-" "WordPress/6.7.2; https://www.abranoticias.com"
78.173.245.214 - - [27/Mar/2025:15:16:20 +0000] "GET /wp-content/plugins/membership-for-woocommerce/readme.txt HTTP/1.1" 404 16303 "-" "Mozilla/5.0 (iPhone; CPU iPhone OS 17_2 like Mac OS X) AppleWebKit/605.1.15 (KHTML, like Gecko) Version/17.2 Mobile/15E148 Safari/604.1"
78.173.245.214 - - [27/Mar/2025:15:16:22 +0000] "GET /wp-content/plugins/wp-upg/readme.txt HTTP/1.1" 404 16303 "-" "Mozilla/5.0 (iPhone; CPU iPhone OS 17_2 like Mac OS X) AppleWebKit/605.1.15 (KHTML, like Gecko) Version/17.2 Mobile/15E148 Safari/604.1"
78.173.245.214 - - [27/Mar/2025:15:16:24 +0000] "GET /wp-content/plugins/user-verification/readme.txt HTTP/1.1" 404 16303 "-" "Mozilla/5.0 (iPhone; CPU iPhone OS 17_2 like Mac OS X) AppleWebKit/605.1.15 (KHTML, like Gecko) Version/17.2 Mobile/15E148 Safari/604.1"
78.173.245.214 - - [27/Mar/2025:15:16:25 +0000] "GET /wp-content/plugins/booking-calendar/readme.txt HTTP/1.1" 404 16303 "-" "Mozilla/5.0 (iPhone; CPU iPhone OS 17_2 like Mac OS X) AppleWebKit/605.1.15 (KHTML, like Gecko) Version/17.2 Mobile/15E148 Safari/604.1"
78.173.245.214 - - [27/Mar/2025:15:16:37 +0000] "GET /wp-content/themes/listingo/js/listingo_callbacks.js HTTP/1.1" 404 16303 "-" "Mozilla/5.0 (iPhone; CPU iPhone OS 17_2 like Mac OS X) AppleWebKit/605.1.15 (KHTML, like Gecko) Version/17.2 Mobile/15E148 Safari/604.1"
78.173.245.214 - - [27/Mar/2025:15:16:39 +0000] "GET /wp-content/themes/greyd_suite/style.css HTTP/1.1" 404 16303 "-" "Mozilla/5.0 (iPhone; CPU iPhone OS 17_2 like Mac OS X) AppleWebKit/605.1.15 (KHTML, like Gecko) Version/17.2 Mobile/15E148 Safari/604.1"
78.173.245.214 - - [27/Mar/2025:15:16:40 +0000] "GET /wp-content/plugins/simply-schedule-appointments/readme.txt HTTP/1.1" 404 16303 "-" "Mozilla/5.0 (iPhone; CPU iPhone OS 17_2 like Mac OS X) AppleWebKit/605.1.15 (KHTML, like Gecko) Version/17.2 Mobile/15E148 Safari/604.1"
78.173.245.214 - - [27/Mar/2025:15:16:42 +0000] "GET /wp-content/plugins/directorist/readme.txt HTTP/1.1" 404 16288 "-" "Mozilla/5.0 (iPhone; CPU iPhone OS 17_2 like Mac OS X) AppleWebKit/605.1.15 (KHTML, like Gecko) Version/17.2 Mobile/15E148 Safari/604.1"
78.173.245.214 - - [27/Mar/2025:15:16:44 +0000] "GET /wp-content/plugins/all-in-one-video-gallery/readme.txt HTTP/1.1" 404 16303 "-" "Mozilla/5.0 (iPhone; CPU iPhone OS 17_2 like Mac OS X) AppleWebKit/605.1.15 (KHTML, like Gecko) Version/17.2 Mobile/15E148 Safari/604.1"
78.173.245.214 - - [27/Mar/2025:15:16:45 +0000] "GET /wp-content/plugins/alphabetic-pagination/readme.txt HTTP/1.1" 404 16303 "-" "Mozilla/5.0 (iPhone; CPU iPhone OS 17_2 like Mac OS X) AppleWebKit/605.1.15 (KHTML, like Gecko) Version/17.2 Mobile/15E148 Safari/604.1"
78.173.245.214 - - [27/Mar/2025:15:16:51 +0000] "GET /wp-content/plugins/wpgateway/css/style.css HTTP/1.1" 404 16302 "-" "Mozilla/5.0 (iPhone; CPU iPhone OS 17_2 like Mac OS X) AppleWebKit/605.1.15 (KHTML, like Gecko) Version/17.2 Mobile/15E148 Safari/604.1"
78.173.245.214 - - [27/Mar/2025:15:17:00 +0000] "GET /wp-content/plugins/quiz-master-next/readme.txt HTTP/1.1" 404 16304 "-" "Mozilla/5.0 (iPhone; CPU iPhone OS 17_2 like Mac OS X) AppleWebKit/605.1.15 (KHTML, like Gecko) Version/17.2 Mobile/15E148 Safari/604.1"
170.10.163.108 - - [27/Mar/2025:15:17:06 +0000] "POST /wp-cron.php?doing_wp_cron=1743088626.8473870754241943359375 HTTP/1.1" 200 0 "-" "WordPress/6.7.2; https://www.abranoticias.com"
78.173.245.214 - - [27/Mar/2025:15:17:06 +0000] "GET /wp-content/plugins/wp-user-avatar/changelog.txt HTTP/1.1" 404 16304 "-" "Mozilla/5.0 (iPhone; CPU iPhone OS 17_2 like Mac OS X) AppleWebKit/605.1.15 (KHTML, like Gecko) Version/17.2 Mobile/15E148 Safari/604.1"
78.173.245.214 - - [27/Mar/2025:15:17:15 +0000] "GET /wp-content/plugins/nd-shortcodes/readme.txt HTTP/1.1" 404 16304 "-" "Mozilla/5.0 (iPhone; CPU iPhone OS 17_2 like Mac OS X) AppleWebKit/605.1.15 (KHTML, like Gecko) Version/17.2 Mobile/15E148 Safari/604.1"
78.173.245.214 - - [27/Mar/2025:15:17:17 +0000] "GET /wp-content/plugins/nd-learning/readme.txt HTTP/1.1" 404 16304 "-" "Mozilla/5.0 (iPhone; CPU iPhone OS 17_2 like Mac OS X) AppleWebKit/605.1.15 (KHTML, like Gecko) Version/17.2 Mobile/15E148 Safari/604.1"
78.173.245.214 - - [27/Mar/2025:15:17:19 +0000] "GET /wp-content/plugins/wpcargo/readme.txt HTTP/1.1" 404 16304 "-" "Mozilla/5.0 (iPhone; CPU iPhone OS 17_2 like Mac OS X) AppleWebKit/605.1.15 (KHTML, like Gecko) Version/17.2 Mobile/15E148 Safari/604.1"
78.173.245.214 - - [27/Mar/2025:15:17:21 +0000] "GET /wp-content/plugins/woo-product-table/readme.txt HTTP/1.1" 404 16303 "-" "Mozilla/5.0 (iPhone; CPU iPhone OS 17_2 like Mac OS X) AppleWebKit/605.1.15 (KHTML, like Gecko) Version/17.2 Mobile/15E148 Safari/604.1"
78.173.245.214 - - [27/Mar/2025:15:17:23 +0000] "GET /wp-content/plugins/udraw/readme.txt HTTP/1.1" 404 16304 "-" "Mozilla/5.0 (iPhone; CPU iPhone OS 17_2 like Mac OS X) AppleWebKit/605.1.15 (KHTML, like Gecko) Version/17.2 Mobile/15E148 Safari/604.1"
78.173.245.214 - - [27/Mar/2025:15:17:24 +0000] "GET /wp-content/plugins/tatsu/changelog.md HTTP/1.1" 404 16304 "-" "Mozilla/5.0 (iPhone; CPU iPhone OS 17_2 like Mac OS X) AppleWebKit/605.1.15 (KHTML, like Gecko) Version/17.2 Mobile/15E148 Safari/604.1"
78.173.245.214 - - [27/Mar/2025:15:17:33 +0000] "GET /wp-content/plugins/wp-file-manager/readme.txt HTTP/1.1" 404 16304 "-" "Mozilla/5.0 (iPhone; CPU iPhone OS 17_2 like Mac OS X) AppleWebKit/605.1.15 (KHTML, like Gecko) Version/17.2 Mobile/15E148 Safari/604.1"
78.173.245.214 - - [27/Mar/2025:15:17:40 +0000] "GET /wp-content/plugins/dzs-zoomsounds/admin/admin.css HTTP/1.1" 404 16304 "-" "Mozilla/5.0 (iPhone; CPU iPhone OS 17_2 like Mac OS X) AppleWebKit/605.1.15 (KHTML, like Gecko) Version/17.2 Mobile/15E148 Safari/604.1"
78.173.245.214 - - [27/Mar/2025:15:17:48 +0000] "GET /wp-content/plugins/superstorefinder-wp/css/ssf-wp-admin.css HTTP/1.1" 404 16304 "-" "Mozilla/5.0 (iPhone; CPU iPhone OS 17_2 like Mac OS X) AppleWebKit/605.1.15 (KHTML, like Gecko) Version/17.2 Mobile/15E148 Safari/604.1"
78.173.245.214 - - [27/Mar/2025:15:18:07 +0000] "GET /wp-content/plugins/capability-manager-enhanced/readme.txt HTTP/1.1" 404 16304 "-" "Mozilla/5.0 (iPhone; CPU iPhone OS 17_2 like Mac OS X) AppleWebKit/605.1.15 (KHTML, like Gecko) Version/17.2 Mobile/15E148 Safari/604.1"
78.173.245.214 - - [27/Mar/2025:15:18:09 +0000] "GET /wp-content/plugins/wp-automatic/css/wp-automatic.css HTTP/1.1" 404 16304 "-" "Mozilla/5.0 (iPhone; CPU iPhone OS 17_2 like Mac OS X) AppleWebKit/605.1.15 (KHTML, like Gecko) Version/17.2 Mobile/15E148 Safari/604.1"
78.173.245.214 - - [27/Mar/2025:15:18:11 +0000] "GET /wp-content/plugins/wp-automatic/changelog HTTP/1.1" 404 16303 "-" "Mozilla/5.0 (iPhone; CPU iPhone OS 17_2 like Mac OS X) AppleWebKit/605.1.15 (KHTML, like Gecko) Version/17.2 Mobile/15E148 Safari/604.1"
78.173.245.214 - - [27/Mar/2025:15:18:13 +0000] "GET /wp-content/plugins/wp-user-extra-fields/js/wpuef-configurator.js HTTP/1.1" 404 16304 "-" "Mozilla/5.0 (iPhone; CPU iPhone OS 17_2 like Mac OS X) AppleWebKit/605.1.15 (KHTML, like Gecko) Version/17.2 Mobile/15E148 Safari/604.1"
78.173.245.214 - - [27/Mar/2025:15:18:14 +0000] "GET /wp-content/plugins/woocommerce-upload-files/js/wcuf-admin-menu.js HTTP/1.1" 404 16304 "-" "Mozilla/5.0 (iPhone; CPU iPhone OS 17_2 like Mac OS X) AppleWebKit/605.1.15 (KHTML, like Gecko) Version/17.2 Mobile/15E148 Safari/604.1"
78.173.245.214 - - [27/Mar/2025:15:18:16 +0000] "GET /wp-content/plugins/emails-verification-for-woocommerce/readme.txt HTTP/1.1" 404 16304 "-" "Mozilla/5.0 (iPhone; CPU iPhone OS 17_2 like Mac OS X) AppleWebKit/605.1.15 (KHTML, like Gecko) Version/17.2 Mobile/15E148 Safari/604.1"
78.173.245.214 - - [27/Mar/2025:15:18:18 +0000] "GET /wp-content/plugins/woocommerce-jetpack/readme.txt HTTP/1.1" 404 16304 "-" "Mozilla/5.0 (iPhone; CPU iPhone OS 17_2 like Mac OS X) AppleWebKit/605.1.15 (KHTML, like Gecko) Version/17.2 Mobile/15E148 Safari/604.1"
78.173.245.214 - - [27/Mar/2025:15:16:49 +0000] "GET /wp-content/themes/workreap/style.css HTTP/1.1" 404 16303 "-" "Mozilla/5.0 (iPhone; CPU iPhone OS 17_2 like Mac OS X) AppleWebKit/605.1.15 (KHTML, like Gecko) Version/17.2 Mobile/15E148 Safari/604.1"
78.173.245.214 - - [27/Mar/2025:15:17:02 +0000] "GET / HTTP/1.1" 301 0 "-" "Mozilla/5.0 (iPhone; CPU iPhone OS 17_2 like Mac OS X) AppleWebKit/605.1.15 (KHTML, like Gecko) Version/17.2 Mobile/15E148 Safari/604.1"
78.173.245.214 - - [27/Mar/2025:15:17:12 +0000] "GET /wp-content/plugins/nd-donations/readme.txt HTTP/1.1" 404 16304 "-" "Mozilla/5.0 (iPhone; CPU iPhone OS 17_2 like Mac OS X) AppleWebKit/605.1.15 (KHTML, like Gecko) Version/17.2 Mobile/15E148 Safari/604.1"
78.173.245.214 - - [27/Mar/2025:15:17:13 +0000] "GET /wp-content/plugins/nd-booking/readme.txt HTTP/1.1" 404 16297 "-" "Mozilla/5.0 (iPhone; CPU iPhone OS 17_2 like Mac OS X) AppleWebKit/605.1.15 (KHTML, like Gecko) Version/17.2 Mobile/15E148 Safari/604.1"
78.173.245.214 - - [27/Mar/2025:15:17:31 +0000] "GET /wp-content/plugins/masterstudy-lms-learning-management-system/readme.txt HTTP/1.1" 404 16303 "-" "Mozilla/5.0 (iPhone; CPU iPhone OS 17_2 like Mac OS X) AppleWebKit/605.1.15 (KHTML, like Gecko) Version/17.2 Mobile/15E148 Safari/604.1"
78.173.245.214 - - [27/Mar/2025:15:17:35 +0000] "GET /wp-content/plugins/vc-tabs/readme.txt HTTP/1.1" 404 16304 "-" "Mozilla/5.0 (iPhone; CPU iPhone OS 17_2 like Mac OS X) AppleWebKit/605.1.15 (KHTML, like Gecko) Version/17.2 Mobile/15E148 Safari/604.1"
78.173.245.214 - - [27/Mar/2025:15:17:37 +0000] "GET /wp-content/plugins/shortcode-addons/readme.txt HTTP/1.1" 404 16304 "-" "Mozilla/5.0 (iPhone; CPU iPhone OS 17_2 like Mac OS X) AppleWebKit/605.1.15 (KHTML, like Gecko) Version/17.2 Mobile/15E148 Safari/604.1"
170.10.163.108 - - [27/Mar/2025:15:17:43 +0000] "POST /wp-cron.php?doing_wp_cron=1743088663.8405671119689941406250 HTTP/1.1" 200 0 "-" "WordPress/6.7.2; https://www.abranoticias.com"
78.173.245.214 - - [27/Mar/2025:15:17:45 +0000] "GET /wp-content/plugins/superlogoshowcase-wp/css/sls-wp-admin.css HTTP/1.1" 404 16304 "-" "Mozilla/5.0 (iPhone; CPU iPhone OS 17_2 like Mac OS X) AppleWebKit/605.1.15 (KHTML, like Gecko) Version/17.2 Mobile/15E148 Safari/604.1"
170.10.163.108 - - [27/Mar/2025:15:17:51 +0000] "POST /wp-cron.php?doing_wp_cron=1743088671.1578240394592285156250 HTTP/1.1" 200 0 "-" "WordPress/6.7.2; https://www.abranoticias.com"
78.173.245.214 - - [27/Mar/2025:15:17:54 +0000] "GET /wp-content/plugins/ait-csv-import-export/changelog.txt HTTP/1.1" 404 16304 "-" "Mozilla/5.0 (iPhone; CPU iPhone OS 17_2 like Mac OS X) AppleWebKit/605.1.15 (KHTML, like Gecko) Version/17.2 Mobile/15E148 Safari/604.1"
78.173.245.214 - - [27/Mar/2025:15:17:56 +0000] "GET /wp-content/plugins/image-hover-effects-ultimate/readme.txt HTTP/1.1" 404 16304 "-" "Mozilla/5.0 (iPhone; CPU iPhone OS 17_2 like Mac OS X) AppleWebKit/605.1.15 (KHTML, like Gecko) Version/17.2 Mobile/15E148 Safari/604.1"
78.173.245.214 - - [27/Mar/2025:15:17:58 +0000] "GET /wp-content/plugins/ulisting/readme.txt HTTP/1.1" 404 16304 "-" "Mozilla/5.0 (iPhone; CPU iPhone OS 17_2 like Mac OS X) AppleWebKit/605.1.15 (KHTML, like Gecko) Version/17.2 Mobile/15E148 Safari/604.1"
78.173.245.214 - - [27/Mar/2025:15:18:00 +0000] "GET /wp-content/plugins/wp-pinterest-automatic/changelog HTTP/1.1" 404 16304 "-" "Mozilla/5.0 (iPhone; CPU iPhone OS 17_2 like Mac OS X) AppleWebKit/605.1.15 (KHTML, like Gecko) Version/17.2 Mobile/15E148 Safari/604.1"
78.173.245.214 - - [27/Mar/2025:15:18:05 +0000] "GET /wp-content/plugins/capabilities-pro/readme.txt HTTP/1.1" 404 16304 "-" "Mozilla/5.0 (iPhone; CPU iPhone OS 17_2 like Mac OS X) AppleWebKit/605.1.15 (KHTML, like Gecko) Version/17.2 Mobile/15E148 Safari/604.1"
170.10.163.108 - - [27/Mar/2025:15:19:14 +0000] "POST /wp-cron.php?doing_wp_cron=1743088754.1016480922698974609375 HTTP/1.1" 200 0 "-" "WordPress/6.7.2; https://www.abranoticias.com"
78.173.245.214 - - [27/Mar/2025:15:16:29 +0000] "GET /wp-content/plugins/armember/js/arm_widgets_js.js HTTP/1.1" 404 16303 "-" "Mozilla/5.0 (iPhone; CPU iPhone OS 17_2 like Mac OS X) AppleWebKit/605.1.15 (KHTML, like Gecko) Version/17.2 Mobile/15E148 Safari/604.1"
78.173.245.214 - - [27/Mar/2025:15:16:35 +0000] "GET /wp-content/themes/listingo/readme.txt HTTP/1.1" 404 16303 "-" "Mozilla/5.0 (iPhone; CPU iPhone OS 17_2 like Mac OS X) AppleWebKit/605.1.15 (KHTML, like Gecko) Version/17.2 Mobile/15E148 Safari/604.1"
170.10.163.108 - - [27/Mar/2025:15:16:41 +0000] "POST /wp-cron.php?doing_wp_cron=1743088601.6381850242614746093750 HTTP/1.1" 200 0 "-" "WordPress/6.7.2; https://www.abranoticias.com"
170.10.163.108 - - [27/Mar/2025:15:16:43 +0000] "POST /wp-cron.php?doing_wp_cron=1743088603.4586338996887207031250 HTTP/1.1" 200 0 "-" "WordPress/6.7.2; https://www.abranoticias.com"
78.173.245.214 - - [27/Mar/2025:15:16:53 +0000] "GET /wp-content/plugins/ultimate-member/readme.txt HTTP/1.1" 404 16303 "-" "Mozilla/5.0 (iPhone; CPU iPhone OS 17_2 like Mac OS X) AppleWebKit/605.1.15 (KHTML, like Gecko) Version/17.2 Mobile/15E148 Safari/604.1"
78.173.245.214 - - [27/Mar/2025:15:16:55 +0000] "GET /wp-content/plugins/ninja-forms/readme.txt HTTP/1.1" 404 16303 "-" "Mozilla/5.0 (iPhone; CPU iPhone OS 17_2 like Mac OS X) AppleWebKit/605.1.15 (KHTML, like Gecko) Version/17.2 Mobile/15E148 Safari/604.1"
78.173.245.214 - - [27/Mar/2025:15:16:57 +0000] "GET /wp-content/plugins/armember-membership/readme.txt HTTP/1.1" 404 16303 "-" "Mozilla/5.0 (iPhone; CPU iPhone OS 17_2 like Mac OS X) AppleWebKit/605.1.15 (KHTML, like Gecko) Version/17.2 Mobile/15E148 Safari/604.1"
78.173.245.214 - - [27/Mar/2025:15:16:58 +0000] "GET /wp-content/plugins/wp-live-chat-support-pro/css/wplc_styles_pro.css HTTP/1.1" 404 16303 "-" "Mozilla/5.0 (iPhone; CPU iPhone OS 17_2 like Mac OS X) AppleWebKit/605.1.15 (KHTML, like Gecko) Version/17.2 Mobile/15E148 Safari/604.1"
78.173.245.214 - - [27/Mar/2025:15:17:07 +0000] "GET /wp-content/plugins/sitemap-by-click5/readme.txt HTTP/1.1" 404 16304 "-" "Mozilla/5.0 (iPhone; CPU iPhone OS 17_2 like Mac OS X) AppleWebKit/605.1.15 (KHTML, like Gecko) Version/17.2 Mobile/15E148 Safari/604.1"
78.173.245.214 - - [27/Mar/2025:15:17:10 +0000] "GET /wp-content/plugins/nd-restaurant-reservations/readme.txt HTTP/1.1" 404 16304 "-" "Mozilla/5.0 (iPhone; CPU iPhone OS 17_2 like Mac OS X) AppleWebKit/605.1.15 (KHTML, like Gecko) Version/17.2 Mobile/15E148 Safari/604.1"
78.173.245.214 - - [27/Mar/2025:15:17:43 +0000] "GET /wp-content/plugins/mstore-api/readme.txt HTTP/1.1" 404 16304 "-" "Mozilla/5.0 (iPhone; CPU iPhone OS 17_2 like Mac OS X) AppleWebKit/605.1.15 (KHTML, like Gecko) Version/17.2 Mobile/15E148 Safari/604.1"
78.173.245.214 - - [27/Mar/2025:15:17:46 +0000] "GET /wp-content/plugins/super-interactive-maps/css/sim-wp-admin.css HTTP/1.1" 404 16304 "-" "Mozilla/5.0 (iPhone; CPU iPhone OS 17_2 like Mac OS X) AppleWebKit/605.1.15 (KHTML, like Gecko) Version/17.2 Mobile/15E148 Safari/604.1"
78.173.245.214 - - [27/Mar/2025:15:17:50 +0000] "GET /wp-content/plugins/e-signature/page-template/default/style.css HTTP/1.1" 404 16304 "-" "Mozilla/5.0 (iPhone; CPU iPhone OS 17_2 like Mac OS X) AppleWebKit/605.1.15 (KHTML, like Gecko) Version/17.2 Mobile/15E148 Safari/604.1"
78.173.245.214 - - [27/Mar/2025:15:17:52 +0000] "GET /wp-content/plugins/angwp/__%20UPDATES.txt HTTP/1.1" 404 16304 "-" "Mozilla/5.0 (iPhone; CPU iPhone OS 17_2 like Mac OS X) AppleWebKit/605.1.15 (KHTML, like Gecko) Version/17.2 Mobile/15E148 Safari/604.1"
170.10.163.108 - - [27/Mar/2025:15:18:06 +0000] "POST /wp-cron.php?doing_wp_cron=1743088686.2237870693206787109375 HTTP/1.1" 200 0 "-" "WordPress/6.7.2; https://www.abranoticias.com"
54.36.148.130 - - [27/Mar/2025:15:19:28 +0000] "GET /231005119.htm HTTP/1.1" 404 16304 "-" "Mozilla/5.0 (compatible; AhrefsBot/7.0; +http://ahrefs.com/robot/)"
54.36.148.194 - - [27/Mar/2025:15:19:56 +0000] "GET /82553305.htm HTTP/1.1" 404 16304 "-" "Mozilla/5.0 (compatible; AhrefsBot/7.0; +http://ahrefs.com/robot/)"
78.173.245.214 - - [27/Mar/2025:15:18:20 +0000] "GET /wp-content/plugins/advanced-import/readme.txt HTTP/1.1" 404 16304 "-" "Mozilla/5.0 (iPhone; CPU iPhone OS 17_2 like Mac OS X) AppleWebKit/605.1.15 (KHTML, like Gecko) Version/17.2 Mobile/15E148 Safari/604.1"
78.173.245.214 - - [27/Mar/2025:15:18:21 +0000] "GET /wp-content/plugins/themegrill-demo-importer/readme.txt HTTP/1.1" 404 16303 "-" "Mozilla/5.0 (iPhone; CPU iPhone OS 17_2 like Mac OS X) AppleWebKit/605.1.15 (KHTML, like Gecko) Version/17.2 Mobile/15E148 Safari/604.1"
78.173.245.214 - - [27/Mar/2025:15:18:23 +0000] "GET /wp-content/plugins/wp-time-capsule/readme.txt HTTP/1.1" 404 16304 "-" "Mozilla/5.0 (iPhone; CPU iPhone OS 17_2 like Mac OS X) AppleWebKit/605.1.15 (KHTML, like Gecko) Version/17.2 Mobile/15E148 Safari/604.1"
78.173.245.214 - - [27/Mar/2025:15:18:26 +0000] "GET /wp-content/plugins/iwp-client/readme.txt HTTP/1.1" 404 16304 "-" "Mozilla/5.0 (iPhone; CPU iPhone OS 17_2 like Mac OS X) AppleWebKit/605.1.15 (KHTML, like Gecko) Version/17.2 Mobile/15E148 Safari/604.1"
54.36.148.29 - - [27/Mar/2025:15:20:35 +0000] "GET /250092229.htm HTTP/1.1" 404 16304 "-" "Mozilla/5.0 (compatible; AhrefsBot/7.0; +http://ahrefs.com/robot/)"
170.10.163.108 - - [27/Mar/2025:15:20:54 +0000] "POST /wp-cron.php?doing_wp_cron=1743088854.6054580211639404296875 HTTP/1.1" 200 0 "-" "WordPress/6.7.2; https://www.abranoticias.com"
170.10.163.108 - - [27/Mar/2025:15:21:17 +0000] "POST /wp-cron.php?doing_wp_cron=1743088877.1522200107574462890625 HTTP/1.1" 200 0 "-" "WordPress/6.7.2; https://www.abranoticias.com"
170.10.163.108 - - [27/Mar/2025:15:21:47 +0000] "POST /wp-cron.php?doing_wp_cron=1743088906.9636518955230712890625 HTTP/1.1" 200 0 "-" "WordPress/6.7.2; https://www.abranoticias.com"
170.10.163.108 - - [27/Mar/2025:15:22:03 +0000] "POST /wp-cron.php?doing_wp_cron=1743088923.7275049686431884765625 HTTP/1.1" 200 0 "-" "WordPress/6.7.2; https://www.abranoticias.com"
54.36.148.54 - - [27/Mar/2025:15:22:02 +0000] "GET /386675851.htm HTTP/1.1" 404 16304 "-" "Mozilla/5.0 (compatible; AhrefsBot/7.0; +http://ahrefs.com/robot/)"
54.36.148.194 - - [27/Mar/2025:15:22:18 +0000] "GET /85890289.htm HTTP/1.1" 404 16304 "-" "Mozilla/5.0 (compatible; AhrefsBot/7.0; +http://ahrefs.com/robot/)"
54.36.149.72 - - [27/Mar/2025:15:22:34 +0000] "GET /85530307.htm HTTP/1.1" 404 16304 "-" "Mozilla/5.0 (compatible; AhrefsBot/7.0; +http://ahrefs.com/robot/)"
54.36.148.185 - - [27/Mar/2025:15:23:04 +0000] "GET /84472033.htm HTTP/1.1" 404 16304 "-" "Mozilla/5.0 (compatible; AhrefsBot/7.0; +http://ahrefs.com/robot/)"
54.36.149.20 - - [27/Mar/2025:15:23:29 +0000] "GET /83966143.htm HTTP/1.1" 404 16304 "-" "Mozilla/5.0 (compatible; AhrefsBot/7.0; +http://ahrefs.com/robot/)"
51.79.229.27 - - [27/Mar/2025:15:23:37 +0000] "GET /ads.txt HTTP/1.1" 301 0 "-" "AdsTxtCrawler/1.0; +https://github.com/InteractiveAdvertisingBureau/adstxtcrawler"
51.79.229.27 - - [27/Mar/2025:15:23:37 +0000] "GET /ads.txt HTTP/1.1" 404 16304 "-" "AdsTxtCrawler/1.0; +https://github.com/InteractiveAdvertisingBureau/adstxtcrawler"
54.36.148.253 - - [27/Mar/2025:15:23:57 +0000] "GET /82554187.htm HTTP/1.1" 404 16304 "-" "Mozilla/5.0 (compatible; AhrefsBot/7.0; +http://ahrefs.com/robot/)"
54.36.148.0 - - [27/Mar/2025:15:24:07 +0000] "GET /82375015.htm HTTP/1.1" 404 16304 "-" "Mozilla/5.0 (compatible; AhrefsBot/7.0; +http://ahrefs.com/robot/)"
54.36.148.37 - - [27/Mar/2025:15:25:15 +0000] "GET /78364561.htm HTTP/1.1" 404 16304 "-" "Mozilla/5.0 (compatible; AhrefsBot/7.0; +http://ahrefs.com/robot/)"
170.10.163.108 - - [27/Mar/2025:15:26:10 +0000] "POST /wp-cron.php?doing_wp_cron=1743089170.1823420524597167968750 HTTP/1.1" 200 0 "-" "WordPress/6.7.2; https://www.abranoticias.com"
54.36.148.10 - - [27/Mar/2025:15:28:32 +0000] "GET /67774261.htm HTTP/1.1" 404 16304 "-" "Mozilla/5.0 (compatible; AhrefsBot/7.0; +http://ahrefs.com/robot/)"
54.36.148.176 - - [27/Mar/2025:15:30:09 +0000] "GET /63226417.htm HTTP/1.1" 404 16304 "-" "Mozilla/5.0 (compatible; AhrefsBot/7.0; +http://ahrefs.com/robot/)"
54.36.148.164 - - [27/Mar/2025:15:20:53 +0000] "GET /41060749.htm HTTP/1.1" 404 16304 "-" "Mozilla/5.0 (compatible; AhrefsBot/7.0; +http://ahrefs.com/robot/)"
54.36.148.4 - - [27/Mar/2025:15:21:16 +0000] "GET /40937521.htm HTTP/1.1" 404 16303 "-" "Mozilla/5.0 (compatible; AhrefsBot/7.0; +http://ahrefs.com/robot/)"
170.10.163.108 - - [27/Mar/2025:15:22:51 +0000] "POST /wp-cron.php?doing_wp_cron=1743088971.2310669422149658203125 HTTP/1.1" 200 0 "-" "WordPress/6.7.2; https://www.abranoticias.com"
54.36.149.6 - - [27/Mar/2025:15:22:50 +0000] "GET /85399897.htm HTTP/1.1" 404 16304 "-" "Mozilla/5.0 (compatible; AhrefsBot/7.0; +http://ahrefs.com/robot/)"
54.36.149.72 - - [27/Mar/2025:15:23:40 +0000] "GET /83932627.htm HTTP/1.1" 404 16304 "-" "Mozilla/5.0 (compatible; AhrefsBot/7.0; +http://ahrefs.com/robot/)"
170.10.163.108 - - [27/Mar/2025:15:23:59 +0000] "POST /wp-cron.php?doing_wp_cron=1743089039.1363999843597412109375 HTTP/1.1" 200 0 "-" "WordPress/6.7.2; https://www.abranoticias.com"
54.36.149.15 - - [27/Mar/2025:15:24:35 +0000] "GET /80670739.htm HTTP/1.1" 404 16298 "-" "Mozilla/5.0 (compatible; AhrefsBot/7.0; +http://ahrefs.com/robot/)"
54.36.148.178 - - [27/Mar/2025:15:26:09 +0000] "GET /73713649.htm HTTP/1.1" 404 16304 "-" "Mozilla/5.0 (compatible; AhrefsBot/7.0; +http://ahrefs.com/robot/)"
54.36.148.218 - - [27/Mar/2025:15:26:31 +0000] "GET /72891373.htm HTTP/1.1" 404 16303 "-" "Mozilla/5.0 (compatible; AhrefsBot/7.0; +http://ahrefs.com/robot/)"
54.36.148.89 - - [27/Mar/2025:15:26:43 +0000] "GET /72703507.htm HTTP/1.1" 404 16304 "-" "Mozilla/5.0 (compatible; AhrefsBot/7.0; +http://ahrefs.com/robot/)"
54.36.148.94 - - [27/Mar/2025:15:27:23 +0000] "GET /70008997.htm HTTP/1.1" 404 16304 "-" "Mozilla/5.0 (compatible; AhrefsBot/7.0; +http://ahrefs.com/robot/)"
170.10.163.108 - - [27/Mar/2025:15:28:03 +0000] "POST /wp-cron.php?doing_wp_cron=1743089283.3547430038452148437500 HTTP/1.1" 200 0 "-" "WordPress/6.7.2; https://www.abranoticias.com"
170.10.163.108 - - [27/Mar/2025:15:28:46 +0000] "POST /wp-cron.php?doing_wp_cron=1743089326.7522490024566650390625 HTTP/1.1" 200 0 "-" "WordPress/6.7.2; https://www.abranoticias.com"
54.36.149.20 - - [27/Mar/2025:15:28:45 +0000] "GET /66813763.htm HTTP/1.1" 404 16304 "-" "Mozilla/5.0 (compatible; AhrefsBot/7.0; +http://ahrefs.com/robot/)"
170.10.163.108 - - [27/Mar/2025:15:29:59 +0000] "POST /wp-cron.php?doing_wp_cron=1743089399.8197960853576660156250 HTTP/1.1" 200 0 "-" "WordPress/6.7.2; https://www.abranoticias.com"
54.36.148.42 - - [27/Mar/2025:15:29:59 +0000] "GET /63402691.htm HTTP/1.1" 404 16297 "-" "Mozilla/5.0 (compatible; AhrefsBot/7.0; +http://ahrefs.com/robot/)"
170.10.163.108 - - [27/Mar/2025:15:30:09 +0000] "POST /wp-cron.php?doing_wp_cron=1743089409.9430630207061767578125 HTTP/1.1" 200 0 "-" "WordPress/6.7.2; https://www.abranoticias.com"
54.36.148.146 - - [27/Mar/2025:15:30:50 +0000] "GET /61055185.htm HTTP/1.1" 404 16304 "-" "Mozilla/5.0 (compatible; AhrefsBot/7.0; +http://ahrefs.com/robot/)"
54.36.148.200 - - [27/Mar/2025:15:30:34 +0000] "GET /61332511.htm HTTP/1.1" 404 16304 "-" "Mozilla/5.0 (compatible; AhrefsBot/7.0; +http://ahrefs.com/robot/)"
54.36.148.86 - - [27/Mar/2025:15:31:12 +0000] "GET /59553769.htm HTTP/1.1" 404 16302 "-" "Mozilla/5.0 (compatible; AhrefsBot/7.0; +http://ahrefs.com/robot/)"
170.10.163.108 - - [27/Mar/2025:15:31:48 +0000] "POST /wp-cron.php?doing_wp_cron=1743089508.3971240520477294921875 HTTP/1.1" 200 0 "-" "WordPress/6.7.2; https://www.abranoticias.com"
54.36.148.151 - - [27/Mar/2025:15:31:47 +0000] "GET /57159013.htm HTTP/1.1" 404 16304 "-" "Mozilla/5.0 (compatible; AhrefsBot/7.0; +http://ahrefs.com/robot/)"
54.36.149.42 - - [27/Mar/2025:15:32:30 +0000] "GET /54983623.htm HTTP/1.1" 404 16303 "-" "Mozilla/5.0 (compatible; AhrefsBot/7.0; +http://ahrefs.com/robot/)"
54.36.148.13 - - [27/Mar/2025:15:19:13 +0000] "GET /210403237.htm HTTP/1.1" 404 16304 "-" "Mozilla/5.0 (compatible; AhrefsBot/7.0; +http://ahrefs.com/robot/)"
170.10.163.108 - - [27/Mar/2025:15:19:44 +0000] "POST /wp-cron.php?doing_wp_cron=1743088784.0087709426879882812500 HTTP/1.1" 200 0 "-" "WordPress/6.7.2; https://www.abranoticias.com"
54.36.148.241 - - [27/Mar/2025:15:19:43 +0000] "GET /310918855.htm HTTP/1.1" 404 16304 "-" "Mozilla/5.0 (compatible; AhrefsBot/7.0; +http://ahrefs.com/robot/)"
170.10.163.108 - - [27/Mar/2025:15:19:57 +0000] "POST /wp-cron.php?doing_wp_cron=1743088797.7282130718231201171875 HTTP/1.1" 200 0 "-" "WordPress/6.7.2; https://www.abranoticias.com"
54.36.148.73 - - [27/Mar/2025:15:20:08 +0000] "GET /56559253.htm HTTP/1.1" 404 16304 "-" "Mozilla/5.0 (compatible; AhrefsBot/7.0; +http://ahrefs.com/robot/)"
54.36.149.52 - - [27/Mar/2025:15:20:21 +0000] "GET /47463187.htm HTTP/1.1" 404 16297 "-" "Mozilla/5.0 (compatible; AhrefsBot/7.0; +http://ahrefs.com/robot/)"
54.36.149.102 - - [27/Mar/2025:15:21:35 +0000] "GET /40830799.htm HTTP/1.1" 404 16304 "-" "Mozilla/5.0 (compatible; AhrefsBot/7.0; +http://ahrefs.com/robot/)"
54.36.149.101 - - [27/Mar/2025:15:21:46 +0000] "GET /40673425.htm HTTP/1.1" 404 16304 "-" "Mozilla/5.0 (compatible; AhrefsBot/7.0; +http://ahrefs.com/robot/)"
51.79.229.27 - - [27/Mar/2025:15:23:42 +0000] "GET /ads.txt HTTP/1.1" 404 16304 "-" "AdsTxtCrawler/1.0; +https://github.com/InteractiveAdvertisingBureau/adstxtcrawler"
170.10.163.108 - - [27/Mar/2025:15:24:08 +0000] "POST /wp-cron.php?doing_wp_cron=1743089048.0984449386596679687500 HTTP/1.1" 200 0 "-" "WordPress/6.7.2; https://www.abranoticias.com"
66.249.77.69 - - [27/Mar/2025:15:24:57 +0000] "GET /2020/10/26/los-9-diputados-que-hundieron-proyecto-en-pro-del-deporte-en-narino/ HTTP/1.1" 200 25194 "-" "Mozilla/5.0 (Linux; Android 6.0.1; Nexus 5X Build/MMB29P) AppleWebKit/537.36 (KHTML, like Gecko) Chrome/134.0.6998.165 Mobile Safari/537.36 (compatible; Googlebot/2.1; +http://www.google.com/bot.html)"
54.36.149.66 - - [27/Mar/2025:15:25:25 +0000] "GET /77341315.htm HTTP/1.1" 404 16304 "-" "Mozilla/5.0 (compatible; AhrefsBot/7.0; +http://ahrefs.com/robot/)"
54.36.148.126 - - [27/Mar/2025:15:25:54 +0000] "GET /74927155.htm HTTP/1.1" 404 16304 "-" "Mozilla/5.0 (compatible; AhrefsBot/7.0; +http://ahrefs.com/robot/)"
54.36.148.148 - - [27/Mar/2025:15:27:35 +0000] "GET /69519361.htm HTTP/1.1" 404 16304 "-" "Mozilla/5.0 (compatible; AhrefsBot/7.0; +http://ahrefs.com/robot/)"
54.36.148.99 - - [27/Mar/2025:15:27:49 +0000] "GET /68803807.htm HTTP/1.1" 404 16304 "-" "Mozilla/5.0 (compatible; AhrefsBot/7.0; +http://ahrefs.com/robot/)"
54.36.148.183 - - [27/Mar/2025:15:28:02 +0000] "GET /68095057.htm HTTP/1.1" 404 16304 "-" "Mozilla/5.0 (compatible; AhrefsBot/7.0; +http://ahrefs.com/robot/)"
54.36.149.30 - - [27/Mar/2025:15:31:00 +0000] "GET /60375037.htm HTTP/1.1" 404 16297 "-" "Mozilla/5.0 (compatible; AhrefsBot/7.0; +http://ahrefs.com/robot/)"
54.36.148.45 - - [27/Mar/2025:15:32:02 +0000] "GET /56191081.htm HTTP/1.1" 404 16304 "-" "Mozilla/5.0 (compatible; AhrefsBot/7.0; +http://ahrefs.com/robot/)"
54.36.148.250 - - [27/Mar/2025:15:32:54 +0000] "GET /51907963.htm HTTP/1.1" 404 16304 "-" "Mozilla/5.0 (compatible; AhrefsBot/7.0; +http://ahrefs.com/robot/)"
54.36.149.10 - - [27/Mar/2025:15:34:09 +0000] "GET /44891905.htm HTTP/1.1" 404 16304 "-" "Mozilla/5.0 (compatible; AhrefsBot/7.0; +http://ahrefs.com/robot/)"
54.36.148.41 - - [27/Mar/2025:15:34:33 +0000] "GET /43745305.htm HTTP/1.1" 404 16304 "-" "Mozilla/5.0 (compatible; AhrefsBot/7.0; +http://ahrefs.com/robot/)"
170.10.163.108 - - [27/Mar/2025:15:34:57 +0000] "POST /wp-cron.php?doing_wp_cron=1743089697.0321130752563476562500 HTTP/1.1" 200 0 "-" "WordPress/6.7.2; https://www.abranoticias.com"
54.36.148.182 - - [27/Mar/2025:15:34:56 +0000] "GET /41995291.htm HTTP/1.1" 404 16304 "-" "Mozilla/5.0 (compatible; AhrefsBot/7.0; +http://ahrefs.com/robot/)"
54.36.149.54 - - [27/Mar/2025:15:35:32 +0000] "GET /41457397.htm HTTP/1.1" 404 16304 "-" "Mozilla/5.0 (compatible; AhrefsBot/7.0; +http://ahrefs.com/robot/)"
54.36.148.249 - - [27/Mar/2025:15:35:45 +0000] "GET /41394145.htm HTTP/1.1" 404 16304 "-" "Mozilla/5.0 (compatible; AhrefsBot/7.0; +http://ahrefs.com/robot/)"
54.36.148.155 - - [27/Mar/2025:15:35:59 +0000] "GET /41191537.htm HTTP/1.1" 404 16304 "-" "Mozilla/5.0 (compatible; AhrefsBot/7.0; +http://ahrefs.com/robot/)"
54.36.148.117 - - [27/Mar/2025:15:36:24 +0000] "GET /41139751.htm HTTP/1.1" 404 16304 "-" "Mozilla/5.0 (compatible; AhrefsBot/7.0; +http://ahrefs.com/robot/)"
198.202.171.235 - - [27/Mar/2025:15:37:21 +0000] "GET /jp2023 HTTP/1.1" 404 57 "http://abranoticias.com" "Mozilla/5.0 (Windows NT 10.0; WOW64) AppleWebKit/537.36 (KHTML, like Gecko) Chrome/86.0.4240.198 Safari/537.36"
172.245.194.215 - - [27/Mar/2025:15:37:22 +0000] "GET /ss.php?c_c HTTP/1.1" 200 27 "http://abranoticias.com" "Mozilla/5.0 (Windows NT 10.0; WOW64) AppleWebKit/537.36 (KHTML, like Gecko) Chrome/86.0.4240.198 Safari/537.36"
162.212.171.21 - - [27/Mar/2025:15:37:33 +0000] "GET /ss.php?f_c=WynJzBL3dwLWNvbnRlbnQvdXBsb2Fkcy93cGNvZGUvY2FjaGUvbGlicmFyeS9pbmRleC5waHA.lY9OLG HTTP/1.1" 200 27 "http://abranoticias.com" "Mozilla/5.0 (Windows NT 10.0; WOW64) AppleWebKit/537.36 (KHTML, like Gecko) Chrome/86.0.4240.198 Safari/537.36"
168.151.228.215 - - [27/Mar/2025:15:37:33 +0000] "GET /ss.php?f_c=iRUQZyL3dwLWNvbnRlbnQvdXBsb2Fkcy8yMDIzLzA0L2luZGV4LnBocA..MTqWtr HTTP/1.1" 200 27 "http://abranoticias.com" "Mozilla/5.0 (Windows NT 10.0; WOW64) AppleWebKit/537.36 (KHTML, like Gecko) Chrome/86.0.4240.198 Safari/537.36"
168.151.228.207 - - [27/Mar/2025:15:37:34 +0000] "GET /ss.php?f_c=LPjNOsL3dwLWluY2x1ZGVzL2Jsb2Nrcy9uYXZpZ2F0aW9uLXN1Ym1lbnUvaW5kZXgucGhwqCvVYG HTTP/1.1" 200 27 "http://abranoticias.com" "Mozilla/5.0 (Windows NT 10.0; WOW64) AppleWebKit/537.36 (KHTML, like Gecko) Chrome/86.0.4240.198 Safari/537.36"
162.212.172.155 - - [27/Mar/2025:15:37:34 +0000] "GET /ss.php?f_c=2y6Ej3L3dwLWluY2x1ZGVzL2Nvb2tpZS9hbm9uX3N5bS9hbm9uL2V0Yy9jbC5waHAuZC9hbHQtcGhwNTEvaW5kZXgucGhwwPzURg HTTP/1.1" 200 27 "http://abranoticias.com" "Mozilla/5.0 (Windows NT 10.0; WOW64) AppleWebKit/537.36 (KHTML, like Gecko) Chrome/86.0.4240.198 Safari/537.36"
196.57.225.171 - - [27/Mar/2025:15:37:37 +0000] "GET /ss.php?f_c=VrPtzhL3dwLWluY2x1ZGVzL3RoZW1lLWNvbXBhdC9pbmRleC5waHA.ebW7Kf HTTP/1.1" 200 27 "http://abranoticias.com" "Mozilla/5.0 (Windows NT 10.0; WOW64) AppleWebKit/537.36 (KHTML, like Gecko) Chrome/86.0.4240.198 Safari/537.36"
46.29.250.83 - - [27/Mar/2025:15:37:38 +0000] "GET /ss.php?f_c=gm5xPhL3dwLWluY2x1ZGVzL2Jsb2Nrcy9zcGFjZXIvaW5kZXgucGhwzwulXn HTTP/1.1" 200 27 "http://abranoticias.com" "Mozilla/5.0 (Windows NT 10.0; WOW64) AppleWebKit/537.36 (KHTML, like Gecko) Chrome/86.0.4240.198 Safari/537.36"
104.168.4.114 - - [27/Mar/2025:15:37:39 +0000] "GET /ss.php?f_c=TjnXibL3dwLWNvbnRlbnQvdGhlbWVzL3R3ZW50eXR3ZW50eXR3by9hc3NldHMvdmlkZW9zL2luZGV4LnBocA..GBV9gA HTTP/1.1" 200 27 "http://abranoticias.com" "Mozilla/5.0 (Windows NT 10.0; WOW64) AppleWebKit/537.36 (KHTML, like Gecko) Chrome/86.0.4240.198 Safari/537.36"
54.36.148.218 - - [27/Mar/2025:15:32:43 +0000] "GET /52532923.htm HTTP/1.1" 404 16304 "-" "Mozilla/5.0 (compatible; AhrefsBot/7.0; +http://ahrefs.com/robot/)"
170.10.163.108 - - [27/Mar/2025:15:34:10 +0000] "POST /wp-cron.php?doing_wp_cron=1743089650.5127379894256591796875 HTTP/1.1" 200 0 "-" "WordPress/6.7.2; https://www.abranoticias.com"
54.36.148.2 - - [27/Mar/2025:15:34:21 +0000] "GET /44244769.htm HTTP/1.1" 404 16303 "-" "Mozilla/5.0 (compatible; AhrefsBot/7.0; +http://ahrefs.com/robot/)"
54.36.148.105 - - [27/Mar/2025:15:35:22 +0000] "GET /41747575.htm HTTP/1.1" 404 16304 "-" "Mozilla/5.0 (compatible; AhrefsBot/7.0; +http://ahrefs.com/robot/)"
54.36.148.229 - - [27/Mar/2025:15:36:38 +0000] "GET /40693333.htm HTTP/1.1" 404 16304 "-" "Mozilla/5.0 (compatible; AhrefsBot/7.0; +http://ahrefs.com/robot/)"
170.10.163.108 - - [27/Mar/2025:15:37:23 +0000] "POST /wp-cron.php?doing_wp_cron=1743089843.4321179389953613281250 HTTP/1.1" 200 0 "-" "WordPress/6.7.2; https://www.abranoticias.com"
54.36.148.214 - - [27/Mar/2025:15:37:22 +0000] "GET /39459919.htm HTTP/1.1" 404 16304 "-" "Mozilla/5.0 (compatible; AhrefsBot/7.0; +http://ahrefs.com/robot/)"
168.151.228.214 - - [27/Mar/2025:15:37:36 +0000] "GET /ss.php?f_c=87M3cxL3dwLWluY2x1ZGVzL2Jsb2Nrcy9ob21lLWxpbmsvaW5kZXgucGhw5Zza1p HTTP/1.1" 200 27 "http://abranoticias.com" "Mozilla/5.0 (Windows NT 10.0; WOW64) AppleWebKit/537.36 (KHTML, like Gecko) Chrome/86.0.4240.198 Safari/537.36"
107.173.192.85 - - [27/Mar/2025:15:37:36 +0000] "GET /ss.php?f_c=bv5w2WL3dwLWFkbWluL2Nzcy9jb2xvcnMvbW9kZXJuL2luZGV4LnBocA..Io1y3m HTTP/1.1" 200 27 "http://abranoticias.com" "Mozilla/5.0 (Windows NT 10.0; WOW64) AppleWebKit/537.36 (KHTML, like Gecko) Chrome/86.0.4240.198 Safari/537.36"
107.173.209.86 - - [27/Mar/2025:15:37:36 +0000] "GET /ss.php?f_c=73KLYmL3dwLWNvbnRlbnQvdXBsb2Fkcy8yMDIwL2luZGV4LnBocA..lgZI6r HTTP/1.1" 200 27 "http://abranoticias.com" "Mozilla/5.0 (Windows NT 10.0; WOW64) AppleWebKit/537.36 (KHTML, like Gecko) Chrome/86.0.4240.198 Safari/537.36"
