3.135.194.164 - - [19/Mar/2025:12:53:29 +0000] "GET /wp-includes/cookie/index.php?lokasie=%2Fproc%2F178069%2Fcwd%2Fwp-includes%2Fjs%2Fjquery%2Fjquery.masonry.min.js&loknya=%2Fproc%2F178069%2Fcwd%2Fwp-includes%2Fjs%2Fjquery HTTP/1.1" 200 2519 "-" "Mozilla/5.0 AppleWebKit/537.36 (KHTML, like Gecko; compatible; ClaudeBot/1.0; +claudebot@anthropic.com)"
3.135.194.164 - - [19/Mar/2025:12:53:29 +0000] "GET /wp-includes/cookie/index.php?lokasie=%2Fproc%2F178069%2Fcwd%2Fwp-includes%2FSimplePie%2Fsrc%2FRegistryAware.php&loknya=%2Fproc%2F178069%2Fcwd%2Fwp-includes%2FSimplePie%2Fsrc HTTP/1.1" 200 2965 "-" "Mozilla/5.0 AppleWebKit/537.36 (KHTML, like Gecko; compatible; ClaudeBot/1.0; +claudebot@anthropic.com)"
3.135.194.164 - - [19/Mar/2025:12:53:30 +0000] "GET /wp-includes/cookie/index.php?lokasie=%2Fproc%2F178069%2Froot%2Flib%2Frpm%2Fmacros.d%2Fmacros.perl&loknya=%2Fproc%2F178069%2Froot%2Flib%2Frpm%2Fmacros.d HTTP/1.1" 200 4210 "-" "Mozilla/5.0 AppleWebKit/537.36 (KHTML, like Gecko; compatible; ClaudeBot/1.0; +claudebot@anthropic.com)"
3.135.194.164 - - [19/Mar/2025:12:53:30 +0000] "GET /wp-includes/cookie/index.php?lokasie=%2Fproc%2F178069%2Froot%2Flib64%2Fpython2.7%2Fidlelib%2Fidlever.py&loknya=%2Fproc%2F178069%2Froot%2Flib64%2Fpython2.7%2Fidlelib HTTP/1.1" 200 2029 "-" "Mozilla/5.0 AppleWebKit/537.36 (KHTML, like Gecko; compatible; ClaudeBot/1.0; +claudebot@anthropic.com)"
3.135.194.164 - - [19/Mar/2025:12:53:19 +0000] "GET /wp-includes/cookie/index.php?lokasie=%2Fproc%2F178069%2Fcwd%2Fwp-includes%2FRequests%2Fsrc%2FRequests.php&loknya=%2Fproc%2F178069%2Fcwd%2Fwp-includes%2FRequests%2Fsrc HTTP/1.1" 200 0 "-" "Mozilla/5.0 AppleWebKit/537.36 (KHTML, like Gecko; compatible; ClaudeBot/1.0; +claudebot@anthropic.com)"
3.135.194.164 - - [19/Mar/2025:12:53:30 +0000] "GET /wp-includes/cookie/index.php?loknya=%2Fproc%2Fself%2Froot%2Fproc%2Fself%2Froot%2Fusr%2Flib%2Fpython3.6%2Fsite-packages%2Ffirewall%2Fserver HTTP/1.1" 200 2777 "-" "Mozilla/5.0 AppleWebKit/537.36 (KHTML, like Gecko; compatible; ClaudeBot/1.0; +claudebot@anthropic.com)"
3.135.194.164 - - [19/Mar/2025:12:53:22 +0000] "GET /wp-includes/cookie/index.php?lokasie=%2Fproc%2F178069%2Froot%2Fusr%2Flib64%2Fdovecot%2Flibdovecot-sql.so.0&loknya=%2Fproc%2F178069%2Froot%2Fusr%2Flib64%2Fdovecot HTTP/1.1" 200 1823 "-" "Mozilla/5.0 AppleWebKit/537.36 (KHTML, like Gecko; compatible; ClaudeBot/1.0; +claudebot@anthropic.com)"
3.135.194.164 - - [19/Mar/2025:12:53:23 +0000] "GET /wp-includes/cookie/index.php?loknya=%2Fproc%2Fself%2Froot%2Fproc%2Fself%2Froot%2Fopt%2Fcpanel%2Fea-php83%2Froot%2Fusr%2Fshare%2Fdoc%2Fea-php83-pear HTTP/1.1" 200 2384 "-" "Mozilla/5.0 AppleWebKit/537.36 (KHTML, like Gecko; compatible; ClaudeBot/1.0; +claudebot@anthropic.com)"
3.135.194.164 - - [19/Mar/2025:12:53:24 +0000] "GET /wp-includes/cookie/index.php?lokasie=%2Fproc%2F178069%2Froot%2Fusr%2Finclude%2Fevent2%2Fdns_struct.h&loknya=%2Fproc%2F178069%2Froot%2Fusr%2Finclude%2Fevent2 HTTP/1.1" 200 3130 "-" "Mozilla/5.0 AppleWebKit/537.36 (KHTML, like Gecko; compatible; ClaudeBot/1.0; +claudebot@anthropic.com)"
3.135.194.164 - - [19/Mar/2025:12:53:25 +0000] "GET /wp-includes/cookie/index.php?lokasie=%2Fproc%2Fself%2Froot%2Fproc%2Fself%2Froot%2Fusr%2Fshare%2Fperl5%2F%2FFileCache.pm&loknya=%2Fproc%2Fself%2Froot%2Fproc%2Fself%2Froot%2Fusr%2Fshare%2Fperl5%2F HTTP/1.1" 200 4402 "-" "Mozilla/5.0 AppleWebKit/537.36 (KHTML, like Gecko; compatible; ClaudeBot/1.0; +claudebot@anthropic.com)"
3.135.194.164 - - [19/Mar/2025:12:53:26 +0000] "GET /wp-includes/cookie/index.php?lokasie=%2Fproc%2F178069%2Froot%2Fusr%2Flib64%2Fdovecot%2Flibdovecot-compression.so.0.0.0&loknya=%2Fproc%2F178069%2Froot%2Fusr%2Flib64%2Fdovecot HTTP/1.1" 200 1833 "-" "Mozilla/5.0 AppleWebKit/537.36 (KHTML, like Gecko; compatible; ClaudeBot/1.0; +claudebot@anthropic.com)"
217.113.194.219 - - [19/Mar/2025:12:53:26 +0000] "GET /2020/06/12/en-narino-pasa-de-2000-casos-sin-tener-en-cuenta-a-santa-barbara-de-iscuande/amp/ HTTP/1.1" 301 0 "-" "Mozilla/5.0 (compatible; Barkrowler/0.9; +https://babbar.tech/crawler)"
3.135.194.164 - - [19/Mar/2025:12:53:27 +0000] "GET /wp-includes/cookie/index.php?lokasie=%2Fproc%2F178069%2Froot%2Fusr%2Finclude%2Fgssrpc%2Fnetdb.h&loknya=%2Fproc%2F178069%2Froot%2Fusr%2Finclude%2Fgssrpc HTTP/1.1" 200 3073 "-" "Mozilla/5.0 AppleWebKit/537.36 (KHTML, like Gecko; compatible; ClaudeBot/1.0; +claudebot@anthropic.com)"
185.191.171.13 - - [19/Mar/2025:12:53:27 +0000] "GET /2020/08/08/en-putumayo-2-mujeres-capturadas-por-agredir-a-uniformados-y-cierran-local/ HTTP/1.1" 200 25147 "-" "Mozilla/5.0 (compatible; SemrushBot/7~bl; +http://www.semrush.com/bot.html)"
3.135.194.164 - - [19/Mar/2025:12:53:28 +0000] "GET /wp-includes/cookie/index.php?lokasie=%2Fproc%2F178069%2Froot%2Fusr%2Flibexec%2Fgit-core%2Fgit-fast-export&loknya=%2Fproc%2F178069%2Froot%2Fusr%2Flibexec%2Fgit-core HTTP/1.1" 200 1820 "-" "Mozilla/5.0 AppleWebKit/537.36 (KHTML, like Gecko; compatible; ClaudeBot/1.0; +claudebot@anthropic.com)"
3.135.194.164 - - [19/Mar/2025:12:53:18 +0000] "GET /wp-includes/cookie/index.php?lokasie=%2Fproc%2F178069%2Fcwd%2Fwp-includes%2FRequests%2Fsrc%2FProxy.php&loknya=%2Fproc%2F178069%2Fcwd%2Fwp-includes%2FRequests%2Fsrc HTTP/1.1" 200 1985 "-" "Mozilla/5.0 AppleWebKit/537.36 (KHTML, like Gecko; compatible; ClaudeBot/1.0; +claudebot@anthropic.com)"
3.135.194.164 - - [19/Mar/2025:12:53:18 +0000] "GET /wp-includes/cookie/index.php?lokasie=%2Fproc%2Fself%2Froot%2Flib%2Fpython3.6%2Fsite-packages%2Ftuned%2Fprofiles%2Ffactory.py&loknya=%2Fproc%2Fself%2Froot%2Flib%2Fpython3.6%2Fsite-packages%2Ftuned%2Fprofiles HTTP/1.1" 200 0 "-" "Mozilla/5.0 AppleWebKit/537.36 (KHTML, like Gecko; compatible; ClaudeBot/1.0; +claudebot@anthropic.com)"
3.135.194.164 - - [19/Mar/2025:12:53:29 +0000] "GET /wp-includes/cookie/index.php?lokasie=%2Fproc%2F178069%2Froot%2Fusr%2Flibexec%2Fgit-core%2Fgit-merge-index&loknya=%2Fproc%2F178069%2Froot%2Fusr%2Flibexec%2Fgit-core HTTP/1.1" 200 1819 "-" "Mozilla/5.0 AppleWebKit/537.36 (KHTML, like Gecko; compatible; ClaudeBot/1.0; +claudebot@anthropic.com)"
3.135.194.164 - - [19/Mar/2025:12:53:30 +0000] "GET /wp-includes/cookie/index.php?lokasie=%2Fproc%2F178069%2Froot%2Fusr%2Flibexec%2Fgit-core%2Fgit-name-rev&loknya=%2Fproc%2F178069%2Froot%2Fusr%2Flibexec%2Fgit-core HTTP/1.1" 200 1818 "-" "Mozilla/5.0 AppleWebKit/537.36 (KHTML, like Gecko; compatible; ClaudeBot/1.0; +claudebot@anthropic.com)"
3.135.194.164 - - [19/Mar/2025:12:53:31 +0000] "GET /wp-includes/cookie/index.php?lokasie=%2Fproc%2F178069%2Froot%2Flib64%2Fpython2.7%2Fdistutils%2Ferrors.pyc&loknya=%2Fproc%2F178069%2Froot%2Flib64%2Fpython2.7%2Fdistutils HTTP/1.1" 200 1823 "-" "Mozilla/5.0 AppleWebKit/537.36 (KHTML, like Gecko; compatible; ClaudeBot/1.0; +claudebot@anthropic.com)"
3.135.194.164 - - [19/Mar/2025:12:53:31 +0000] "GET /wp-includes/cookie/index.php?lokasie=%2Fproc%2F178069%2Froot%2Fusr%2Finclude%2Fselinux%2Fflask.h&loknya=%2Fproc%2F178069%2Froot%2Fusr%2Finclude%2Fselinux HTTP/1.1" 200 2983 "-" "Mozilla/5.0 AppleWebKit/537.36 (KHTML, like Gecko; compatible; ClaudeBot/1.0; +claudebot@anthropic.com)"
3.135.194.164 - - [19/Mar/2025:12:53:31 +0000] "GET /wp-includes/cookie/index.php?lokasie=%2Fproc%2F178069%2Froot%2Fusr%2Finclude%2Flinux%2Fkfd_sysfs.h&loknya=%2Fproc%2F178069%2Froot%2Fusr%2Finclude%2Flinux HTTP/1.1" 200 3520 "-" "Mozilla/5.0 AppleWebKit/537.36 (KHTML, like Gecko; compatible; ClaudeBot/1.0; +claudebot@anthropic.com)"
3.135.194.164 - - [19/Mar/2025:12:53:31 +0000] "GET /wp-includes/cookie/index.php?loknya=%2Fproc%2Fself%2Froot%2Fproc%2Fself%2Froot%2Fopt%2Fcloudlinux%2Falt-php53%2Froot%2Fusr%2Flib64%2Fphp%2Fbuild HTTP/1.1" 200 2760 "-" "Mozilla/5.0 AppleWebKit/537.36 (KHTML, like Gecko; compatible; ClaudeBot/1.0; +claudebot@anthropic.com)"
3.135.194.164 - - [19/Mar/2025:12:53:32 +0000] "GET /wp-includes/cookie/index.php?lokasie=%2Fproc%2Fself%2Froot%2Flib%2Fpython3.6%2Fsite-packages%2F%2Fnftables-0.1-py3.6.egg-info&loknya=%2Fproc%2Fself%2Froot%2Flib%2Fpython3.6%2Fsite-packages%2F HTTP/1.1" 200 2130 "-" "Mozilla/5.0 AppleWebKit/537.36 (KHTML, like Gecko; compatible; ClaudeBot/1.0; +claudebot@anthropic.com)"
3.135.194.164 - - [19/Mar/2025:12:53:32 +0000] "GET /wp-includes/cookie/index.php?lokasie=%2Fproc%2F178069%2Froot%2Fusr%2Flibexec%2Fgit-core%2Fgit-imap-send&loknya=%2Fproc%2F178069%2Froot%2Fusr%2Flibexec%2Fgit-core HTTP/1.1" 200 1819 "-" "Mozilla/5.0 AppleWebKit/537.36 (KHTML, like Gecko; compatible; ClaudeBot/1.0; +claudebot@anthropic.com)"
3.135.194.164 - - [19/Mar/2025:12:53:32 +0000] "GET /wp-includes/cookie/index.php?lokasie=%2Fproc%2F178069%2Froot%2Flib%2Frpm%2Fmacros.d%2Fmacros.ruby&loknya=%2Fproc%2F178069%2Froot%2Flib%2Frpm%2Fmacros.d HTTP/1.1" 200 2245 "-" "Mozilla/5.0 AppleWebKit/537.36 (KHTML, like Gecko; compatible; ClaudeBot/1.0; +claudebot@anthropic.com)"
3.135.194.164 - - [19/Mar/2025:12:53:32 +0000] "GET /wp-includes/cookie/index.php?lokasie=%2Fproc%2F178069%2Froot%2Fusr%2Flibexec%2Fgit-core%2Fgit-send-pack&loknya=%2Fproc%2F178069%2Froot%2Fusr%2Flibexec%2Fgit-core HTTP/1.1" 200 1821 "-" "Mozilla/5.0 AppleWebKit/537.36 (KHTML, like Gecko; compatible; ClaudeBot/1.0; +claudebot@anthropic.com)"
3.135.194.164 - - [19/Mar/2025:12:53:33 +0000] "GET /wp-includes/cookie/index.php?lokasie=%2Fproc%2F178069%2Froot%2Flib64%2Fpython2.7%2Fplat-linux2%2FDLFCN.pyc&loknya=%2Fproc%2F178069%2Froot%2Flib64%2Fpython2.7%2Fplat-linux2 HTTP/1.1" 200 1825 "-" "Mozilla/5.0 AppleWebKit/537.36 (KHTML, like Gecko; compatible; ClaudeBot/1.0; +claudebot@anthropic.com)"
3.135.194.164 - - [19/Mar/2025:12:53:33 +0000] "GET /wp-includes/cookie/index.php?lokasie=%2Fproc%2F178069%2Froot%2Fusr%2Finclude%2Flinux%2Fatm_idt77105.h&loknya=%2Fproc%2F178069%2Froot%2Fusr%2Finclude%2Flinux HTTP/1.1" 200 2283 "-" "Mozilla/5.0 AppleWebKit/537.36 (KHTML, like Gecko; compatible; ClaudeBot/1.0; +claudebot@anthropic.com)"
3.135.194.164 - - [19/Mar/2025:12:53:33 +0000] "GET /wp-includes/cookie/index.php?lokasie=%2Fproc%2F178069%2Froot%2Flib64%2Fpython3.11%2Fhtml%2F__init__.py&loknya=%2Fproc%2F178069%2Froot%2Flib64%2Fpython3.11%2Fhtml HTTP/1.1" 200 3632 "-" "Mozilla/5.0 AppleWebKit/537.36 (KHTML, like Gecko; compatible; ClaudeBot/1.0; +claudebot@anthropic.com)"
3.135.194.164 - - [19/Mar/2025:12:53:33 +0000] "GET /wp-includes/cookie/index.php?lokasie=%2Fproc%2F178069%2Froot%2Flib64%2Fpython2.7%2Fidlelib%2FWidgetRedirector.pyc&loknya=%2Fproc%2F178069%2Froot%2Flib64%2Fpython2.7%2Fidlelib HTTP/1.1" 200 1823 "-" "Mozilla/5.0 AppleWebKit/537.36 (KHTML, like Gecko; compatible; ClaudeBot/1.0; +claudebot@anthropic.com)"
3.135.194.164 - - [19/Mar/2025:12:53:34 +0000] "GET /wp-includes/cookie/index.php?lokasie=%2Fproc%2Fself%2Froot%2Fproc%2Fself%2Froot%2Fusr%2Flib%2Fpython3.6%2Fsite-packages%2Fsetuptools-39.2.0.dist-info%2FMETADATA&loknya=%2Fproc%2Fself%2Froot%2Fproc%2Fself%2Froot%2Fusr%2Flib%2Fpython3.6%2Fsite-packages%2Fsetuptools-39.2.0.dist-info HTTP/1.1" 200 3045 "-" "Mozilla/5.0 AppleWebKit/537.36 (KHTML, like Gecko; compatible; ClaudeBot/1.0; +claudebot@anthropic.com)"
3.135.194.164 - - [19/Mar/2025:12:53:34 +0000] "GET /wp-includes/cookie/index.php?lokasie=%2Fproc%2F178069%2Froot%2Flib64%2Fpython2.7%2Fdistutils%2Fextension.pyc&loknya=%2Fproc%2F178069%2Froot%2Flib64%2Fpython2.7%2Fdistutils HTTP/1.1" 200 1822 "-" "Mozilla/5.0 AppleWebKit/537.36 (KHTML, like Gecko; compatible; ClaudeBot/1.0; +claudebot@anthropic.com)"
3.135.194.164 - - [19/Mar/2025:12:53:34 +0000] "GET /wp-includes/cookie/index.php?lokasie=%2Fproc%2F178069%2Froot%2Flib64%2Fpython2.7%2Flib2to3%2Fpytree.pyc&loknya=%2Fproc%2F178069%2Froot%2Flib64%2Fpython2.7%2Flib2to3 HTTP/1.1" 200 1822 "-" "Mozilla/5.0 AppleWebKit/537.36 (KHTML, like Gecko; compatible; ClaudeBot/1.0; +claudebot@anthropic.com)"
3.135.194.164 - - [19/Mar/2025:12:53:34 +0000] "GET /wp-includes/cookie/index.php?lokasie=%2Fproc%2Fself%2Froot%2Fproc%2Fself%2Froot%2Fusr%2Flib64%2Fpython3.11%2Fwsgiref%2F__pycache__%2Futil.cpython-311.pyc&loknya=%2Fproc%2Fself%2Froot%2Fproc%2Fself%2Froot%2Fusr%2Flib64%2Fpython3.11%2Fwsgiref%2F__pycache__ HTTP/1.1" 200 1870 "-" "Mozilla/5.0 AppleWebKit/537.36 (KHTML, like Gecko; compatible; ClaudeBot/1.0; +claudebot@anthropic.com)"
3.135.194.164 - - [19/Mar/2025:12:53:35 +0000] "GET /wp-includes/cookie/index.php?lokasie=%2Fproc%2F178069%2Fcwd%2Fwp-includes%2FRequests%2Fsrc%2FHookManager.php&loknya=%2Fproc%2F178069%2Fcwd%2Fwp-includes%2FRequests%2Fsrc HTTP/1.1" 200 2105 "-" "Mozilla/5.0 AppleWebKit/537.36 (KHTML, like Gecko; compatible; ClaudeBot/1.0; +claudebot@anthropic.com)"
3.135.194.164 - - [19/Mar/2025:12:53:35 +0000] "GET /wp-includes/cookie/index.php?lokasie=%2Fproc%2Fself%2Froot%2Fproc%2Fself%2Froot%2Fusr%2Fshare%2Fperl5%2F%2Fbytes.pm&loknya=%2Fproc%2Fself%2Froot%2Fproc%2Fself%2Froot%2Fusr%2Fshare%2Fperl5%2F HTTP/1.1" 200 3590 "-" "Mozilla/5.0 AppleWebKit/537.36 (KHTML, like Gecko; compatible; ClaudeBot/1.0; +claudebot@anthropic.com)"
3.135.194.164 - - [19/Mar/2025:12:53:35 +0000] "GET /wp-includes/cookie/index.php?lokasie=%2Fproc%2F178069%2Froot%2Flib64%2Fpython2.7%2Fidlelib%2FRstripExtension.pyc&loknya=%2Fproc%2F178069%2Froot%2Flib64%2Fpython2.7%2Fidlelib HTTP/1.1" 200 1828 "-" "Mozilla/5.0 AppleWebKit/537.36 (KHTML, like Gecko; compatible; ClaudeBot/1.0; +claudebot@anthropic.com)"
3.135.194.164 - - [19/Mar/2025:12:53:35 +0000] "GET /wp-includes/cookie/index.php?lokasie=%2Fproc%2Fself%2Froot%2Fproc%2Fself%2Froot%2Fusr%2Finclude%2Fgd_errors.h&loknya=%2Fproc%2Fself%2Froot%2Fproc%2Fself%2Froot%2Fusr%2Finclude HTTP/1.1" 200 2420 "-" "Mozilla/5.0 AppleWebKit/537.36 (KHTML, like Gecko; compatible; ClaudeBot/1.0; +claudebot@anthropic.com)"
3.135.194.164 - - [19/Mar/2025:12:53:36 +0000] "GET /wp-includes/cookie/index.php?lokasie=%2Fproc%2F178069%2Froot%2Fusr%2Flocal%2Fsitepad%2Fcron_hourly.php&loknya=%2Fproc%2F178069%2Froot%2Fusr%2Flocal%2Fsitepad HTTP/1.1" 200 2196 "-" "Mozilla/5.0 AppleWebKit/537.36 (KHTML, like Gecko; compatible; ClaudeBot/1.0; +claudebot@anthropic.com)"
3.135.194.164 - - [19/Mar/2025:12:53:36 +0000] "GET /wp-includes/cookie/index.php?lokasie=%2Fproc%2F178069%2Froot%2Flib64%2Fpython2.7%2Fidlelib%2FPathBrowser.pyc&loknya=%2Fproc%2F178069%2Froot%2Flib64%2Fpython2.7%2Fidlelib HTTP/1.1" 200 1822 "-" "Mozilla/5.0 AppleWebKit/537.36 (KHTML, like Gecko; compatible; ClaudeBot/1.0; +claudebot@anthropic.com)"
3.135.194.164 - - [19/Mar/2025:12:53:36 +0000] "GET /wp-includes/cookie/index.php?lokasie=%2Fproc%2F178069%2Fcwd%2Fwp-includes%2FRequests%2Fsrc%2FCookie.php&loknya=%2Fproc%2F178069%2Fcwd%2Fwp-includes%2FRequests%2Fsrc HTTP/1.1" 200 6031 "-" "Mozilla/5.0 AppleWebKit/537.36 (KHTML, like Gecko; compatible; ClaudeBot/1.0; +claudebot@anthropic.com)"
3.135.194.164 - - [19/Mar/2025:12:53:36 +0000] "GET /wp-includes/cookie/index.php?lokasie=%2Fproc%2F178069%2Froot%2Fusr%2Flibexec%2Fgit-core%2Fgit-blame&loknya=%2Fproc%2F178069%2Froot%2Fusr%2Flibexec%2Fgit-core HTTP/1.1" 200 1816 "-" "Mozilla/5.0 AppleWebKit/537.36 (KHTML, like Gecko; compatible; ClaudeBot/1.0; +claudebot@anthropic.com)"
3.135.194.164 - - [19/Mar/2025:12:53:37 +0000] "GET /wp-includes/cookie/index.php?lokasie=%2Fproc%2Fself%2Froot%2Fproc%2Fself%2Froot%2Fopt%2Fcpanel%2Fea-nodejs18%2Finclude%2Fnode%2F%2Fv8-value-serializer.h&loknya=%2Fproc%2Fself%2Froot%2Fproc%2Fself%2Froot%2Fopt%2Fcpanel%2Fea-nodejs18%2Finclude%2Fnode%2F HTTP/1.1" 200 4699 "-" "Mozilla/5.0 AppleWebKit/537.36 (KHTML, like Gecko; compatible; ClaudeBot/1.0; +claudebot@anthropic.com)"
3.135.194.164 - - [19/Mar/2025:12:53:37 +0000] "GET /wp-includes/cookie/index.php?lokasie=%2Fproc%2F178069%2Froot%2Fusr%2Flibexec%2Fgit-core%2Fgit-cat-file&loknya=%2Fproc%2F178069%2Froot%2Fusr%2Flibexec%2Fgit-core HTTP/1.1" 200 1817 "-" "Mozilla/5.0 AppleWebKit/537.36 (KHTML, like Gecko; compatible; ClaudeBot/1.0; +claudebot@anthropic.com)"
3.135.194.164 - - [19/Mar/2025:12:53:37 +0000] "GET /wp-includes/cookie/index.php?lokasie=%2Fproc%2F178069%2Froot%2Flib64%2Fpython2.7%2Fidlelib%2FScrolledList.pyc&loknya=%2Fproc%2F178069%2Froot%2Flib64%2Fpython2.7%2Fidlelib HTTP/1.1" 200 1821 "-" "Mozilla/5.0 AppleWebKit/537.36 (KHTML, like Gecko; compatible; ClaudeBot/1.0; +claudebot@anthropic.com)"
3.135.194.164 - - [19/Mar/2025:12:53:37 +0000] "GET /wp-includes/cookie/index.php?lokasie=%2Fproc%2F178069%2Froot%2Flib64%2Fpython3.11%2Fdistutils%2Fdep_util.py&loknya=%2Fproc%2F178069%2Froot%2Flib64%2Fpython3.11%2Fdistutils HTTP/1.1" 200 3144 "-" "Mozilla/5.0 AppleWebKit/537.36 (KHTML, like Gecko; compatible; ClaudeBot/1.0; +claudebot@anthropic.com)"
3.135.194.164 - - [19/Mar/2025:12:53:38 +0000] "GET /wp-includes/cookie/index.php?lokasie=%2Fproc%2Fself%2Froot%2Flib%2Fpython3.6%2Fsite-packages%2Ftuned%2Fprofiles%2Fprofile.py&loknya=%2Fproc%2Fself%2Froot%2Flib%2Fpython3.6%2Fsite-packages%2Ftuned%2Fprofiles HTTP/1.1" 200 2291 "-" "Mozilla/5.0 AppleWebKit/537.36 (KHTML, like Gecko; compatible; ClaudeBot/1.0; +claudebot@anthropic.com)"
3.135.194.164 - - [19/Mar/2025:12:53:38 +0000] "GET /wp-includes/cookie/index.php?lokasie=%2Fproc%2F178069%2Froot%2Flib%2Frpm%2Fmacros.d%2Fmacros.python-srpm&loknya=%2Fproc%2F178069%2Froot%2Flib%2Frpm%2Fmacros.d HTTP/1.1" 200 3967 "-" "Mozilla/5.0 AppleWebKit/537.36 (KHTML, like Gecko; compatible; ClaudeBot/1.0; +claudebot@anthropic.com)"
34.221.134.33 - - [19/Mar/2025:12:53:37 +0000] "GET / HTTP/1.1" 200 25681 "-" "Mozilla/5.0 (X11; Ubuntu; Linux x86_64; rv:80.0) Gecko/20100101 Firefox/80.0"
3.135.194.164 - - [19/Mar/2025:12:53:38 +0000] "GET /wp-includes/cookie/index.php?lokasie=%2Fproc%2Fself%2Froot%2Fproc%2Fself%2Froot%2Fusr%2Flib64%2Fpython3.11%2Fwsgiref%2F__pycache__%2Fvalidate.cpython-311.pyc&loknya=%2Fproc%2Fself%2Froot%2Fproc%2Fself%2Froot%2Fusr%2Flib64%2Fpython3.11%2Fwsgiref%2F__pycache__ HTTP/1.1" 200 1872 "-" "Mozilla/5.0 AppleWebKit/537.36 (KHTML, like Gecko; compatible; ClaudeBot/1.0; +claudebot@anthropic.com)"
3.135.194.164 - - [19/Mar/2025:12:53:30 +0000] "GET /wp-includes/cookie/index.php?lokasie=%2Fproc%2F178069%2Froot%2Fusr%2Flib%2Ftmpfiles.d%2Fmysqlrouter.conf&loknya=%2Fproc%2F178069%2Froot%2Fusr%2Flib%2Ftmpfiles.d HTTP/1.1" 200 2442 "-" "Mozilla/5.0 AppleWebKit/537.36 (KHTML, like Gecko; compatible; ClaudeBot/1.0; +claudebot@anthropic.com)"
3.135.194.164 - - [19/Mar/2025:12:53:31 +0000] "GET /wp-includes/cookie/index.php?lokasie=%2Fproc%2F178069%2Froot%2Fusr%2Flibexec%2Fgit-core%2Fgit-unpack-file&loknya=%2Fproc%2F178069%2Froot%2Fusr%2Flibexec%2Fgit-core HTTP/1.1" 200 1820 "-" "Mozilla/5.0 AppleWebKit/537.36 (KHTML, like Gecko; compatible; ClaudeBot/1.0; +claudebot@anthropic.com)"
3.135.194.164 - - [19/Mar/2025:12:53:32 +0000] "GET /wp-includes/cookie/index.php?loknya=%2Fproc%2Fself%2Froot%2Fproc%2Fself%2Froot%2Fusr%2Flib%2Fpython3.6%2Fsite-packages%2Ftuned%2Fplugins HTTP/1.1" 200 3394 "-" "Mozilla/5.0 AppleWebKit/537.36 (KHTML, like Gecko; compatible; ClaudeBot/1.0; +claudebot@anthropic.com)"
3.135.194.164 - - [19/Mar/2025:12:53:33 +0000] "GET /wp-includes/cookie/index.php?lokasie=%2Fproc%2Fself%2Froot%2Flib%2Fpython3.6%2Fsite-packages%2Ftuned%2Fprofiles%2Fmerger.py&loknya=%2Fproc%2Fself%2Froot%2Flib%2Fpython3.6%2Fsite-packages%2Ftuned%2Fprofiles HTTP/1.1" 200 2503 "-" "Mozilla/5.0 AppleWebKit/537.36 (KHTML, like Gecko; compatible; ClaudeBot/1.0; +claudebot@anthropic.com)"
3.135.194.164 - - [19/Mar/2025:12:53:34 +0000] "GET /wp-includes/cookie/index.php?lokasie=%2Fproc%2F178069%2Froot%2Fusr%2Finclude%2Fnetinet%2Ftcp.h&loknya=%2Fproc%2F178069%2Froot%2Fusr%2Finclude%2Fnetinet HTTP/1.1" 200 5887 "-" "Mozilla/5.0 AppleWebKit/537.36 (KHTML, like Gecko; compatible; ClaudeBot/1.0; +claudebot@anthropic.com)"
3.135.194.164 - - [19/Mar/2025:12:53:35 +0000] "GET /wp-includes/cookie/index.php?lokasie=%2Fproc%2F178069%2Froot%2Flib64%2Fpython2.7%2Ftest%2Ftest_support.pyc&loknya=%2Fproc%2F178069%2Froot%2Flib64%2Fpython2.7%2Ftest HTTP/1.1" 200 1820 "-" "Mozilla/5.0 AppleWebKit/537.36 (KHTML, like Gecko; compatible; ClaudeBot/1.0; +claudebot@anthropic.com)"
3.135.194.164 - - [19/Mar/2025:12:53:36 +0000] "GET /wp-includes/cookie/index.php?lokasie=%2Fproc%2F178069%2Froot%2Flib64%2Fpython2.7%2Fidlelib%2FParenMatch.py&loknya=%2Fproc%2F178069%2Froot%2Flib64%2Fpython2.7%2Fidlelib HTTP/1.1" 200 4055 "-" "Mozilla/5.0 AppleWebKit/537.36 (KHTML, like Gecko; compatible; ClaudeBot/1.0; +claudebot@anthropic.com)"
66.249.73.131 - - [19/Mar/2025:12:53:37 +0000] "GET /search?category=&search_word=&restrict[]=person_id(int)=OFCVU HTTP/1.1" 200 18225 "-" "Mozilla/5.0 (Linux; Android 6.0.1; Nexus 5X Build/MMB29P) AppleWebKit/537.36 (KHTML, like Gecko) Chrome/133.0.6943.141 Mobile Safari/537.36 (compatible; Googlebot/2.1; +http://www.google.com/bot.html)"
3.135.194.164 - - [19/Mar/2025:12:53:37 +0000] "GET /wp-includes/cookie/index.php?lokasie=%2Fproc%2F178069%2Froot%2Flib64%2Fpython2.7%2Flib-tk%2FtkSimpleDialog.pyo&loknya=%2Fproc%2F178069%2Froot%2Flib64%2Fpython2.7%2Flib-tk HTTP/1.1" 200 1830 "-" "Mozilla/5.0 AppleWebKit/537.36 (KHTML, like Gecko; compatible; ClaudeBot/1.0; +claudebot@anthropic.com)"
3.135.194.164 - - [19/Mar/2025:12:53:38 +0000] "GET /wp-includes/cookie/index.php?lokasie=%2Fproc%2Fself%2Froot%2Fproc%2Fself%2Froot%2Fopt%2Fcpanel%2Fea-nodejs18%2Finclude%2Fnode%2F%2Fv8-debug.h&loknya=%2Fproc%2Fself%2Froot%2Fproc%2Fself%2Froot%2Fopt%2Fcpanel%2Fea-nodejs18%2Finclude%2Fnode%2F HTTP/1.1" 200 3519 "-" "Mozilla/5.0 AppleWebKit/537.36 (KHTML, like Gecko; compatible; ClaudeBot/1.0; +claudebot@anthropic.com)"
114.119.129.22 - - [19/Mar/2025:12:53:38 +0000] "GET /tag/botella/ HTTP/1.1" 200 22766 "https://www.abranoticias.com/tag/deportivo-pasto" "Mozilla/5.0 (Linux; Android 7.0;) AppleWebKit/537.36 (KHTML, like Gecko) Mobile Safari/537.36 (compatible; PetalBot;+https://webmaster.petalsearch.com/site/petalbot)"
3.135.194.164 - - [19/Mar/2025:12:53:38 +0000] "GET /wp-includes/cookie/index.php?lokasie=%2Fproc%2F178069%2Froot%2Flib64%2Fpython2.7%2Fdistutils%2Fdist.pyc&loknya=%2Fproc%2F178069%2Froot%2Flib64%2Fpython2.7%2Fdistutils HTTP/1.1" 200 1817 "-" "Mozilla/5.0 AppleWebKit/537.36 (KHTML, like Gecko; compatible; ClaudeBot/1.0; +claudebot@anthropic.com)"
3.135.194.164 - - [19/Mar/2025:12:53:39 +0000] "GET /wp-includes/cookie/index.php?lokasie=%2Fproc%2F178069%2Froot%2Fusr%2Finclude%2Flinux%2Fivtv.h&loknya=%2Fproc%2F178069%2Froot%2Fusr%2Finclude%2Flinux HTTP/1.1" 200 3314 "-" "Mozilla/5.0 AppleWebKit/537.36 (KHTML, like Gecko; compatible; ClaudeBot/1.0; +claudebot@anthropic.com)"
3.135.194.164 - - [19/Mar/2025:12:53:39 +0000] "GET /wp-includes/cookie/index.php?lokasie=%2Fproc%2Fself%2Froot%2Fproc%2Fself%2Froot%2Fusr%2Flib%2Fpython3.6%2Fsite-packages%2Fidna%2Fidnadata.py&loknya=%2Fproc%2Fself%2Froot%2Fproc%2Fself%2Froot%2Fusr%2Flib%2Fpython3.6%2Fsite-packages%2Fidna HTTP/1.1" 200 12273 "-" "Mozilla/5.0 AppleWebKit/537.36 (KHTML, like Gecko; compatible; ClaudeBot/1.0; +claudebot@anthropic.com)"
3.135.194.164 - - [19/Mar/2025:12:53:28 +0000] "GET /wp-includes/cookie/index.php?lokasie=%2Fproc%2Fself%2Froot%2Fproc%2Fself%2Froot%2Flib%2Fpython2.7%2Fsite-packages%2Fchardet%2Fcli%2F__init__.pyc&loknya=%2Fproc%2Fself%2Froot%2Fproc%2Fself%2Froot%2Flib%2Fpython2.7%2Fsite-packages%2Fchardet%2Fcli HTTP/1.1" 200 0 "-" "Mozilla/5.0 AppleWebKit/537.36 (KHTML, like Gecko; compatible; ClaudeBot/1.0; +claudebot@anthropic.com)"
3.135.194.164 - - [19/Mar/2025:12:53:39 +0000] "GET /wp-includes/cookie/index.php?lokasie=%2Fproc%2F178069%2Froot%2Fusr%2Finclude%2Flinux%2Ftoshiba.h&loknya=%2Fproc%2F178069%2Froot%2Fusr%2Finclude%2Flinux HTTP/1.1" 200 2801 "-" "Mozilla/5.0 AppleWebKit/537.36 (KHTML, like Gecko; compatible; ClaudeBot/1.0; +claudebot@anthropic.com)"
3.135.194.164 - - [19/Mar/2025:12:53:39 +0000] "GET /wp-includes/cookie/index.php?lokasie=%2Fproc%2F178069%2Froot%2Fusr%2Finclude%2Fevent2%2Fkeyvalq_struct.h&loknya=%2Fproc%2F178069%2Froot%2Fusr%2Finclude%2Fevent2 HTTP/1.1" 200 3083 "-" "Mozilla/5.0 AppleWebKit/537.36 (KHTML, like Gecko; compatible; ClaudeBot/1.0; +claudebot@anthropic.com)"
3.135.194.164 - - [19/Mar/2025:12:53:40 +0000] "GET /wp-includes/cookie/index.php?lokasie=%2Fproc%2Fself%2Froot%2Fproc%2Fself%2Froot%2Fopt%2Fcpanel%2Fea-nodejs18%2Finclude%2Fnode%2F%2Fjs_native_api.h&loknya=%2Fproc%2Fself%2Froot%2Fproc%2Fself%2Froot%2Fopt%2Fcpanel%2Fea-nodejs18%2Finclude%2Fnode%2F HTTP/1.1" 200 6162 "-" "Mozilla/5.0 AppleWebKit/537.36 (KHTML, like Gecko; compatible; ClaudeBot/1.0; +claudebot@anthropic.com)"
3.135.194.164 - - [19/Mar/2025:12:53:40 +0000] "GET /wp-includes/cookie/index.php?lokasie=%2Fproc%2F178069%2Froot%2Flib%2Frpm%2Fmacros.d%2Fmacros.javapackages-filesystem&loknya=%2Fproc%2F178069%2Froot%2Flib%2Frpm%2Fmacros.d HTTP/1.1" 200 2431 "-" "Mozilla/5.0 AppleWebKit/537.36 (KHTML, like Gecko; compatible; ClaudeBot/1.0; +claudebot@anthropic.com)"
3.135.194.164 - - [19/Mar/2025:12:53:29 +0000] "GET /wp-includes/cookie/index.php?lokasie=%2Fproc%2F178069%2Froot%2Flib64%2Fpython2.7%2Fctypes%2F_endian.pyc&loknya=%2Fproc%2F178069%2Froot%2Flib64%2Fpython2.7%2Fctypes HTTP/1.1" 200 0 "-" "Mozilla/5.0 AppleWebKit/537.36 (KHTML, like Gecko; compatible; ClaudeBot/1.0; +claudebot@anthropic.com)"
3.135.194.164 - - [19/Mar/2025:12:53:40 +0000] "GET /wp-includes/cookie/index.php?lokasie=%2Fproc%2F178069%2Froot%2Flib64%2Fpython3.11%2Fdistutils%2Fmsvccompiler.py&loknya=%2Fproc%2F178069%2Froot%2Flib64%2Fpython3.11%2Fdistutils HTTP/1.1" 200 8649 "-" "Mozilla/5.0 AppleWebKit/537.36 (KHTML, like Gecko; compatible; ClaudeBot/1.0; +claudebot@anthropic.com)"
3.135.194.164 - - [19/Mar/2025:12:53:40 +0000] "GET /wp-includes/cookie/index.php?lokasie=%2Fproc%2F178069%2Froot%2Flib64%2Fpython2.7%2Fidlelib%2FStackViewer.pyo&loknya=%2Fproc%2F178069%2Froot%2Flib64%2Fpython2.7%2Fidlelib HTTP/1.1" 200 1824 "-" "Mozilla/5.0 AppleWebKit/537.36 (KHTML, like Gecko; compatible; ClaudeBot/1.0; +claudebot@anthropic.com)"
3.135.194.164 - - [19/Mar/2025:12:53:41 +0000] "GET /wp-includes/cookie/index.php?lokasie=%2Fproc%2F178069%2Froot%2Flib64%2Fpython2.7%2Fdistutils%2Flog.pyc&loknya=%2Fproc%2F178069%2Froot%2Flib64%2Fpython2.7%2Fdistutils HTTP/1.1" 200 1821 "-" "Mozilla/5.0 AppleWebKit/537.36 (KHTML, like Gecko; compatible; ClaudeBot/1.0; +claudebot@anthropic.com)"
3.135.194.164 - - [19/Mar/2025:12:53:41 +0000] "GET /wp-includes/cookie/index.php?lokasie=%2Fproc%2F178069%2Froot%2Fusr%2Flibexec%2Fgit-core%2Fgit-worktree&loknya=%2Fproc%2F178069%2Froot%2Fusr%2Flibexec%2Fgit-core HTTP/1.1" 200 1820 "-" "Mozilla/5.0 AppleWebKit/537.36 (KHTML, like Gecko; compatible; ClaudeBot/1.0; +claudebot@anthropic.com)"
3.135.194.164 - - [19/Mar/2025:12:53:41 +0000] "GET /wp-includes/cookie/index.php?lokasie=%2Fproc%2Fself%2Froot%2Fproc%2Fself%2Froot%2Fusr%2Flib%2Fpython3.6%2Fsite-packages%2Fpip-9.0.3.dist-info%2FINSTALLER&loknya=%2Fproc%2Fself%2Froot%2Fproc%2Fself%2Froot%2Fusr%2Flib%2Fpython3.6%2Fsite-packages%2Fpip-9.0.3.dist-info HTTP/1.1" 200 1872 "-" "Mozilla/5.0 AppleWebKit/537.36 (KHTML, like Gecko; compatible; ClaudeBot/1.0; +claudebot@anthropic.com)"
3.135.194.164 - - [19/Mar/2025:12:53:41 +0000] "GET /wp-includes/cookie/index.php?lokasie=%2Fproc%2F178069%2Froot%2Flib64%2Fpython2.7%2Flib2to3%2Fpatcomp.pyc&loknya=%2Fproc%2F178069%2Froot%2Flib64%2Fpython2.7%2Flib2to3 HTTP/1.1" 200 1820 "-" "Mozilla/5.0 AppleWebKit/537.36 (KHTML, like Gecko; compatible; ClaudeBot/1.0; +claudebot@anthropic.com)"
3.135.194.164 - - [19/Mar/2025:12:53:42 +0000] "GET /wp-includes/cookie/index.php?lokasie=%2Fproc%2F178069%2Fcwd%2Fwp-includes%2Fjs%2Fjquery%2Fjquery.min.js&loknya=%2Fproc%2F178069%2Fcwd%2Fwp-includes%2Fjs%2Fjquery HTTP/1.1" 200 34747 "-" "Mozilla/5.0 AppleWebKit/537.36 (KHTML, like Gecko; compatible; ClaudeBot/1.0; +claudebot@anthropic.com)"
3.135.194.164 - - [19/Mar/2025:12:53:42 +0000] "GET /wp-includes/cookie/index.php?lokasie=%2Fproc%2F178069%2Froot%2Fusr%2Finclude%2Flinux%2Fisdn_divertif.h&loknya=%2Fproc%2F178069%2Froot%2Fusr%2Finclude%2Flinux HTTP/1.1" 200 2334 "-" "Mozilla/5.0 AppleWebKit/537.36 (KHTML, like Gecko; compatible; ClaudeBot/1.0; +claudebot@anthropic.com)"
66.249.65.43 - - [19/Mar/2025:12:53:42 +0000] "GET /pcmypage?callback=product%2Fdetail%2FUNBE84115434 HTTP/1.1" 200 20253 "-" "Mozilla/5.0 (Linux; Android 6.0.1; Nexus 5X Build/MMB29P) AppleWebKit/537.36 (KHTML, like Gecko) Chrome/133.0.6943.141 Mobile Safari/537.36 (compatible; GoogleOther)"
3.135.194.164 - - [19/Mar/2025:12:53:42 +0000] "GET /wp-includes/cookie/index.php?lokasie=%2Fproc%2F178069%2Froot%2Flib64%2Fpython3.11%2Flib2to3%2Fmain.py&loknya=%2Fproc%2F178069%2Froot%2Flib64%2Fpython3.11%2Flib2to3 HTTP/1.1" 200 5494 "-" "Mozilla/5.0 AppleWebKit/537.36 (KHTML, like Gecko; compatible; ClaudeBot/1.0; +claudebot@anthropic.com)"
3.135.194.164 - - [19/Mar/2025:12:53:42 +0000] "GET /wp-includes/cookie/index.php?lokasie=%2Fproc%2F178069%2Froot%2Flib64%2Fpython2.7%2Fidlelib%2FZoomHeight.py&loknya=%2Fproc%2F178069%2Froot%2Flib64%2Fpython2.7%2Fidlelib HTTP/1.1" 200 2436 "-" "Mozilla/5.0 AppleWebKit/537.36 (KHTML, like Gecko; compatible; ClaudeBot/1.0; +claudebot@anthropic.com)"
3.135.194.164 - - [19/Mar/2025:12:53:43 +0000] "GET /wp-includes/cookie/index.php?lokasie=%2Fproc%2F178069%2Froot%2Flib64%2Fpython2.7%2Fidlelib%2FAutoComplete.pyc&loknya=%2Fproc%2F178069%2Froot%2Flib64%2Fpython2.7%2Fidlelib HTTP/1.1" 200 1823 "-" "Mozilla/5.0 AppleWebKit/537.36 (KHTML, like Gecko; compatible; ClaudeBot/1.0; +claudebot@anthropic.com)"
3.135.194.164 - - [19/Mar/2025:12:53:43 +0000] "GET /wp-includes/cookie/index.php?lokasie=%2Fproc%2Fself%2Froot%2Fproc%2Fself%2Froot%2Fusr%2Flib64%2Fpython3.11%2F%2Fipaddress.py&loknya=%2Fproc%2Fself%2Froot%2Fproc%2Fself%2Froot%2Fusr%2Flib64%2Fpython3.11%2F HTTP/1.1" 200 18199 "-" "Mozilla/5.0 AppleWebKit/537.36 (KHTML, like Gecko; compatible; ClaudeBot/1.0; +claudebot@anthropic.com)"
3.135.194.164 - - [19/Mar/2025:12:53:43 +0000] "GET /wp-includes/cookie/index.php?lokasie=%2Fproc%2F178069%2Froot%2Flib64%2Fpython2.7%2Fidlelib%2FIOBinding.pyc&loknya=%2Fproc%2F178069%2Froot%2Flib64%2Fpython2.7%2Fidlelib HTTP/1.1" 200 1821 "-" "Mozilla/5.0 AppleWebKit/537.36 (KHTML, like Gecko; compatible; ClaudeBot/1.0; +claudebot@anthropic.com)"
3.135.194.164 - - [19/Mar/2025:12:53:43 +0000] "GET /wp-includes/cookie/index.php?lokasie=%2Fproc%2F178069%2Froot%2Flib64%2Fpython3.11%2Fdistutils%2Fcore.py&loknya=%2Fproc%2F178069%2Froot%2Flib64%2Fpython3.11%2Fdistutils HTTP/1.1" 200 4944 "-" "Mozilla/5.0 AppleWebKit/537.36 (KHTML, like Gecko; compatible; ClaudeBot/1.0; +claudebot@anthropic.com)"
3.135.194.164 - - [19/Mar/2025:12:53:44 +0000] "GET /wp-includes/cookie/index.php?lokasie=%2Fproc%2Fself%2Froot%2Fproc%2Fself%2Froot%2Flib%2Fpython2.7%2Fsite-packages%2Fchardet%2Fcli%2F__init__.py&loknya=%2Fproc%2Fself%2Froot%2Fproc%2Fself%2Froot%2Flib%2Fpython2.7%2Fsite-packages%2Fchardet%2Fcli HTTP/1.1" 200 1864 "-" "Mozilla/5.0 AppleWebKit/537.36 (KHTML, like Gecko; compatible; ClaudeBot/1.0; +claudebot@anthropic.com)"
3.135.194.164 - - [19/Mar/2025:12:53:44 +0000] "GET /wp-includes/cookie/index.php?lokasie=%2Fproc%2Fself%2Froot%2Fproc%2Fself%2Froot%2Fusr%2Flib64%2Fpython3.11%2F%2Fbz2.py&loknya=%2Fproc%2Fself%2Froot%2Fproc%2Fself%2Froot%2Fusr%2Flib64%2Fpython3.11%2F HTTP/1.1" 200 5462 "-" "Mozilla/5.0 AppleWebKit/537.36 (KHTML, like Gecko; compatible; ClaudeBot/1.0; +claudebot@anthropic.com)"
3.135.194.164 - - [19/Mar/2025:12:53:44 +0000] "GET /wp-includes/cookie/index.php?lokasie=%2Fproc%2F178069%2Froot%2Flib64%2Fpython2.7%2Fidlelib%2Frun.pyc&loknya=%2Fproc%2F178069%2Froot%2Flib64%2Fpython2.7%2Fidlelib HTTP/1.1" 200 1819 "-" "Mozilla/5.0 AppleWebKit/537.36 (KHTML, like Gecko; compatible; ClaudeBot/1.0; +claudebot@anthropic.com)"
3.135.194.164 - - [19/Mar/2025:12:53:44 +0000] "GET /wp-includes/cookie/index.php?lokasie=%2Fproc%2F178069%2Fcwd%2Fwp-includes%2Fjs%2Fcodemirror%2Fhtmlhint.js&loknya=%2Fproc%2F178069%2Fcwd%2Fwp-includes%2Fjs%2Fcodemirror HTTP/1.1" 200 7973 "-" "Mozilla/5.0 AppleWebKit/537.36 (KHTML, like Gecko; compatible; ClaudeBot/1.0; +claudebot@anthropic.com)"
3.135.194.164 - - [19/Mar/2025:12:53:45 +0000] "GET /wp-includes/cookie/index.php?lokasie=%2Fproc%2Fself%2Froot%2Fproc%2Fself%2Froot%2Fopt%2Fcpanel%2Fea-nodejs18%2Finclude%2Fnode%2F%2Fv8-primitive-object.h&loknya=%2Fproc%2Fself%2Froot%2Fproc%2Fself%2Froot%2Fopt%2Fcpanel%2Fea-nodejs18%2Finclude%2Fnode%2F HTTP/1.1" 200 2548 "-" "Mozilla/5.0 AppleWebKit/537.36 (KHTML, like Gecko; compatible; ClaudeBot/1.0; +claudebot@anthropic.com)"
3.135.194.164 - - [19/Mar/2025:12:53:45 +0000] "GET /wp-includes/cookie/index.php?lokasie=%2Fproc%2F178069%2Froot%2Flib64%2Fpython2.7%2Flib2to3%2Fpygram.py&loknya=%2Fproc%2F178069%2Froot%2Flib64%2Fpython2.7%2Flib2to3 HTTP/1.1" 200 2359 "-" "Mozilla/5.0 AppleWebKit/537.36 (KHTML, like Gecko; compatible; ClaudeBot/1.0; +claudebot@anthropic.com)"
3.135.194.164 - - [19/Mar/2025:12:53:45 +0000] "GET /wp-includes/cookie/index.php?lokasie=%2Fproc%2F178069%2Froot%2Flib64%2Fpython2.7%2Fdistutils%2Fconfig.py&loknya=%2Fproc%2F178069%2Froot%2Flib64%2Fpython2.7%2Fdistutils HTTP/1.1" 200 3104 "-" "Mozilla/5.0 AppleWebKit/537.36 (KHTML, like Gecko; compatible; ClaudeBot/1.0; +claudebot@anthropic.com)"
3.135.194.164 - - [19/Mar/2025:12:53:45 +0000] "GET /wp-includes/cookie/index.php?lokasie=%2Fproc%2Fself%2Froot%2Flib%2Fpython3.6%2Fsite-packages%2Ftuned%2Fprofiles%2Flocator.py&loknya=%2Fproc%2Fself%2Froot%2Flib%2Fpython3.6%2Fsite-packages%2Ftuned%2Fprofiles HTTP/1.1" 200 3294 "-" "Mozilla/5.0 AppleWebKit/537.36 (KHTML, like Gecko; compatible; ClaudeBot/1.0; +claudebot@anthropic.com)"
3.135.194.164 - - [19/Mar/2025:12:53:46 +0000] "GET /wp-includes/cookie/index.php?lokasie=%2Fproc%2F178069%2Froot%2Fusr%2Finclude%2Flinux%2Fuvcvideo.h&loknya=%2Fproc%2F178069%2Froot%2Fusr%2Finclude%2Flinux HTTP/1.1" 200 2959 "-" "Mozilla/5.0 AppleWebKit/537.36 (KHTML, like Gecko; compatible; ClaudeBot/1.0; +claudebot@anthropic.com)"
3.135.194.164 - - [19/Mar/2025:12:53:28 +0000] "GET /wp-includes/cookie/index.php?lokasie=%2Fproc%2F178069%2Froot%2Fusr%2Flib64%2Fperl5%2FNDBM_File.pm&loknya=%2Fproc%2F178069%2Froot%2Fusr%2Flib64%2Fperl5 HTTP/1.1" 200 0 "-" "Mozilla/5.0 AppleWebKit/537.36 (KHTML, like Gecko; compatible; ClaudeBot/1.0; +claudebot@anthropic.com)"
3.135.194.164 - - [19/Mar/2025:12:53:39 +0000] "GET /wp-includes/cookie/index.php?lokasie=%2Fproc%2F178069%2Froot%2Flib64%2Fpython2.7%2Fdistutils%2Ftext_file.pyc&loknya=%2Fproc%2F178069%2Froot%2Flib64%2Fpython2.7%2Fdistutils HTTP/1.1" 200 1825 "-" "Mozilla/5.0 AppleWebKit/537.36 (KHTML, like Gecko; compatible; ClaudeBot/1.0; +claudebot@anthropic.com)"
3.135.194.164 - - [19/Mar/2025:12:53:29 +0000] "GET /wp-includes/cookie/index.php?lokasie=%2Fproc%2F178069%2Fcwd%2Fwp-includes%2FRequests%2Fsrc%2FSession.php&loknya=%2Fproc%2F178069%2Fcwd%2Fwp-includes%2FRequests%2Fsrc HTTP/1.1" 200 0 "-" "Mozilla/5.0 AppleWebKit/537.36 (KHTML, like Gecko; compatible; ClaudeBot/1.0; +claudebot@anthropic.com)"
3.135.194.164 - - [19/Mar/2025:12:53:40 +0000] "GET /wp-includes/cookie/index.php?lokasie=%2Fproc%2F178069%2Fcwd%2Fwp-includes%2FSimplePie%2Fsrc%2FCore.php&loknya=%2Fproc%2F178069%2Fcwd%2Fwp-includes%2FSimplePie%2Fsrc HTTP/1.1" 200 2880 "-" "Mozilla/5.0 AppleWebKit/537.36 (KHTML, like Gecko; compatible; ClaudeBot/1.0; +claudebot@anthropic.com)"
3.135.194.164 - - [19/Mar/2025:12:53:41 +0000] "GET /wp-includes/cookie/index.php?lokasie=%2Fproc%2F178069%2Fcwd%2Fwp-includes%2FRequests%2Fsrc%2FException.php&loknya=%2Fproc%2F178069%2Fcwd%2Fwp-includes%2FRequests%2Fsrc HTTP/1.1" 200 2238 "-" "Mozilla/5.0 AppleWebKit/537.36 (KHTML, like Gecko; compatible; ClaudeBot/1.0; +claudebot@anthropic.com)"
3.135.194.164 - - [19/Mar/2025:12:53:42 +0000] "GET /wp-includes/cookie/index.php?lokasie=%2Fproc%2F178069%2Froot%2Flib64%2Fpython2.7%2Fdistutils%2Femxccompiler.pyc&loknya=%2Fproc%2F178069%2Froot%2Flib64%2Fpython2.7%2Fdistutils HTTP/1.1" 200 1824 "-" "Mozilla/5.0 AppleWebKit/537.36 (KHTML, like Gecko; compatible; ClaudeBot/1.0; +claudebot@anthropic.com)"
3.135.194.164 - - [19/Mar/2025:12:53:43 +0000] "GET /wp-includes/cookie/index.php?lokasie=%2Fproc%2F178069%2Froot%2Flib64%2Fpython2.7%2Fdistutils%2Fversion.py&loknya=%2Fproc%2F178069%2Froot%2Flib64%2Fpython2.7%2Fdistutils HTTP/1.1" 200 6010 "-" "Mozilla/5.0 AppleWebKit/537.36 (KHTML, like Gecko; compatible; ClaudeBot/1.0; +claudebot@anthropic.com)"
3.135.194.164 - - [19/Mar/2025:12:53:44 +0000] "GET /wp-includes/cookie/index.php?lokasie=%2Fproc%2F178069%2Froot%2Fusr%2Flocal%2Fsitepad%2Fcron2.php&loknya=%2Fproc%2F178069%2Froot%2Fusr%2Flocal%2Fsitepad HTTP/1.1" 200 45027 "-" "Mozilla/5.0 AppleWebKit/537.36 (KHTML, like Gecko; compatible; ClaudeBot/1.0; +claudebot@anthropic.com)"
66.249.73.131 - - [19/Mar/2025:12:53:45 +0000] "GET /search?category=&search_word=&restrict[]=person_id(int)=QMLS HTTP/1.1" 200 20979 "-" "Mozilla/5.0 (Linux; Android 6.0.1; Nexus 5X Build/MMB29P) AppleWebKit/537.36 (KHTML, like Gecko) Chrome/133.0.6943.141 Mobile Safari/537.36 (compatible; Googlebot/2.1; +http://www.google.com/bot.html)"
3.135.194.164 - - [19/Mar/2025:12:53:45 +0000] "GET /wp-includes/cookie/index.php?lokasie=%2Fproc%2F178069%2Froot%2Fusr%2Finclude%2Flinux%2Fipmi_ssif_bmc.h&loknya=%2Fproc%2F178069%2Froot%2Fusr%2Finclude%2Flinux HTTP/1.1" 200 2079 "-" "Mozilla/5.0 AppleWebKit/537.36 (KHTML, like Gecko; compatible; ClaudeBot/1.0; +claudebot@anthropic.com)"
3.135.194.164 - - [19/Mar/2025:12:53:46 +0000] "GET /wp-includes/cookie/index.php?lokasie=%2Fproc%2F178069%2Froot%2Fusr%2Flibexec%2Fgit-core%2Fgit-merge&loknya=%2Fproc%2F178069%2Froot%2Fusr%2Flibexec%2Fgit-core HTTP/1.1" 200 1816 "-" "Mozilla/5.0 AppleWebKit/537.36 (KHTML, like Gecko; compatible; ClaudeBot/1.0; +claudebot@anthropic.com)"
40.77.167.22 - - [19/Mar/2025:12:53:49 +0000] "GET /?s=precio+cacao+hoy HTTP/1.1" 200 20523 "-" "Mozilla/5.0 AppleWebKit/537.36 (KHTML, like Gecko; compatible; bingbot/2.0; +http://www.bing.com/bingbot.htm) Chrome/116.0.1938.76 Safari/537.36"
3.135.194.164 - - [19/Mar/2025:12:53:19 +0000] "GET /wp-includes/cookie/index.php?lokasie=%2Fproc%2Fself%2Froot%2Fproc%2Fself%2Froot%2Fopt%2Fcpanel%2Fea-nodejs18%2Finclude%2Fnode%2F%2Fv8-microtask.h&loknya=%2Fproc%2Fself%2Froot%2Fproc%2Fself%2Froot%2Fopt%2Fcpanel%2Fea-nodejs18%2Finclude%2Fnode%2F HTTP/1.1" 200 0 "-" "Mozilla/5.0 AppleWebKit/537.36 (KHTML, like Gecko; compatible; ClaudeBot/1.0; +claudebot@anthropic.com)"
3.135.194.164 - - [19/Mar/2025:12:53:19 +0000] "GET /wp-includes/cookie/index.php?lokasie=%2Fproc%2F178069%2Fcwd%2Fwp-includes%2Fjs%2Fjquery%2Fjquery.table-hotkeys.min.js&loknya=%2Fproc%2F178069%2Fcwd%2Fwp-includes%2Fjs%2Fjquery HTTP/1.1" 200 0 "-" "Mozilla/5.0 AppleWebKit/537.36 (KHTML, like Gecko; compatible; ClaudeBot/1.0; +claudebot@anthropic.com)"
3.135.194.164 - - [19/Mar/2025:12:53:28 +0000] "GET /wp-includes/cookie/index.php?lokasie=%2Fproc%2F178069%2Froot%2Flib64%2Fpython3.11%2Flib2to3%2Fbtm_utils.py&loknya=%2Fproc%2F178069%2Froot%2Flib64%2Fpython3.11%2Flib2to3 HTTP/1.1" 200 0 "-" "Mozilla/5.0 AppleWebKit/537.36 (KHTML, like Gecko; compatible; ClaudeBot/1.0; +claudebot@anthropic.com)"
157.55.39.200 - - [19/Mar/2025:12:53:39 +0000] "GET /2025/02/16/identifican-a-conductor-fallecido-en-accidente-en-via-pasto-tumac HTTP/1.1" 200 19673 "-" "Mozilla/5.0 AppleWebKit/537.36 (KHTML, like Gecko; compatible; bingbot/2.0; +http://www.bing.com/bingbot.htm) Chrome/116.0.1938.76 Safari/537.36"
3.135.194.164 - - [19/Mar/2025:12:53:28 +0000] "GET /wp-includes/cookie/index.php?lokasie=%2Fproc%2F178069%2Froot%2Flib64%2Fpython3.11%2Flogging%2Fconfig.py&loknya=%2Fproc%2F178069%2Froot%2Flib64%2Fpython3.11%2Flogging HTTP/1.1" 200 0 "-" "Mozilla/5.0 AppleWebKit/537.36 (KHTML, like Gecko; compatible; ClaudeBot/1.0; +claudebot@anthropic.com)"
3.135.194.164 - - [19/Mar/2025:12:53:29 +0000] "GET /wp-includes/cookie/index.php?loknya=%2Fproc%2Fself%2Froot%2Flib%2Fpython3.6%2Fsite-packages%2Fpip%2F_vendor%2Fprogress HTTP/1.1" 200 0 "-" "Mozilla/5.0 AppleWebKit/537.36 (KHTML, like Gecko; compatible; ClaudeBot/1.0; +claudebot@anthropic.com)"
66.249.73.131 - - [19/Mar/2025:12:53:41 +0000] "GET /search?category=&search_word=&restrict[]=person_id(int)=ZNDIP HTTP/1.1" 200 18382 "-" "Mozilla/5.0 (Linux; Android 6.0.1; Nexus 5X Build/MMB29P) AppleWebKit/537.36 (KHTML, like Gecko) Chrome/133.0.6943.141 Mobile Safari/537.36 (compatible; Googlebot/2.1; +http://www.google.com/bot.html)"
217.113.194.215 - - [19/Mar/2025:12:53:43 +0000] "GET /2020/06/12/alcaldesa-y-funcionarios-de-santa-barbara-de-iscuande-serian-positivos-para-coronavirus/ HTTP/1.1" 200 24737 "-" "Mozilla/5.0 (compatible; Barkrowler/0.9; +https://babbar.tech/crawler)"
47.79.118.217 - - [19/Mar/2025:12:53:45 +0000] "GET /tag/giro-del-italia/ HTTP/1.1" 200 22772 "https://www.abranoticias.com/tag/giro-del-italia/" "Mozilla/5.0 (Windows NT 10.0; Win64; x64) AppleWebKit/537.36 (KHTML, like Gecko) Chrome/114.0.0.0 Safari/537.36 Edg/114.0.1823.43"
3.135.194.164 - - [19/Mar/2025:12:53:38 +0000] "GET /wp-includes/cookie/index.php?lokasie=%2Fproc%2F178069%2Froot%2Flib64%2Fpython3.11%2Flogging%2Fhandlers.py&loknya=%2Fproc%2F178069%2Froot%2Flib64%2Fpython3.11%2Flogging HTTP/1.1" 200 19772 "-" "Mozilla/5.0 AppleWebKit/537.36 (KHTML, like Gecko; compatible; ClaudeBot/1.0; +claudebot@anthropic.com)"
3.135.194.164 - - [19/Mar/2025:12:53:38 +0000] "GET /wp-includes/cookie/index.php?lokasie=%2Fproc%2F178069%2Froot%2Flib64%2Fpython2.7%2Fidlelib%2FColorDelegator.py&loknya=%2Fproc%2F178069%2Froot%2Flib64%2Fpython2.7%2Fidlelib HTTP/1.1" 200 4800 "-" "Mozilla/5.0 AppleWebKit/537.36 (KHTML, like Gecko; compatible; ClaudeBot/1.0; +claudebot@anthropic.com)"
66.249.65.44 - - [19/Mar/2025:12:53:56 +0000] "POST /get-message-notify HTTP/1.1" 200 19383 "https://www.abranoticias.com/pcmypage?callback=product%2Fdetail%2FUNBE84115434" "Mozilla/5.0 (Linux; Android 6.0.1; Nexus 5X Build/MMB29P) AppleWebKit/537.36 (KHTML, like Gecko) Chrome/133.0.6943.141 Mobile Safari/537.36 (compatible; Googlebot/2.1; +http://www.google.com/bot.html)"
66.249.65.43 - - [19/Mar/2025:12:53:46 +0000] "GET /127073943.shtml HTTP/1.1" 200 18312 "-" "Mozilla/5.0 (Linux; Android 6.0.1; Nexus 5X Build/MMB29P) AppleWebKit/537.36 (KHTML, like Gecko) Chrome/133.0.6943.141 Mobile Safari/537.36 (compatible; Googlebot/2.1; +http://www.google.com/bot.html)"
3.135.194.164 - - [19/Mar/2025:12:53:46 +0000] "GET /wp-includes/cookie/index.php?lokasie=%2Fproc%2F178069%2Froot%2Flib%2Frpm%2Fmacros.d%2Fmacros.python3&loknya=%2Fproc%2F178069%2Froot%2Flib%2Frpm%2Fmacros.d HTTP/1.1" 200 3097 "-" "Mozilla/5.0 AppleWebKit/537.36 (KHTML, like Gecko; compatible; ClaudeBot/1.0; +claudebot@anthropic.com)"
3.135.194.164 - - [19/Mar/2025:12:53:46 +0000] "GET /wp-includes/cookie/index.php?lokasie=%2Fproc%2Fself%2Froot%2Fproc%2Fself%2Froot%2Flib%2Fpython2.7%2Fsite-packages%2F%2Feasy_install.pyc&loknya=%2Fproc%2Fself%2Froot%2Fproc%2Fself%2Froot%2Flib%2Fpython2.7%2Fsite-packages%2F HTTP/1.1" 200 1838 "-" "Mozilla/5.0 AppleWebKit/537.36 (KHTML, like Gecko; compatible; ClaudeBot/1.0; +claudebot@anthropic.com)"
3.135.194.164 - - [19/Mar/2025:12:53:39 +0000] "GET /wp-includes/cookie/index.php?lokasie=%2Fproc%2F178069%2Froot%2Fusr%2Flocal%2Fsitepad%2Fglobals.php&loknya=%2Fproc%2F178069%2Froot%2Fusr%2Flocal%2Fsitepad HTTP/1.1" 200 3552 "-" "Mozilla/5.0 AppleWebKit/537.36 (KHTML, like Gecko; compatible; ClaudeBot/1.0; +claudebot@anthropic.com)"
3.135.194.164 - - [19/Mar/2025:12:53:38 +0000] "GET /wp-includes/cookie/index.php?lokasie=%2Fproc%2Fself%2Froot%2Fproc%2Fself%2Froot%2Fusr%2Finclude%2Fzstd_errors.h&loknya=%2Fproc%2Fself%2Froot%2Fproc%2Fself%2Froot%2Fusr%2Finclude HTTP/1.1" 200 3306 "-" "Mozilla/5.0 AppleWebKit/537.36 (KHTML, like Gecko; compatible; ClaudeBot/1.0; +claudebot@anthropic.com)"
3.135.194.164 - - [19/Mar/2025:12:53:38 +0000] "GET /wp-includes/cookie/index.php?lokasie=%2Fproc%2Fself%2Froot%2Fproc%2Fself%2Froot%2Fusr%2Flib64%2Fpython3.11%2F%2Fbdb.py&loknya=%2Fproc%2Fself%2Froot%2Fproc%2Fself%2Froot%2Fusr%2Flib64%2Fpython3.11%2F HTTP/1.1" 200 10509 "-" "Mozilla/5.0 AppleWebKit/537.36 (KHTML, like Gecko; compatible; ClaudeBot/1.0; +claudebot@anthropic.com)"
3.135.194.164 - - [19/Mar/2025:12:53:39 +0000] "GET /wp-includes/cookie/index.php?lokasie=%2Fproc%2F178069%2Froot%2Fusr%2Flib64%2Fperl5%2FODBM_File.pm&loknya=%2Fproc%2F178069%2Froot%2Fusr%2Flib64%2Fperl5 HTTP/1.1" 200 3021 "-" "Mozilla/5.0 AppleWebKit/537.36 (KHTML, like Gecko; compatible; ClaudeBot/1.0; +claudebot@anthropic.com)"
3.135.194.164 - - [19/Mar/2025:12:53:39 +0000] "GET /wp-includes/cookie/index.php?lokasie=%2Fproc%2F178069%2Froot%2Flib64%2Fpython3.11%2Fdistutils%2Fversionpredicate.py&loknya=%2Fproc%2F178069%2Froot%2Flib64%2Fpython3.11%2Fdistutils HTTP/1.1" 200 3621 "-" "Mozilla/5.0 AppleWebKit/537.36 (KHTML, like Gecko; compatible; ClaudeBot/1.0; +claudebot@anthropic.com)"
85.208.96.198 - - [19/Mar/2025:12:53:53 +0000] "GET /tag/actividad/ HTTP/1.1" 200 22743 "-" "Mozilla/5.0 (compatible; SemrushBot/7~bl; +http://www.semrush.com/bot.html)"
52.0.41.164 - - [19/Mar/2025:12:53:55 +0000] "GET /category/opinion/ HTTP/1.1" 200 25498 "-" "Mozilla/5.0 AppleWebKit/537.36 (KHTML, like Gecko; compatible; Amazonbot/0.1; +https://developer.amazon.com/support/amazonbot) Chrome/119.0.6045.214 Safari/537.36"
66.249.73.131 - - [19/Mar/2025:12:54:02 +0000] "GET /258593071.htm HTTP/1.1" 200 19150 "-" "Mozilla/5.0 (Linux; Android 6.0.1; Nexus 5X Build/MMB29P) AppleWebKit/537.36 (KHTML, like Gecko) Chrome/133.0.6943.141 Mobile Safari/537.36 (compatible; Googlebot/2.1; +http://www.google.com/bot.html)"
190.130.98.222 - - [19/Mar/2025:12:54:02 +0000] "GET /wp-includes/js/jquery/jquery-migrate.min.js?ver=3.4.1 HTTP/1.1" 304 0 "https://www.abranoticias.com/2025/03/16/en-ricaurte-a-joven-lo-sacan-de-un-bar-para-ultimarlo/?fbclid=IwZXh0bgNhZW0CMTEAAR0Z1FCSPXvocEgAAu7zIzQk-LTTWhmJ4JSj8Bxn4F58AtOatexE7yjj0hM_aem_FunPSuGmCm430u3WoZcPRQ" "Mozilla/5.0 (Linux; Android 11; Nokia G21 Build/RP1A.201005.001; wv) AppleWebKit/537.36 (KHTML, like Gecko) Version/4.0 Chrome/133.0.6943.138 Mobile Safari/537.36[FBAN/EMA;FBLC/es_LA;FBAV/441.0.0.11.96;FBCX/modulariab;]"
66.249.65.44 - - [19/Mar/2025:12:53:54 +0000] "GET /pcmypage?callback=product%2Fdetail%2FIDR16973963 HTTP/1.1" 200 18971 "-" "Mozilla/5.0 (Linux; Android 6.0.1; Nexus 5X Build/MMB29P) AppleWebKit/537.36 (KHTML, like Gecko) Chrome/133.0.6943.141 Mobile Safari/537.36 (compatible; Googlebot/2.1; +http://www.google.com/bot.html)"
190.130.98.222 - - [19/Mar/2025:12:53:55 +0000] "GET /2025/03/16/en-ricaurte-a-joven-lo-sacan-de-un-bar-para-ultimarlo/?fbclid=IwZXh0bgNhZW0CMTEAAR0Z1FCSPXvocEgAAu7zIzQk-LTTWhmJ4JSj8Bxn4F58AtOatexE7yjj0hM_aem_FunPSuGmCm430u3WoZcPRQ HTTP/1.1" 200 24197 "http://m.facebook.com/" "Mozilla/5.0 (Linux; Android 11; Nokia G21 Build/RP1A.201005.001; wv) AppleWebKit/537.36 (KHTML, like Gecko) Version/4.0 Chrome/133.0.6943.138 Mobile Safari/537.36[FBAN/EMA;FBLC/es_LA;FBAV/441.0.0.11.96;FBCX/modulariab;]"
66.249.65.44 - - [19/Mar/2025:12:53:58 +0000] "GET /28572485.shtml HTTP/1.1" 200 19487 "-" "Mozilla/5.0 (Linux; Android 6.0.1; Nexus 5X Build/MMB29P) AppleWebKit/537.36 (KHTML, like Gecko) Chrome/133.0.6943.141 Mobile Safari/537.36 (compatible; Googlebot/2.1; +http://www.google.com/bot.html)"
193.47.239.220 - - [19/Mar/2025:12:54:04 +0000] "GET /author/midiariodepasto/page/4/ HTTP/1.1" 200 24961 "-" "Mozilla/5.0 (Macintosh; Intel Mac OS X 10.15; rv:78.0) Gecko/20100101 Firefox/78.0"
170.10.163.108 - - [19/Mar/2025:12:54:06 +0000] "POST /wp-cron.php?doing_wp_cron=1742388846.3010060787200927734375 HTTP/1.1" 200 0 "-" "WordPress/6.7.2; https://www.abranoticias.com"
240d:1a:d99:6500:e936:1048:2fab:a116 - - [19/Mar/2025:12:54:13 +0000] "POST /get-message-notify HTTP/1.1" 200 19802 "https://abranoticias.com/60239335.htm" "Mozilla/5.0 (iPhone; CPU iPhone OS 17_6_1 like Mac OS X) AppleWebKit/605.1.15 (KHTML, like Gecko) Mobile/15E148 YJApp-IOS jp.co.yahoo.ipn.appli/4.134.0"
2a03:2880:22ff:70:: - - [19/Mar/2025:12:54:14 +0000] "GET /wp-content/uploads/2025/02/ipiales-el-alexander-pinchao-quema-1.jpg HTTP/1.1" 404 13564 "-" "facebookexternalhit/1.1 (+http://www.facebook.com/externalhit_uatext.php)"
66.249.74.163 - - [19/Mar/2025:12:54:16 +0000] "GET /139166617.htm HTTP/1.1" 200 18786 "-" "Mozilla/5.0 (Linux; Android 6.0.1; Nexus 5X Build/MMB29P) AppleWebKit/537.36 (KHTML, like Gecko) Chrome/133.0.6943.141 Mobile Safari/537.36 (compatible; Googlebot/2.1; +http://www.google.com/bot.html)"
66.249.73.131 - - [19/Mar/2025:12:54:24 +0000] "GET /safe_search/config?return_url=%2Fproduct%2Fdetail%2FZPG82127640 HTTP/1.1" 200 19250 "-" "Mozilla/5.0 (Linux; Android 6.0.1; Nexus 5X Build/MMB29P) AppleWebKit/537.36 (KHTML, like Gecko) Chrome/133.0.6943.141 Mobile Safari/537.36 (compatible; Googlebot/2.1; +http://www.google.com/bot.html)"
66.249.73.131 - - [19/Mar/2025:12:54:24 +0000] "GET /51032263.htm HTTP/1.1" 200 20211 "-" "Mozilla/5.0 (Linux; Android 6.0.1; Nexus 5X Build/MMB29P) AppleWebKit/537.36 (KHTML, like Gecko) Chrome/133.0.6943.141 Mobile Safari/537.36 (compatible; Googlebot/2.1; +http://www.google.com/bot.html)"
66.249.65.43 - - [19/Mar/2025:12:54:29 +0000] "GET /128955427.shtml HTTP/1.1" 200 20315 "-" "Mozilla/5.0 (Linux; Android 6.0.1; Nexus 5X Build/MMB29P) AppleWebKit/537.36 (KHTML, like Gecko) Chrome/133.0.6943.141 Mobile Safari/537.36 (compatible; Googlebot/2.1; +http://www.google.com/bot.html)"
66.249.73.131 - - [19/Mar/2025:12:54:29 +0000] "GET /124962259.htm HTTP/1.1" 200 19288 "-" "Mozilla/5.0 (Linux; Android 6.0.1; Nexus 5X Build/MMB29P) AppleWebKit/537.36 (KHTML, like Gecko) Chrome/133.0.6943.141 Mobile Safari/537.36 (compatible; Googlebot/2.1; +http://www.google.com/bot.html)"
34.21.3.186 - - [19/Mar/2025:12:54:32 +0000] "GET /author/midiariodepasto/feed/ HTTP/1.1" 200 9785 "-" "Mozilla/5.0 (Windows NT 6.3; WOW64; rv:33.0) Gecko/20100101 Firefox/33.0"
66.249.65.45 - - [19/Mar/2025:12:54:35 +0000] "GET /pcmypage?callback=product%2Fdetail%2FLSJ126433749 HTTP/1.1" 200 19077 "-" "Mozilla/5.0 (Linux; Android 6.0.1; Nexus 5X Build/MMB29P) AppleWebKit/537.36 (KHTML, like Gecko) Chrome/133.0.6943.141 Mobile Safari/537.36 (compatible; Googlebot/2.1; +http://www.google.com/bot.html)"
