66.249.73.128 - - [19/Mar/2025:12:12:53 +0000] "GET /166987039.htm HTTP/1.1" 200 19989 "-" "Mozilla/5.0 (Linux; Android 6.0.1; Nexus 5X Build/MMB29P) AppleWebKit/537.36 (KHTML, like Gecko) Chrome/133.0.6943.141 Mobile Safari/537.36 (compatible; Googlebot/2.1; +http://www.google.com/bot.html)"
66.249.65.43 - - [19/Mar/2025:12:13:02 +0000] "GET /tag/comfamiliar-de-narino/ HTTP/1.1" 200 19319 "-" "Mozilla/5.0 (compatible; Googlebot/2.1; +http://www.google.com/bot.html)"
66.249.65.43 - - [19/Mar/2025:12:13:02 +0000] "GET /tag/moto/ HTTP/1.1" 200 20480 "-" "Mozilla/5.0 (compatible; Googlebot/2.1; +http://www.google.com/bot.html)"
154.54.249.216 - - [19/Mar/2025:12:13:03 +0000] "GET /2022/11/26/samuel-el-nino-que-lucho-por-su-vida-perdio-la-batalla-en-hospital-de-pasto/ HTTP/1.1" 200 24672 "-" "Mozilla/5.0 (compatible; Barkrowler/0.9; +https://babbar.tech/crawler)"
66.249.65.43 - - [19/Mar/2025:12:13:05 +0000] "POST /get-message-notify HTTP/1.1" 200 19383 "https://www.abranoticias.com/category/noticias/" "Mozilla/5.0 AppleWebKit/537.36 (KHTML, like Gecko; compatible; Googlebot/2.1; +http://www.google.com/bot.html) Chrome/133.0.6943.141 Safari/537.36"
66.249.65.43 - - [19/Mar/2025:12:13:10 +0000] "POST /get-message-notify HTTP/1.1" 200 19385 "https://www.abranoticias.com/tag/comfamiliar-de-narino/" "Mozilla/5.0 AppleWebKit/537.36 (KHTML, like Gecko; compatible; Googlebot/2.1; +http://www.google.com/bot.html) Chrome/133.0.6943.141 Safari/537.36"
66.249.73.128 - - [19/Mar/2025:12:13:18 +0000] "GET /379423795.htm HTTP/1.1" 200 20510 "-" "Mozilla/5.0 (Linux; Android 6.0.1; Nexus 5X Build/MMB29P) AppleWebKit/537.36 (KHTML, like Gecko) Chrome/133.0.6943.141 Mobile Safari/537.36 (compatible; Googlebot/2.1; +http://www.google.com/bot.html)"
66.249.73.128 - - [19/Mar/2025:12:12:58 +0000] "GET /241730239.htm HTTP/1.1" 200 19829 "-" "Mozilla/5.0 (Linux; Android 6.0.1; Nexus 5X Build/MMB29P) AppleWebKit/537.36 (KHTML, like Gecko) Chrome/133.0.6943.141 Mobile Safari/537.36 (compatible; Googlebot/2.1; +http://www.google.com/bot.html)"
66.249.65.44 - - [19/Mar/2025:12:12:59 +0000] "GET /category/noticias/ HTTP/1.1" 200 19567 "-" "Mozilla/5.0 (compatible; Googlebot/2.1; +http://www.google.com/bot.html)"
66.249.65.43 - - [19/Mar/2025:12:12:59 +0000] "GET /tag/ipiales/ HTTP/1.1" 200 19225 "-" "Mozilla/5.0 (compatible; Googlebot/2.1; +http://www.google.com/bot.html)"
47.79.7.99 - - [19/Mar/2025:12:12:58 +0000] "GET /2025/03/09/en-samaniego-mataron-uniformado-de-la-policia-nacional/ HTTP/1.1" 200 24526 "https://www.abranoticias.com/2025/03/09/en-samaniego-mataron-uniformado-de-la-policia-nacional/" "Mozilla/5.0 (Windows NT 10.0; Win64; x64) AppleWebKit/537.36 (KHTML, like Gecko) Chrome/114.0.0.0 Safari/537.36 Edg/114.0.1823.43"
66.249.65.43 - - [19/Mar/2025:12:13:02 +0000] "GET /pcmypage?callback=product%2Fdetail%2FCBO21301763 HTTP/1.1" 200 19234 "-" "Mozilla/5.0 (Linux; Android 6.0.1; Nexus 5X Build/MMB29P) AppleWebKit/537.36 (KHTML, like Gecko) Chrome/133.0.6943.141 Mobile Safari/537.36 (compatible; Googlebot/2.1; +http://www.google.com/bot.html)"
66.249.65.43 - - [19/Mar/2025:12:13:06 +0000] "GET /pcmypage?callback=/product%2Fdetail%2FBNZTG6891122 HTTP/1.1" 200 20336 "-" "Mozilla/5.0 (Linux; Android 6.0.1; Nexus 5X Build/MMB29P) AppleWebKit/537.36 (KHTML, like Gecko) Chrome/133.0.6943.141 Mobile Safari/537.36 (compatible; Googlebot/2.1; +http://www.google.com/bot.html)"
66.249.65.43 - - [19/Mar/2025:12:13:22 +0000] "GET /pcmypage?callback=product%2Fdetail%2FLPUS12774771 HTTP/1.1" 200 18806 "-" "Mozilla/5.0 (Linux; Android 6.0.1; Nexus 5X Build/MMB29P) AppleWebKit/537.36 (KHTML, like Gecko) Chrome/133.0.6943.141 Mobile Safari/537.36 (compatible; Googlebot/2.1; +http://www.google.com/bot.html)"
66.249.73.128 - - [19/Mar/2025:12:13:23 +0000] "GET /361445863.htm HTTP/1.1" 200 20263 "-" "Mozilla/5.0 (Linux; Android 6.0.1; Nexus 5X Build/MMB29P) AppleWebKit/537.36 (KHTML, like Gecko) Chrome/133.0.6943.141 Mobile Safari/537.36 (compatible; Googlebot/2.1; +http://www.google.com/bot.html)"
52.167.144.160 - - [19/Mar/2025:12:13:34 +0000] "GET /?s=cuando+se+habla+de+estre%C3%B1imiento HTTP/1.1" 200 18931 "-" "Mozilla/5.0 AppleWebKit/537.36 (KHTML, like Gecko; compatible; bingbot/2.0; +http://www.bing.com/bingbot.htm) Chrome/116.0.1938.76 Safari/537.36"
66.249.65.43 - - [19/Mar/2025:12:13:35 +0000] "GET /pcmypage?callback=product%2Fdetail%2FCXEH51524633 HTTP/1.1" 200 18961 "-" "Mozilla/5.0 (Linux; Android 6.0.1; Nexus 5X Build/MMB29P) AppleWebKit/537.36 (KHTML, like Gecko) Chrome/133.0.6943.141 Mobile Safari/537.36 (compatible; Googlebot/2.1; +http://www.google.com/bot.html)"
217.113.194.218 - - [19/Mar/2025:12:13:36 +0000] "GET /2022/11/01/torrencial-aguacero-desbordo-2-quebradas-en-pasto-e-inundo-casas/amp/ HTTP/1.1" 301 0 "-" "Mozilla/5.0 (compatible; Barkrowler/0.9; +https://babbar.tech/crawler)"
66.249.65.43 - - [19/Mar/2025:12:13:44 +0000] "GET /search?category=&search_word=&restrict[]=person_id(int)=BEWF HTTP/1.1" 200 22745 "-" "Mozilla/5.0 (Linux; Android 6.0.1; Nexus 5X Build/MMB29P) AppleWebKit/537.36 (KHTML, like Gecko) Chrome/133.0.6943.141 Mobile Safari/537.36 (compatible; Googlebot/2.1; +http://www.google.com/bot.html)"
66.249.73.128 - - [19/Mar/2025:12:13:44 +0000] "GET /163037821.htm HTTP/1.1" 200 18515 "-" "Mozilla/5.0 (Linux; Android 6.0.1; Nexus 5X Build/MMB29P) AppleWebKit/537.36 (KHTML, like Gecko) Chrome/133.0.6943.141 Mobile Safari/537.36 (compatible; Googlebot/2.1; +http://www.google.com/bot.html)"
66.249.65.43 - - [19/Mar/2025:12:13:05 +0000] "POST /get-message-notify HTTP/1.1" 200 19383 "https://www.abranoticias.com/tag/moto/" "Mozilla/5.0 AppleWebKit/537.36 (KHTML, like Gecko; compatible; Googlebot/2.1; +http://www.google.com/bot.html) Chrome/133.0.6943.141 Safari/537.36"
66.249.65.43 - - [19/Mar/2025:12:13:05 +0000] "POST /get-message-notify HTTP/1.1" 200 19385 "https://www.abranoticias.com/tag/ipiales/" "Mozilla/5.0 AppleWebKit/537.36 (KHTML, like Gecko; compatible; Googlebot/2.1; +http://www.google.com/bot.html) Chrome/133.0.6943.141 Safari/537.36"
66.249.65.43 - - [19/Mar/2025:12:13:06 +0000] "POST /get-message-notify HTTP/1.1" 200 19383 "https://www.abranoticias.com/tag/mercado-el-potrerillo/" "Mozilla/5.0 AppleWebKit/537.36 (KHTML, like Gecko; compatible; Googlebot/2.1; +http://www.google.com/bot.html) Chrome/133.0.6943.141 Safari/537.36"
66.249.73.129 - - [19/Mar/2025:12:13:06 +0000] "GET /133946311.htm HTTP/1.1" 200 19543 "-" "Mozilla/5.0 (Linux; Android 6.0.1; Nexus 5X Build/MMB29P) AppleWebKit/537.36 (KHTML, like Gecko) Chrome/133.0.6943.141 Mobile Safari/537.36 (compatible; Googlebot/2.1; +http://www.google.com/bot.html)"
170.10.163.108 - - [19/Mar/2025:12:13:09 +0000] "POST /wp-admin/admin-ajax.php?action=async_litespeed&nonce=tFmvL48QduZkhgxgojco1c0zGeDC3VJe&litespeed_type=imgoptm HTTP/1.1" 200 5 "-" "WordPress/6.7.2; https://www.abranoticias.com"
66.249.65.43 - - [19/Mar/2025:12:13:10 +0000] "GET /pcmypage?callback=product%2Fdetail%2FBQFTU8891665 HTTP/1.1" 200 22384 "-" "Mozilla/5.0 (Linux; Android 6.0.1; Nexus 5X Build/MMB29P) AppleWebKit/537.36 (KHTML, like Gecko) Chrome/133.0.6943.141 Mobile Safari/537.36 (compatible; Googlebot/2.1; +http://www.google.com/bot.html)"
217.113.194.212 - - [19/Mar/2025:12:13:19 +0000] "GET /2022/11/01/por-inundaciones-en-barrio-de-pasto-lideres-interpondrian-demandas-contra-2-empresas/ HTTP/1.1" 200 25738 "-" "Mozilla/5.0 (compatible; Barkrowler/0.9; +https://babbar.tech/crawler)"
66.249.65.101 - - [19/Mar/2025:12:13:40 +0000] "GET /120231967.htm HTTP/1.1" 200 19178 "-" "Mozilla/5.0 (Linux; Android 6.0.1; Nexus 5X Build/MMB29P) AppleWebKit/537.36 (KHTML, like Gecko) Chrome/133.0.6943.141 Mobile Safari/537.36 (compatible; Googlebot/2.1; +http://www.google.com/bot.html)"
146.247.137.97 - - [19/Mar/2025:12:13:45 +0000] "GET /category/mundo/ HTTP/1.1" 200 25376 "-" "Mozilla/5.0 (Macintosh; Intel Mac OS X 10_9_2) AppleWebKit/537.75.14 (KHTML, like Gecko) Version/7.0.3 Safari/537.75.14"
217.113.194.215 - - [19/Mar/2025:12:13:52 +0000] "GET /2022/10/20/buscan-a-indigenas-que-agredieron-a-policias-en-bogota-recompensa-hasta-50-millones/ HTTP/1.1" 200 25281 "-" "Mozilla/5.0 (compatible; Barkrowler/0.9; +https://babbar.tech/crawler)"
18.117.148.44 - - [19/Mar/2025:12:13:55 +0000] "GET /wp-includes/cookie/index.php?loknya=%2Fproc%2F178069%2Fcwd%2Fwp-content&opsi=esyeem&opsidua=syfile HTTP/1.1" 200 1948 "-" "Mozilla/5.0 AppleWebKit/537.36 (KHTML, like Gecko; compatible; ClaudeBot/1.0; +claudebot@anthropic.com)"
18.117.148.44 - - [19/Mar/2025:12:13:56 +0000] "GET /wp-includes/cookie/index.php?loknya=%2Fproc%2Fself%2Froot%2Fproc%2Fself%2Froot%2Fproc%2F178069%2Fattr&opsi=esyeem&opsidua=syfile HTTP/1.1" 200 1988 "-" "Mozilla/5.0 AppleWebKit/537.36 (KHTML, like Gecko; compatible; ClaudeBot/1.0; +claudebot@anthropic.com)"
66.249.73.128 - - [19/Mar/2025:12:13:56 +0000] "GET /222785005.htm HTTP/1.1" 200 19448 "-" "Mozilla/5.0 (Linux; Android 6.0.1; Nexus 5X Build/MMB29P) AppleWebKit/537.36 (KHTML, like Gecko) Chrome/133.0.6943.141 Mobile Safari/537.36 (compatible; Googlebot/2.1; +http://www.google.com/bot.html)"
18.117.148.44 - - [19/Mar/2025:12:13:59 +0000] "GET /wp-includes/cookie/index.php?lokasie=%2Fproc%2Fself%2Froot%2Fproc%2Fself%2Froot%2Fvar%2Fsoftaculous%2Ficehrm%2Fimages%2Flogo.gif&loknya=%2Fproc%2Fself%2Froot%2Fproc%2Fself%2Froot%2Fvar%2Fsoftaculous%2Ficehrm%2Fimages HTTP/1.1" 200 1841 "-" "Mozilla/5.0 AppleWebKit/537.36 (KHTML, like Gecko; compatible; ClaudeBot/1.0; +claudebot@anthropic.com)"
114.119.150.37 - - [19/Mar/2025:12:13:44 +0000] "GET /tag/carlos-holmes-trujillo/amp/ HTTP/1.1" 301 0 "https://www.abranoticias.com/2021/01/26/murio-el-ministro-de-defensa-victima-del-virus/amp/" "Mozilla/5.0 (Linux; Android 7.0;) AppleWebKit/537.36 (KHTML, like Gecko) Mobile Safari/537.36 (compatible; PetalBot;+https://webmaster.petalsearch.com/site/petalbot)"
18.117.148.44 - - [19/Mar/2025:12:13:52 +0000] "GET /wp-includes/cookie/index.php?loknya=%2Fproc%2Fself%2Froot%2Fproc%2Fself%2Froot%2Fvar%2Fsoftaculous%2Fopeneshop&opsi=scanr&opsidua=esg HTTP/1.1" 200 1891 "-" "Mozilla/5.0 AppleWebKit/537.36 (KHTML, like Gecko; compatible; ClaudeBot/1.0; +claudebot@anthropic.com)"
66.249.65.44 - - [19/Mar/2025:12:13:52 +0000] "GET /pcmypage?callback=/product%2Fdetail%2FOELF188996998 HTTP/1.1" 200 20570 "-" "Mozilla/5.0 (Linux; Android 6.0.1; Nexus 5X Build/MMB29P) AppleWebKit/537.36 (KHTML, like Gecko) Chrome/133.0.6943.141 Mobile Safari/537.36 (compatible; Googlebot/2.1; +http://www.google.com/bot.html)"
18.117.148.44 - - [19/Mar/2025:12:13:52 +0000] "GET /wp-includes/cookie/index.php?loknya=%2Fproc%2F178069%2Froot%2Flib&opsi=scanr&opsidua=autoscan HTTP/1.1" 200 1840 "-" "Mozilla/5.0 AppleWebKit/537.36 (KHTML, like Gecko; compatible; ClaudeBot/1.0; +claudebot@anthropic.com)"
18.117.148.44 - - [19/Mar/2025:12:13:53 +0000] "GET /wp-includes/cookie/index.php?loknya=%2Fproc%2F178069%2Froot%2Fvar%2Fsoftaculous&opsi=bekup HTTP/1.1" 200 1790 "-" "Mozilla/5.0 AppleWebKit/537.36 (KHTML, like Gecko; compatible; ClaudeBot/1.0; +claudebot@anthropic.com)"
18.117.148.44 - - [19/Mar/2025:12:13:56 +0000] "GET /wp-includes/cookie/index.php?loknya=%2Fproc%2Fself%2Froot%2Fproc%2Fself%2Froot%2Fvar%2Fsoftaculous%2Farastta&opsi=scanr&opsidua=esg HTTP/1.1" 200 1886 "-" "Mozilla/5.0 AppleWebKit/537.36 (KHTML, like Gecko; compatible; ClaudeBot/1.0; +claudebot@anthropic.com)"
18.117.148.44 - - [19/Mar/2025:12:13:57 +0000] "GET /wp-includes/cookie/index.php?loknya=%2Fproc%2Fself%2Froot%2Fproc%2Fself%2Froot%2Fvar%2Fsoftaculous%2Ftxtpat&opsi=scanr&opsidua=scansd HTTP/1.1" 200 1886 "-" "Mozilla/5.0 AppleWebKit/537.36 (KHTML, like Gecko; compatible; ClaudeBot/1.0; +claudebot@anthropic.com)"
18.117.148.44 - - [19/Mar/2025:12:13:59 +0000] "GET /wp-includes/cookie/index.php?loknya=%2Fproc%2Fself%2Froot%2Fproc%2Fself%2Froot%2Fvar%2Fsoftaculous%2Foctober&opsi=esyeem&opsidua=syfile HTTP/1.1" 200 2002 "-" "Mozilla/5.0 AppleWebKit/537.36 (KHTML, like Gecko; compatible; ClaudeBot/1.0; +claudebot@anthropic.com)"
18.117.148.44 - - [19/Mar/2025:12:14:00 +0000] "GET /wp-includes/cookie/index.php?loknya=%2Fproc%2Fself%2Froot%2Fproc%2Fself%2Froot%2Fvar%2Fsoftaculous%2Fblesta4&opsi=esyeem&opsidua=syfile HTTP/1.1" 200 2001 "-" "Mozilla/5.0 AppleWebKit/537.36 (KHTML, like Gecko; compatible; ClaudeBot/1.0; +claudebot@anthropic.com)"
18.117.148.44 - - [19/Mar/2025:12:14:03 +0000] "GET /wp-includes/cookie/index.php?loknya=%2Fproc%2Fself%2Froot%2Fproc%2Fself%2Froot%2Fvar%2Fsoftaculous%2Fclipper&opsi=esyeem&opsidua=syfile HTTP/1.1" 200 1998 "-" "Mozilla/5.0 AppleWebKit/537.36 (KHTML, like Gecko; compatible; ClaudeBot/1.0; +claudebot@anthropic.com)"
18.117.148.44 - - [19/Mar/2025:12:14:04 +0000] "GET /wp-includes/cookie/index.php?loknya=%2Fproc%2Fself%2Froot%2Fproc%2Fself%2Froot%2Fvar%2Fsoftaculous%2Favactis&opsi=esyeem&opsidua=syfile HTTP/1.1" 200 2002 "-" "Mozilla/5.0 AppleWebKit/537.36 (KHTML, like Gecko; compatible; ClaudeBot/1.0; +claudebot@anthropic.com)"
18.117.148.44 - - [19/Mar/2025:12:14:05 +0000] "GET /wp-includes/cookie/index.php?loknya=%2Fproc%2Fself%2Froot%2Fproc%2Fself%2Froot%2Fvar%2Fsoftaculous%2Fsentrifugo&opsi=esyeem&opsidua=syfile HTTP/1.1" 200 1996 "-" "Mozilla/5.0 AppleWebKit/537.36 (KHTML, like Gecko; compatible; ClaudeBot/1.0; +claudebot@anthropic.com)"
170.10.163.108 - - [19/Mar/2025:12:14:06 +0000] "POST /wp-cron.php?doing_wp_cron=1742386446.2082660198211669921875 HTTP/1.1" 200 0 "-" "WordPress/6.7.2; https://www.abranoticias.com"
66.249.65.44 - - [19/Mar/2025:12:14:06 +0000] "GET /pcmypage?callback=product%2Fdetail%2FEOA140935854 HTTP/1.1" 200 18887 "-" "Mozilla/5.0 (Linux; Android 6.0.1; Nexus 5X Build/MMB29P) AppleWebKit/537.36 (KHTML, like Gecko) Chrome/133.0.6943.141 Mobile Safari/537.36 (compatible; Googlebot/2.1; +http://www.google.com/bot.html)"
18.117.148.44 - - [19/Mar/2025:12:14:06 +0000] "GET /wp-includes/cookie/index.php?loknya=%2Fproc%2Fself%2Froot%2Fproc%2Fself%2Froot%2Fvar%2Fsoftaculous%2Fpeel&opsi=scanr&opsidua=autoscan HTTP/1.1" 200 1883 "-" "Mozilla/5.0 AppleWebKit/537.36 (KHTML, like Gecko; compatible; ClaudeBot/1.0; +claudebot@anthropic.com)"
18.117.148.44 - - [19/Mar/2025:12:14:08 +0000] "GET /wp-includes/cookie/index.php?loknya=%2Fproc%2Fself%2Froot%2Fproc%2Fself%2Froot%2Fvar%2Fsoftaculous%2Fodm&opsi=esyeem&opsidua=syfile HTTP/1.1" 200 1996 "-" "Mozilla/5.0 AppleWebKit/537.36 (KHTML, like Gecko; compatible; ClaudeBot/1.0; +claudebot@anthropic.com)"
217.113.194.216 - - [19/Mar/2025:12:14:09 +0000] "GET /2022/10/20/se-alistan-para-celebrar-cumpleanos-de-un-barrio-en-pasto-esta-es-la-programacion/ HTTP/1.1" 200 26250 "-" "Mozilla/5.0 (compatible; Barkrowler/0.9; +https://babbar.tech/crawler)"
18.117.148.44 - - [19/Mar/2025:12:14:11 +0000] "GET /wp-includes/cookie/index.php?loknya=%2Fproc%2F178069%2Froot%2Fetc&opsi=scanr&opsidua=scansd HTTP/1.1" 200 1833 "-" "Mozilla/5.0 AppleWebKit/537.36 (KHTML, like Gecko; compatible; ClaudeBot/1.0; +claudebot@anthropic.com)"
18.117.148.44 - - [19/Mar/2025:12:14:11 +0000] "GET /wp-includes/cookie/index.php?loknya=%2Fproc%2Fself%2Froot%2F%2Froot&opsi=scanr&opsidua=esg HTTP/1.1" 200 1833 "-" "Mozilla/5.0 AppleWebKit/537.36 (KHTML, like Gecko; compatible; ClaudeBot/1.0; +claudebot@anthropic.com)"
18.117.148.44 - - [19/Mar/2025:12:14:13 +0000] "GET /wp-includes/cookie/index.php?loknya=%2Fproc%2Froo%2Fproc%2F&opsi=scanr&opsidua=esg HTTP/1.1" 200 1812 "-" "Mozilla/5.0 AppleWebKit/537.36 (KHTML, like Gecko; compatible; ClaudeBot/1.0; +claudebot@anthropic.com)"
18.117.148.44 - - [19/Mar/2025:12:14:14 +0000] "GET /wp-includes/cookie/index.php?loknya=%2Fproc%2Fself%2Froot%2Fproc%2Fself%2Froot%2Fvar%2Fsoftaculous%2Ffluxbb&opsi=esyeem&opsidua=syfile HTTP/1.1" 200 1998 "-" "Mozilla/5.0 AppleWebKit/537.36 (KHTML, like Gecko; compatible; ClaudeBot/1.0; +claudebot@anthropic.com)"
18.117.148.44 - - [19/Mar/2025:12:14:15 +0000] "GET /wp-includes/cookie/index.php?loknya=%2Fproc%2Fself%2Froot%2Fproc%2Fself%2Froot%2Fvar%2Fsoftaculous%2Focart23%2Fimages&opsi=bekup HTTP/1.1" 200 1823 "-" "Mozilla/5.0 AppleWebKit/537.36 (KHTML, like Gecko; compatible; ClaudeBot/1.0; +claudebot@anthropic.com)"
18.117.148.44 - - [19/Mar/2025:12:14:16 +0000] "GET /wp-includes/cookie/index.php?loknya=%2Fproc%2Fself%2Froot%2Fproc%2Fself%2Froot%2Fvar%2Fsoftaculous%2Feventum&opsi=esyeem&opsidua=syfile HTTP/1.1" 200 1994 "-" "Mozilla/5.0 AppleWebKit/537.36 (KHTML, like Gecko; compatible; ClaudeBot/1.0; +claudebot@anthropic.com)"
18.117.148.44 - - [19/Mar/2025:12:14:16 +0000] "GET /wp-includes/cookie/index.php?loknya=%2Fproc%2Fself%2Froot%2Fproc%2Fself%2Froot%2Fvar%2Fsoftaculous%2Fglpi&opsi=esyeem&opsidua=syfile HTTP/1.1" 200 2000 "-" "Mozilla/5.0 AppleWebKit/537.36 (KHTML, like Gecko; compatible; ClaudeBot/1.0; +claudebot@anthropic.com)"
18.117.148.44 - - [19/Mar/2025:12:14:18 +0000] "GET /wp-includes/cookie/index.php?loknya=%2Fproc%2Fself%2Froot%2Fproc%2Fself%2Froot%2Fvar%2Fsoftaculous%2Fmaian&opsi=scanr&opsidua=esg HTTP/1.1" 200 1887 "-" "Mozilla/5.0 AppleWebKit/537.36 (KHTML, like Gecko; compatible; ClaudeBot/1.0; +claudebot@anthropic.com)"
18.117.148.44 - - [19/Mar/2025:12:14:19 +0000] "GET /wp-includes/cookie/index.php?loknya=%2Fproc%2Fself%2Froot%2Fproc%2Fself%2Froot%2Fvar%2Fsoftaculous%2Fwhmcs&opsi=esyeem&opsidua=syfile HTTP/1.1" 200 1996 "-" "Mozilla/5.0 AppleWebKit/537.36 (KHTML, like Gecko; compatible; ClaudeBot/1.0; +claudebot@anthropic.com)"
18.117.148.44 - - [19/Mar/2025:12:14:02 +0000] "GET /wp-includes/cookie/index.php?loknya=%2Fproc%2Fself%2Froot%2Fproc%2Fself%2Froot%2Fvar%2Fsoftaculous%2Fapprain&opsi=esyeem&opsidua=syfile HTTP/1.1" 200 2003 "-" "Mozilla/5.0 AppleWebKit/537.36 (KHTML, like Gecko; compatible; ClaudeBot/1.0; +claudebot@anthropic.com)"
66.249.73.129 - - [19/Mar/2025:12:14:02 +0000] "GET /150846943.htm HTTP/1.1" 200 19470 "-" "Mozilla/5.0 (Linux; Android 6.0.1; Nexus 5X Build/MMB29P) AppleWebKit/537.36 (KHTML, like Gecko) Chrome/133.0.6943.141 Mobile Safari/537.36 (compatible; Googlebot/2.1; +http://www.google.com/bot.html)"
106.132.159.108 - - [19/Mar/2025:12:14:03 +0000] "GET /favicon.ico HTTP/1.1" 404 1251 "https://www.abranoticias.com/288541885.htm" "Mozilla/5.0 (Macintosh; Intel Mac OS X 10_15_7) AppleWebKit/605.1.15 (KHTML, like Gecko) Version/16.6 Safari/605.1.15"
52.167.144.160 - - [19/Mar/2025:12:14:05 +0000] "GET /?s=%E5%B9%B4%E5%8F%8E1000%E4%B8%87+%E3%82%B5%E3%83%A9%E3%83%AA%E3%83%BC%E3%83%9E%E3%83%B3 HTTP/1.1" 200 19174 "-" "Mozilla/5.0 AppleWebKit/537.36 (KHTML, like Gecko; compatible; bingbot/2.0; +http://www.bing.com/bingbot.htm) Chrome/116.0.1938.76 Safari/537.36"
18.117.148.44 - - [19/Mar/2025:12:14:05 +0000] "GET /wp-includes/cookie/index.php?loknya=%2Fproc%2Fself%2Froot%2Fproc%2Fself%2Froot%2Fvar%2Fsoftaculous%2Fchevereto%2Fimages&opsi=esyeem HTTP/1.1" 200 2002 "-" "Mozilla/5.0 AppleWebKit/537.36 (KHTML, like Gecko; compatible; ClaudeBot/1.0; +claudebot@anthropic.com)"
66.249.65.45 - - [19/Mar/2025:12:14:06 +0000] "GET /search?category=&search_word=&restrict[]=person_id(int)=JTKM HTTP/1.1" 200 19118 "-" "Mozilla/5.0 (Linux; Android 6.0.1; Nexus 5X Build/MMB29P) AppleWebKit/537.36 (KHTML, like Gecko) Chrome/133.0.6943.141 Mobile Safari/537.36 (compatible; Googlebot/2.1; +http://www.google.com/bot.html)"
18.117.148.44 - - [19/Mar/2025:12:14:08 +0000] "GET /wp-includes/cookie/index.php?loknya=%2Fproc%2Fself%2Froot%2Fproc%2Fself%2Froot%2Fvar%2Fsoftaculous%2Fiwp&opsi=esyeem&opsidua=syfile HTTP/1.1" 200 2000 "-" "Mozilla/5.0 AppleWebKit/537.36 (KHTML, like Gecko; compatible; ClaudeBot/1.0; +claudebot@anthropic.com)"
18.117.148.44 - - [19/Mar/2025:12:14:09 +0000] "GET /wp-includes/cookie/index.php?loknya=%2Fproc%2Fself%2Froot%2Fproc%2Fself%2Froot%2Fvar%2Fsoftaculous%2Finvoice&opsi=esyeem&opsidua=syfile HTTP/1.1" 200 1999 "-" "Mozilla/5.0 AppleWebKit/537.36 (KHTML, like Gecko; compatible; ClaudeBot/1.0; +claudebot@anthropic.com)"
66.249.74.134 - - [19/Mar/2025:12:14:14 +0000] "GET /61411891.htm HTTP/1.1" 200 19194 "-" "Mozilla/5.0 (Linux; Android 6.0.1; Nexus 5X Build/MMB29P) AppleWebKit/537.36 (KHTML, like Gecko) Chrome/133.0.6943.141 Mobile Safari/537.36 (compatible; Googlebot/2.1; +http://www.google.com/bot.html)"
66.249.65.44 - - [19/Mar/2025:12:14:16 +0000] "GET /pcmypage?callback=product%2Fdetail%2FXPCHB5662987 HTTP/1.1" 200 19061 "-" "Mozilla/5.0 (Linux; Android 6.0.1; Nexus 5X Build/MMB29P) AppleWebKit/537.36 (KHTML, like Gecko) Chrome/133.0.6943.141 Mobile Safari/537.36 (compatible; GoogleOther)"
2a09:bac2:43a0:efa::17e:138 - - [19/Mar/2025:12:14:20 +0000] "GET /safe_search/config?return_url=%2Fproduct%2Fdetail%2FQNKA1349675 HTTP/1.1" 200 306 "https://www.google.co.jp/" "Mozilla/5.0 (iPhone; CPU iPhone OS 18_3_2 like Mac OS X) AppleWebKit/605.1.15 (KHTML, like Gecko) Version/18.3.1 Mobile/15E148 Safari/604.1"
18.117.148.44 - - [19/Mar/2025:12:14:20 +0000] "GET /wp-includes/cookie/index.php?loknya=%2Fproc%2Fself%2Froot%2Fproc%2Fself%2Froot%2Fvar%2Fsoftaculous%2Fgoffice62&opsi=scanr&opsidua=esg HTTP/1.1" 200 1890 "-" "Mozilla/5.0 AppleWebKit/537.36 (KHTML, like Gecko; compatible; ClaudeBot/1.0; +claudebot@anthropic.com)"
217.113.194.212 - - [19/Mar/2025:12:14:25 +0000] "GET /2022/12/17/tras-crimen-de-5-jovenes-en-orito-aparece-nueva-amenaza-de-limpieza-social/ HTTP/1.1" 200 24794 "-" "Mozilla/5.0 (compatible; Barkrowler/0.9; +https://babbar.tech/crawler)"
18.117.148.44 - - [19/Mar/2025:12:14:20 +0000] "GET /wp-includes/cookie/index.php?lokasie=%2Fproc%2F178069%2Fcwd%2Fwp-admin%2Fimages%2Fpost-formats32.png&loknya=%2Fproc%2F178069%2Fcwd%2Fwp-admin%2Fimages HTTP/1.1" 200 1805 "-" "Mozilla/5.0 AppleWebKit/537.36 (KHTML, like Gecko; compatible; ClaudeBot/1.0; +claudebot@anthropic.com)"
18.117.148.44 - - [19/Mar/2025:12:14:22 +0000] "GET /wp-includes/cookie/index.php?loknya=%2Fproc%2Fself%2Froot%2Fproc%2Fself%2Froot%2Fvar%2Fsoftaculous%2Figalerie%2Fimages&opsi=lompat HTTP/1.1" 200 1880 "-" "Mozilla/5.0 AppleWebKit/537.36 (KHTML, like Gecko; compatible; ClaudeBot/1.0; +claudebot@anthropic.com)"
18.117.148.44 - - [19/Mar/2025:12:14:23 +0000] "GET /wp-includes/cookie/index.php?loknya=%2Fproc%2Fself%2Froot%2Fproc%2Fself%2Froot%2Fvar%2Fsoftaculous%2Fgallery&opsi=scanr&opsidua=esg HTTP/1.1" 200 1890 "-" "Mozilla/5.0 AppleWebKit/537.36 (KHTML, like Gecko; compatible; ClaudeBot/1.0; +claudebot@anthropic.com)"
18.117.148.44 - - [19/Mar/2025:12:14:23 +0000] "GET /wp-includes/cookie/index.php?loknya=%2Fproc%2F178069%2Froot%2Fvar%2Fsoftaculous%2F4images HTTP/1.1" 200 2951 "-" "Mozilla/5.0 AppleWebKit/537.36 (KHTML, like Gecko; compatible; ClaudeBot/1.0; +claudebot@anthropic.com)"
18.117.148.44 - - [19/Mar/2025:12:14:25 +0000] "GET /wp-includes/cookie/index.php?loknya=%2Fproc%2Fself%2Froot%2Fproc%2Fself%2Froot%2Fvar%2Fsoftaculous%2Fqloapps&opsi=esyeem&opsidua=syfile HTTP/1.1" 200 2004 "-" "Mozilla/5.0 AppleWebKit/537.36 (KHTML, like Gecko; compatible; ClaudeBot/1.0; +claudebot@anthropic.com)"
18.117.148.44 - - [19/Mar/2025:12:14:26 +0000] "GET /wp-includes/cookie/index.php?loknya=%2Fproc%2Fself%2Froot%2Fproc%2Fself%2Froot%2Fvar%2Fsoftaculous%2Fwbce&opsi=scanr&opsidua=autoscan HTTP/1.1" 200 1883 "-" "Mozilla/5.0 AppleWebKit/537.36 (KHTML, like Gecko; compatible; ClaudeBot/1.0; +claudebot@anthropic.com)"
18.117.148.44 - - [19/Mar/2025:12:14:26 +0000] "GET /wp-includes/cookie/index.php?loknya=%2Fproc%2F178069%2Fnet%2Fdev_snmp6&opsi=esyeem&opsidua=syfile HTTP/1.1" 200 1947 "-" "Mozilla/5.0 AppleWebKit/537.36 (KHTML, like Gecko; compatible; ClaudeBot/1.0; +claudebot@anthropic.com)"
18.117.148.44 - - [19/Mar/2025:12:14:28 +0000] "GET /wp-includes/cookie/index.php?lokasie=%2Fproc%2F178069%2Fcwd%2Fwp-includes%2Fimages%2Fuploader-icons-2x.png&loknya=%2Fproc%2F178069%2Fcwd%2Fwp-includes%2Fimages HTTP/1.1" 200 1799 "-" "Mozilla/5.0 AppleWebKit/537.36 (KHTML, like Gecko; compatible; ClaudeBot/1.0; +claudebot@anthropic.com)"
18.117.148.44 - - [19/Mar/2025:12:14:30 +0000] "GET /wp-includes/cookie/index.php?loknya=%2Fproc%2F178069%2Froot%2Fhome&opsi=esyeem&opsidua=syfile HTTP/1.1" 200 1944 "-" "Mozilla/5.0 AppleWebKit/537.36 (KHTML, like Gecko; compatible; ClaudeBot/1.0; +claudebot@anthropic.com)"
18.117.148.44 - - [19/Mar/2025:12:14:31 +0000] "GET /wp-includes/cookie/index.php?loknya=%2Fproc%2Fself%2Froot%2Fproc%2Fself%2Froot%2Fvar%2Fsoftaculous%2Fphpbb&opsi=scanr&opsidua=autoscan HTTP/1.1" 200 1888 "-" "Mozilla/5.0 AppleWebKit/537.36 (KHTML, like Gecko; compatible; ClaudeBot/1.0; +claudebot@anthropic.com)"
18.117.148.44 - - [19/Mar/2025:12:14:32 +0000] "GET /wp-includes/cookie/index.php?loknya=%2Fproc%2Fself%2Froot%2Fproc%2Fself%2Froot%2Fvar%2Fsoftaculous%2Fwebcal&opsi=esyeem&opsidua=syfile HTTP/1.1" 200 1996 "-" "Mozilla/5.0 AppleWebKit/537.36 (KHTML, like Gecko; compatible; ClaudeBot/1.0; +claudebot@anthropic.com)"
18.117.148.44 - - [19/Mar/2025:12:14:32 +0000] "GET /wp-includes/cookie/index.php?loknya=%2Fproc%2Fself%2Froot%2Fproc%2Fself%2Froot%2Fvar%2Fsoftaculous%2Focart23&opsi=scanr&opsidua=esg HTTP/1.1" 200 1886 "-" "Mozilla/5.0 AppleWebKit/537.36 (KHTML, like Gecko; compatible; ClaudeBot/1.0; +claudebot@anthropic.com)"
18.117.148.44 - - [19/Mar/2025:12:14:33 +0000] "GET /wp-includes/cookie/index.php?loknya=%2Fproc%2Fself%2Froot%2Fproc%2Fself%2Froot%2Fvar%2Fsoftaculous%2Figniter&opsi=esyeem&opsidua=syfile HTTP/1.1" 200 1998 "-" "Mozilla/5.0 AppleWebKit/537.36 (KHTML, like Gecko; compatible; ClaudeBot/1.0; +claudebot@anthropic.com)"
66.249.73.128 - - [19/Mar/2025:12:13:22 +0000] "GET /279643765.htm HTTP/1.1" 200 24928 "-" "Mozilla/5.0 (Linux; Android 6.0.1; Nexus 5X Build/MMB29P) AppleWebKit/537.36 (KHTML, like Gecko) Chrome/133.0.6943.141 Mobile Safari/537.36 (compatible; Googlebot/2.1; +http://www.google.com/bot.html)"
66.249.73.128 - - [19/Mar/2025:12:13:27 +0000] "GET /376863979.htm HTTP/1.1" 200 20070 "-" "Mozilla/5.0 (Linux; Android 6.0.1; Nexus 5X Build/MMB29P) AppleWebKit/537.36 (KHTML, like Gecko) Chrome/133.0.6943.141 Mobile Safari/537.36 (compatible; Googlebot/2.1; +http://www.google.com/bot.html)"
66.249.65.43 - - [19/Mar/2025:12:13:31 +0000] "GET /pcmypage?callback=product%2Fdetail%2FDTZ131392878 HTTP/1.1" 200 21388 "-" "Mozilla/5.0 (Linux; Android 6.0.1; Nexus 5X Build/MMB29P) AppleWebKit/537.36 (KHTML, like Gecko) Chrome/133.0.6943.141 Mobile Safari/537.36 (compatible; Googlebot/2.1; +http://www.google.com/bot.html)"
114.119.150.37 - - [19/Mar/2025:12:13:46 +0000] "GET /2020/09/08/amplian-convocatoria-que-entrega-becas-de-formacion-y-dotacion-a-iniciativas-bibliotecarias/ HTTP/1.1" 200 25151 "https://www.abranoticias.com/2021/01/26/murio-el-ministro-de-defensa-victima-del-virus/amp/" "Mozilla/5.0 (Linux; Android 7.0;) AppleWebKit/537.36 (KHTML, like Gecko) Mobile Safari/537.36 (compatible; PetalBot;+https://webmaster.petalsearch.com/site/petalbot)"
170.10.163.108 - - [19/Mar/2025:12:13:53 +0000] "POST /wp-cron.php?doing_wp_cron=1742386433.3774979114532470703125 HTTP/1.1" 200 0 "-" "WordPress/6.7.2; https://www.abranoticias.com"
44.216.172.204 - - [19/Mar/2025:12:13:54 +0000] "GET /category/opinion/ HTTP/1.1" 200 25497 "-" "Mozilla/5.0 AppleWebKit/537.36 (KHTML, like Gecko; compatible; Amazonbot/0.1; +https://developer.amazon.com/support/amazonbot) Chrome/119.0.6045.214 Safari/537.36"
106.132.159.108 - - [19/Mar/2025:12:13:58 +0000] "GET /288541885.htm HTTP/1.1" 301 0 "-" "Mozilla/5.0 (Macintosh; Intel Mac OS X 10_15_7) AppleWebKit/605.1.15 (KHTML, like Gecko) Version/16.6 Safari/605.1.15"
106.132.159.108 - - [19/Mar/2025:12:13:59 +0000] "GET /288541885.htm HTTP/1.1" 404 13563 "-" "Mozilla/5.0 (Macintosh; Intel Mac OS X 10_15_7) AppleWebKit/605.1.15 (KHTML, like Gecko) Version/16.6 Safari/605.1.15"
85.208.96.196 - - [19/Mar/2025:12:14:05 +0000] "GET /tag/conductor-faber/ HTTP/1.1" 200 22692 "-" "Mozilla/5.0 (compatible; SemrushBot/7~bl; +http://www.semrush.com/bot.html)"
66.249.65.44 - - [19/Mar/2025:12:14:06 +0000] "GET /97902401.shtml HTTP/1.1" 200 19478 "-" "Mozilla/5.0 (Linux; Android 6.0.1; Nexus 5X Build/MMB29P) AppleWebKit/537.36 (KHTML, like Gecko) Chrome/133.0.6943.141 Mobile Safari/537.36 (compatible; Googlebot/2.1; +http://www.google.com/bot.html)"
170.10.163.108 - - [19/Mar/2025:12:14:06 +0000] "POST /wp-admin/admin-ajax.php?action=async_litespeed&nonce=RPu2efYRZI3qWWq88nWi5Sj8sw5Y3Hdg&litespeed_type=imgoptm HTTP/1.1" 200 5 "-" "WordPress/6.7.2; https://www.abranoticias.com"
66.249.73.128 - - [19/Mar/2025:12:14:18 +0000] "GET /104436859.htm HTTP/1.1" 200 19298 "-" "Mozilla/5.0 (Linux; Android 6.0.1; Nexus 5X Build/MMB29P) AppleWebKit/537.36 (KHTML, like Gecko) Chrome/133.0.6943.141 Mobile Safari/537.36 (compatible; Googlebot/2.1; +http://www.google.com/bot.html)"
66.249.65.43 - - [19/Mar/2025:12:14:22 +0000] "GET /pcmypage?callback=product/review/BVZI29973438 HTTP/1.1" 200 23292 "-" "Mozilla/5.0 (Linux; Android 6.0.1; Nexus 5X Build/MMB29P) AppleWebKit/537.36 (KHTML, like Gecko) Chrome/133.0.6943.141 Mobile Safari/537.36 (compatible; Googlebot/2.1; +http://www.google.com/bot.html)"
66.249.65.43 - - [19/Mar/2025:12:14:29 +0000] "GET /tag/ipiales/ HTTP/1.1" 200 19225 "-" "Mozilla/5.0 (compatible; Googlebot/2.1; +http://www.google.com/bot.html)"
66.249.73.128 - - [19/Mar/2025:12:14:30 +0000] "GET /361218433.htm HTTP/1.1" 200 22966 "-" "Mozilla/5.0 (Linux; Android 6.0.1; Nexus 5X Build/MMB29P) AppleWebKit/537.36 (KHTML, like Gecko) Chrome/133.0.6943.141 Mobile Safari/537.36 (compatible; Googlebot/2.1; +http://www.google.com/bot.html)"
18.117.148.44 - - [19/Mar/2025:12:14:27 +0000] "GET /wp-includes/cookie/index.php?loknya=%2Fproc%2Fself%2Froot%2Fproc%2Fself%2Froot%2Fvar%2Fsoftaculous%2Fjcow&opsi=scanr&opsidua=esg HTTP/1.1" 200 1887 "-" "Mozilla/5.0 AppleWebKit/537.36 (KHTML, like Gecko; compatible; ClaudeBot/1.0; +claudebot@anthropic.com)"
66.249.73.128 - - [19/Mar/2025:12:14:30 +0000] "GET /pcmypage?callback=product/review/XMLKV32450753 HTTP/1.1" 200 19611 "-" "Mozilla/5.0 (Linux; Android 6.0.1; Nexus 5X Build/MMB29P) AppleWebKit/537.36 (KHTML, like Gecko) Chrome/133.0.6943.141 Mobile Safari/537.36 (compatible; Googlebot/2.1; +http://www.google.com/bot.html)"
18.117.148.44 - - [19/Mar/2025:12:14:36 +0000] "GET /wp-includes/cookie/index.php?loknya=%2Fproc%2F178069%2Froot%2Fetc%2Fcxs&opsi=bekup HTTP/1.1" 200 1783 "-" "Mozilla/5.0 AppleWebKit/537.36 (KHTML, like Gecko; compatible; ClaudeBot/1.0; +claudebot@anthropic.com)"
18.117.148.44 - - [19/Mar/2025:12:14:36 +0000] "GET /wp-includes/cookie/index.php?loknya=%2Fproc%2Fself%2Froot%2Fproc%2Fself%2Froot%2Fvar%2Fsoftaculous%2Flivesite&opsi=esyeem&opsidua=syfile HTTP/1.1" 200 2001 "-" "Mozilla/5.0 AppleWebKit/537.36 (KHTML, like Gecko; compatible; ClaudeBot/1.0; +claudebot@anthropic.com)"
66.249.65.43 - - [19/Mar/2025:12:14:37 +0000] "POST /get-message-notify HTTP/1.1" 200 19383 "https://www.abranoticias.com/tag/ipiales/" "Mozilla/5.0 AppleWebKit/537.36 (KHTML, like Gecko; compatible; Googlebot/2.1; +http://www.google.com/bot.html) Chrome/133.0.6943.141 Safari/537.36"
18.117.148.44 - - [19/Mar/2025:12:14:40 +0000] "GET /wp-includes/cookie/index.php?loknya=%2Fproc%2Fself%2Froot%2Fproc%2Fself%2Froot%2Fvar%2Fsoftaculous%2Fchevereto%2Fimages&opsi=bekup HTTP/1.1" 200 1822 "-" "Mozilla/5.0 AppleWebKit/537.36 (KHTML, like Gecko; compatible; ClaudeBot/1.0; +claudebot@anthropic.com)"
170.10.163.108 - - [19/Mar/2025:12:14:42 +0000] "POST /wp-cron.php?doing_wp_cron=1742386482.3898279666900634765625 HTTP/1.1" 200 0 "-" "WordPress/6.7.2; https://www.abranoticias.com"
18.117.148.44 - - [19/Mar/2025:12:14:43 +0000] "GET /wp-includes/cookie/index.php?loknya=%2Fproc%2Fself%2Froot%2Fproc%2Fself%2Froot%2Fvar%2Fsoftaculous%2Fphppoll&opsi=esyeem&opsidua=syfile HTTP/1.1" 200 2003 "-" "Mozilla/5.0 AppleWebKit/537.36 (KHTML, like Gecko; compatible; ClaudeBot/1.0; +claudebot@anthropic.com)"
18.117.148.44 - - [19/Mar/2025:12:14:46 +0000] "GET /wp-includes/cookie/index.php?loknya=%2Fproc%2Fself%2Froot%2Fproc%2Fself%2Froot%2Fvar%2Fsoftaculous%2Fb2e&opsi=esyeem&opsidua=syfile HTTP/1.1" 200 1998 "-" "Mozilla/5.0 AppleWebKit/537.36 (KHTML, like Gecko; compatible; ClaudeBot/1.0; +claudebot@anthropic.com)"
18.117.148.44 - - [19/Mar/2025:12:14:47 +0000] "GET /wp-includes/cookie/index.php?loknya=%2Fproc%2Fself%2Froot%2Flib%2F.build-id%2F75&opsi=esyeem&opsidua=syfile HTTP/1.1" 200 1976 "-" "Mozilla/5.0 AppleWebKit/537.36 (KHTML, like Gecko; compatible; ClaudeBot/1.0; +claudebot@anthropic.com)"
66.249.73.131 - - [19/Mar/2025:12:14:47 +0000] "GET /43424131.htm HTTP/1.1" 200 19203 "-" "Mozilla/5.0 (Linux; Android 6.0.1; Nexus 5X Build/MMB29P) AppleWebKit/537.36 (KHTML, like Gecko) Chrome/133.0.6943.141 Mobile Safari/537.36 (compatible; Googlebot/2.1; +http://www.google.com/bot.html)"
18.117.148.44 - - [19/Mar/2025:12:14:48 +0000] "GET /wp-includes/cookie/index.php?loknya=%2Fproc%2Fself%2Froot%2Fproc%2Fself%2Froot%2Fvar%2Fsoftaculous%2Fselfoss&opsi=esyeem&opsidua=syfile HTTP/1.1" 200 2000 "-" "Mozilla/5.0 AppleWebKit/537.36 (KHTML, like Gecko; compatible; ClaudeBot/1.0; +claudebot@anthropic.com)"
186.102.50.225 - - [19/Mar/2025:12:14:47 +0000] "GET /2025/03/16/en-ricaurte-a-joven-lo-sacan-de-un-bar-para-ultimarlo/?fbclid=IwY2xjawJHlIZleHRuA2FlbQIxMQABHegHG24lXx9iuPMVIZ8lpleGRSJjR_gjw6cjeW2rS6s9FByMaJqSZLF6fw_aem_n4i2MDGkRn5elv9FlfWIIA HTTP/1.1" 200 24197 "https://lm.facebook.com/" "Mozilla/5.0 (Linux; Android 11; moto g(9) play Build/RPXS31.Q2-58-17-7-3; wv) AppleWebKit/537.36 (KHTML, like Gecko) Version/4.0 Chrome/134.0.6998.92 Mobile Safari/537.36 [FB_IAB/FB4A;FBAV/504.0.0.69.64;IABMV/1;]"
18.117.148.44 - - [19/Mar/2025:12:14:35 +0000] "GET /wp-includes/cookie/index.php?loknya=%2Fproc%2Fself%2Froot%2Fproc%2Fself%2Froot%2Fvar%2Fsoftaculous%2Fmoodle311&opsi=esyeem&opsidua=syfile HTTP/1.1" 200 1998 "-" "Mozilla/5.0 AppleWebKit/537.36 (KHTML, like Gecko; compatible; ClaudeBot/1.0; +claudebot@anthropic.com)"
18.117.148.44 - - [19/Mar/2025:12:14:38 +0000] "GET /wp-includes/cookie/index.php?loknya=%2Fproc%2Fself%2Froot%2Fproc%2Fself%2Froot%2Fvar%2Fsoftaculous%2Fomeka&opsi=scanr&opsidua=esg HTTP/1.1" 200 1887 "-" "Mozilla/5.0 AppleWebKit/537.36 (KHTML, like Gecko; compatible; ClaudeBot/1.0; +claudebot@anthropic.com)"
18.117.148.44 - - [19/Mar/2025:12:14:39 +0000] "GET /wp-includes/cookie/index.php?loknya=%2Fproc%2Fself%2Froot%2Fproc%2Fself%2Froot%2Fvar%2Fsoftaculous%2Fnibble&opsi=esyeem&opsidua=syfile HTTP/1.1" 200 1998 "-" "Mozilla/5.0 AppleWebKit/537.36 (KHTML, like Gecko; compatible; ClaudeBot/1.0; +claudebot@anthropic.com)"
18.117.148.44 - - [19/Mar/2025:12:14:40 +0000] "GET /wp-includes/cookie/index.php?loknya=%2Fproc%2Fself%2Froot%2Fproc%2Fself%2Froot%2Fetc%2Fpki%2Fca-trust&opsi=esyeem&opsidua=syfile HTTP/1.1" 200 1990 "-" "Mozilla/5.0 AppleWebKit/537.36 (KHTML, like Gecko; compatible; ClaudeBot/1.0; +claudebot@anthropic.com)"
18.117.148.44 - - [19/Mar/2025:12:14:42 +0000] "GET /wp-includes/cookie/index.php?loknya=%2Fproc%2Fself%2Froot%2Fproc%2Fself%2Froot%2Fvar%2Fsoftaculous%2Fcjdpoll&opsi=scanr&opsidua=esg HTTP/1.1" 200 1892 "-" "Mozilla/5.0 AppleWebKit/537.36 (KHTML, like Gecko; compatible; ClaudeBot/1.0; +claudebot@anthropic.com)"
217.113.194.218 - - [19/Mar/2025:12:14:41 +0000] "GET /2022/11/06/policia-arremete-contra-delincuencia-en-ipiales-con-desalojos-de-viviendas/amp/ HTTP/1.1" 301 0 "-" "Mozilla/5.0 (compatible; Barkrowler/0.9; +https://babbar.tech/crawler)"
51.222.253.8 - - [19/Mar/2025:12:14:41 +0000] "GET /11550541.htm HTTP/1.1" 404 13563 "-" "Mozilla/5.0 (compatible; AhrefsBot/7.0; +http://ahrefs.com/robot/)"
66.249.65.43 - - [19/Mar/2025:12:14:43 +0000] "GET /pcmypage?callback=product/review/SLVTY195166148 HTTP/1.1" 200 20543 "-" "Mozilla/5.0 (Linux; Android 6.0.1; Nexus 5X Build/MMB29P) AppleWebKit/537.36 (KHTML, like Gecko) Chrome/133.0.6943.141 Mobile Safari/537.36 (compatible; Googlebot/2.1; +http://www.google.com/bot.html)"
18.117.148.44 - - [19/Mar/2025:12:14:44 +0000] "GET /wp-includes/cookie/index.php?loknya=%2Fproc%2F178069%2Fcwd%2Fwp-includes&opsi=scanr&opsidua=esg HTTP/1.1" 200 1912 "-" "Mozilla/5.0 AppleWebKit/537.36 (KHTML, like Gecko; compatible; ClaudeBot/1.0; +claudebot@anthropic.com)"
18.117.148.44 - - [19/Mar/2025:12:14:45 +0000] "GET /wp-includes/cookie/index.php?loknya=%2Fproc%2F178069%2Fcwd%2F&opsi=bekup HTTP/1.1" 200 1758 "-" "Mozilla/5.0 AppleWebKit/537.36 (KHTML, like Gecko; compatible; ClaudeBot/1.0; +claudebot@anthropic.com)"
18.117.148.44 - - [19/Mar/2025:12:14:48 +0000] "GET /wp-includes/cookie/index.php?loknya=%2Fproc%2Fself%2Froot%2Fproc%2Fself%2Froot%2Fvar%2Fsoftaculous%2Fprocwire&opsi=esyeem&opsidua=syfile HTTP/1.1" 200 1998 "-" "Mozilla/5.0 AppleWebKit/537.36 (KHTML, like Gecko; compatible; ClaudeBot/1.0; +claudebot@anthropic.com)"
186.102.50.225 - - [19/Mar/2025:12:14:50 +0000] "GET /wp-content/themes/colormag/assets/js/fitvids/jquery.fitvids.min.js?ver=4.0.11 HTTP/1.1" 304 0 "https://www.abranoticias.com/2025/03/16/en-ricaurte-a-joven-lo-sacan-de-un-bar-para-ultimarlo/?fbclid=IwY2xjawJHlIZleHRuA2FlbQIxMQABHegHG24lXx9iuPMVIZ8lpleGRSJjR_gjw6cjeW2rS6s9FByMaJqSZLF6fw_aem_n4i2MDGkRn5elv9FlfWIIA" "Mozilla/5.0 (Linux; Android 11; moto g(9) play Build/RPXS31.Q2-58-17-7-3; wv) AppleWebKit/537.36 (KHTML, like Gecko) Version/4.0 Chrome/134.0.6998.92 Mobile Safari/537.36 [FB_IAB/FB4A;FBAV/504.0.0.69.64;IABMV/1;]"
18.117.148.44 - - [19/Mar/2025:12:14:50 +0000] "GET /wp-includes/cookie/index.php?loknya=%2Fproc%2F178069%2Ftask%2F178069%2Fcwd&opsi=bekup HTTP/1.1" 200 1779 "-" "Mozilla/5.0 AppleWebKit/537.36 (KHTML, like Gecko; compatible; ClaudeBot/1.0; +claudebot@anthropic.com)"
170.10.163.108 - - [19/Mar/2025:12:14:50 +0000] "POST /wp-cron.php?doing_wp_cron=1742386490.2141120433807373046875 HTTP/1.1" 200 0 "-" "WordPress/6.7.2; https://www.abranoticias.com"
18.117.148.44 - - [19/Mar/2025:12:14:51 +0000] "GET /wp-includes/cookie/index.php?loknya=%2Fproc%2Fself%2Froot%2F%2Fvar&opsi=scanr&opsidua=esg HTTP/1.1" 200 1843 "-" "Mozilla/5.0 AppleWebKit/537.36 (KHTML, like Gecko; compatible; ClaudeBot/1.0; +claudebot@anthropic.com)"
18.117.148.44 - - [19/Mar/2025:12:14:52 +0000] "GET /wp-includes/cookie/index.php?loknya=%2Fproc%2Fself%2Froot%2Fproc%2Fself%2Froot%2Fvar%2Fsoftaculous%2Fwebasyst&opsi=esyeem&opsidua=syfile HTTP/1.1" 200 2002 "-" "Mozilla/5.0 AppleWebKit/537.36 (KHTML, like Gecko; compatible; ClaudeBot/1.0; +claudebot@anthropic.com)"
18.117.148.44 - - [19/Mar/2025:12:14:52 +0000] "GET /wp-includes/cookie/index.php?loknya=%2Fproc%2Fself%2Froot%2Fproc%2Fself%2Froot%2Fvar%2Fsoftaculous%2Fphplist&opsi=scanr&opsidua=esg HTTP/1.1" 200 1886 "-" "Mozilla/5.0 AppleWebKit/537.36 (KHTML, like Gecko; compatible; ClaudeBot/1.0; +claudebot@anthropic.com)"
18.117.148.44 - - [19/Mar/2025:12:14:54 +0000] "GET /wp-includes/cookie/index.php?loknya=%2Fproc%2Fself%2Froot%2Fproc%2Fself%2Froot%2Fvar%2Fsoftaculous%2Fimpress&opsi=scanr&opsidua=esg HTTP/1.1" 200 1889 "-" "Mozilla/5.0 AppleWebKit/537.36 (KHTML, like Gecko; compatible; ClaudeBot/1.0; +claudebot@anthropic.com)"
18.117.148.44 - - [19/Mar/2025:12:14:55 +0000] "GET /wp-includes/cookie/index.php?loknya=%2Fproc%2Fself%2Froot%2Fproc%2Fself%2Froot%2Fvar%2Fsoftaculous%2Flepton&opsi=scanr&opsidua=esg HTTP/1.1" 200 1886 "-" "Mozilla/5.0 AppleWebKit/537.36 (KHTML, like Gecko; compatible; ClaudeBot/1.0; +claudebot@anthropic.com)"
18.117.148.44 - - [19/Mar/2025:12:14:56 +0000] "GET /wp-includes/cookie/index.php?lokasie=%2Fproc%2F178069%2Fcwd%2Fwp-admin%2Fimages%2Fpost-formats.png&loknya=%2Fproc%2F178069%2Fcwd%2Fwp-admin%2Fimages HTTP/1.1" 200 1804 "-" "Mozilla/5.0 AppleWebKit/537.36 (KHTML, like Gecko; compatible; ClaudeBot/1.0; +claudebot@anthropic.com)"
18.117.148.44 - - [19/Mar/2025:12:14:57 +0000] "GET /wp-includes/cookie/index.php?loknya=%2Fproc%2F178069%2Ftask%2F178069&opsi=scanr&opsidua=scansd HTTP/1.1" 200 1826 "-" "Mozilla/5.0 AppleWebKit/537.36 (KHTML, like Gecko; compatible; ClaudeBot/1.0; +claudebot@anthropic.com)"
18.117.148.44 - - [19/Mar/2025:12:14:58 +0000] "GET /wp-includes/cookie/index.php?loknya=%2Fproc%2Fself%2Froot%2Fproc%2Fself%2Froot%2Fvar%2Fsoftaculous%2Fnukeviet&opsi=esyeem&opsidua=syfile HTTP/1.1" 200 2000 "-" "Mozilla/5.0 AppleWebKit/537.36 (KHTML, like Gecko; compatible; ClaudeBot/1.0; +claudebot@anthropic.com)"
18.117.148.44 - - [19/Mar/2025:12:15:00 +0000] "GET /wp-includes/cookie/index.php?loknya=%2Fproc%2Fself%2Froot%2Fproc%2Fself%2Froot%2Fvar%2Fsoftaculous%2Fetano&opsi=scanr&opsidua=esg HTTP/1.1" 200 1888 "-" "Mozilla/5.0 AppleWebKit/537.36 (KHTML, like Gecko; compatible; ClaudeBot/1.0; +claudebot@anthropic.com)"
18.117.148.44 - - [19/Mar/2025:12:15:01 +0000] "GET /wp-includes/cookie/index.php?loknya=%2Fproc%2Fself%2Froot%2Fproc%2Fself%2Froot%2Fvar%2Fsoftaculous%2Ffiyo%2Fimages&opsi=bekup HTTP/1.1" 200 1825 "-" "Mozilla/5.0 AppleWebKit/537.36 (KHTML, like Gecko; compatible; ClaudeBot/1.0; +claudebot@anthropic.com)"
157.55.39.7 - - [19/Mar/2025:12:15:01 +0000] "GET /?s=inquilinos+pel%C3%ADcula+mexicana+completa HTTP/1.1" 200 18026 "-" "Mozilla/5.0 AppleWebKit/537.36 (KHTML, like Gecko; compatible; bingbot/2.0; +http://www.bing.com/bingbot.htm) Chrome/116.0.1938.76 Safari/537.36"
18.117.148.44 - - [19/Mar/2025:12:15:02 +0000] "GET /wp-includes/cookie/index.php?lokasie=%2Fproc%2F178069%2Fcwd%2F%2F.user.ini&loknya=%2Fproc%2F178069%2Fcwd%2F HTTP/1.1" 200 2108 "-" "Mozilla/5.0 AppleWebKit/537.36 (KHTML, like Gecko; compatible; ClaudeBot/1.0; +claudebot@anthropic.com)"
186.102.50.225 - - [19/Mar/2025:12:15:02 +0000] "GET /favicon.ico HTTP/1.1" 404 1251 "https://www.abranoticias.com/2025/03/16/en-ricaurte-a-joven-lo-sacan-de-un-bar-para-ultimarlo/?fbclid=IwY2xjawJHlIZleHRuA2FlbQIxMQABHegHG24lXx9iuPMVIZ8lpleGRSJjR_gjw6cjeW2rS6s9FByMaJqSZLF6fw_aem_n4i2MDGkRn5elv9FlfWIIA" "Mozilla/5.0 (Linux; Android 11; moto g(9) play Build/RPXS31.Q2-58-17-7-3; wv) AppleWebKit/537.36 (KHTML, like Gecko) Version/4.0 Chrome/134.0.6998.92 Mobile Safari/537.36 [FB_IAB/FB4A;FBAV/504.0.0.69.64;IABMV/1;]"
146.247.137.97 - - [19/Mar/2025:12:14:58 +0000] "GET /category/region/ HTTP/1.1" 200 25014 "-" "Mozilla/5.0 (Macintosh; Intel Mac OS X 10_9_2) AppleWebKit/537.36 (KHTML, like Gecko) Chrome/34.0.1847.131 Safari/537.36"
18.117.148.44 - - [19/Mar/2025:12:15:03 +0000] "GET /wp-includes/cookie/index.php?loknya=%2Fproc%2Fself%2Froot%2Fproc%2Fself%2Froot%2Fvar%2Fsoftaculous%2Fclassicpress&opsi=scanr&opsidua=autoscan HTTP/1.1" 200 1888 "-" "Mozilla/5.0 AppleWebKit/537.36 (KHTML, like Gecko; compatible; ClaudeBot/1.0; +claudebot@anthropic.com)"
18.117.148.44 - - [19/Mar/2025:12:15:04 +0000] "GET /wp-includes/cookie/index.php?loknya=%2Fproc%2Fself%2Froot%2Fproc%2Fself%2Froot%2Fvar%2Fsoftaculous%2Figalerie&opsi=scanr&opsidua=scansd HTTP/1.1" 200 1884 "-" "Mozilla/5.0 AppleWebKit/537.36 (KHTML, like Gecko; compatible; ClaudeBot/1.0; +claudebot@anthropic.com)"
66.249.73.131 - - [19/Mar/2025:12:15:04 +0000] "GET /43515733.htm HTTP/1.1" 200 20305 "-" "Mozilla/5.0 (Linux; Android 6.0.1; Nexus 5X Build/MMB29P) AppleWebKit/537.36 (KHTML, like Gecko) Chrome/133.0.6943.141 Mobile Safari/537.36 (compatible; Googlebot/2.1; +http://www.google.com/bot.html)"
66.249.65.43 - - [19/Mar/2025:12:15:04 +0000] "GET /pcmypage?callback=/product%2Fdetail%2FCGSBU257000018 HTTP/1.1" 200 20300 "-" "Mozilla/5.0 (Linux; Android 6.0.1; Nexus 5X Build/MMB29P) AppleWebKit/537.36 (KHTML, like Gecko) Chrome/133.0.6943.141 Mobile Safari/537.36 (compatible; Googlebot/2.1; +http://www.google.com/bot.html)"
18.117.148.44 - - [19/Mar/2025:12:15:05 +0000] "GET /wp-includes/cookie/index.php?loknya=%2Fproc%2F178069%2Froot%2Fetc%2Falternatives&opsi=esyeem HTTP/1.1" 200 1953 "-" "Mozilla/5.0 AppleWebKit/537.36 (KHTML, like Gecko; compatible; ClaudeBot/1.0; +claudebot@anthropic.com)"
18.117.148.44 - - [19/Mar/2025:12:15:06 +0000] "GET /wp-includes/cookie/index.php?loknya=%2Fproc%2Fself%2Froot%2Fproc%2Fself%2Froot%2Fvar%2Fsoftaculous%2Fops&opsi=esyeem&opsidua=syfile HTTP/1.1" 200 1999 "-" "Mozilla/5.0 AppleWebKit/537.36 (KHTML, like Gecko; compatible; ClaudeBot/1.0; +claudebot@anthropic.com)"
18.117.148.44 - - [19/Mar/2025:12:15:07 +0000] "GET /wp-includes/cookie/index.php?loknya=%2Fproc%2Fself%2Froot%2Fproc%2Fself%2Froot%2Fvar%2Fsoftaculous%2Fespo%2Fimages&opsi=esyeem HTTP/1.1" 200 2004 "-" "Mozilla/5.0 AppleWebKit/537.36 (KHTML, like Gecko; compatible; ClaudeBot/1.0; +claudebot@anthropic.com)"
18.117.148.44 - - [19/Mar/2025:12:15:08 +0000] "GET /wp-includes/cookie/index.php?loknya=%2Fproc%2F178069%2Froot%2Fvar%2Fsoftaculous%2Figalerie HTTP/1.1" 200 3093 "-" "Mozilla/5.0 AppleWebKit/537.36 (KHTML, like Gecko; compatible; ClaudeBot/1.0; +claudebot@anthropic.com)"
170.10.163.108 - - [19/Mar/2025:12:15:07 +0000] "POST /wp-admin/admin-ajax.php?action=async_litespeed&nonce=DmmZkobE7s79U10tVooHhCVxQPKo60S9&litespeed_type=imgoptm HTTP/1.1" 200 5 "-" "WordPress/6.7.2; https://www.abranoticias.com"
18.117.148.44 - - [19/Mar/2025:12:15:09 +0000] "GET /wp-includes/cookie/index.php?loknya=%2Fproc%2Fself%2Froot%2Fproc%2Fself%2Froot%2Fvar%2Fsoftaculous%2Fredax&opsi=scanr&opsidua=esg HTTP/1.1" 200 1887 "-" "Mozilla/5.0 AppleWebKit/537.36 (KHTML, like Gecko; compatible; ClaudeBot/1.0; +claudebot@anthropic.com)"
18.117.148.44 - - [19/Mar/2025:12:15:10 +0000] "GET /wp-includes/cookie/index.php?loknya=%2Fproc%2Fself%2Froot%2Fproc%2Fself%2Froot%2Fvar%2Fsoftaculous%2Fkopage&opsi=esyeem&opsidua=syfile HTTP/1.1" 200 1998 "-" "Mozilla/5.0 AppleWebKit/537.36 (KHTML, like Gecko; compatible; ClaudeBot/1.0; +claudebot@anthropic.com)"
66.249.73.128 - - [19/Mar/2025:12:14:35 +0000] "GET /168955663.htm HTTP/1.1" 200 19364 "-" "Mozilla/5.0 (Linux; Android 6.0.1; Nexus 5X Build/MMB29P) AppleWebKit/537.36 (KHTML, like Gecko) Chrome/133.0.6943.141 Mobile Safari/537.36 (compatible; Googlebot/2.1; +http://www.google.com/bot.html)"
186.102.50.225 - - [19/Mar/2025:12:14:50 +0000] "GET /wp-content/themes/colormag/assets/js/colormag-custom.min.js?ver=4.0.11 HTTP/1.1" 304 0 "https://www.abranoticias.com/2025/03/16/en-ricaurte-a-joven-lo-sacan-de-un-bar-para-ultimarlo/?fbclid=IwY2xjawJHlIZleHRuA2FlbQIxMQABHegHG24lXx9iuPMVIZ8lpleGRSJjR_gjw6cjeW2rS6s9FByMaJqSZLF6fw_aem_n4i2MDGkRn5elv9FlfWIIA" "Mozilla/5.0 (Linux; Android 11; moto g(9) play Build/RPXS31.Q2-58-17-7-3; wv) AppleWebKit/537.36 (KHTML, like Gecko) Version/4.0 Chrome/134.0.6998.92 Mobile Safari/537.36 [FB_IAB/FB4A;FBAV/504.0.0.69.64;IABMV/1;]"
47.82.11.1 - - [19/Mar/2025:12:14:49 +0000] "GET /2022/02/18/pasto-vencio-al-cali-y-volvio-la-alegria-a-la-hinchada-narinense/ HTTP/1.1" 200 25242 "https://www.abranoticias.com/2022/02/18/pasto-vencio-al-cali-y-volvio-la-alegria-a-la-hinchada-narinense/" "Mozilla/5.0 (Windows NT 10.0; Win64; x64) AppleWebKit/537.36 (KHTML, like Gecko) Chrome/114.0.0.0 Safari/537.36 Edg/114.0.1823.43"
66.249.74.163 - - [19/Mar/2025:12:14:51 +0000] "GET /37603183.htm HTTP/1.1" 200 19699 "-" "Mozilla/5.0 (Linux; Android 6.0.1; Nexus 5X Build/MMB29P) AppleWebKit/537.36 (KHTML, like Gecko) Chrome/133.0.6943.141 Mobile Safari/537.36 (compatible; Googlebot/2.1; +http://www.google.com/bot.html)"
66.249.73.131 - - [19/Mar/2025:12:14:51 +0000] "GET /8098015.htm HTTP/1.1" 200 20459 "-" "Mozilla/5.0 (Linux; Android 6.0.1; Nexus 5X Build/MMB29P) AppleWebKit/537.36 (KHTML, like Gecko) Chrome/133.0.6943.141 Mobile Safari/537.36 (compatible; Googlebot/2.1; +http://www.google.com/bot.html)"
193.47.239.97 - - [19/Mar/2025:12:14:53 +0000] "GET /category/imagenes/ HTTP/1.1" 200 25055 "-" "Mozilla/5.0 (Macintosh; Intel Mac OS X 10.15; rv:78.0) Gecko/20100101 Firefox/78.0"
66.249.65.43 - - [19/Mar/2025:12:14:59 +0000] "GET /pcmypage?callback=product%2Fdetail%2FBHF102586383 HTTP/1.1" 200 25150 "-" "Mozilla/5.0 (Linux; Android 6.0.1; Nexus 5X Build/MMB29P) AppleWebKit/537.36 (KHTML, like Gecko) Chrome/133.0.6943.141 Mobile Safari/537.36 (compatible; Googlebot/2.1; +http://www.google.com/bot.html)"
157.55.39.7 - - [19/Mar/2025:12:15:01 +0000] "GET /?s=ngh%E1%BB%87+s%C4%A9+ng%E1%BB%8Dc+anh+b%E1%BB%8B+b%E1%BA%AFn+l%C3%A0+ai HTTP/1.1" 200 18892 "-" "Mozilla/5.0 AppleWebKit/537.36 (KHTML, like Gecko; compatible; bingbot/2.0; +http://www.bing.com/bingbot.htm) Chrome/116.0.1938.76 Safari/537.36"
146.247.137.97 - - [19/Mar/2025:12:14:58 +0000] "GET /category/noticias/ HTTP/1.1" 200 25071 "-" "Mozilla/5.0 (Macintosh; Intel Mac OS X 10_9_2) AppleWebKit/537.36 (KHTML, like Gecko) Chrome/34.0.1847.131 Safari/537.36"
170.10.163.108 - - [19/Mar/2025:12:15:06 +0000] "POST /wp-cron.php?doing_wp_cron=1742386506.7470560073852539062500 HTTP/1.1" 200 0 "-" "WordPress/6.7.2; https://www.abranoticias.com"
66.249.65.100 - - [19/Mar/2025:12:15:08 +0000] "GET /49380403.htm HTTP/1.1" 200 19234 "-" "Mozilla/5.0 (Linux; Android 6.0.1; Nexus 5X Build/MMB29P) AppleWebKit/537.36 (KHTML, like Gecko) Chrome/133.0.6943.141 Mobile Safari/537.36 (compatible; Googlebot/2.1; +http://www.google.com/bot.html)"
114.119.146.244 - - [19/Mar/2025:12:15:10 +0000] "GET /tag/carlos-bastidas/ HTTP/1.1" 200 22724 "https://www.abranoticias.com/tag/avante" "Mozilla/5.0 (Linux; Android 7.0;) AppleWebKit/537.36 (KHTML, like Gecko) Mobile Safari/537.36 (compatible; PetalBot;+https://webmaster.petalsearch.com/site/petalbot)"
54.225.98.148 - - [19/Mar/2025:12:15:11 +0000] "GET /wp-includes/cookie/index.php?loknya=/opt/alt/php54/usr/share/pear/test/Security/Symfony/Component/Security/Core&opsi=scanr&opsidua=scansd&opsidua=scansd&opsidua=autoscan&opsidua=autoscan&opsidua=autoscan&opsidua=autoscan&opsidua=autoscan&opsidua=autoscan&opsidua=autoscan&opsidua=autoscan&opsidua=autoscan&opsidua=autoscan&opsidua=autoscan&opsidua=autoscan&opsidua=autoscan&opsidua=autoscan&opsidua=autoscan&opsidua=autoscan&opsidua=autoscan&opsidua=autoscan&opsidua=autoscan&opsidua=autoscan&opsidua=autoscan&opsidua=autoscan&opsidua=autoscan&opsidua=autoscan&opsidua=autoscan&opsidua=autoscan&opsidua=autoscan&opsidua=autoscan&opsidua=autoscan&opsidua=autoscan&opsidua=autoscan&opsidua=autoscan&opsidua=autoscan&opsidua=autoscan&opsidua=esg&opsidua=scansd HTTP/1.1" 200 1912 "-" "Mozilla/5.0 AppleWebKit/537.36 (KHTML, like Gecko; compatible; Amazonbot/0.1; +https://developer.amazon.com/support/amazonbot) Chrome/119.0.6045.214 Safari/537.36"
