85.208.96.202 - - [19/Mar/2025:12:17:36 +0000] "GET /tag/maryuri/ HTTP/1.1" 200 22692 "-" "Mozilla/5.0 (compatible; SemrushBot/7~bl; +http://www.semrush.com/bot.html)"
66.249.65.43 - - [19/Mar/2025:12:17:38 +0000] "GET / HTTP/1.1" 200 23327 "-" "Mozilla/5.0 (compatible; Googlebot/2.1; +http://www.google.com/bot.html)"
20.161.75.218 - - [19/Mar/2025:12:17:38 +0000] "GET / HTTP/1.1" 301 0 "-" "Mozilla/5.0 AppleWebKit/537.36 (KHTML, like Gecko); compatible; ChatGPT-User/1.0; +https://openai.com/bot"
3.12.161.230 - - [19/Mar/2025:12:17:31 +0000] "GET /wp-includes/cookie/index.php?loknya=%2Fproc%2Fself%2Froot%2Fproc%2Fself%2Froot%2Fvar%2Fsoftaculous%2Fmodernizr&opsi=scanr&opsidua=autoscan HTTP/1.1" 200 1892 "-" "Mozilla/5.0 AppleWebKit/537.36 (KHTML, like Gecko; compatible; ClaudeBot/1.0; +claudebot@anthropic.com)"
157.55.39.7 - - [19/Mar/2025:12:17:31 +0000] "GET /?s=story+time+books HTTP/1.1" 200 19755 "-" "Mozilla/5.0 AppleWebKit/537.36 (KHTML, like Gecko; compatible; bingbot/2.0; +http://www.bing.com/bingbot.htm) Chrome/116.0.1938.76 Safari/537.36"
3.12.161.230 - - [19/Mar/2025:12:17:32 +0000] "GET /wp-includes/cookie/index.php?lokasie=%2Fproc%2Fself%2Froot%2Fproc%2Fself%2Froot%2Fvar%2Fsoftaculous%2Fconc8%2Fimages%2Flogo.gif&loknya=%2Fproc%2Fself%2Froot%2Fproc%2Fself%2Froot%2Fvar%2Fsoftaculous%2Fconc8%2Fimages HTTP/1.1" 200 1845 "-" "Mozilla/5.0 AppleWebKit/537.36 (KHTML, like Gecko; compatible; ClaudeBot/1.0; +claudebot@anthropic.com)"
3.12.161.230 - - [19/Mar/2025:12:17:33 +0000] "GET /wp-includes/cookie/index.php?loknya=%2Fproc%2Fself%2Froot%2Fproc%2Fself%2Froot%2Fvar%2Fsoftaculous%2Fbuggenie&opsi=esyeem&opsidua=syfile HTTP/1.1" 200 2001 "-" "Mozilla/5.0 AppleWebKit/537.36 (KHTML, like Gecko; compatible; ClaudeBot/1.0; +claudebot@anthropic.com)"
3.12.161.230 - - [19/Mar/2025:12:17:34 +0000] "GET /wp-includes/cookie/index.php?loknya=%2Fproc%2F178069%2Froot%2Fsbin&opsi=esyeem&opsidua=syfile HTTP/1.1" 200 1946 "-" "Mozilla/5.0 AppleWebKit/537.36 (KHTML, like Gecko; compatible; ClaudeBot/1.0; +claudebot@anthropic.com)"
34.21.3.186 - - [19/Mar/2025:12:17:33 +0000] "GET /category/opinion/feed/ HTTP/1.1" 200 14364 "-" "Mozilla/5.0 (Windows NT 6.3; WOW64; rv:33.0) Gecko/20100101 Firefox/33.0"
3.12.161.230 - - [19/Mar/2025:12:17:35 +0000] "GET /wp-includes/cookie/index.php?loknya=%2Fproc%2Fself%2Froot%2Fproc%2Fself%2Froot%2Fvar%2Fsoftaculous%2Fpeel&opsi=esyeem&opsidua=syfile HTTP/1.1" 200 2003 "-" "Mozilla/5.0 AppleWebKit/537.36 (KHTML, like Gecko; compatible; ClaudeBot/1.0; +claudebot@anthropic.com)"
66.249.65.99 - - [19/Mar/2025:12:17:35 +0000] "GET /101321257.htm HTTP/1.1" 200 19319 "-" "Mozilla/5.0 (Linux; Android 6.0.1; Nexus 5X Build/MMB29P) AppleWebKit/537.36 (KHTML, like Gecko) Chrome/133.0.6943.141 Mobile Safari/537.36 (compatible; Googlebot/2.1; +http://www.google.com/bot.html)"
3.12.161.230 - - [19/Mar/2025:12:17:36 +0000] "GET /wp-includes/cookie/index.php?loknya=%2Fproc%2Fself%2Froot%2Fproc%2Fself%2Froot%2Fvar%2Fsoftaculous%2Frealestate%2Fimages&opsi=scanr HTTP/1.1" 200 1905 "-" "Mozilla/5.0 AppleWebKit/537.36 (KHTML, like Gecko; compatible; ClaudeBot/1.0; +claudebot@anthropic.com)"
66.249.65.43 - - [19/Mar/2025:12:17:37 +0000] "GET /tag/narino/ HTTP/1.1" 200 20492 "-" "Mozilla/5.0 (compatible; Googlebot/2.1; +http://www.google.com/bot.html)"
3.12.161.230 - - [19/Mar/2025:12:17:37 +0000] "GET /wp-includes/cookie/index.php?loknya=%2Fproc%2Fself%2Froot%2Fproc%2Fself%2Froot%2Fvar%2Fsoftaculous%2Fxmb&opsi=scanr&opsidua=esg HTTP/1.1" 200 1888 "-" "Mozilla/5.0 AppleWebKit/537.36 (KHTML, like Gecko; compatible; ClaudeBot/1.0; +claudebot@anthropic.com)"
3.12.161.230 - - [19/Mar/2025:12:17:38 +0000] "GET /wp-includes/cookie/index.php?loknya=%2Fproc%2Fself%2Froot%2Fproc%2Fself%2Froot%2Fvar%2Fsoftaculous%2Fobcard&opsi=scanr&opsidua=autoscan HTTP/1.1" 200 1888 "-" "Mozilla/5.0 AppleWebKit/537.36 (KHTML, like Gecko; compatible; ClaudeBot/1.0; +claudebot@anthropic.com)"
3.12.161.230 - - [19/Mar/2025:12:17:39 +0000] "GET /wp-includes/cookie/index.php?loknya=%2Fproc%2Fself%2Froot%2F%2Froot&opsi=scanr&opsidua=autoscan HTTP/1.1" 200 1832 "-" "Mozilla/5.0 AppleWebKit/537.36 (KHTML, like Gecko; compatible; ClaudeBot/1.0; +claudebot@anthropic.com)"
66.249.74.14 - - [19/Mar/2025:12:17:39 +0000] "GET /56861905.htm HTTP/1.1" 200 18430 "-" "Mozilla/5.0 (Linux; Android 6.0.1; Nexus 5X Build/MMB29P) AppleWebKit/537.36 (KHTML, like Gecko) Chrome/133.0.6943.141 Mobile Safari/537.36 (compatible; Googlebot/2.1; +http://www.google.com/bot.html)"
3.12.161.230 - - [19/Mar/2025:12:17:40 +0000] "GET /wp-includes/cookie/index.php?loknya=%2Fproc%2Fself%2Froot%2Fproc%2Fself%2Froot%2Fvar%2Fsoftaculous%2Fleto&opsi=scanr&opsidua=autoscan HTTP/1.1" 200 1888 "-" "Mozilla/5.0 AppleWebKit/537.36 (KHTML, like Gecko; compatible; ClaudeBot/1.0; +claudebot@anthropic.com)"
38.154.40.93 - - [19/Mar/2025:12:17:38 +0000] "GET /category/deportes/ HTTP/1.1" 200 25517 "-" "Mozilla/5.0 (Macintosh; Intel Mac OS X 10.15; rv:78.0) Gecko/20100101 Firefox/78.0"
3.12.161.230 - - [19/Mar/2025:12:17:41 +0000] "GET /wp-includes/cookie/index.php?loknya=%2Fproc%2Fself%2Froot%2Fproc%2Fself%2Froot%2Fvar%2Fsoftaculous%2Ffusio&opsi=esyeem&opsidua=syfile HTTP/1.1" 200 1999 "-" "Mozilla/5.0 AppleWebKit/537.36 (KHTML, like Gecko; compatible; ClaudeBot/1.0; +claudebot@anthropic.com)"
3.12.161.230 - - [19/Mar/2025:12:17:42 +0000] "GET /wp-includes/cookie/index.php?loknya=%2Fproc%2Fself%2Froot%2Fproc%2Fself%2Froot%2Fvar%2Fsoftaculous%2Fblesta&opsi=esyeem&opsidua=syfile HTTP/1.1" 200 1999 "-" "Mozilla/5.0 AppleWebKit/537.36 (KHTML, like Gecko; compatible; ClaudeBot/1.0; +claudebot@anthropic.com)"
20.161.75.215 - - [19/Mar/2025:12:17:39 +0000] "GET /pcmypage?callback=/product/detail/HPRC166556349 HTTP/1.1" 404 13563 "-" "Mozilla/5.0 AppleWebKit/537.36 (KHTML, like Gecko); compatible; ChatGPT-User/1.0; +https://openai.com/bot"
3.12.161.230 - - [19/Mar/2025:12:17:43 +0000] "GET /wp-includes/cookie/index.php?loknya=%2Fproc%2Fself%2Froot%2Fproc%2Fself%2Froot%2Fvar%2Fsoftaculous%2Fgenix&opsi=esyeem&opsidua=syfile HTTP/1.1" 200 2000 "-" "Mozilla/5.0 AppleWebKit/537.36 (KHTML, like Gecko; compatible; ClaudeBot/1.0; +claudebot@anthropic.com)"
20.161.75.208 - - [19/Mar/2025:12:17:39 +0000] "GET / HTTP/1.1" 200 25680 "-" "Mozilla/5.0 AppleWebKit/537.36 (KHTML, like Gecko); compatible; ChatGPT-User/1.0; +https://openai.com/bot"
217.113.194.221 - - [19/Mar/2025:12:17:41 +0000] "GET /2024/11/07/este-grupo-guerrillero-seria-el-responsable-del-crimen-de-personero-en-cumbitara/ HTTP/1.1" 200 24575 "-" "Mozilla/5.0 (compatible; Barkrowler/0.9; +https://babbar.tech/crawler)"
66.249.65.43 - - [19/Mar/2025:12:17:44 +0000] "POST /get-message-notify HTTP/1.1" 200 19384 "https://www.abranoticias.com/category/judicial/" "Mozilla/5.0 AppleWebKit/537.36 (KHTML, like Gecko; compatible; Googlebot/2.1; +http://www.google.com/bot.html) Chrome/133.0.6943.141 Safari/537.36"
3.12.161.230 - - [19/Mar/2025:12:17:44 +0000] "GET /wp-includes/cookie/index.php?loknya=%2Fproc%2Fself%2Froot%2Fproc%2Fself%2Froot%2Fvar%2Fsoftaculous%2Filias&opsi=esyeem&opsidua=syfile HTTP/1.1" 200 1997 "-" "Mozilla/5.0 AppleWebKit/537.36 (KHTML, like Gecko; compatible; ClaudeBot/1.0; +claudebot@anthropic.com)"
66.249.65.173 - - [19/Mar/2025:12:17:44 +0000] "GET /search?category=&search_word=&restrict[]=person_id(int)=MUCV HTTP/1.1" 200 19828 "-" "Mozilla/5.0 (Linux; Android 6.0.1; Nexus 5X Build/MMB29P) AppleWebKit/537.36 (KHTML, like Gecko) Chrome/133.0.6943.141 Mobile Safari/537.36 (compatible; Googlebot/2.1; +http://www.google.com/bot.html)"
66.249.65.43 - - [19/Mar/2025:12:17:44 +0000] "POST /get-message-notify HTTP/1.1" 200 19382 "https://www.abranoticias.com/" "Mozilla/5.0 AppleWebKit/537.36 (KHTML, like Gecko; compatible; Googlebot/2.1; +http://www.google.com/bot.html) Chrome/133.0.6943.141 Safari/537.36"
3.12.161.230 - - [19/Mar/2025:12:17:45 +0000] "GET /wp-includes/cookie/index.php?loknya=%2Fproc%2Fself%2Froot%2Fproc%2Fself%2Froot%2Fvar%2Fsoftaculous%2Fseo&opsi=esyeem&opsidua=syfile HTTP/1.1" 200 1997 "-" "Mozilla/5.0 AppleWebKit/537.36 (KHTML, like Gecko; compatible; ClaudeBot/1.0; +claudebot@anthropic.com)"
3.12.161.230 - - [19/Mar/2025:12:17:46 +0000] "GET /wp-includes/cookie/index.php?loknya=%2Fproc%2Fself%2Froot%2Fproc%2Fself%2Froot%2Fvar%2Fsoftaculous%2Falegro&opsi=esyeem&opsidua=syfile HTTP/1.1" 200 1999 "-" "Mozilla/5.0 AppleWebKit/537.36 (KHTML, like Gecko; compatible; ClaudeBot/1.0; +claudebot@anthropic.com)"
3.12.161.230 - - [19/Mar/2025:12:17:47 +0000] "GET /wp-includes/cookie/index.php?lokasie=%2Fproc%2Fself%2Froot%2Fproc%2Fself%2Froot%2Fvar%2Fsoftaculous%2Fwebid%2Fimages%2Flogo.gif&loknya=%2Fproc%2Fself%2Froot%2Fproc%2Fself%2Froot%2Fvar%2Fsoftaculous%2Fwebid%2Fimages HTTP/1.1" 200 1845 "-" "Mozilla/5.0 AppleWebKit/537.36 (KHTML, like Gecko; compatible; ClaudeBot/1.0; +claudebot@anthropic.com)"
3.12.161.230 - - [19/Mar/2025:12:17:48 +0000] "GET /wp-includes/cookie/index.php?loknya=%2Fproc%2Fself%2Froot%2Fproc%2Fself%2Froot%2Fvar%2Fsoftaculous%2Fospos&opsi=esyeem&opsidua=syfile HTTP/1.1" 200 1999 "-" "Mozilla/5.0 AppleWebKit/537.36 (KHTML, like Gecko; compatible; ClaudeBot/1.0; +claudebot@anthropic.com)"
3.12.161.230 - - [19/Mar/2025:12:17:49 +0000] "GET /wp-includes/cookie/index.php?loknya=%2Fproc%2Fself%2Froot%2Fproc%2Fself%2Froot%2Fvar%2Fsoftaculous%2Focart4&opsi=esyeem&opsidua=syfile HTTP/1.1" 200 2000 "-" "Mozilla/5.0 AppleWebKit/537.36 (KHTML, like Gecko; compatible; ClaudeBot/1.0; +claudebot@anthropic.com)"
3.12.161.230 - - [19/Mar/2025:12:17:50 +0000] "GET /wp-includes/cookie/index.php?loknya=%2Fproc%2Fself%2Froot%2Fproc%2Fself%2Froot%2Fvar%2Fsoftaculous%2Ftiki22&opsi=esyeem&opsidua=syfile HTTP/1.1" 200 1998 "-" "Mozilla/5.0 AppleWebKit/537.36 (KHTML, like Gecko; compatible; ClaudeBot/1.0; +claudebot@anthropic.com)"
3.12.161.230 - - [19/Mar/2025:12:17:51 +0000] "GET /wp-includes/cookie/index.php?loknya=%2Fproc%2Fself%2Froot%2Fproc%2Fself%2Froot%2Fvar%2Fsoftaculous%2Fzikula&opsi=esyeem&opsidua=syfile HTTP/1.1" 200 1998 "-" "Mozilla/5.0 AppleWebKit/537.36 (KHTML, like Gecko; compatible; ClaudeBot/1.0; +claudebot@anthropic.com)"
3.12.161.230 - - [19/Mar/2025:12:17:52 +0000] "GET /wp-includes/cookie/index.php?loknya=%2Fproc%2Fself%2Froot%2Fproc%2Fself%2Froot%2Fvar%2Fsoftaculous%2Fwonder&opsi=esyeem&opsidua=syfile HTTP/1.1" 200 1998 "-" "Mozilla/5.0 AppleWebKit/537.36 (KHTML, like Gecko; compatible; ClaudeBot/1.0; +claudebot@anthropic.com)"
3.12.161.230 - - [19/Mar/2025:12:17:53 +0000] "GET /wp-includes/cookie/index.php?loknya=%2Fproc%2Fself%2Froot%2Fproc%2Fself%2Froot%2Fvar%2Fsoftaculous%2Fconc85&opsi=scanr&opsidua=autoscan HTTP/1.1" 200 1890 "-" "Mozilla/5.0 AppleWebKit/537.36 (KHTML, like Gecko; compatible; ClaudeBot/1.0; +claudebot@anthropic.com)"
3.12.161.230 - - [19/Mar/2025:12:17:54 +0000] "GET /wp-includes/cookie/index.php?loknya=%2Fproc%2Froot%2Fproc%2Froot%2Fproc%2F&opsi=esyeem&opsidua=syfile HTTP/1.1" 200 1931 "-" "Mozilla/5.0 AppleWebKit/537.36 (KHTML, like Gecko; compatible; ClaudeBot/1.0; +claudebot@anthropic.com)"
3.12.161.230 - - [19/Mar/2025:12:17:55 +0000] "GET /wp-includes/cookie/index.php?loknya=%2Fproc%2Fself%2Froot%2Fproc%2Fself%2Froot%2Fvar%2Fsoftaculous%2Fwbce&opsi=esyeem&opsidua=syfile HTTP/1.1" 200 2004 "-" "Mozilla/5.0 AppleWebKit/537.36 (KHTML, like Gecko; compatible; ClaudeBot/1.0; +claudebot@anthropic.com)"
3.12.161.230 - - [19/Mar/2025:12:17:56 +0000] "GET /wp-includes/cookie/index.php?loknya=%2Fproc%2Fself%2Froot%2Fproc%2Fself%2Froot%2Fvar%2Fsoftaculous%2Ftiki10&opsi=esyeem&opsidua=syfile HTTP/1.1" 200 2000 "-" "Mozilla/5.0 AppleWebKit/537.36 (KHTML, like Gecko; compatible; ClaudeBot/1.0; +claudebot@anthropic.com)"
3.12.161.230 - - [19/Mar/2025:12:17:57 +0000] "GET /wp-includes/cookie/index.php?loknya=%2Fproc%2Fself%2Froot%2Fproc%2Fself%2Froot%2Fvar%2Fsoftaculous%2Fphpbb&opsi=esyeem&opsidua=syfile HTTP/1.1" 200 1997 "-" "Mozilla/5.0 AppleWebKit/537.36 (KHTML, like Gecko; compatible; ClaudeBot/1.0; +claudebot@anthropic.com)"
3.12.161.230 - - [19/Mar/2025:12:17:58 +0000] "GET /wp-includes/cookie/index.php?loknya=%2Fproc%2Fself%2Froot%2Fproc%2Fself%2Froot%2Fvar%2Fsoftaculous%2Fojs33%2Fimages&opsi=lompat HTTP/1.1" 200 1886 "-" "Mozilla/5.0 AppleWebKit/537.36 (KHTML, like Gecko; compatible; ClaudeBot/1.0; +claudebot@anthropic.com)"
66.249.65.43 - - [19/Mar/2025:12:17:59 +0000] "GET /tag/mercado-el-potrerillo/ HTTP/1.1" 200 18717 "-" "Mozilla/5.0 (compatible; Googlebot/2.1; +http://www.google.com/bot.html)"
66.249.73.132 - - [19/Mar/2025:12:17:06 +0000] "GET /pcmypage?callback=product/review/GHABL20425086 HTTP/1.1" 200 21306 "-" "Mozilla/5.0 (Linux; Android 6.0.1; Nexus 5X Build/MMB29P) AppleWebKit/537.36 (KHTML, like Gecko) Chrome/133.0.6943.141 Mobile Safari/537.36 (compatible; Googlebot/2.1; +http://www.google.com/bot.html)"
3.89.176.255 - - [19/Mar/2025:12:17:08 +0000] "GET /wp-includes/cookie/index.php?loknya=/opt/alt/php54/usr/share/pear/test/Security/Symfony/Component/Security/Core&opsi=scanr&opsidua=scansd&opsidua=scansd&opsidua=autoscan&opsidua=autoscan&opsidua=autoscan&opsidua=autoscan&opsidua=autoscan&opsidua=autoscan&opsidua=autoscan&opsidua=autoscan&opsidua=autoscan&opsidua=autoscan&opsidua=autoscan&opsidua=autoscan&opsidua=autoscan&opsidua=autoscan&opsidua=autoscan&opsidua=autoscan&opsidua=autoscan&opsidua=autoscan&opsidua=autoscan&opsidua=autoscan&opsidua=autoscan&opsidua=autoscan&opsidua=autoscan&opsidua=autoscan&opsidua=autoscan&opsidua=autoscan&opsidua=autoscan&opsidua=autoscan&opsidua=autoscan&opsidua=autoscan&opsidua=autoscan&opsidua=autoscan&opsidua=autoscan&opsidua=autoscan&opsidua=autoscan&opsidua=autoscan&opsidua=autoscan&opsidua=autoscan&opsidua=autoscan&opsidua=autoscan&opsidua=autoscan&opsidua=autoscan&opsidua=autoscan&opsidua=autoscan&opsidua=autoscan&opsidua=autoscan&opsidua=autoscan&opsidua=autoscan&opsidua=autoscan&opsidua=autoscan&opsidua=autoscan&opsidua=autoscan&opsidua=autoscan&opsidua=autoscan&opsidua=autoscan&opsidua=autoscan&opsidua=autoscan&opsidua=autoscan&opsidua=autoscan&opsidua=autoscan&opsidua=autoscan&opsidua=autoscan&opsidua=autoscan&opsidua=autoscan&opsidua=esg&opsidua=autoscan&opsidua=autoscan&opsidua=autoscan&opsidua=autoscan&opsidua=autoscan&opsidua=autoscan&opsidua=autoscan&opsidua=autoscan&opsidua=autoscan&opsidua=autoscan&opsidua=autoscan&opsidua=esg&opsidua=autoscan&opsidua=autoscan&opsidua=autoscan&opsidua=autoscan&opsidua=autoscan&opsidua=autoscan&opsidua=autoscan&opsidua=autoscan&opsidua=scansd&opsidua=esg HTTP/1.1" 200 1923 "-" "Mozilla/5.0 AppleWebKit/537.36 (KHTML, like Gecko; compatible; Amazonbot/0.1; +https://developer.amazon.com/support/amazonbot) Chrome/119.0.6045.214 Safari/537.36"
170.10.163.108 - - [19/Mar/2025:12:17:10 +0000] "POST /wp-admin/admin-ajax.php?action=async_litespeed&nonce=axQCnj9SFbWb4B8epR2aEJV8A9JOboQu&litespeed_type=imgoptm HTTP/1.1" 200 5 "-" "WordPress/6.7.2; https://www.abranoticias.com"
170.10.163.108 - - [19/Mar/2025:12:17:40 +0000] "POST /wp-cron.php?doing_wp_cron=1742386660.2864060401916503906250 HTTP/1.1" 200 0 "-" "WordPress/6.7.2; https://www.abranoticias.com"
85.208.96.193 - - [19/Mar/2025:12:17:38 +0000] "GET /2020/10/27/militares-destruyen-contenedores-cargados-de-pentolita-en-tumaco/ HTTP/1.1" 200 24354 "-" "Mozilla/5.0 (compatible; SemrushBot/7~bl; +http://www.semrush.com/bot.html)"
66.249.65.43 - - [19/Mar/2025:12:17:44 +0000] "GET /search?category=&search_word=&restrict[]=person_id(int)=CMZAN HTTP/1.1" 200 20117 "-" "Mozilla/5.0 (Linux; Android 6.0.1; Nexus 5X Build/MMB29P) AppleWebKit/537.36 (KHTML, like Gecko) Chrome/133.0.6943.141 Mobile Safari/537.36 (compatible; Googlebot/2.1; +http://www.google.com/bot.html)"
66.249.73.131 - - [19/Mar/2025:12:17:56 +0000] "GET /140201329.htm HTTP/1.1" 200 19319 "-" "Mozilla/5.0 (Linux; Android 6.0.1; Nexus 5X Build/MMB29P) AppleWebKit/537.36 (KHTML, like Gecko) Chrome/133.0.6943.141 Mobile Safari/537.36 (compatible; Googlebot/2.1; +http://www.google.com/bot.html)"
152.228.220.143 - - [19/Mar/2025:12:18:00 +0000] "GET /feed/ HTTP/1.1" 200 9797 "-" "Mozilla/5.0 (X11; Linux i686) AppleWebKit/537.36 (KHTML, like Gecko) Chrome/30.0.1599.66 Safari/537.36"
66.249.65.44 - - [19/Mar/2025:12:18:01 +0000] "POST /get-message-notify HTTP/1.1" 200 19382 "https://www.abranoticias.com/category/noticias/" "Mozilla/5.0 AppleWebKit/537.36 (KHTML, like Gecko; compatible; Googlebot/2.1; +http://www.google.com/bot.html) Chrome/133.0.6943.141 Safari/537.36"
66.249.65.44 - - [19/Mar/2025:12:17:59 +0000] "GET /tag/ipiales/ HTTP/1.1" 200 19227 "-" "Mozilla/5.0 (compatible; Googlebot/2.1; +http://www.google.com/bot.html)"
3.12.161.230 - - [19/Mar/2025:12:17:59 +0000] "GET /wp-includes/cookie/index.php?loknya=%2Fproc%2Fself%2Froot%2Fproc%2Fself%2Froot%2Fvar%2Fsoftaculous%2Fabante&opsi=scanr&opsidua=esg HTTP/1.1" 200 1889 "-" "Mozilla/5.0 AppleWebKit/537.36 (KHTML, like Gecko; compatible; ClaudeBot/1.0; +claudebot@anthropic.com)"
66.249.65.44 - - [19/Mar/2025:12:17:59 +0000] "GET /category/noticias/ HTTP/1.1" 200 19566 "-" "Mozilla/5.0 (compatible; Googlebot/2.1; +http://www.google.com/bot.html)"
3.12.161.230 - - [19/Mar/2025:12:18:00 +0000] "GET /wp-includes/cookie/index.php?loknya=%2Fproc%2Fself%2Froot%2Fproc%2Fself%2Froot%2Fvar%2Fsoftaculous%2Fepesi&opsi=esyeem&opsidua=syfile HTTP/1.1" 200 1999 "-" "Mozilla/5.0 AppleWebKit/537.36 (KHTML, like Gecko; compatible; ClaudeBot/1.0; +claudebot@anthropic.com)"
3.12.161.230 - - [19/Mar/2025:12:18:01 +0000] "GET /wp-includes/cookie/index.php?loknya=%2Fproc%2Fself%2Froot%2Fproc%2Fself%2Froot%2Fvar%2Fsoftaculous%2Ftiki15&opsi=esyeem&opsidua=syfile HTTP/1.1" 200 1998 "-" "Mozilla/5.0 AppleWebKit/537.36 (KHTML, like Gecko; compatible; ClaudeBot/1.0; +claudebot@anthropic.com)"
3.12.161.230 - - [19/Mar/2025:12:18:02 +0000] "GET /wp-includes/cookie/index.php?loknya=%2Fproc%2Fself%2Froot%2Fproc%2Fself%2Froot%2Fvar%2Fsoftaculous%2Fowa&opsi=scanr&opsidua=esg HTTP/1.1" 200 1888 "-" "Mozilla/5.0 AppleWebKit/537.36 (KHTML, like Gecko; compatible; ClaudeBot/1.0; +claudebot@anthropic.com)"
3.12.161.230 - - [19/Mar/2025:12:18:03 +0000] "GET /wp-includes/cookie/index.php?loknya=%2Fproc%2F178069%2Froot%2Fvar%2Fsoftaculous%2Fojs33 HTTP/1.1" 200 2962 "-" "Mozilla/5.0 AppleWebKit/537.36 (KHTML, like Gecko; compatible; ClaudeBot/1.0; +claudebot@anthropic.com)"
3.12.161.230 - - [19/Mar/2025:12:18:04 +0000] "GET /wp-includes/cookie/index.php?loknya=%2Fproc%2Fself%2Froot%2Fproc%2Fself%2Froot%2Fvar%2Fsoftaculous%2Fopeneshop&opsi=scanr&opsidua=autoscan HTTP/1.1" 200 1892 "-" "Mozilla/5.0 AppleWebKit/537.36 (KHTML, like Gecko; compatible; ClaudeBot/1.0; +claudebot@anthropic.com)"
3.12.161.230 - - [19/Mar/2025:12:18:05 +0000] "GET /wp-includes/cookie/index.php?loknya=%2Fproc%2Fself%2Froot%2Fproc%2Fself%2Froot%2Fvar%2Fsoftaculous%2Farastta&opsi=scanr&opsidua=autoscan HTTP/1.1" 200 1892 "-" "Mozilla/5.0 AppleWebKit/537.36 (KHTML, like Gecko; compatible; ClaudeBot/1.0; +claudebot@anthropic.com)"
3.12.161.230 - - [19/Mar/2025:12:18:06 +0000] "GET /wp-includes/cookie/index.php?loknya=%2Fproc%2Fself%2Froot%2Fproc%2Fself%2Froot%2Fvar%2Fsoftaculous%2Fblab&opsi=esyeem&opsidua=syfile HTTP/1.1" 200 2003 "-" "Mozilla/5.0 AppleWebKit/537.36 (KHTML, like Gecko; compatible; ClaudeBot/1.0; +claudebot@anthropic.com)"
3.12.161.230 - - [19/Mar/2025:12:18:07 +0000] "GET /wp-includes/cookie/index.php?loknya=%2Fproc%2Fself%2Froot%2Fproc%2Fself%2Froot%2Fvar%2Fsoftaculous%2Fsnipeit&opsi=esyeem&opsidua=syfile HTTP/1.1" 200 1998 "-" "Mozilla/5.0 AppleWebKit/537.36 (KHTML, like Gecko; compatible; ClaudeBot/1.0; +claudebot@anthropic.com)"
3.12.161.230 - - [19/Mar/2025:12:18:08 +0000] "GET /wp-includes/cookie/index.php?loknya=%2Fproc%2Fself%2Froot%2Fproc%2Fself%2Froot%2Fvar%2Fsoftaculous%2Fakaunting&opsi=esyeem&opsidua=syfile HTTP/1.1" 200 2000 "-" "Mozilla/5.0 AppleWebKit/537.36 (KHTML, like Gecko; compatible; ClaudeBot/1.0; +claudebot@anthropic.com)"
3.12.161.230 - - [19/Mar/2025:12:18:09 +0000] "GET /wp-includes/cookie/index.php?loknya=%2Fproc%2Fself%2Froot%2Fproc%2Fself%2Froot%2Fvar%2Fsoftaculous%2Fegroup&opsi=scanr&opsidua=esg HTTP/1.1" 200 1890 "-" "Mozilla/5.0 AppleWebKit/537.36 (KHTML, like Gecko; compatible; ClaudeBot/1.0; +claudebot@anthropic.com)"
3.12.161.230 - - [19/Mar/2025:12:18:10 +0000] "GET /wp-includes/cookie/index.php?loknya=%2Fproc%2F178069%2Froot%2Fvar%2F.cagefs&opsi=scanr HTTP/1.1" 200 1856 "-" "Mozilla/5.0 AppleWebKit/537.36 (KHTML, like Gecko; compatible; ClaudeBot/1.0; +claudebot@anthropic.com)"
3.12.161.230 - - [19/Mar/2025:12:18:11 +0000] "GET /wp-includes/cookie/index.php?loknya=%2Fproc%2F178069%2Froot%2Ftmp&opsi=scanr&opsidua=esg HTTP/1.1" 200 1916 "-" "Mozilla/5.0 AppleWebKit/537.36 (KHTML, like Gecko; compatible; ClaudeBot/1.0; +claudebot@anthropic.com)"
66.249.73.131 - - [19/Mar/2025:12:18:12 +0000] "GET /125615065.htm HTTP/1.1" 200 19460 "-" "Mozilla/5.0 (Linux; Android 6.0.1; Nexus 5X Build/MMB29P) AppleWebKit/537.36 (KHTML, like Gecko) Chrome/133.0.6943.141 Mobile Safari/537.36 (compatible; Googlebot/2.1; +http://www.google.com/bot.html)"
3.12.161.230 - - [19/Mar/2025:12:18:12 +0000] "GET /wp-includes/cookie/index.php?loknya=%2Fproc%2F178069%2Fcwd%2Fwp-includes&opsi=scanr&opsidua=autoscan HTTP/1.1" 200 1857 "-" "Mozilla/5.0 AppleWebKit/537.36 (KHTML, like Gecko; compatible; ClaudeBot/1.0; +claudebot@anthropic.com)"
3.12.161.230 - - [19/Mar/2025:12:18:15 +0000] "GET /wp-includes/cookie/index.php?loknya=%2Fproc%2Fself%2Froot%2F%2Fvar&opsi=scanr&opsidua=autoscan HTTP/1.1" 200 1841 "-" "Mozilla/5.0 AppleWebKit/537.36 (KHTML, like Gecko; compatible; ClaudeBot/1.0; +claudebot@anthropic.com)"
3.12.161.230 - - [19/Mar/2025:12:18:16 +0000] "GET /wp-includes/cookie/index.php?loknya=%2Fproc%2Fself%2Froot%2Fproc%2Fself%2Froot%2Fvar%2Fsoftaculous%2Fmw14&opsi=esyeem&opsidua=syfile HTTP/1.1" 200 2005 "-" "Mozilla/5.0 AppleWebKit/537.36 (KHTML, like Gecko; compatible; ClaudeBot/1.0; +claudebot@anthropic.com)"
3.12.161.230 - - [19/Mar/2025:12:18:17 +0000] "GET /wp-includes/cookie/index.php?loknya=%2Fproc%2Fself%2Froot%2Fproc%2Fself%2Froot%2Fvar%2Fsoftaculous%2Fampache&opsi=scanr&opsidua=esg HTTP/1.1" 200 1893 "-" "Mozilla/5.0 AppleWebKit/537.36 (KHTML, like Gecko; compatible; ClaudeBot/1.0; +claudebot@anthropic.com)"
3.12.161.230 - - [19/Mar/2025:12:18:18 +0000] "GET /wp-includes/cookie/index.php?loknya=%2Fproc%2Fself%2Froot%2Fproc%2Fself%2Froot%2Fvar%2Fsoftaculous%2Fadvpoll&opsi=esyeem&opsidua=syfile HTTP/1.1" 200 2004 "-" "Mozilla/5.0 AppleWebKit/537.36 (KHTML, like Gecko; compatible; ClaudeBot/1.0; +claudebot@anthropic.com)"
3.12.161.230 - - [19/Mar/2025:12:18:19 +0000] "GET /wp-includes/cookie/index.php?loknya=%2Fproc%2Fself%2Froot%2Fproc%2Fself%2Froot%2Fvar%2Fsoftaculous%2Fmaian&opsi=scanr&opsidua=autoscan HTTP/1.1" 200 1889 "-" "Mozilla/5.0 AppleWebKit/537.36 (KHTML, like Gecko; compatible; ClaudeBot/1.0; +claudebot@anthropic.com)"
3.12.161.230 - - [19/Mar/2025:12:18:20 +0000] "GET /wp-includes/cookie/index.php?loknya=%2Fproc%2Fself%2Froot%2Fproc%2Fself%2Froot%2Fvar%2Fsoftaculous%2Felgg4&opsi=esyeem&opsidua=syfile HTTP/1.1" 200 1998 "-" "Mozilla/5.0 AppleWebKit/537.36 (KHTML, like Gecko; compatible; ClaudeBot/1.0; +claudebot@anthropic.com)"
3.12.161.230 - - [19/Mar/2025:12:18:21 +0000] "GET /wp-includes/cookie/index.php?loknya=%2Fproc%2Fself%2Froot%2Fproc%2Fself%2Froot%2Fvar%2Fsoftaculous%2Fpresta178&opsi=esyeem&opsidua=syfile HTTP/1.1" 200 2001 "-" "Mozilla/5.0 AppleWebKit/537.36 (KHTML, like Gecko; compatible; ClaudeBot/1.0; +claudebot@anthropic.com)"
3.12.161.230 - - [19/Mar/2025:12:18:22 +0000] "GET /wp-includes/cookie/index.php?loknya=%2Fproc%2Fself%2Froot%2Fproc%2Fself%2Froot%2Fvar%2Fsoftaculous%2Ftangobb&opsi=esyeem&opsidua=syfile HTTP/1.1" 200 2003 "-" "Mozilla/5.0 AppleWebKit/537.36 (KHTML, like Gecko; compatible; ClaudeBot/1.0; +claudebot@anthropic.com)"
3.12.161.230 - - [19/Mar/2025:12:18:23 +0000] "GET /wp-includes/cookie/index.php?lokasie=%2Fproc%2F178069%2Fcwd%2Fwp-admin%2Fimages%2Fbrowser-rtl.png&loknya=%2Fproc%2F178069%2Fcwd%2Fwp-admin%2Fimages HTTP/1.1" 200 1805 "-" "Mozilla/5.0 AppleWebKit/537.36 (KHTML, like Gecko; compatible; ClaudeBot/1.0; +claudebot@anthropic.com)"
85.208.96.202 - - [19/Mar/2025:12:18:22 +0000] "GET /2020/09/09/en-bogota-contrataran-investigador-extranjero-en-narino-solo-esperan-la-justicia-divina/ HTTP/1.1" 200 25510 "-" "Mozilla/5.0 (compatible; SemrushBot/7~bl; +http://www.semrush.com/bot.html)"
3.12.161.230 - - [19/Mar/2025:12:18:24 +0000] "GET /wp-includes/cookie/index.php?loknya=%2Fproc%2Fself%2Froot%2Fproc%2Fself%2Froot%2Fvar%2Fsoftaculous%2Fprecurio&opsi=esyeem&opsidua=syfile HTTP/1.1" 200 2000 "-" "Mozilla/5.0 AppleWebKit/537.36 (KHTML, like Gecko; compatible; ClaudeBot/1.0; +claudebot@anthropic.com)"
66.249.73.131 - - [19/Mar/2025:12:18:24 +0000] "GET /277326247.htm HTTP/1.1" 200 19622 "-" "Mozilla/5.0 (Linux; Android 6.0.1; Nexus 5X Build/MMB29P) AppleWebKit/537.36 (KHTML, like Gecko) Chrome/133.0.6943.141 Mobile Safari/537.36 (compatible; Googlebot/2.1; +http://www.google.com/bot.html)"
3.12.161.230 - - [19/Mar/2025:12:18:25 +0000] "GET /wp-includes/cookie/index.php?loknya=%2Fproc%2Fself%2Froot%2Fproc%2Fself%2Froot%2Fvar%2Fsoftaculous%2Fgallery&opsi=scanr&opsidua=autoscan HTTP/1.1" 200 1890 "-" "Mozilla/5.0 AppleWebKit/537.36 (KHTML, like Gecko; compatible; ClaudeBot/1.0; +claudebot@anthropic.com)"
3.12.161.230 - - [19/Mar/2025:12:18:26 +0000] "GET /wp-includes/cookie/index.php?loknya=%2Fproc%2Fself%2Froot%2Fproc%2Fself%2Froot%2Fvar%2Fsoftaculous%2Figalerie%2Fimages&opsi=esyeem HTTP/1.1" 200 2004 "-" "Mozilla/5.0 AppleWebKit/537.36 (KHTML, like Gecko; compatible; ClaudeBot/1.0; +claudebot@anthropic.com)"
3.12.161.230 - - [19/Mar/2025:12:18:27 +0000] "GET /wp-includes/cookie/index.php?loknya=%2Fproc%2Fself%2Froot%2Fproc%2Fself%2Froot%2Fvar%2Fsoftaculous%2Flitecart&opsi=esyeem&opsidua=syfile HTTP/1.1" 200 2001 "-" "Mozilla/5.0 AppleWebKit/537.36 (KHTML, like Gecko; compatible; ClaudeBot/1.0; +claudebot@anthropic.com)"
3.12.161.230 - - [19/Mar/2025:12:18:28 +0000] "GET /wp-includes/cookie/index.php?loknya=%2Fproc%2Fself%2Froot%2Fproc%2Fself%2Froot%2Fvar%2Fsoftaculous%2Fkimai&opsi=scanr&opsidua=esg HTTP/1.1" 200 1887 "-" "Mozilla/5.0 AppleWebKit/537.36 (KHTML, like Gecko; compatible; ClaudeBot/1.0; +claudebot@anthropic.com)"
66.249.73.131 - - [19/Mar/2025:12:18:29 +0000] "GET /42292147.htm HTTP/1.1" 200 18894 "-" "Mozilla/5.0 (Linux; Android 6.0.1; Nexus 5X Build/MMB29P) AppleWebKit/537.36 (KHTML, like Gecko) Chrome/133.0.6943.141 Mobile Safari/537.36 (compatible; Googlebot/2.1; +http://www.google.com/bot.html)"
3.12.161.230 - - [19/Mar/2025:12:18:29 +0000] "GET /wp-includes/cookie/index.php?loknya=%2Fproc%2Fself%2Froot%2Fproc%2Fself%2Froot%2Fvar%2Fsoftaculous%2Foxwall&opsi=esyeem&opsidua=syfile HTTP/1.1" 200 2000 "-" "Mozilla/5.0 AppleWebKit/537.36 (KHTML, like Gecko; compatible; ClaudeBot/1.0; +claudebot@anthropic.com)"
3.12.161.230 - - [19/Mar/2025:12:18:30 +0000] "GET /wp-includes/cookie/index.php?loknya=%2Fproc%2Fself%2Froot%2Fproc%2Fself%2Froot%2Fvar%2Fsoftaculous%2Ftypo&opsi=esyeem&opsidua=syfile HTTP/1.1" 200 2004 "-" "Mozilla/5.0 AppleWebKit/537.36 (KHTML, like Gecko; compatible; ClaudeBot/1.0; +claudebot@anthropic.com)"
3.12.161.230 - - [19/Mar/2025:12:18:31 +0000] "GET /wp-includes/cookie/index.php?loknya=%2Fproc%2Fself%2Froot%2Fproc%2Fself%2Froot%2Fvar%2Fsoftaculous%2Fgoffice62&opsi=scanr&opsidua=autoscan HTTP/1.1" 200 1893 "-" "Mozilla/5.0 AppleWebKit/537.36 (KHTML, like Gecko; compatible; ClaudeBot/1.0; +claudebot@anthropic.com)"
3.12.161.230 - - [19/Mar/2025:12:18:32 +0000] "GET /wp-includes/cookie/index.php?loknya=%2Fproc%2Fself%2Froot%2Fproc%2Fself%2Froot%2Fvar%2Fsoftaculous%2Felgg33&opsi=esyeem&opsidua=syfile HTTP/1.1" 200 2000 "-" "Mozilla/5.0 AppleWebKit/537.36 (KHTML, like Gecko; compatible; ClaudeBot/1.0; +claudebot@anthropic.com)"
66.249.73.131 - - [19/Mar/2025:12:18:32 +0000] "GET /27476311.htm HTTP/1.1" 200 18726 "-" "Mozilla/5.0 (Linux; Android 6.0.1; Nexus 5X Build/MMB29P) AppleWebKit/537.36 (KHTML, like Gecko) Chrome/133.0.6943.141 Mobile Safari/537.36 (compatible; Googlebot/2.1; +http://www.google.com/bot.html)"
3.12.161.230 - - [19/Mar/2025:12:18:33 +0000] "GET /wp-includes/cookie/index.php?loknya=%2Fproc%2Fself%2Froot%2Fproc%2Fself%2Froot%2Fvar%2Fsoftaculous%2Fhubzilla&opsi=esyeem&opsidua=syfile HTTP/1.1" 200 2002 "-" "Mozilla/5.0 AppleWebKit/537.36 (KHTML, like Gecko; compatible; ClaudeBot/1.0; +claudebot@anthropic.com)"
66.249.65.43 - - [19/Mar/2025:12:17:39 +0000] "GET /158913381.shtml HTTP/1.1" 200 19045 "-" "Mozilla/5.0 (Linux; Android 6.0.1; Nexus 5X Build/MMB29P) AppleWebKit/537.36 (KHTML, like Gecko) Chrome/133.0.6943.141 Mobile Safari/537.36 (compatible; Googlebot/2.1; +http://www.google.com/bot.html)"
66.249.65.43 - - [19/Mar/2025:12:17:41 +0000] "POST /get-message-notify HTTP/1.1" 200 19382 "https://www.abranoticias.com/tag/narino/" "Mozilla/5.0 AppleWebKit/537.36 (KHTML, like Gecko; compatible; Googlebot/2.1; +http://www.google.com/bot.html) Chrome/133.0.6943.141 Safari/537.36"
66.249.65.43 - - [19/Mar/2025:12:17:42 +0000] "GET /pcmypage?callback=product%2Fdetail%2FRAHC150536514 HTTP/1.1" 200 18973 "-" "Mozilla/5.0 (Linux; Android 6.0.1; Nexus 5X Build/MMB29P) AppleWebKit/537.36 (KHTML, like Gecko) Chrome/133.0.6943.141 Mobile Safari/537.36 (compatible; GoogleOther)"
66.249.65.43 - - [19/Mar/2025:12:17:43 +0000] "GET /pcmypage?callback=/product%2Fdetail%2FSFMD19934633 HTTP/1.1" 200 19133 "-" "Mozilla/5.0 (Linux; Android 6.0.1; Nexus 5X Build/MMB29P) AppleWebKit/537.36 (KHTML, like Gecko) Chrome/133.0.6943.141 Mobile Safari/537.36 (compatible; Googlebot/2.1; +http://www.google.com/bot.html)"
66.249.73.131 - - [19/Mar/2025:12:17:52 +0000] "GET /307359103.htm HTTP/1.1" 200 19870 "-" "Mozilla/5.0 (Linux; Android 6.0.1; Nexus 5X Build/MMB29P) AppleWebKit/537.36 (KHTML, like Gecko) Chrome/133.0.6943.141 Mobile Safari/537.36 (compatible; Googlebot/2.1; +http://www.google.com/bot.html)"
217.113.194.217 - - [19/Mar/2025:12:17:59 +0000] "GET /2024/12/11/desintegran-presunta-banda-los-4-de-harvey-en-ipiales-serian-una-misma-familia/ HTTP/1.1" 200 24542 "-" "Mozilla/5.0 (compatible; Barkrowler/0.9; +https://babbar.tech/crawler)"
66.249.65.44 - - [19/Mar/2025:12:18:02 +0000] "GET /tag/comfamiliar-de-narino/ HTTP/1.1" 404 1251 "-" "Mozilla/5.0 (compatible; Googlebot/2.1; +http://www.google.com/bot.html)"
66.249.65.43 - - [19/Mar/2025:12:18:02 +0000] "GET /tag/moto/ HTTP/1.1" 200 20480 "-" "Mozilla/5.0 (compatible; Googlebot/2.1; +http://www.google.com/bot.html)"
8.29.198.25 - - [19/Mar/2025:12:18:01 +0000] "GET /feed/ HTTP/1.1" 200 9797 "-" "Feedly/1.0 (+https://feedly.com/poller.html; 1 subscribers; )"
66.249.65.43 - - [19/Mar/2025:12:18:04 +0000] "POST /get-message-notify HTTP/1.1" 200 19382 "https://www.abranoticias.com/tag/mercado-el-potrerillo/" "Mozilla/5.0 AppleWebKit/537.36 (KHTML, like Gecko; compatible; Googlebot/2.1; +http://www.google.com/bot.html) Chrome/133.0.6943.141 Safari/537.36"
66.249.65.43 - - [19/Mar/2025:12:18:04 +0000] "POST /get-message-notify HTTP/1.1" 200 19382 "https://www.abranoticias.com/tag/moto/" "Mozilla/5.0 AppleWebKit/537.36 (KHTML, like Gecko; compatible; Googlebot/2.1; +http://www.google.com/bot.html) Chrome/133.0.6943.141 Safari/537.36"
66.249.65.43 - - [19/Mar/2025:12:18:06 +0000] "POST /get-message-notify HTTP/1.1" 200 19382 "https://www.abranoticias.com/tag/ipiales/" "Mozilla/5.0 AppleWebKit/537.36 (KHTML, like Gecko; compatible; Googlebot/2.1; +http://www.google.com/bot.html) Chrome/133.0.6943.141 Safari/537.36"
170.10.163.108 - - [19/Mar/2025:12:18:12 +0000] "POST /wp-admin/admin-ajax.php?action=async_litespeed&nonce=YUivmTU7K0ouz09cPx84ylyQ4Vsfd0UD&litespeed_type=imgoptm HTTP/1.1" 200 5 "-" "WordPress/6.7.2; https://www.abranoticias.com"
114.119.129.22 - - [19/Mar/2025:12:18:20 +0000] "GET /2020/09/08/amplian-convocatoria-que-entrega-becas-de-formacion-y-dotacion-a-iniciativas-bibliotecarias/ HTTP/1.1" 200 25151 "https://www.abranoticias.com/2024/01/26/en-la-florida-un-policia-busca-recursos-para-cumplir-sus-suenos-en-el-deporte-paralimpico/amp/" "Mozilla/5.0 (Linux; Android 7.0;) AppleWebKit/537.36 (KHTML, like Gecko) Mobile Safari/537.36 (compatible; PetalBot;+https://webmaster.petalsearch.com/site/petalbot)"
217.113.194.220 - - [19/Mar/2025:12:18:31 +0000] "GET /2024/12/30/el-motociclismo-en-narino-esta-de-luto-por-fallecimiento-de-omar-vallejos/ HTTP/1.1" 404 13563 "-" "Mozilla/5.0 (compatible; Barkrowler/0.9; +https://babbar.tech/crawler)"
3.12.161.230 - - [19/Mar/2025:12:18:34 +0000] "GET /wp-includes/cookie/index.php?loknya=%2Fproc%2Fself%2Froot%2Fproc%2Fself%2Froot%2Fvar%2Fsoftaculous%2Fclassicpress&opsi=esyeem&opsidua=syfile HTTP/1.1" 200 2003 "-" "Mozilla/5.0 AppleWebKit/537.36 (KHTML, like Gecko; compatible; ClaudeBot/1.0; +claudebot@anthropic.com)"
3.12.161.230 - - [19/Mar/2025:12:18:35 +0000] "GET /wp-includes/cookie/index.php?loknya=%2Fproc%2Fself%2Froot%2Fproc%2Fself%2Froot%2Fvar%2Fsoftaculous%2Fjcow&opsi=scanr&opsidua=autoscan HTTP/1.1" 200 1890 "-" "Mozilla/5.0 AppleWebKit/537.36 (KHTML, like Gecko; compatible; ClaudeBot/1.0; +claudebot@anthropic.com)"
3.12.161.230 - - [19/Mar/2025:12:18:36 +0000] "GET /wp-includes/cookie/index.php?loknya=%2Fproc%2F178069%2Froot%2Fdev&opsi=scanr&opsidua=autoscan HTTP/1.1" 200 1840 "-" "Mozilla/5.0 AppleWebKit/537.36 (KHTML, like Gecko; compatible; ClaudeBot/1.0; +claudebot@anthropic.com)"
3.12.161.230 - - [19/Mar/2025:12:18:37 +0000] "GET /wp-includes/cookie/index.php?loknya=%2Fproc%2Fself%2Froot%2Fproc%2Fself%2Froot%2Fvar%2Fsoftaculous%2Fclaro&opsi=esyeem&opsidua=syfile HTTP/1.1" 200 1998 "-" "Mozilla/5.0 AppleWebKit/537.36 (KHTML, like Gecko; compatible; ClaudeBot/1.0; +claudebot@anthropic.com)"
3.12.161.230 - - [19/Mar/2025:12:18:38 +0000] "GET /wp-includes/cookie/index.php?loknya=%2Fproc%2Fself%2Froot%2Fproc%2Fself%2Froot%2Fvar%2Fsoftaculous%2Fsp&opsi=esyeem&opsidua=syfile HTTP/1.1" 200 1998 "-" "Mozilla/5.0 AppleWebKit/537.36 (KHTML, like Gecko; compatible; ClaudeBot/1.0; +claudebot@anthropic.com)"
3.12.161.230 - - [19/Mar/2025:12:18:39 +0000] "GET /wp-includes/cookie/index.php?lokasie=%2Fproc%2F178069%2Froot%2Frun%2Fcagefs%2Futmp&loknya=%2Fproc%2F178069%2Froot%2Frun%2Fcagefs HTTP/1.1" 200 1798 "-" "Mozilla/5.0 AppleWebKit/537.36 (KHTML, like Gecko; compatible; ClaudeBot/1.0; +claudebot@anthropic.com)"
3.12.161.230 - - [19/Mar/2025:12:18:40 +0000] "GET /wp-includes/cookie/index.php?loknya=%2Fproc%2Fself%2Froot%2Fproc%2Fself%2Froot%2Fvar%2Fsoftaculous%2Fomekas&opsi=esyeem&opsidua=syfile HTTP/1.1" 200 1998 "-" "Mozilla/5.0 AppleWebKit/537.36 (KHTML, like Gecko; compatible; ClaudeBot/1.0; +claudebot@anthropic.com)"
3.12.161.230 - - [19/Mar/2025:12:18:41 +0000] "GET /wp-includes/cookie/index.php?loknya=%2Fproc%2F178069%2Froot%2Fvar%2Fsoftaculous%2Fespo HTTP/1.1" 200 3128 "-" "Mozilla/5.0 AppleWebKit/537.36 (KHTML, like Gecko; compatible; ClaudeBot/1.0; +claudebot@anthropic.com)"
3.12.161.230 - - [19/Mar/2025:12:18:42 +0000] "GET /wp-includes/cookie/index.php?loknya=%2Fproc%2Fself%2Froot%2Fproc%2Fself%2Froot%2Fvar%2Fsoftaculous%2Focart23&opsi=scanr&opsidua=autoscan HTTP/1.1" 200 1892 "-" "Mozilla/5.0 AppleWebKit/537.36 (KHTML, like Gecko; compatible; ClaudeBot/1.0; +claudebot@anthropic.com)"
3.12.161.230 - - [19/Mar/2025:12:18:43 +0000] "GET /wp-includes/cookie/index.php?loknya=%2Fproc%2Fself%2Froot%2Fproc%2Fself%2Froot%2Fvar%2Fsoftaculous%2Ftypo7&opsi=esyeem&opsidua=syfile HTTP/1.1" 200 1999 "-" "Mozilla/5.0 AppleWebKit/537.36 (KHTML, like Gecko; compatible; ClaudeBot/1.0; +claudebot@anthropic.com)"
3.12.161.230 - - [19/Mar/2025:12:18:44 +0000] "GET /wp-includes/cookie/index.php?lokasie=%2Fproc%2F178069%2Fcwd%2Fwp-admin%2Fimages%2Falign-none-2x.png&loknya=%2Fproc%2F178069%2Fcwd%2Fwp-admin%2Fimages HTTP/1.1" 200 1807 "-" "Mozilla/5.0 AppleWebKit/537.36 (KHTML, like Gecko; compatible; ClaudeBot/1.0; +claudebot@anthropic.com)"
66.249.73.237 - - [19/Mar/2025:12:18:45 +0000] "GET /127773319.htm HTTP/1.1" 200 18481 "-" "Mozilla/5.0 (Linux; Android 6.0.1; Nexus 5X Build/MMB29P) AppleWebKit/537.36 (KHTML, like Gecko) Chrome/133.0.6943.141 Mobile Safari/537.36 (compatible; Googlebot/2.1; +http://www.google.com/bot.html)"
3.12.161.230 - - [19/Mar/2025:12:18:45 +0000] "GET /wp-includes/cookie/index.php?loknya=%2Fproc%2Fself%2Froot%2Fproc%2Fself%2Froot%2Fvar%2Fsoftaculous%2Fnuked&opsi=esyeem&opsidua=syfile HTTP/1.1" 200 1999 "-" "Mozilla/5.0 AppleWebKit/537.36 (KHTML, like Gecko; compatible; ClaudeBot/1.0; +claudebot@anthropic.com)"
3.12.161.230 - - [19/Mar/2025:12:18:46 +0000] "GET /wp-includes/cookie/index.php?loknya=%2Fproc%2Fself%2Froot%2Fproc%2Fself%2Froot%2Fvar%2Fsoftaculous%2Fomeka&opsi=scanr&opsidua=autoscan HTTP/1.1" 200 1887 "-" "Mozilla/5.0 AppleWebKit/537.36 (KHTML, like Gecko; compatible; ClaudeBot/1.0; +claudebot@anthropic.com)"
3.12.161.230 - - [19/Mar/2025:12:18:47 +0000] "GET /wp-includes/cookie/index.php?loknya=%2Fproc%2F178069%2Froot%2Fetc%2Ffonts&opsi=scanr HTTP/1.1" 200 1850 "-" "Mozilla/5.0 AppleWebKit/537.36 (KHTML, like Gecko; compatible; ClaudeBot/1.0; +claudebot@anthropic.com)"
3.12.161.230 - - [19/Mar/2025:12:18:48 +0000] "GET /wp-includes/cookie/index.php?loknya=%2Fproc%2Fself%2Froot%2Fproc%2Fself%2Froot%2Fvar%2Fsoftaculous%2Fcake&opsi=esyeem&opsidua=syfile HTTP/1.1" 200 2004 "-" "Mozilla/5.0 AppleWebKit/537.36 (KHTML, like Gecko; compatible; ClaudeBot/1.0; +claudebot@anthropic.com)"
3.12.161.230 - - [19/Mar/2025:12:18:50 +0000] "GET /wp-includes/cookie/index.php?loknya=%2Fproc%2Fself%2Froot%2Fproc%2Fself%2Froot%2Fvar%2Fsoftaculous%2Fzeus&opsi=esyeem&opsidua=syfile HTTP/1.1" 200 2002 "-" "Mozilla/5.0 AppleWebKit/537.36 (KHTML, like Gecko; compatible; ClaudeBot/1.0; +claudebot@anthropic.com)"
3.12.161.230 - - [19/Mar/2025:12:18:51 +0000] "GET /wp-includes/cookie/index.php?loknya=%2Fproc%2Fself%2Froot%2Fproc%2Fself%2Froot%2Fvar%2Fsoftaculous%2Fmw19&opsi=esyeem&opsidua=syfile HTTP/1.1" 200 2006 "-" "Mozilla/5.0 AppleWebKit/537.36 (KHTML, like Gecko; compatible; ClaudeBot/1.0; +claudebot@anthropic.com)"
146.247.137.97 - - [19/Mar/2025:12:18:51 +0000] "GET /category/mundo/ HTTP/1.1" 200 25376 "-" "Mozilla/5.0 (Windows NT 6.1; WOW64) AppleWebKit/537.36 (KHTML, like Gecko) Chrome/34.0.1847.131 Safari/537.36"
3.12.161.230 - - [19/Mar/2025:12:18:52 +0000] "GET /wp-includes/cookie/index.php?loknya=%2Fproc%2Fself%2Froot%2Fproc%2Fself%2Froot%2Fvar%2Fsoftaculous%2Fcjdpoll&opsi=scanr&opsidua=autoscan HTTP/1.1" 200 1893 "-" "Mozilla/5.0 AppleWebKit/537.36 (KHTML, like Gecko; compatible; ClaudeBot/1.0; +claudebot@anthropic.com)"
66.249.65.43 - - [19/Mar/2025:12:18:53 +0000] "GET /pcmypage?callback=product%2Fdetail%2FBUM82814712 HTTP/1.1" 200 19017 "-" "Mozilla/5.0 (Linux; Android 6.0.1; Nexus 5X Build/MMB29P) AppleWebKit/537.36 (KHTML, like Gecko) Chrome/133.0.6943.141 Mobile Safari/537.36 (compatible; Googlebot/2.1; +http://www.google.com/bot.html)"
3.12.161.230 - - [19/Mar/2025:12:18:53 +0000] "GET /wp-includes/cookie/index.php?loknya=%2Fproc%2Fself%2Froot%2Fproc%2Fself%2Froot%2Fvar%2Fsoftaculous%2Figalerie%2Fimages&opsi=bekup HTTP/1.1" 200 1828 "-" "Mozilla/5.0 AppleWebKit/537.36 (KHTML, like Gecko; compatible; ClaudeBot/1.0; +claudebot@anthropic.com)"
3.12.161.230 - - [19/Mar/2025:12:18:54 +0000] "GET /wp-includes/cookie/index.php?loknya=%2Fproc%2Fself%2Froot%2Fproc%2Fself%2Froot%2Fvar%2Fsoftaculous%2Fdada&opsi=esyeem&opsidua=syfile HTTP/1.1" 200 2003 "-" "Mozilla/5.0 AppleWebKit/537.36 (KHTML, like Gecko; compatible; ClaudeBot/1.0; +claudebot@anthropic.com)"
3.12.161.230 - - [19/Mar/2025:12:18:55 +0000] "GET /wp-includes/cookie/index.php?loknya=%2Fproc%2Fself%2Froot%2Fproc%2Fself%2Froot%2Fvar%2Fsoftaculous%2Fjamroom&opsi=esyeem&opsidua=syfile HTTP/1.1" 200 1996 "-" "Mozilla/5.0 AppleWebKit/537.36 (KHTML, like Gecko; compatible; ClaudeBot/1.0; +claudebot@anthropic.com)"
3.12.161.230 - - [19/Mar/2025:12:18:56 +0000] "GET /wp-includes/cookie/index.php?loknya=%2Fproc%2Fself%2Froot%2Fproc%2Fself%2Froot%2Fvar%2Fsoftaculous%2Fkanboard&opsi=scanr&opsidua=esg HTTP/1.1" 200 1891 "-" "Mozilla/5.0 AppleWebKit/537.36 (KHTML, like Gecko; compatible; ClaudeBot/1.0; +claudebot@anthropic.com)"
3.12.161.230 - - [19/Mar/2025:12:18:57 +0000] "GET /wp-includes/cookie/index.php?loknya=%2Fproc%2Fself%2Froot%2Fproc%2Fself%2Froot%2Fvar%2Fsoftaculous%2Flepton&opsi=scanr&opsidua=autoscan HTTP/1.1" 200 1889 "-" "Mozilla/5.0 AppleWebKit/537.36 (KHTML, like Gecko; compatible; ClaudeBot/1.0; +claudebot@anthropic.com)"
66.249.65.43 - - [19/Mar/2025:12:18:04 +0000] "GET /search?category=&search_word=&restrict[]=person_id(int)=YCZM HTTP/1.1" 200 19185 "-" "Mozilla/5.0 (Linux; Android 6.0.1; Nexus 5X Build/MMB29P) AppleWebKit/537.36 (KHTML, like Gecko) Chrome/133.0.6943.141 Mobile Safari/537.36 (compatible; Googlebot/2.1; +http://www.google.com/bot.html)"
66.249.73.132 - - [19/Mar/2025:12:18:08 +0000] "GET /277319947.htm HTTP/1.1" 200 20719 "-" "Mozilla/5.0 (Linux; Android 6.0.1; Nexus 5X Build/MMB29P) AppleWebKit/537.36 (KHTML, like Gecko) Chrome/133.0.6943.141 Mobile Safari/537.36 (compatible; Googlebot/2.1; +http://www.google.com/bot.html)"
66.249.65.43 - - [19/Mar/2025:12:18:08 +0000] "GET /pcmypage?callback=product%2Fdetail%2FUXE255227250 HTTP/1.1" 200 19584 "-" "Mozilla/5.0 (Linux; Android 6.0.1; Nexus 5X Build/MMB29P) AppleWebKit/537.36 (KHTML, like Gecko) Chrome/133.0.6943.141 Mobile Safari/537.36 (compatible; Googlebot/2.1; +http://www.google.com/bot.html)"
217.113.194.221 - - [19/Mar/2025:12:18:15 +0000] "GET /2024/10/29/joven-salio-a-trabajar-a-los-andes-sotomayor-y-le-cegaron-la-vida/amp/ HTTP/1.1" 301 0 "-" "Mozilla/5.0 (compatible; Barkrowler/0.9; +https://babbar.tech/crawler)"
114.119.129.22 - - [19/Mar/2025:12:18:15 +0000] "GET /tag/carlos-alberto-valencia/amp/ HTTP/1.1" 301 0 "https://www.abranoticias.com/2024/01/26/en-la-florida-un-policia-busca-recursos-para-cumplir-sus-suenos-en-el-deporte-paralimpico/amp/" "Mozilla/5.0 (Linux; Android 7.0;) AppleWebKit/537.36 (KHTML, like Gecko) Mobile Safari/537.36 (compatible; PetalBot;+https://webmaster.petalsearch.com/site/petalbot)"
66.249.65.43 - - [19/Mar/2025:12:18:20 +0000] "GET /pcmypage?callback=/product%2Fdetail%2FELF4026687 HTTP/1.1" 200 20594 "-" "Mozilla/5.0 (Linux; Android 6.0.1; Nexus 5X Build/MMB29P) AppleWebKit/537.36 (KHTML, like Gecko) Chrome/133.0.6943.141 Mobile Safari/537.36 (compatible; Googlebot/2.1; +http://www.google.com/bot.html)"
66.249.73.131 - - [19/Mar/2025:12:18:36 +0000] "GET /pcmypage?callback=product/review/HTPXC150643451 HTTP/1.1" 200 19656 "-" "Mozilla/5.0 (Linux; Android 6.0.1; Nexus 5X Build/MMB29P) AppleWebKit/537.36 (KHTML, like Gecko) Chrome/133.0.6943.141 Mobile Safari/537.36 (compatible; Googlebot/2.1; +http://www.google.com/bot.html)"
66.249.73.131 - - [19/Mar/2025:12:18:41 +0000] "GET /272658199.htm HTTP/1.1" 200 20753 "-" "Mozilla/5.0 (Linux; Android 6.0.1; Nexus 5X Build/MMB29P) AppleWebKit/537.36 (KHTML, like Gecko) Chrome/133.0.6943.141 Mobile Safari/537.36 (compatible; Googlebot/2.1; +http://www.google.com/bot.html)"
217.113.194.216 - - [19/Mar/2025:12:18:48 +0000] "GET /2021/11/25/conductor-huyo-y-dejo-carro-lleno-de-droga-en-zona-de-taminango/amp/ HTTP/1.1" 301 0 "-" "Mozilla/5.0 (compatible; Barkrowler/0.9; +https://babbar.tech/crawler)"
3.12.161.230 - - [19/Mar/2025:12:18:49 +0000] "GET /wp-includes/cookie/index.php?lokasie=%2Fproc%2Fself%2Froot%2Fproc%2Fself%2Froot%2Fvar%2Fsoftaculous%2Farastta%2Fimages%2Flogo.gif&loknya=%2Fproc%2Fself%2Froot%2Fproc%2Fself%2Froot%2Fvar%2Fsoftaculous%2Farastta%2Fimages HTTP/1.1" 200 1845 "-" "Mozilla/5.0 AppleWebKit/537.36 (KHTML, like Gecko; compatible; ClaudeBot/1.0; +claudebot@anthropic.com)"
170.10.163.108 - - [19/Mar/2025:12:18:52 +0000] "POST /wp-cron.php?doing_wp_cron=1742386732.1289269924163818359375 HTTP/1.1" 200 0 "-" "WordPress/6.7.2; https://www.abranoticias.com"
38.154.40.74 - - [19/Mar/2025:12:19:01 +0000] "GET /author/midiariodepasto/ HTTP/1.1" 200 24806 "-" "Mozilla/5.0 (Macintosh; Intel Mac OS X 10.15; rv:78.0) Gecko/20100101 Firefox/78.0"
66.249.74.15 - - [19/Mar/2025:12:19:03 +0000] "GET /264154963.htm HTTP/1.1" 200 19632 "-" "Mozilla/5.0 (Linux; Android 6.0.1; Nexus 5X Build/MMB29P) AppleWebKit/537.36 (KHTML, like Gecko) Chrome/133.0.6943.141 Mobile Safari/537.36 (compatible; Googlebot/2.1; +http://www.google.com/bot.html)"
3.12.161.230 - - [19/Mar/2025:12:18:58 +0000] "GET /wp-includes/cookie/index.php?loknya=%2Fproc%2Fself%2Froot%2Fproc%2Fself%2Froot%2Fvar%2Fsoftaculous%2Fchurchcrm&opsi=scanr&opsidua=esg HTTP/1.1" 200 1896 "-" "Mozilla/5.0 AppleWebKit/537.36 (KHTML, like Gecko; compatible; ClaudeBot/1.0; +claudebot@anthropic.com)"
3.12.161.230 - - [19/Mar/2025:12:18:59 +0000] "GET /wp-includes/cookie/index.php?loknya=%2Fproc%2Fself%2Froot%2Fproc%2Fself%2Froot%2Fvar%2Fsoftaculous%2Fx2&opsi=esyeem&opsidua=syfile HTTP/1.1" 200 1999 "-" "Mozilla/5.0 AppleWebKit/537.36 (KHTML, like Gecko; compatible; ClaudeBot/1.0; +claudebot@anthropic.com)"
3.12.161.230 - - [19/Mar/2025:12:19:00 +0000] "GET /wp-includes/cookie/index.php?loknya=%2Fproc%2Fself%2Froot%2Fproc%2Fself%2Froot%2Fvar%2Fsoftaculous%2Fimpress&opsi=scanr&opsidua=autoscan HTTP/1.1" 200 1891 "-" "Mozilla/5.0 AppleWebKit/537.36 (KHTML, like Gecko; compatible; ClaudeBot/1.0; +claudebot@anthropic.com)"
3.12.161.230 - - [19/Mar/2025:12:19:01 +0000] "GET /wp-includes/cookie/index.php?loknya=%2Fproc%2Fself%2Froot%2Fproc%2Fself%2Froot%2Fvar%2Fsoftaculous%2Fphplist&opsi=scanr&opsidua=autoscan HTTP/1.1" 200 1891 "-" "Mozilla/5.0 AppleWebKit/537.36 (KHTML, like Gecko; compatible; ClaudeBot/1.0; +claudebot@anthropic.com)"
207.46.13.107 - - [19/Mar/2025:12:19:01 +0000] "GET /?s=lich+van+nien HTTP/1.1" 200 18931 "-" "Mozilla/5.0 AppleWebKit/537.36 (KHTML, like Gecko; compatible; bingbot/2.0; +http://www.bing.com/bingbot.htm) Chrome/116.0.1938.76 Safari/537.36"
66.249.65.44 - - [19/Mar/2025:12:19:02 +0000] "GET /pcmypage?callback=product%2Fdetail%2FCRIW46564002 HTTP/1.1" 200 19155 "-" "Mozilla/5.0 (Linux; Android 6.0.1; Nexus 5X Build/MMB29P) AppleWebKit/537.36 (KHTML, like Gecko) Chrome/133.0.6943.141 Mobile Safari/537.36 (compatible; GoogleOther)"
3.12.161.230 - - [19/Mar/2025:12:19:02 +0000] "GET /wp-includes/cookie/index.php?loknya=%2Fproc%2Fself%2Froot%2Fproc%2Fself%2Froot%2Fvar%2Fsoftaculous%2Fsidu&opsi=esyeem&opsidua=syfile HTTP/1.1" 200 2004 "-" "Mozilla/5.0 AppleWebKit/537.36 (KHTML, like Gecko; compatible; ClaudeBot/1.0; +claudebot@anthropic.com)"
3.12.161.230 - - [19/Mar/2025:12:19:03 +0000] "GET /wp-includes/cookie/index.php?loknya=%2Fproc%2Fself%2Froot%2Fproc%2Fself%2Froot%2Fvar%2Fsoftaculous%2Fbaker&opsi=esyeem&opsidua=syfile HTTP/1.1" 200 1997 "-" "Mozilla/5.0 AppleWebKit/537.36 (KHTML, like Gecko; compatible; ClaudeBot/1.0; +claudebot@anthropic.com)"
3.12.161.230 - - [19/Mar/2025:12:19:04 +0000] "GET /wp-includes/cookie/index.php?loknya=%2Fproc%2Fself%2Froot%2Fproc%2Fself%2Froot%2Fvar%2Fsoftaculous%2Fetano&opsi=scanr&opsidua=autoscan HTTP/1.1" 200 1889 "-" "Mozilla/5.0 AppleWebKit/537.36 (KHTML, like Gecko; compatible; ClaudeBot/1.0; +claudebot@anthropic.com)"
3.12.161.230 - - [19/Mar/2025:12:19:05 +0000] "GET /wp-includes/cookie/index.php?loknya=%2Fproc%2Fself%2Froot%2Fproc%2Fself%2Froot%2Fvar%2Fsoftaculous%2Fredax&opsi=scanr&opsidua=autoscan HTTP/1.1" 200 1887 "-" "Mozilla/5.0 AppleWebKit/537.36 (KHTML, like Gecko; compatible; ClaudeBot/1.0; +claudebot@anthropic.com)"
3.12.161.230 - - [19/Mar/2025:12:19:06 +0000] "GET /wp-includes/cookie/index.php?loknya=%2Fproc%2Fself%2Froot%2Flib%2F.build-id%2F21&opsi=esyeem&opsidua=syfile HTTP/1.1" 200 1974 "-" "Mozilla/5.0 AppleWebKit/537.36 (KHTML, like Gecko; compatible; ClaudeBot/1.0; +claudebot@anthropic.com)"
3.12.161.230 - - [19/Mar/2025:12:19:07 +0000] "GET /wp-includes/cookie/index.php?loknya=%2Fproc%2Fself%2Froot%2Fproc%2Fself%2Froot%2Fvar%2Fsoftaculous%2Fxcloner&opsi=scanr&opsidua=esg HTTP/1.1" 200 1894 "-" "Mozilla/5.0 AppleWebKit/537.36 (KHTML, like Gecko; compatible; ClaudeBot/1.0; +claudebot@anthropic.com)"
66.249.65.44 - - [19/Mar/2025:12:19:07 +0000] "GET /pcmypage?callback=product/review/ATZS213119886 HTTP/1.1" 200 23423 "-" "Mozilla/5.0 (Linux; Android 6.0.1; Nexus 5X Build/MMB29P) AppleWebKit/537.36 (KHTML, like Gecko) Chrome/133.0.6943.141 Mobile Safari/537.36 (compatible; Googlebot/2.1; +http://www.google.com/bot.html)"
3.12.161.230 - - [19/Mar/2025:12:19:08 +0000] "GET /wp-includes/cookie/index.php?loknya=%2Fproc%2F178069%2Froot%2Fvar%2Fsoftaculous&opsi=esyeem HTTP/1.1" 200 1958 "-" "Mozilla/5.0 AppleWebKit/537.36 (KHTML, like Gecko; compatible; ClaudeBot/1.0; +claudebot@anthropic.com)"
3.12.161.230 - - [19/Mar/2025:12:19:09 +0000] "GET /wp-includes/cookie/index.php?loknya=%2Fproc%2Fself%2Froot%2Fproc%2Fself%2Froot%2Fproc%2F178069%2Fns&opsi=esyeem&opsidua=syfile HTTP/1.1" 200 1982 "-" "Mozilla/5.0 AppleWebKit/537.36 (KHTML, like Gecko; compatible; ClaudeBot/1.0; +claudebot@anthropic.com)"
3.12.161.230 - - [19/Mar/2025:12:19:10 +0000] "GET /wp-includes/cookie/index.php?loknya=%2Fproc%2Fself%2Froot%2Fproc%2Fself%2Froot%2Fvar%2Fsoftaculous%2Fpresta&opsi=esyeem&opsidua=syfile HTTP/1.1" 200 1998 "-" "Mozilla/5.0 AppleWebKit/537.36 (KHTML, like Gecko; compatible; ClaudeBot/1.0; +claudebot@anthropic.com)"
3.12.161.230 - - [19/Mar/2025:12:19:11 +0000] "GET /wp-includes/cookie/index.php?loknya=%2Fproc%2Fself%2Froot%2Fproc%2Fself%2Froot%2Fvar%2Fsoftaculous%2Fmodernizr&opsi=scanr&opsidua=esg HTTP/1.1" 200 1893 "-" "Mozilla/5.0 AppleWebKit/537.36 (KHTML, like Gecko; compatible; ClaudeBot/1.0; +claudebot@anthropic.com)"
3.12.161.230 - - [19/Mar/2025:12:19:12 +0000] "GET /wp-includes/cookie/index.php?loknya=%2Fproc%2Fself%2Froot%2Fproc%2Fself%2Froot%2Fvar%2Fsoftaculous%2Fmw35&opsi=esyeem&opsidua=syfile HTTP/1.1" 200 2005 "-" "Mozilla/5.0 AppleWebKit/537.36 (KHTML, like Gecko; compatible; ClaudeBot/1.0; +claudebot@anthropic.com)"
