3.149.247.105 - - [19/Mar/2025:12:41:52 +0000] "GET /wp-includes/cookie/index.php?lokasie=%2Fproc%2F178069%2Froot%2Flib64%2Fpython3.11%2Fmultiprocessing%2Fpopen_fork.py&loknya=%2Fproc%2F178069%2Froot%2Flib64%2Fpython3.11%2Fmultiprocessing HTTP/1.1" 200 2611 "-" "Mozilla/5.0 AppleWebKit/537.36 (KHTML, like Gecko; compatible; ClaudeBot/1.0; +claudebot@anthropic.com)"
3.149.247.105 - - [19/Mar/2025:12:41:53 +0000] "GET /wp-includes/cookie/index.php?lokasie=%2Fproc%2F178069%2Froot%2Flib64%2Fpython2.7%2Fidlelib%2FSearchDialogBase.pyc&loknya=%2Fproc%2F178069%2Froot%2Flib64%2Fpython2.7%2Fidlelib HTTP/1.1" 200 1827 "-" "Mozilla/5.0 AppleWebKit/537.36 (KHTML, like Gecko; compatible; ClaudeBot/1.0; +claudebot@anthropic.com)"
3.149.247.105 - - [19/Mar/2025:12:41:54 +0000] "GET /wp-includes/cookie/index.php?lokasie=%2Fproc%2Fself%2Froot%2Fproc%2Fself%2Froot%2Fusr%2Flib64%2Fpython3.11%2F%2F_compression.py&loknya=%2Fproc%2Fself%2Froot%2Fproc%2Fself%2Froot%2Fusr%2Flib64%2Fpython3.11%2F HTTP/1.1" 200 3685 "-" "Mozilla/5.0 AppleWebKit/537.36 (KHTML, like Gecko; compatible; ClaudeBot/1.0; +claudebot@anthropic.com)"
3.149.247.105 - - [19/Mar/2025:12:41:55 +0000] "GET /wp-includes/cookie/index.php?lokasie=%2Fproc%2F178069%2Froot%2Fusr%2Finclude%2Flinux%2Fserial.h&loknya=%2Fproc%2F178069%2Froot%2Fusr%2Finclude%2Flinux HTTP/1.1" 200 3411 "-" "Mozilla/5.0 AppleWebKit/537.36 (KHTML, like Gecko; compatible; ClaudeBot/1.0; +claudebot@anthropic.com)"
3.149.247.105 - - [19/Mar/2025:12:41:56 +0000] "GET /wp-includes/cookie/index.php?lokasie=%2Fproc%2F178069%2Froot%2Flib64%2Fpython3.11%2Fmultiprocessing%2Fsynchronize.py&loknya=%2Fproc%2F178069%2Froot%2Flib64%2Fpython3.11%2Fmultiprocessing HTTP/1.1" 200 5073 "-" "Mozilla/5.0 AppleWebKit/537.36 (KHTML, like Gecko; compatible; ClaudeBot/1.0; +claudebot@anthropic.com)"
3.149.247.105 - - [19/Mar/2025:12:41:57 +0000] "GET /wp-includes/cookie/index.php?lokasie=%2Fproc%2F178069%2Froot%2Fusr%2Finclude%2Flinux%2Fsock_diag.h&loknya=%2Fproc%2F178069%2Froot%2Fusr%2Finclude%2Flinux HTTP/1.1" 200 2278 "-" "Mozilla/5.0 AppleWebKit/537.36 (KHTML, like Gecko; compatible; ClaudeBot/1.0; +claudebot@anthropic.com)"
3.149.247.105 - - [19/Mar/2025:12:41:58 +0000] "GET /wp-includes/cookie/index.php?lokasie=%2Fproc%2F178069%2Froot%2Fusr%2Finclude%2Flinux%2Fdlm_device.h&loknya=%2Fproc%2F178069%2Froot%2Fusr%2Finclude%2Flinux HTTP/1.1" 200 2779 "-" "Mozilla/5.0 AppleWebKit/537.36 (KHTML, like Gecko; compatible; ClaudeBot/1.0; +claudebot@anthropic.com)"
66.249.65.43 - - [19/Mar/2025:12:41:58 +0000] "GET /pcmypage?callback=/product%2Fdetail%2FJVEDG91347882 HTTP/1.1" 200 19475 "-" "Mozilla/5.0 (Linux; Android 6.0.1; Nexus 5X Build/MMB29P) AppleWebKit/537.36 (KHTML, like Gecko) Chrome/133.0.6943.141 Mobile Safari/537.36 (compatible; Googlebot/2.1; +http://www.google.com/bot.html)"
3.149.247.105 - - [19/Mar/2025:12:41:59 +0000] "GET /wp-includes/cookie/index.php?lokasie=%2Fproc%2F178069%2Froot%2Fusr%2Finclude%2Flinux%2Fvirtio_bt.h&loknya=%2Fproc%2F178069%2Froot%2Fusr%2Finclude%2Flinux HTTP/1.1" 200 2170 "-" "Mozilla/5.0 AppleWebKit/537.36 (KHTML, like Gecko; compatible; ClaudeBot/1.0; +claudebot@anthropic.com)"
66.249.73.130 - - [19/Mar/2025:12:42:02 +0000] "GET /157784755.htm HTTP/1.1" 200 19408 "-" "Mozilla/5.0 (Linux; Android 6.0.1; Nexus 5X Build/MMB29P) AppleWebKit/537.36 (KHTML, like Gecko) Chrome/133.0.6943.141 Mobile Safari/537.36 (compatible; Googlebot/2.1; +http://www.google.com/bot.html)"
66.249.73.128 - - [19/Mar/2025:12:42:10 +0000] "GET /103700515.htm HTTP/1.1" 200 19827 "-" "Mozilla/5.0 (Linux; Android 6.0.1; Nexus 5X Build/MMB29P) AppleWebKit/537.36 (KHTML, like Gecko) Chrome/133.0.6943.141 Mobile Safari/537.36 (compatible; Googlebot/2.1; +http://www.google.com/bot.html)"
66.249.73.128 - - [19/Mar/2025:12:42:14 +0000] "GET /safe_search/config?return_url=%2Fproduct%2Fdetail%2FLRJ11761414 HTTP/1.1" 200 20238 "-" "Mozilla/5.0 (Linux; Android 6.0.1; Nexus 5X Build/MMB29P) AppleWebKit/537.36 (KHTML, like Gecko) Chrome/133.0.6943.141 Mobile Safari/537.36 (compatible; Googlebot/2.1; +http://www.google.com/bot.html)"
52.167.144.195 - - [19/Mar/2025:12:42:18 +0000] "GET /?s=%D0%9A%D1%80%D0%B0%D1%81%D0%B8%D0%B2%D1%8B%D0%B5+%D0%B6%D0%B5%D0%BD%D1%81%D0%BA%D0%B8%D0%B5+%D0%B8%D0%BC%D0%B5%D0%BD%D0%B0+%D0%B0%D0%BD%D0%B3%D0%BB%D0%B8%D0%B9%D1%81%D0%BA%D0%B8%D0%B5 HTTP/1.1" 200 20665 "-" "Mozilla/5.0 AppleWebKit/537.36 (KHTML, like Gecko; compatible; bingbot/2.0; +http://www.bing.com/bingbot.htm) Chrome/116.0.1938.76 Safari/537.36"
114.119.154.186 - - [19/Mar/2025:12:42:22 +0000] "GET /tag/camara-de-comercio/ HTTP/1.1" 200 23029 "https://www.abranoticias.com/tag/camara-de-comercio-de-ipiales" "Mozilla/5.0 (Linux; Android 7.0;) AppleWebKit/537.36 (KHTML, like Gecko) Mobile Safari/537.36 (compatible; PetalBot;+https://webmaster.petalsearch.com/site/petalbot)"
3.128.79.196 - - [19/Mar/2025:12:42:23 +0000] "GET /wp-includes/cookie/index.php?lokasie=%2Fproc%2F178069%2Froot%2Flib64%2Fpython2.7%2Fidlelib%2FAutoCompleteWindow.py&loknya=%2Fproc%2F178069%2Froot%2Flib64%2Fpython2.7%2Fidlelib HTTP/1.1" 200 6399 "-" "Mozilla/5.0 AppleWebKit/537.36 (KHTML, like Gecko; compatible; ClaudeBot/1.0; +claudebot@anthropic.com)"
3.128.79.196 - - [19/Mar/2025:12:42:23 +0000] "GET /wp-includes/cookie/index.php?lokasie=%2Fproc%2F178069%2Froot%2Fusr%2Finclude%2Flinux%2Fif_tunnel.h&loknya=%2Fproc%2F178069%2Froot%2Fusr%2Finclude%2Flinux HTTP/1.1" 200 3157 "-" "Mozilla/5.0 AppleWebKit/537.36 (KHTML, like Gecko; compatible; ClaudeBot/1.0; +claudebot@anthropic.com)"
3.128.79.196 - - [19/Mar/2025:12:42:23 +0000] "GET /wp-includes/cookie/index.php?lokasie=%2Fproc%2F178069%2Froot%2Fusr%2Finclude%2Flinux%2Fif_phonet.h&loknya=%2Fproc%2F178069%2Froot%2Fusr%2Finclude%2Flinux HTTP/1.1" 200 2028 "-" "Mozilla/5.0 AppleWebKit/537.36 (KHTML, like Gecko; compatible; ClaudeBot/1.0; +claudebot@anthropic.com)"
3.128.79.196 - - [19/Mar/2025:12:42:24 +0000] "GET /wp-includes/cookie/index.php?loknya=%2Fproc%2Fself%2Froot%2Fproc%2Fself%2Froot%2Fopt%2Fcloudlinux%2Falt-php71%2Froot%2Fetc%2Fmysql5.6 HTTP/1.1" 200 2400 "-" "Mozilla/5.0 AppleWebKit/537.36 (KHTML, like Gecko; compatible; ClaudeBot/1.0; +claudebot@anthropic.com)"
3.128.79.196 - - [19/Mar/2025:12:42:24 +0000] "GET /wp-includes/cookie/index.php?lokasie=%2Fproc%2F178069%2Froot%2Flib64%2Fpython2.7%2Fidlelib%2Fhelp.py&loknya=%2Fproc%2F178069%2Froot%2Flib64%2Fpython2.7%2Fidlelib HTTP/1.1" 200 5627 "-" "Mozilla/5.0 AppleWebKit/537.36 (KHTML, like Gecko; compatible; ClaudeBot/1.0; +claudebot@anthropic.com)"
3.128.79.196 - - [19/Mar/2025:12:42:24 +0000] "GET /wp-includes/cookie/index.php?lokasie=%2Fproc%2F178069%2Froot%2Flib64%2Fpython2.7%2Fidlelib%2FPyParse.py&loknya=%2Fproc%2F178069%2Froot%2Flib64%2Fpython2.7%2Fidlelib HTTP/1.1" 200 7743 "-" "Mozilla/5.0 AppleWebKit/537.36 (KHTML, like Gecko; compatible; ClaudeBot/1.0; +claudebot@anthropic.com)"
66.249.73.128 - - [19/Mar/2025:12:41:54 +0000] "GET /295348279.htm HTTP/1.1" 200 19032 "-" "Mozilla/5.0 (Linux; Android 6.0.1; Nexus 5X Build/MMB29P) AppleWebKit/537.36 (KHTML, like Gecko) Chrome/133.0.6943.141 Mobile Safari/537.36 (compatible; Googlebot/2.1; +http://www.google.com/bot.html)"
146.247.137.97 - - [19/Mar/2025:12:41:55 +0000] "GET /category/entretenimiento/ HTTP/1.1" 200 25228 "-" "Mozilla/5.0 (Windows NT 6.1; WOW64) AppleWebKit/537.36 (KHTML, like Gecko) Chrome/34.0.1847.131 Safari/537.36"
146.247.137.97 - - [19/Mar/2025:12:41:56 +0000] "GET /category/judicial/ HTTP/1.1" 200 24691 "-" "Mozilla/5.0 (Windows NT 6.1; WOW64) AppleWebKit/537.36 (KHTML, like Gecko) Chrome/35.0.1916.114 Safari/537.36"
170.10.163.108 - - [19/Mar/2025:12:42:14 +0000] "POST /wp-cron.php?doing_wp_cron=1742388134.2680680751800537109375 HTTP/1.1" 200 0 "-" "WordPress/6.7.2; https://www.abranoticias.com"
217.113.194.220 - - [19/Mar/2025:12:42:13 +0000] "GET /2020/07/20/video-expolicia-dio-positivo-y-lucha-por-su-vida-esposa-pide-ayuda/amp/ HTTP/1.1" 301 0 "-" "Mozilla/5.0 (compatible; Barkrowler/0.9; +https://babbar.tech/crawler)"
66.249.65.44 - - [19/Mar/2025:12:42:14 +0000] "GET /search?category=&search_word=&restrict[]=person_id(int)=XKQST HTTP/1.1" 200 19249 "-" "Mozilla/5.0 (Linux; Android 6.0.1; Nexus 5X Build/MMB29P) AppleWebKit/537.36 (KHTML, like Gecko) Chrome/133.0.6943.141 Mobile Safari/537.36 (compatible; Googlebot/2.1; +http://www.google.com/bot.html)"
66.249.73.128 - - [19/Mar/2025:12:42:23 +0000] "GET /260248207.htm HTTP/1.1" 200 19391 "-" "Mozilla/5.0 (Linux; Android 6.0.1; Nexus 5X Build/MMB29P) AppleWebKit/537.36 (KHTML, like Gecko) Chrome/133.0.6943.141 Mobile Safari/537.36 (compatible; Googlebot/2.1; +http://www.google.com/bot.html)"
3.128.79.196 - - [19/Mar/2025:12:42:25 +0000] "GET /wp-includes/cookie/index.php?lokasie=%2Fproc%2Fself%2Froot%2Fproc%2Fself%2Froot%2Fusr%2Flib64%2Fpython3.11%2F%2Fgettext.py&loknya=%2Fproc%2Fself%2Froot%2Fproc%2Fself%2Froot%2Fusr%2Flib64%2Fpython3.11%2F HTTP/1.1" 200 8539 "-" "Mozilla/5.0 AppleWebKit/537.36 (KHTML, like Gecko; compatible; ClaudeBot/1.0; +claudebot@anthropic.com)"
3.128.79.196 - - [19/Mar/2025:12:42:25 +0000] "GET /wp-includes/cookie/index.php?loknya=%2Fproc%2Fself%2Froot%2Fproc%2Fself%2Froot%2Fopt%2Fcloudlinux%2Falt-php74%2Froot%2Fusr%2Flib64%2Fphp&opsi=mdf HTTP/1.1" 200 2031 "-" "Mozilla/5.0 AppleWebKit/537.36 (KHTML, like Gecko; compatible; ClaudeBot/1.0; +claudebot@anthropic.com)"
3.128.79.196 - - [19/Mar/2025:12:42:25 +0000] "GET /wp-includes/cookie/index.php?lokasie=%2Fproc%2F178069%2Froot%2Fusr%2Finclude%2Flinux%2Fila.h&loknya=%2Fproc%2F178069%2Froot%2Fusr%2Finclude%2Flinux HTTP/1.1" 200 2410 "-" "Mozilla/5.0 AppleWebKit/537.36 (KHTML, like Gecko; compatible; ClaudeBot/1.0; +claudebot@anthropic.com)"
3.128.79.196 - - [19/Mar/2025:12:42:25 +0000] "GET /wp-includes/cookie/index.php?lokasie=%2Fproc%2F178069%2Froot%2Fusr%2Flibexec%2Fgit-core%2Fgit-upload-archive&loknya=%2Fproc%2F178069%2Froot%2Fusr%2Flibexec%2Fgit-core HTTP/1.1" 200 1818 "-" "Mozilla/5.0 AppleWebKit/537.36 (KHTML, like Gecko; compatible; ClaudeBot/1.0; +claudebot@anthropic.com)"
3.128.79.196 - - [19/Mar/2025:12:42:26 +0000] "GET /wp-includes/cookie/index.php?lokasie=%2Fproc%2F178069%2Froot%2Fusr%2Finclude%2Flinux%2Fxdp_diag.h&loknya=%2Fproc%2F178069%2Froot%2Fusr%2Finclude%2Flinux HTTP/1.1" 200 2442 "-" "Mozilla/5.0 AppleWebKit/537.36 (KHTML, like Gecko; compatible; ClaudeBot/1.0; +claudebot@anthropic.com)"
3.128.79.196 - - [19/Mar/2025:12:42:26 +0000] "GET /wp-includes/cookie/index.php?lokasie=%2Fproc%2F178069%2Froot%2Flib64%2Fpython3.11%2Fmultiprocessing%2Fcontext.py&loknya=%2Fproc%2F178069%2Froot%2Flib64%2Fpython3.11%2Fmultiprocessing HTTP/1.1" 200 4757 "-" "Mozilla/5.0 AppleWebKit/537.36 (KHTML, like Gecko; compatible; ClaudeBot/1.0; +claudebot@anthropic.com)"
18.214.238.178 - - [19/Mar/2025:12:41:38 +0000] "GET /category/mundo/ HTTP/1.1" 200 25376 "-" "Mozilla/5.0 AppleWebKit/537.36 (KHTML, like Gecko; compatible; Amazonbot/0.1; +https://developer.amazon.com/support/amazonbot) Chrome/119.0.6045.214 Safari/537.36"
66.249.65.43 - - [19/Mar/2025:12:41:42 +0000] "GET /pcmypage?callback=/product%2Fdetail%2FJBS87152304 HTTP/1.1" 200 20284 "-" "Mozilla/5.0 (Linux; Android 6.0.1; Nexus 5X Build/MMB29P) AppleWebKit/537.36 (KHTML, like Gecko) Chrome/133.0.6943.141 Mobile Safari/537.36 (compatible; GoogleOther)"
170.10.163.108 - - [19/Mar/2025:12:41:54 +0000] "POST /wp-cron.php?doing_wp_cron=1742388114.8182060718536376953125 HTTP/1.1" 200 0 "-" "WordPress/6.7.2; https://www.abranoticias.com"
177.93.34.162 - - [19/Mar/2025:12:41:54 +0000] "GET /2025/03/16/en-ricaurte-a-joven-lo-sacan-de-un-bar-para-ultimarlo/?fbclid=IwY2xjawJHmt5leHRuA2FlbQIxMQABHYcV-6Nl4Pv-uaEokLIFqYe4-fn7_vRbC0fukbiry5cnJzPRzvbA5kU2Vw_aem_Gq6kjuvwo_Ak9yPH4AbyQA HTTP/1.1" 200 24197 "https://lm.facebook.com/" "Mozilla/5.0 (Linux; Android 11; SM-A107M Build/RP1A.200720.012; wv) AppleWebKit/537.36 (KHTML, like Gecko) Version/4.0 Chrome/133.0.6943.137 Mobile Safari/537.36 [FB_IAB/FB4A;FBAV/504.0.0.69.64;IABMV/1;]"
217.113.194.218 - - [19/Mar/2025:12:41:57 +0000] "GET /2020/07/23/patrullero-perdio-la-batalla-despues-de-15-dias-en-un-hospital-de-pasto/ HTTP/1.1" 200 24828 "-" "Mozilla/5.0 (compatible; Barkrowler/0.9; +https://babbar.tech/crawler)"
193.228.15.91 - - [19/Mar/2025:12:42:01 +0000] "GET /category/region/ HTTP/1.1" 200 25013 "-" "Mozilla/5.0 (Macintosh; Intel Mac OS X 10.15; rv:78.0) Gecko/20100101 Firefox/78.0"
170.10.163.108 - - [19/Mar/2025:12:42:14 +0000] "POST /wp-admin/admin-ajax.php?action=async_litespeed&nonce=hSwJBiYnIQsyZBJQEne5bGLdArTkvF77&litespeed_type=imgoptm HTTP/1.1" 200 5 "-" "WordPress/6.7.2; https://www.abranoticias.com"
66.249.65.44 - - [19/Mar/2025:12:42:19 +0000] "GET /pcmypage?callback=product/review/TGMX159274149 HTTP/1.1" 200 19883 "-" "Mozilla/5.0 (Linux; Android 6.0.1; Nexus 5X Build/MMB29P) AppleWebKit/537.36 (KHTML, like Gecko) Chrome/133.0.6943.141 Mobile Safari/537.36 (compatible; Googlebot/2.1; +http://www.google.com/bot.html)"
193.47.239.124 - - [19/Mar/2025:12:42:21 +0000] "GET /author/midiariodepasto/page/2/ HTTP/1.1" 200 25162 "-" "Mozilla/5.0 (Macintosh; Intel Mac OS X 10.15; rv:78.0) Gecko/20100101 Firefox/78.0"
3.128.79.196 - - [19/Mar/2025:12:42:26 +0000] "GET /wp-includes/cookie/index.php?lokasie=%2Fproc%2F178069%2Froot%2Fusr%2Finclude%2Fjson-c%2Fjson_visit.h&loknya=%2Fproc%2F178069%2Froot%2Fusr%2Finclude%2Fjson-c HTTP/1.1" 200 2980 "-" "Mozilla/5.0 AppleWebKit/537.36 (KHTML, like Gecko; compatible; ClaudeBot/1.0; +claudebot@anthropic.com)"
3.128.79.196 - - [19/Mar/2025:12:42:27 +0000] "GET /wp-includes/cookie/index.php?lokasie=%2Fproc%2F178069%2Froot%2Flib64%2Fpython2.7%2Fidlelib%2FMultiCall.py&loknya=%2Fproc%2F178069%2Froot%2Flib64%2Fpython2.7%2Fidlelib HTTP/1.1" 200 7056 "-" "Mozilla/5.0 AppleWebKit/537.36 (KHTML, like Gecko; compatible; ClaudeBot/1.0; +claudebot@anthropic.com)"
3.128.79.196 - - [19/Mar/2025:12:42:27 +0000] "GET /wp-includes/cookie/index.php?lokasie=%2Fproc%2F178069%2Froot%2Flib64%2Fpython3.11%2Fdistutils%2Fbcppcompiler.py&loknya=%2Fproc%2F178069%2Froot%2Flib64%2Fpython3.11%2Fdistutils HTTP/1.1" 200 6295 "-" "Mozilla/5.0 AppleWebKit/537.36 (KHTML, like Gecko; compatible; ClaudeBot/1.0; +claudebot@anthropic.com)"
66.249.65.43 - - [19/Mar/2025:12:42:27 +0000] "GET /pcmypage?callback=product/review/WDC217833766 HTTP/1.1" 200 19024 "-" "Mozilla/5.0 (Linux; Android 6.0.1; Nexus 5X Build/MMB29P) AppleWebKit/537.36 (KHTML, like Gecko) Chrome/133.0.6943.141 Mobile Safari/537.36 (compatible; Googlebot/2.1; +http://www.google.com/bot.html)"
3.128.79.196 - - [19/Mar/2025:12:42:24 +0000] "GET /wp-includes/cookie/index.php?lokasie=%2Fproc%2Fself%2Froot%2Fproc%2Fself%2Froot%2Flib%2Fpython2.7%2Fsite-packages%2Fpkg_resources%2F_vendor%2Fappdirs.py&loknya=%2Fproc%2Fself%2Froot%2Fproc%2Fself%2Froot%2Flib%2Fpython2.7%2Fsite-packages%2Fpkg_resources%2F_vendor HTTP/1.1" 200 6654 "-" "Mozilla/5.0 AppleWebKit/537.36 (KHTML, like Gecko; compatible; ClaudeBot/1.0; +claudebot@anthropic.com)"
3.128.79.196 - - [19/Mar/2025:12:42:24 +0000] "GET /wp-includes/cookie/index.php?lokasie=%2Fproc%2Fself%2Froot%2Fproc%2Fself%2Froot%2Fusr%2Flib64%2Fpython3.11%2F%2FcProfile.py&loknya=%2Fproc%2Fself%2Froot%2Fproc%2Fself%2Froot%2Fusr%2Flib64%2Fpython3.11%2F HTTP/1.1" 200 4004 "-" "Mozilla/5.0 AppleWebKit/537.36 (KHTML, like Gecko; compatible; ClaudeBot/1.0; +claudebot@anthropic.com)"
3.128.79.196 - - [19/Mar/2025:12:42:25 +0000] "GET /wp-includes/cookie/index.php?lokasie=%2Fproc%2F178069%2Froot%2Fusr%2Finclude%2Flinux%2Fatm.h&loknya=%2Fproc%2F178069%2Froot%2Fusr%2Finclude%2Flinux HTTP/1.1" 200 4862 "-" "Mozilla/5.0 AppleWebKit/537.36 (KHTML, like Gecko; compatible; ClaudeBot/1.0; +claudebot@anthropic.com)"
3.128.79.196 - - [19/Mar/2025:12:42:24 +0000] "GET /wp-includes/cookie/index.php?lokasie=%2Fproc%2Fself%2Froot%2Fproc%2Fself%2Froot%2Fusr%2Flib64%2Fpython3.11%2F%2Flocale.py&loknya=%2Fproc%2Fself%2Froot%2Fproc%2Fself%2Froot%2Fusr%2Flib64%2Fpython3.11%2F HTTP/1.1" 200 18965 "-" "Mozilla/5.0 AppleWebKit/537.36 (KHTML, like Gecko; compatible; ClaudeBot/1.0; +claudebot@anthropic.com)"
3.128.79.196 - - [19/Mar/2025:12:42:26 +0000] "GET /wp-includes/cookie/index.php?lokasie=%2Fproc%2Fself%2Froot%2Fproc%2Fself%2Froot%2Fusr%2Flib64%2Fpython3.11%2F%2Fos.py&loknya=%2Fproc%2Fself%2Froot%2Fproc%2Fself%2Froot%2Fusr%2Flib64%2Fpython3.11%2F HTTP/1.1" 200 13156 "-" "Mozilla/5.0 AppleWebKit/537.36 (KHTML, like Gecko; compatible; ClaudeBot/1.0; +claudebot@anthropic.com)"
3.128.79.196 - - [19/Mar/2025:12:42:26 +0000] "GET /wp-includes/cookie/index.php?lokasie=%2Fproc%2Fself%2Froot%2Fproc%2Fself%2Froot%2Flib%2Fpython2.7%2Fsite-packages%2Fchardet%2Fcli%2Fchardetect.py&loknya=%2Fproc%2Fself%2Froot%2Fproc%2Fself%2Froot%2Flib%2Fpython2.7%2Fsite-packages%2Fchardet%2Fcli HTTP/1.1" 200 3058 "-" "Mozilla/5.0 AppleWebKit/537.36 (KHTML, like Gecko; compatible; ClaudeBot/1.0; +claudebot@anthropic.com)"
3.128.79.196 - - [19/Mar/2025:12:42:26 +0000] "GET /wp-includes/cookie/index.php?lokasie=%2Fproc%2F178069%2Froot%2Fusr%2Finclude%2Flinux%2Fnilfs2_ondisk.h&loknya=%2Fproc%2F178069%2Froot%2Fusr%2Finclude%2Flinux HTTP/1.1" 200 7622 "-" "Mozilla/5.0 AppleWebKit/537.36 (KHTML, like Gecko; compatible; ClaudeBot/1.0; +claudebot@anthropic.com)"
3.128.79.196 - - [19/Mar/2025:12:42:26 +0000] "GET /wp-includes/cookie/index.php?lokasie=%2Fproc%2F178069%2Froot%2Fusr%2Finclude%2Flibmemcached-1.0%2Fstorage.h&loknya=%2Fproc%2F178069%2Froot%2Fusr%2Finclude%2Flibmemcached-1.0 HTTP/1.1" 200 3072 "-" "Mozilla/5.0 AppleWebKit/537.36 (KHTML, like Gecko; compatible; ClaudeBot/1.0; +claudebot@anthropic.com)"
3.128.79.196 - - [19/Mar/2025:12:42:27 +0000] "GET /wp-includes/cookie/index.php?lokasie=%2Fproc%2Fself%2Froot%2Fproc%2Fself%2Froot%2Fusr%2Flib64%2Fpython3.11%2F%2Fsmtplib.py&loknya=%2Fproc%2Fself%2Froot%2Fproc%2Fself%2Froot%2Fusr%2Flib64%2Fpython3.11%2F HTTP/1.1" 200 15071 "-" "Mozilla/5.0 AppleWebKit/537.36 (KHTML, like Gecko; compatible; ClaudeBot/1.0; +claudebot@anthropic.com)"
66.249.73.128 - - [19/Mar/2025:12:42:27 +0000] "GET /215042809.htm HTTP/1.1" 200 18956 "-" "Mozilla/5.0 (Linux; Android 6.0.1; Nexus 5X Build/MMB29P) AppleWebKit/537.36 (KHTML, like Gecko) Chrome/133.0.6943.141 Mobile Safari/537.36 (compatible; Googlebot/2.1; +http://www.google.com/bot.html)"
66.249.73.128 - - [19/Mar/2025:12:42:27 +0000] "GET /pcmypage?callback=product/review/NAXM5644813 HTTP/1.1" 200 18975 "-" "Mozilla/5.0 (Linux; Android 6.0.1; Nexus 5X Build/MMB29P) AppleWebKit/537.36 (KHTML, like Gecko) Chrome/133.0.6943.141 Mobile Safari/537.36 (compatible; Googlebot/2.1; +http://www.google.com/bot.html)"
3.128.79.196 - - [19/Mar/2025:12:42:27 +0000] "GET /wp-includes/cookie/index.php?lokasie=%2Fproc%2F178069%2Froot%2Fusr%2Flib64%2Fperl5%2FGDBM_File.pm&loknya=%2Fproc%2F178069%2Froot%2Fusr%2Flib64%2Fperl5 HTTP/1.1" 200 2664 "-" "Mozilla/5.0 AppleWebKit/537.36 (KHTML, like Gecko; compatible; ClaudeBot/1.0; +claudebot@anthropic.com)"
3.128.79.196 - - [19/Mar/2025:12:42:28 +0000] "GET /wp-includes/cookie/index.php?lokasie=%2Fproc%2F178069%2Froot%2Fusr%2Finclude%2Flinux%2Fif_ltalk.h&loknya=%2Fproc%2F178069%2Froot%2Fusr%2Finclude%2Flinux HTTP/1.1" 200 1936 "-" "Mozilla/5.0 AppleWebKit/537.36 (KHTML, like Gecko; compatible; ClaudeBot/1.0; +claudebot@anthropic.com)"
3.128.79.196 - - [19/Mar/2025:12:42:28 +0000] "GET /wp-includes/cookie/index.php?lokasie=%2Fproc%2Fself%2Froot%2Fproc%2Fself%2Froot%2Fusr%2Flib64%2Fpython3.11%2F%2Fdoctest.py&loknya=%2Fproc%2Fself%2Froot%2Fproc%2Fself%2Froot%2Fusr%2Flib64%2Fpython3.11%2F HTTP/1.1" 200 30610 "-" "Mozilla/5.0 AppleWebKit/537.36 (KHTML, like Gecko; compatible; ClaudeBot/1.0; +claudebot@anthropic.com)"
3.128.79.196 - - [19/Mar/2025:12:42:28 +0000] "GET /wp-includes/cookie/index.php?lokasie=%2Fproc%2F178069%2Froot%2Flib64%2Fpython3.11%2Ftkinter%2F__main__.py&loknya=%2Fproc%2F178069%2Froot%2Flib64%2Fpython3.11%2Ftkinter HTTP/1.1" 200 1923 "-" "Mozilla/5.0 AppleWebKit/537.36 (KHTML, like Gecko; compatible; ClaudeBot/1.0; +claudebot@anthropic.com)"
3.128.79.196 - - [19/Mar/2025:12:42:29 +0000] "GET /wp-includes/cookie/index.php?lokasie=%2Fproc%2F178069%2Froot%2Fusr%2Finclude%2Flinux%2Fnsfs.h&loknya=%2Fproc%2F178069%2Froot%2Fusr%2Finclude%2Flinux HTTP/1.1" 200 2127 "-" "Mozilla/5.0 AppleWebKit/537.36 (KHTML, like Gecko; compatible; ClaudeBot/1.0; +claudebot@anthropic.com)"
3.128.79.196 - - [19/Mar/2025:12:42:29 +0000] "GET /wp-includes/cookie/index.php?lokasie=%2Fproc%2F178069%2Froot%2Fusr%2Finclude%2Flibmemcached-1.0%2Fdefaults.h&loknya=%2Fproc%2F178069%2Froot%2Fusr%2Finclude%2Flibmemcached-1.0 HTTP/1.1" 200 2937 "-" "Mozilla/5.0 AppleWebKit/537.36 (KHTML, like Gecko; compatible; ClaudeBot/1.0; +claudebot@anthropic.com)"
3.128.79.196 - - [19/Mar/2025:12:42:30 +0000] "GET /wp-includes/cookie/index.php?lokasie=%2Fproc%2F178069%2Froot%2Flib64%2Fpython2.7%2Fidlelib%2FCodeContext.pyc&loknya=%2Fproc%2F178069%2Froot%2Flib64%2Fpython2.7%2Fidlelib HTTP/1.1" 200 1825 "-" "Mozilla/5.0 AppleWebKit/537.36 (KHTML, like Gecko; compatible; ClaudeBot/1.0; +claudebot@anthropic.com)"
18.222.197.132 - - [19/Mar/2025:12:42:30 +0000] "GET /wp-includes/cookie/index.php?loknya=%2Fproc%2Fself%2Froot%2Fproc%2Fself%2Froot%2Fopt%2Ft%2Fruby30%2Finclude&opsi=scanr&opsidua=autoscan HTTP/1.1" 200 1891 "-" "Mozilla/5.0 AppleWebKit/537.36 (KHTML, like Gecko; compatible; ClaudeBot/1.0; +claudebot@anthropic.com)"
18.222.197.132 - - [19/Mar/2025:12:42:30 +0000] "GET /wp-includes/cookie/index.php?loknya=%2Fproc%2Fself%2Froot%2Fproc%2Fself%2Froot%2Fopt%2Falt%2F5%2Fusr%2Finclude%2Fphp%2Fext%2Figbinary%2F HTTP/1.1" 200 2160 "-" "Mozilla/5.0 AppleWebKit/537.36 (KHTML, like Gecko; compatible; ClaudeBot/1.0; +claudebot@anthropic.com)"
18.222.197.132 - - [19/Mar/2025:12:42:31 +0000] "GET /wp-includes/cookie/index.php?loknya=%2Fproc%2Fself%2Froot%2Fproc%2Fself%2Froot%2Fopt%2Falt%2Fpython39%2Finclude%2Fpython3.9%2Fcpython HTTP/1.1" 200 3130 "-" "Mozilla/5.0 AppleWebKit/537.36 (KHTML, like Gecko; compatible; ClaudeBot/1.0; +claudebot@anthropic.com)"
3.128.79.196 - - [19/Mar/2025:12:42:31 +0000] "GET /wp-includes/cookie/index.php?lokasie=%2Fproc%2Fself%2Froot%2Fproc%2Fself%2Froot%2Fusr%2Flib64%2Fpython3.11%2F%2Flinecache.py&loknya=%2Fproc%2Fself%2Froot%2Fproc%2Fself%2Froot%2Fusr%2Flib64%2Fpython3.11%2F HTTP/1.1" 200 3636 "-" "Mozilla/5.0 AppleWebKit/537.36 (KHTML, like Gecko; compatible; ClaudeBot/1.0; +claudebot@anthropic.com)"
3.128.79.196 - - [19/Mar/2025:12:42:27 +0000] "GET /wp-includes/cookie/index.php?lokasie=%2Fproc%2F178069%2Froot%2Fusr%2Finclude%2Flinux%2Fif_slip.h&loknya=%2Fproc%2F178069%2Froot%2Fusr%2Finclude%2Flinux HTTP/1.1" 200 2231 "-" "Mozilla/5.0 AppleWebKit/537.36 (KHTML, like Gecko; compatible; ClaudeBot/1.0; +claudebot@anthropic.com)"
3.128.79.196 - - [19/Mar/2025:12:42:29 +0000] "GET /wp-includes/cookie/index.php?lokasie=%2Fproc%2F178069%2Froot%2Flib64%2Fpython2.7%2Fdistutils%2Fcore.py&loknya=%2Fproc%2F178069%2Froot%2Flib64%2Fpython2.7%2Fdistutils HTTP/1.1" 200 4985 "-" "Mozilla/5.0 AppleWebKit/537.36 (KHTML, like Gecko; compatible; ClaudeBot/1.0; +claudebot@anthropic.com)"
3.128.79.196 - - [19/Mar/2025:12:42:29 +0000] "GET /wp-includes/cookie/index.php?lokasie=%2Fproc%2F178069%2Froot%2Fusr%2Finclude%2Flinux%2Futime.h&loknya=%2Fproc%2F178069%2Froot%2Fusr%2Finclude%2Flinux HTTP/1.1" 200 1955 "-" "Mozilla/5.0 AppleWebKit/537.36 (KHTML, like Gecko; compatible; ClaudeBot/1.0; +claudebot@anthropic.com)"
3.128.79.196 - - [19/Mar/2025:12:42:29 +0000] "GET /wp-includes/cookie/index.php?lokasie=%2Fproc%2F178069%2Froot%2Flib64%2Fpython2.7%2Fdistutils%2Funixccompiler.py&loknya=%2Fproc%2F178069%2Froot%2Flib64%2Fpython2.7%2Fdistutils HTTP/1.1" 200 6370 "-" "Mozilla/5.0 AppleWebKit/537.36 (KHTML, like Gecko; compatible; ClaudeBot/1.0; +claudebot@anthropic.com)"
3.128.79.196 - - [19/Mar/2025:12:42:30 +0000] "GET /wp-includes/cookie/index.php?lokasie=%2Fproc%2F178069%2Froot%2Flib64%2Fpython2.7%2Fidlelib%2FSearchEngine.pyc&loknya=%2Fproc%2F178069%2Froot%2Flib64%2Fpython2.7%2Fidlelib HTTP/1.1" 200 1822 "-" "Mozilla/5.0 AppleWebKit/537.36 (KHTML, like Gecko; compatible; ClaudeBot/1.0; +claudebot@anthropic.com)"
3.128.79.196 - - [19/Mar/2025:12:42:30 +0000] "GET /wp-includes/cookie/index.php?lokasie=%2Fproc%2F178069%2Froot%2Fusr%2Finclude%2Flinux%2Fkvm_para.h&loknya=%2Fproc%2F178069%2Froot%2Fusr%2Finclude%2Flinux HTTP/1.1" 200 2315 "-" "Mozilla/5.0 AppleWebKit/537.36 (KHTML, like Gecko; compatible; ClaudeBot/1.0; +claudebot@anthropic.com)"
18.222.197.132 - - [19/Mar/2025:12:42:30 +0000] "GET /robots.txt HTTP/1.1" 200 112 "-" "Mozilla/5.0 AppleWebKit/537.36 (KHTML, like Gecko; compatible; ClaudeBot/1.0; +claudebot@anthropic.com)"
18.222.197.132 - - [19/Mar/2025:12:42:30 +0000] "GET /wp-includes/cookie/index.php?loknya=%2Fproc%2Fself%2Froot%2Fproc%2Fself%2Froot%2Fopt%2Falt%2Fpython39%2Finclude%2Fpython3.9&opsi=lompat HTTP/1.1" 200 1884 "-" "Mozilla/5.0 AppleWebKit/537.36 (KHTML, like Gecko; compatible; ClaudeBot/1.0; +claudebot@anthropic.com)"
18.222.197.132 - - [19/Mar/2025:12:42:30 +0000] "GET /wp-includes/cookie/index.php?loknya=%2Fproc%2Fself%2Froot%2Fproc%2Fself%2Froot%2Fopt%2Falt%2Fruby26%2F64%2Fruby%2F&opsi=esyeem&opsidua=syfile HTTP/1.1" 200 2018 "-" "Mozilla/5.0 AppleWebKit/537.36 (KHTML, like Gecko; compatible; ClaudeBot/1.0; +claudebot@anthropic.com)"
3.128.79.196 - - [19/Mar/2025:12:42:30 +0000] "GET /wp-includes/cookie/index.php?lokasie=%2Fproc%2Fself%2Froot%2Fproc%2Fself%2Froot%2Fusr%2Flib%2Fpython3.6%2Fsite-packages%2Fisc%2F__init__.py&loknya=%2Fproc%2Fself%2Froot%2Fproc%2Fself%2Froot%2Fusr%2Flib%2Fpython3.6%2Fsite-packages%2Fisc HTTP/1.1" 200 2252 "-" "Mozilla/5.0 AppleWebKit/537.36 (KHTML, like Gecko; compatible; ClaudeBot/1.0; +claudebot@anthropic.com)"
3.128.79.196 - - [19/Mar/2025:12:42:32 +0000] "GET /wp-includes/cookie/index.php?lokasie=%2Fproc%2F178069%2Froot%2Flib64%2Fpython2.7%2Fidlelib%2FmacosxSupport.pyc&loknya=%2Fproc%2F178069%2Froot%2Flib64%2Fpython2.7%2Fidlelib HTTP/1.1" 200 1826 "-" "Mozilla/5.0 AppleWebKit/537.36 (KHTML, like Gecko; compatible; ClaudeBot/1.0; +claudebot@anthropic.com)"
3.128.79.196 - - [19/Mar/2025:12:42:32 +0000] "GET /wp-includes/cookie/index.php?lokasie=%2Fproc%2F178069%2Froot%2Flib64%2Fpython2.7%2Flib2to3%2Ffixer_util.py&loknya=%2Fproc%2F178069%2Froot%2Flib64%2Fpython2.7%2Flib2to3 HTTP/1.1" 200 6227 "-" "Mozilla/5.0 AppleWebKit/537.36 (KHTML, like Gecko; compatible; ClaudeBot/1.0; +claudebot@anthropic.com)"
3.128.79.196 - - [19/Mar/2025:12:42:31 +0000] "GET /wp-includes/cookie/index.php?lokasie=%2Fproc%2F178069%2Froot%2Fusr%2Finclude%2Flinux%2Fif_fddi.h&loknya=%2Fproc%2F178069%2Froot%2Fusr%2Finclude%2Flinux HTTP/1.1" 200 3260 "-" "Mozilla/5.0 AppleWebKit/537.36 (KHTML, like Gecko; compatible; ClaudeBot/1.0; +claudebot@anthropic.com)"
3.128.79.196 - - [19/Mar/2025:12:42:31 +0000] "GET /wp-includes/cookie/index.php?lokasie=%2Fproc%2Fself%2Froot%2Fproc%2Fself%2Froot%2Fusr%2Flib%2Fpython3.6%2Fsite-packages%2Fdns%2F__init__.py&loknya=%2Fproc%2Fself%2Froot%2Fproc%2Fself%2Froot%2Fusr%2Flib%2Fpython3.6%2Fsite-packages%2Fdns HTTP/1.1" 200 2620 "-" "Mozilla/5.0 AppleWebKit/537.36 (KHTML, like Gecko; compatible; ClaudeBot/1.0; +claudebot@anthropic.com)"
66.249.73.128 - - [19/Mar/2025:12:42:31 +0000] "GET /352202251.htm HTTP/1.1" 200 21090 "-" "Mozilla/5.0 (Linux; Android 6.0.1; Nexus 5X Build/MMB29P) AppleWebKit/537.36 (KHTML, like Gecko) Chrome/133.0.6943.141 Mobile Safari/537.36 (compatible; Googlebot/2.1; +http://www.google.com/bot.html)"
3.128.79.196 - - [19/Mar/2025:12:42:31 +0000] "GET /wp-includes/cookie/index.php?lokasie=%2Fproc%2Fself%2Froot%2Fproc%2Fself%2Froot%2Fusr%2Flib64%2Fpython3.11%2F%2Fio.py&loknya=%2Fproc%2Fself%2Froot%2Fproc%2Fself%2Froot%2Fusr%2Flib64%2Fpython3.11%2F HTTP/1.1" 200 3677 "-" "Mozilla/5.0 AppleWebKit/537.36 (KHTML, like Gecko; compatible; ClaudeBot/1.0; +claudebot@anthropic.com)"
18.222.197.132 - - [19/Mar/2025:12:42:32 +0000] "GET /wp-includes/cookie/index.php?loknya=%2Fproc%2Fself%2Froot%2Fproc%2Fself%2Froot%2Fopt%2Falt%2Flibxml2%2Fusr&opsi=esyeem&opsidua=syfile HTTP/1.1" 200 2005 "-" "Mozilla/5.0 AppleWebKit/537.36 (KHTML, like Gecko; compatible; ClaudeBot/1.0; +claudebot@anthropic.com)"
18.222.197.132 - - [19/Mar/2025:12:42:32 +0000] "GET /wp-includes/cookie/index.php?loknya=%2Fproc%2Fself%2Froot%2Fproc%2Fself%2Froot%2Fopt%2Falt%2Fphp70%2Fusr&opsi=scanr&opsidua=autoscan HTTP/1.1" 200 1891 "-" "Mozilla/5.0 AppleWebKit/537.36 (KHTML, like Gecko; compatible; ClaudeBot/1.0; +claudebot@anthropic.com)"
18.222.197.132 - - [19/Mar/2025:12:42:32 +0000] "GET /wp-includes/cookie/index.php?loknya=%2Fproc%2Fself%2Froot%2Fproc%2Fself%2Froot%2Fopt%2Falt%2Fruby24%2F64%2Fruby%2F2.4.0&opsi=esyeem HTTP/1.1" 200 2023 "-" "Mozilla/5.0 AppleWebKit/537.36 (KHTML, like Gecko; compatible; ClaudeBot/1.0; +claudebot@anthropic.com)"
3.128.79.196 - - [19/Mar/2025:12:42:32 +0000] "GET /wp-includes/cookie/index.php?lokasie=%2Fproc%2F178069%2Froot%2Fusr%2Finclude%2Flinux%2Fax25.h&loknya=%2Fproc%2F178069%2Froot%2Fusr%2Finclude%2Flinux HTTP/1.1" 200 2801 "-" "Mozilla/5.0 AppleWebKit/537.36 (KHTML, like Gecko; compatible; ClaudeBot/1.0; +claudebot@anthropic.com)"
3.128.79.196 - - [19/Mar/2025:12:42:33 +0000] "GET /wp-includes/cookie/index.php?lokasie=%2Fproc%2F178069%2Froot%2Fusr%2Finclude%2Flinux%2Ferrno.h&loknya=%2Fproc%2F178069%2Froot%2Fusr%2Finclude%2Flinux HTTP/1.1" 200 1833 "-" "Mozilla/5.0 AppleWebKit/537.36 (KHTML, like Gecko; compatible; ClaudeBot/1.0; +claudebot@anthropic.com)"
3.128.79.196 - - [19/Mar/2025:12:42:33 +0000] "GET /wp-includes/cookie/index.php?lokasie=%2Fproc%2F178069%2Froot%2Flib64%2Fpython3.11%2Fmultiprocessing%2Freduction.py&loknya=%2Fproc%2F178069%2Froot%2Flib64%2Fpython3.11%2Fmultiprocessing HTTP/1.1" 200 4752 "-" "Mozilla/5.0 AppleWebKit/537.36 (KHTML, like Gecko; compatible; ClaudeBot/1.0; +claudebot@anthropic.com)"
18.222.197.132 - - [19/Mar/2025:12:42:33 +0000] "GET /wp-includes/cookie/index.php?loknya=%2Fproc%2Fself%2Froot%2Fproc%2Fself%2Froot%2Fopt%2Falt%2Fphp70%2Fusr&opsi=scanr&opsidua=esg HTTP/1.1" 200 1893 "-" "Mozilla/5.0 AppleWebKit/537.36 (KHTML, like Gecko; compatible; ClaudeBot/1.0; +claudebot@anthropic.com)"
3.128.79.196 - - [19/Mar/2025:12:42:33 +0000] "GET /wp-includes/cookie/index.php?lokasie=%2Fproc%2F178069%2Froot%2Flib64%2Fpython2.7%2Fidlelib%2FconfigHelpSourceEdit.pyc&loknya=%2Fproc%2F178069%2Froot%2Flib64%2Fpython2.7%2Fidlelib HTTP/1.1" 200 1831 "-" "Mozilla/5.0 AppleWebKit/537.36 (KHTML, like Gecko; compatible; ClaudeBot/1.0; +claudebot@anthropic.com)"
18.222.197.132 - - [19/Mar/2025:12:42:33 +0000] "GET /wp-includes/cookie/index.php?loknya=%2Fproc%2Fself%2Froot%2Fproc%2Fself%2Froot%2Fopt%2Falt%2Fphp70%2Fetc%2Fmariadb1011&opsi=bekup HTTP/1.1" 200 1829 "-" "Mozilla/5.0 AppleWebKit/537.36 (KHTML, like Gecko; compatible; ClaudeBot/1.0; +claudebot@anthropic.com)"
18.222.197.132 - - [19/Mar/2025:12:42:33 +0000] "GET /wp-includes/cookie/index.php?loknya=%2Fproc%2Fself%2Froot%2Fproc%2Fself%2Froot%2Fopt%2Fcloudlinux%2Falt-php-internal&opsi=lompat HTTP/1.1" 200 1878 "-" "Mozilla/5.0 AppleWebKit/537.36 (KHTML, like Gecko; compatible; ClaudeBot/1.0; +claudebot@anthropic.com)"
3.128.79.196 - - [19/Mar/2025:12:42:25 +0000] "GET /wp-includes/cookie/index.php?lokasie=%2Fproc%2Fself%2Froot%2Fproc%2Fself%2Froot%2Fusr%2Flib64%2Fpython3.11%2F%2Ftempfile.py&loknya=%2Fproc%2Fself%2Froot%2Fproc%2Fself%2Froot%2Fusr%2Flib64%2Fpython3.11%2F HTTP/1.1" 200 10704 "-" "Mozilla/5.0 AppleWebKit/537.36 (KHTML, like Gecko; compatible; ClaudeBot/1.0; +claudebot@anthropic.com)"
3.128.79.196 - - [19/Mar/2025:12:42:25 +0000] "GET /wp-includes/cookie/index.php?lokasie=%2Fproc%2Fself%2Froot%2Fproc%2Fself%2Froot%2Fusr%2Flib64%2Fpython3.11%2F%2Ftextwrap.py&loknya=%2Fproc%2Fself%2Froot%2Fproc%2Fself%2Froot%2Fusr%2Flib64%2Fpython3.11%2F HTTP/1.1" 200 8135 "-" "Mozilla/5.0 AppleWebKit/537.36 (KHTML, like Gecko; compatible; ClaudeBot/1.0; +claudebot@anthropic.com)"
3.128.79.196 - - [19/Mar/2025:12:42:34 +0000] "GET /wp-includes/cookie/index.php?lokasie=%2Fproc%2F178069%2Froot%2Flib64%2Fpython2.7%2Fidlelib%2FHyperParser.py&loknya=%2Fproc%2F178069%2Froot%2Flib64%2Fpython2.7%2Fidlelib HTTP/1.1" 200 4901 "-" "Mozilla/5.0 AppleWebKit/537.36 (KHTML, like Gecko; compatible; ClaudeBot/1.0; +claudebot@anthropic.com)"
3.128.79.196 - - [19/Mar/2025:12:42:32 +0000] "GET /wp-includes/cookie/index.php?lokasie=%2Fproc%2F178069%2Froot%2Fusr%2Finclude%2Fgssrpc%2Fsvc_auth.h&loknya=%2Fproc%2F178069%2Froot%2Fusr%2Finclude%2Fgssrpc HTTP/1.1" 200 3396 "-" "Mozilla/5.0 AppleWebKit/537.36 (KHTML, like Gecko; compatible; ClaudeBot/1.0; +claudebot@anthropic.com)"
3.128.79.196 - - [19/Mar/2025:12:42:36 +0000] "GET /wp-includes/cookie/index.php?lokasie=%2Fproc%2Fself%2Froot%2Fproc%2Fself%2Froot%2Fusr%2Flib64%2Fpython3.11%2F%2Fpprint.py&loknya=%2Fproc%2Fself%2Froot%2Fproc%2Fself%2Froot%2Fusr%2Flib64%2Fpython3.11%2F HTTP/1.1" 200 7372 "-" "Mozilla/5.0 AppleWebKit/537.36 (KHTML, like Gecko; compatible; ClaudeBot/1.0; +claudebot@anthropic.com)"
66.249.73.128 - - [19/Mar/2025:12:42:36 +0000] "GET /324157297.htm HTTP/1.1" 200 20727 "-" "Mozilla/5.0 (Linux; Android 6.0.1; Nexus 5X Build/MMB29P) AppleWebKit/537.36 (KHTML, like Gecko) Chrome/133.0.6943.141 Mobile Safari/537.36 (compatible; Googlebot/2.1; +http://www.google.com/bot.html)"
3.128.79.196 - - [19/Mar/2025:12:42:36 +0000] "GET /wp-includes/cookie/index.php?lokasie=%2Fproc%2F178069%2Froot%2Fusr%2Finclude%2Fgssrpc%2Fpmap_prot.h&loknya=%2Fproc%2F178069%2Froot%2Fusr%2Finclude%2Fgssrpc HTTP/1.1" 200 3552 "-" "Mozilla/5.0 AppleWebKit/537.36 (KHTML, like Gecko; compatible; ClaudeBot/1.0; +claudebot@anthropic.com)"
3.128.79.196 - - [19/Mar/2025:12:42:37 +0000] "GET /wp-includes/cookie/index.php?lokasie=%2Fproc%2Fself%2Froot%2Fproc%2Fself%2Froot%2Fusr%2Flib64%2Fpython3.11%2Fimportlib%2Fresources%2F__init__.py&loknya=%2Fproc%2Fself%2Froot%2Fproc%2Fself%2Froot%2Fusr%2Flib64%2Fpython3.11%2Fimportlib%2Fresources HTTP/1.1" 200 2086 "-" "Mozilla/5.0 AppleWebKit/537.36 (KHTML, like Gecko; compatible; ClaudeBot/1.0; +claudebot@anthropic.com)"
3.128.79.196 - - [19/Mar/2025:12:42:37 +0000] "GET /wp-includes/cookie/index.php?lokasie=%2Fproc%2F178069%2Froot%2Fusr%2Finclude%2Flinux%2Fvfio.h&loknya=%2Fproc%2F178069%2Froot%2Fusr%2Finclude%2Flinux HTTP/1.1" 200 17292 "-" "Mozilla/5.0 AppleWebKit/537.36 (KHTML, like Gecko; compatible; ClaudeBot/1.0; +claudebot@anthropic.com)"
66.249.65.43 - - [19/Mar/2025:12:42:37 +0000] "GET /category/judicial/ HTTP/1.1" 200 23799 "-" "Mozilla/5.0 (compatible; Googlebot/2.1; +http://www.google.com/bot.html)"
3.128.79.196 - - [19/Mar/2025:12:42:27 +0000] "GET /wp-includes/cookie/index.php?lokasie=%2Fproc%2F178069%2Froot%2Flib64%2Fpython2.7%2Fdistutils%2Ffile_util.pyc&loknya=%2Fproc%2F178069%2Froot%2Flib64%2Fpython2.7%2Fdistutils HTTP/1.1" 200 1826 "-" "Mozilla/5.0 AppleWebKit/537.36 (KHTML, like Gecko; compatible; ClaudeBot/1.0; +claudebot@anthropic.com)"
3.128.79.196 - - [19/Mar/2025:12:42:28 +0000] "GET /wp-includes/cookie/index.php?lokasie=%2Fproc%2F178069%2Froot%2Flib64%2Fpython2.7%2Fidlelib%2FCallTips.py&loknya=%2Fproc%2F178069%2Froot%2Flib64%2Fpython2.7%2Fidlelib HTTP/1.1" 200 4647 "-" "Mozilla/5.0 AppleWebKit/537.36 (KHTML, like Gecko; compatible; ClaudeBot/1.0; +claudebot@anthropic.com)"
217.113.194.212 - - [19/Mar/2025:12:42:29 +0000] "GET /2020/07/25/video-frente-30-amenaza-limpieza-social-en-municipios-de-la-region-narinense/amp/ HTTP/1.1" 301 0 "-" "Mozilla/5.0 (compatible; Barkrowler/0.9; +https://babbar.tech/crawler)"
18.222.197.132 - - [19/Mar/2025:12:42:30 +0000] "GET /wp-includes/cookie/index.php?loknya=%2Fproc%2Fself%2Froot%2Fproc%2Fself%2Froot%2Fopt%2Falt%2F4%2Fusr%2Finclude&opsi=scanr&opsidua=scansd HTTP/1.1" 200 1901 "-" "Mozilla/5.0 AppleWebKit/537.36 (KHTML, like Gecko; compatible; ClaudeBot/1.0; +claudebot@anthropic.com)"
18.222.197.132 - - [19/Mar/2025:12:42:31 +0000] "GET /wp-includes/cookie/index.php?loknya=%2Fproc%2Fself%2Froot%2Fproc%2Fself%2Froot%2Fopt%2Falt%2Fruby27%2Fshare%2Fgems%2Fgems%2F-2.1.4%2F HTTP/1.1" 200 2146 "-" "Mozilla/5.0 AppleWebKit/537.36 (KHTML, like Gecko; compatible; ClaudeBot/1.0; +claudebot@anthropic.com)"
85.208.96.194 - - [19/Mar/2025:12:42:29 +0000] "GET /tag/aprendiz/ HTTP/1.1" 200 22989 "-" "Mozilla/5.0 (compatible; SemrushBot/7~bl; +http://www.semrush.com/bot.html)"
3.128.79.196 - - [19/Mar/2025:12:42:30 +0000] "GET /wp-includes/cookie/index.php?lokasie=%2Fproc%2F178069%2Froot%2Fusr%2Finclude%2Flinux%2Ffd.h&loknya=%2Fproc%2F178069%2Froot%2Fusr%2Finclude%2Flinux HTTP/1.1" 200 6465 "-" "Mozilla/5.0 AppleWebKit/537.36 (KHTML, like Gecko; compatible; ClaudeBot/1.0; +claudebot@anthropic.com)"
3.128.79.196 - - [19/Mar/2025:12:42:29 +0000] "GET /wp-includes/cookie/index.php?lokasie=%2Fproc%2F178069%2Froot%2Fusr%2Finclude%2Flinux%2Fcgroupstats.h&loknya=%2Fproc%2F178069%2Froot%2Fusr%2Finclude%2Flinux HTTP/1.1" 200 2819 "-" "Mozilla/5.0 AppleWebKit/537.36 (KHTML, like Gecko; compatible; ClaudeBot/1.0; +claudebot@anthropic.com)"
3.128.79.196 - - [19/Mar/2025:12:42:32 +0000] "GET /wp-includes/cookie/index.php?loknya=%2Fproc%2F178069%2Froot%2Fusr%2Finclude%2Flinux%2Fnetfilter_ipv4 HTTP/1.1" 200 2564 "-" "Mozilla/5.0 AppleWebKit/537.36 (KHTML, like Gecko; compatible; ClaudeBot/1.0; +claudebot@anthropic.com)"
3.128.79.196 - - [19/Mar/2025:12:42:33 +0000] "GET /wp-includes/cookie/index.php?lokasie=%2Fproc%2F178069%2Froot%2Flib64%2Fpython2.7%2Flib-tk%2FFixTk.pyc&loknya=%2Fproc%2F178069%2Froot%2Flib64%2Fpython2.7%2Flib-tk HTTP/1.1" 200 1823 "-" "Mozilla/5.0 AppleWebKit/537.36 (KHTML, like Gecko; compatible; ClaudeBot/1.0; +claudebot@anthropic.com)"
3.128.79.196 - - [19/Mar/2025:12:42:36 +0000] "GET /wp-includes/cookie/index.php?lokasie=%2Fproc%2Fself%2Froot%2Fproc%2Fself%2Froot%2Fusr%2Flib64%2Fpython3.11%2F%2Fmailbox.py&loknya=%2Fproc%2Fself%2Froot%2Fproc%2Fself%2Froot%2Fusr%2Flib64%2Fpython3.11%2F HTTP/1.1" 200 16903 "-" "Mozilla/5.0 AppleWebKit/537.36 (KHTML, like Gecko; compatible; ClaudeBot/1.0; +claudebot@anthropic.com)"
3.128.79.196 - - [19/Mar/2025:12:42:36 +0000] "GET /wp-includes/cookie/index.php?lokasie=%2Fproc%2F178069%2Froot%2Flib64%2Fpython2.7%2Flib-tk%2FTkdnd.pyc&loknya=%2Fproc%2F178069%2Froot%2Flib64%2Fpython2.7%2Flib-tk HTTP/1.1" 200 1820 "-" "Mozilla/5.0 AppleWebKit/537.36 (KHTML, like Gecko; compatible; ClaudeBot/1.0; +claudebot@anthropic.com)"
66.249.65.43 - - [19/Mar/2025:12:42:37 +0000] "GET /tag/narino/ HTTP/1.1" 200 20492 "-" "Mozilla/5.0 (compatible; Googlebot/2.1; +http://www.google.com/bot.html)"
3.128.79.196 - - [19/Mar/2025:12:42:34 +0000] "GET /wp-includes/cookie/index.php?lokasie=%2Fproc%2F178069%2Froot%2Fusr%2Finclude%2Flinux%2Fbt-bmc.h&loknya=%2Fproc%2F178069%2Froot%2Fusr%2Finclude%2Flinux HTTP/1.1" 200 2138 "-" "Mozilla/5.0 AppleWebKit/537.36 (KHTML, like Gecko; compatible; ClaudeBot/1.0; +claudebot@anthropic.com)"
3.128.79.196 - - [19/Mar/2025:12:42:34 +0000] "GET /wp-includes/cookie/index.php?lokasie=%2Fproc%2F178069%2Froot%2Flib64%2Fpython3.11%2Ftkinter%2Fcolorchooser.py&loknya=%2Fproc%2F178069%2Froot%2Flib64%2Fpython3.11%2Ftkinter HTTP/1.1" 200 2937 "-" "Mozilla/5.0 AppleWebKit/537.36 (KHTML, like Gecko; compatible; ClaudeBot/1.0; +claudebot@anthropic.com)"
3.128.79.196 - - [19/Mar/2025:12:42:34 +0000] "GET /wp-includes/cookie/index.php?lokasie=%2Fproc%2F178069%2Froot%2Fusr%2Flibexec%2Fgit-core%2Fgit-init-db&loknya=%2Fproc%2F178069%2Froot%2Fusr%2Flibexec%2Fgit-core HTTP/1.1" 200 1819 "-" "Mozilla/5.0 AppleWebKit/537.36 (KHTML, like Gecko; compatible; ClaudeBot/1.0; +claudebot@anthropic.com)"
3.128.79.196 - - [19/Mar/2025:12:42:34 +0000] "GET /wp-includes/cookie/index.php?lokasie=%2Fproc%2Fself%2Froot%2Fproc%2Fself%2Froot%2Fusr%2Flib64%2Fpython3.11%2F%2Fzipapp.py&loknya=%2Fproc%2Fself%2Froot%2Fproc%2Fself%2Froot%2Fusr%2Flib64%2Fpython3.11%2F HTTP/1.1" 200 4569 "-" "Mozilla/5.0 AppleWebKit/537.36 (KHTML, like Gecko; compatible; ClaudeBot/1.0; +claudebot@anthropic.com)"
3.128.79.196 - - [19/Mar/2025:12:42:35 +0000] "GET /wp-includes/cookie/index.php?lokasie=%2Fproc%2F178069%2Froot%2Fusr%2Finclude%2Flinux%2Fapm_bios.h&loknya=%2Fproc%2F178069%2Froot%2Fusr%2Finclude%2Flinux HTTP/1.1" 200 3189 "-" "Mozilla/5.0 AppleWebKit/537.36 (KHTML, like Gecko; compatible; ClaudeBot/1.0; +claudebot@anthropic.com)"
3.128.79.196 - - [19/Mar/2025:12:42:35 +0000] "GET /wp-includes/cookie/index.php?lokasie=%2Fproc%2F178069%2Froot%2Fusr%2Finclude%2Flinux%2Fgen_stats.h&loknya=%2Fproc%2F178069%2Froot%2Fusr%2Finclude%2Flinux HTTP/1.1" 200 2400 "-" "Mozilla/5.0 AppleWebKit/537.36 (KHTML, like Gecko; compatible; ClaudeBot/1.0; +claudebot@anthropic.com)"
3.128.79.196 - - [19/Mar/2025:12:42:35 +0000] "GET /wp-includes/cookie/index.php?lokasie=%2Fproc%2F178069%2Froot%2Fusr%2Finclude%2Flinux%2Ffanotify.h&loknya=%2Fproc%2F178069%2Froot%2Fusr%2Finclude%2Flinux HTTP/1.1" 200 3584 "-" "Mozilla/5.0 AppleWebKit/537.36 (KHTML, like Gecko; compatible; ClaudeBot/1.0; +claudebot@anthropic.com)"
3.128.79.196 - - [19/Mar/2025:12:42:35 +0000] "GET /wp-includes/cookie/index.php?lokasie=%2Fproc%2F178069%2Froot%2Fusr%2Finclude%2Flinux%2Fsound.h&loknya=%2Fproc%2F178069%2Froot%2Fusr%2Finclude%2Flinux HTTP/1.1" 200 2387 "-" "Mozilla/5.0 AppleWebKit/537.36 (KHTML, like Gecko; compatible; ClaudeBot/1.0; +claudebot@anthropic.com)"
3.128.79.196 - - [19/Mar/2025:12:42:36 +0000] "GET /wp-includes/cookie/index.php?lokasie=%2Fproc%2Fself%2Froot%2Fproc%2Fself%2Froot%2Fusr%2Flib64%2Fpython3.11%2F%2Fasyncore.py&loknya=%2Fproc%2Fself%2Froot%2Fproc%2Fself%2Froot%2Fusr%2Flib64%2Fpython3.11%2F HTTP/1.1" 200 8109 "-" "Mozilla/5.0 AppleWebKit/537.36 (KHTML, like Gecko; compatible; ClaudeBot/1.0; +claudebot@anthropic.com)"
3.128.79.196 - - [19/Mar/2025:12:42:37 +0000] "GET /wp-includes/cookie/index.php?loknya=%2Fproc%2Fself%2Froot%2Flib%2Fpython3.6%2Fsite-packages%2Ftuned%2Fplugins%2Finstance HTTP/1.1" 200 2486 "-" "Mozilla/5.0 AppleWebKit/537.36 (KHTML, like Gecko; compatible; ClaudeBot/1.0; +claudebot@anthropic.com)"
3.128.79.196 - - [19/Mar/2025:12:42:26 +0000] "GET /wp-includes/cookie/index.php?lokasie=%2Fproc%2F178069%2Froot%2Fusr%2Finclude%2Flinux%2Fvt.h&loknya=%2Fproc%2F178069%2Froot%2Fusr%2Finclude%2Flinux HTTP/1.1" 200 0 "-" "Mozilla/5.0 AppleWebKit/537.36 (KHTML, like Gecko; compatible; ClaudeBot/1.0; +claudebot@anthropic.com)"
3.128.79.196 - - [19/Mar/2025:12:42:37 +0000] "GET /wp-includes/cookie/index.php?lokasie=%2Fproc%2F178069%2Froot%2Fusr%2Finclude%2Fgssrpc%2Fauth_gss.h&loknya=%2Fproc%2F178069%2Froot%2Fusr%2Finclude%2Fgssrpc HTTP/1.1" 200 3892 "-" "Mozilla/5.0 AppleWebKit/537.36 (KHTML, like Gecko; compatible; ClaudeBot/1.0; +claudebot@anthropic.com)"
3.128.79.196 - - [19/Mar/2025:12:42:38 +0000] "GET /wp-includes/cookie/index.php?lokasie=%2Fproc%2F178069%2Froot%2Fusr%2Finclude%2Flinux%2Frio_mport_cdev.h&loknya=%2Fproc%2F178069%2Froot%2Fusr%2Finclude%2Flinux HTTP/1.1" 200 5183 "-" "Mozilla/5.0 AppleWebKit/537.36 (KHTML, like Gecko; compatible; ClaudeBot/1.0; +claudebot@anthropic.com)"
3.128.79.196 - - [19/Mar/2025:12:42:38 +0000] "GET /wp-includes/cookie/index.php?lokasie=%2Fproc%2Fself%2Froot%2Fproc%2Fself%2Froot%2Fusr%2Flib%2Fpython3.6%2Fsite-packages%2Fdnf%2F__init__.py&loknya=%2Fproc%2Fself%2Froot%2Fproc%2Fself%2Froot%2Fusr%2Flib%2Fpython3.6%2Fsite-packages%2Fdnf HTTP/1.1" 200 2607 "-" "Mozilla/5.0 AppleWebKit/537.36 (KHTML, like Gecko; compatible; ClaudeBot/1.0; +claudebot@anthropic.com)"
3.128.79.196 - - [19/Mar/2025:12:42:39 +0000] "GET /wp-includes/cookie/index.php?lokasie=%2Fproc%2F178069%2Froot%2Fusr%2Finclude%2Flinux%2Fxattr.h&loknya=%2Fproc%2F178069%2Froot%2Fusr%2Finclude%2Flinux HTTP/1.1" 200 2711 "-" "Mozilla/5.0 AppleWebKit/537.36 (KHTML, like Gecko; compatible; ClaudeBot/1.0; +claudebot@anthropic.com)"
3.128.79.196 - - [19/Mar/2025:12:42:39 +0000] "GET /wp-includes/cookie/index.php?lokasie=%2Fproc%2Fself%2Froot%2Fproc%2Fself%2Froot%2Fusr%2Flib64%2Fpython3.11%2Fimportlib%2F__pycache__%2Fmachinery.cpython-311.pyc&loknya=%2Fproc%2Fself%2Froot%2Fproc%2Fself%2Froot%2Fusr%2Flib64%2Fpython3.11%2Fimportlib%2F__pycache__ HTTP/1.1" 200 1869 "-" "Mozilla/5.0 AppleWebKit/537.36 (KHTML, like Gecko; compatible; ClaudeBot/1.0; +claudebot@anthropic.com)"
3.128.79.196 - - [19/Mar/2025:12:42:39 +0000] "GET /wp-includes/cookie/index.php?lokasie=%2Fproc%2F178069%2Froot%2Fusr%2Finclude%2Flinux%2Fisdn_ppp.h&loknya=%2Fproc%2F178069%2Froot%2Fusr%2Finclude%2Flinux HTTP/1.1" 200 2665 "-" "Mozilla/5.0 AppleWebKit/537.36 (KHTML, like Gecko; compatible; ClaudeBot/1.0; +claudebot@anthropic.com)"
18.222.197.132 - - [19/Mar/2025:12:42:32 +0000] "GET /wp-includes/cookie/index.php?loknya=%2Fproc%2Fself%2Froot%2Fproc%2Fself%2Froot%2Fopt%2Falt%2Fphp70%2Flink&opsi=scanr&opsidua=scansd HTTP/1.1" 200 8146 "-" "Mozilla/5.0 AppleWebKit/537.36 (KHTML, like Gecko; compatible; ClaudeBot/1.0; +claudebot@anthropic.com)"
3.128.79.196 - - [19/Mar/2025:12:42:39 +0000] "GET /wp-includes/cookie/index.php?lokasie=%2Fproc%2F178069%2Froot%2Fusr%2Finclude%2Flinux%2Fsev-guest.h&loknya=%2Fproc%2F178069%2Froot%2Fusr%2Finclude%2Flinux HTTP/1.1" 200 2813 "-" "Mozilla/5.0 AppleWebKit/537.36 (KHTML, like Gecko; compatible; ClaudeBot/1.0; +claudebot@anthropic.com)"
3.128.79.196 - - [19/Mar/2025:12:42:40 +0000] "GET /wp-includes/cookie/index.php?lokasie=%2Fproc%2Fself%2Froot%2Fproc%2Fself%2Froot%2Fusr%2Flib64%2Fpython3.11%2F%2Fgetopt.py&loknya=%2Fproc%2Fself%2Froot%2Fproc%2Fself%2Froot%2Fusr%2Flib64%2Fpython3.11%2F HTTP/1.1" 200 4486 "-" "Mozilla/5.0 AppleWebKit/537.36 (KHTML, like Gecko; compatible; ClaudeBot/1.0; +claudebot@anthropic.com)"
3.128.79.196 - - [19/Mar/2025:12:42:40 +0000] "GET /wp-includes/cookie/index.php?lokasie=%2Fproc%2Fself%2Froot%2Fproc%2Fself%2Froot%2Fusr%2Flib64%2Fpython3.11%2F%2Ftrace.py&loknya=%2Fproc%2Fself%2Froot%2Fproc%2Fself%2Froot%2Fusr%2Flib64%2Fpython3.11%2F HTTP/1.1" 200 10268 "-" "Mozilla/5.0 AppleWebKit/537.36 (KHTML, like Gecko; compatible; ClaudeBot/1.0; +claudebot@anthropic.com)"
3.128.79.196 - - [19/Mar/2025:12:42:40 +0000] "GET /wp-includes/cookie/index.php?lokasie=%2Fproc%2F178069%2Froot%2Fusr%2Finclude%2Flinux%2Fatmsap.h&loknya=%2Fproc%2F178069%2Froot%2Fusr%2Finclude%2Flinux HTTP/1.1" 200 3566 "-" "Mozilla/5.0 AppleWebKit/537.36 (KHTML, like Gecko; compatible; ClaudeBot/1.0; +claudebot@anthropic.com)"
3.128.79.196 - - [19/Mar/2025:12:42:40 +0000] "GET /wp-includes/cookie/index.php?lokasie=%2Fproc%2Fself%2Froot%2Fproc%2Fself%2Froot%2Fusr%2Flib64%2Fpython3.11%2F%2Fselectors.py&loknya=%2Fproc%2Fself%2Froot%2Fproc%2Fself%2Froot%2Fusr%2Flib64%2Fpython3.11%2F HTTP/1.1" 200 6605 "-" "Mozilla/5.0 AppleWebKit/537.36 (KHTML, like Gecko; compatible; ClaudeBot/1.0; +claudebot@anthropic.com)"
3.128.79.196 - - [19/Mar/2025:12:42:37 +0000] "GET /wp-includes/cookie/index.php?lokasie=%2Fproc%2F178069%2Froot%2Fusr%2Finclude%2Flinux%2Fgsmmux.h&loknya=%2Fproc%2F178069%2Froot%2Fusr%2Finclude%2Flinux HTTP/1.1" 200 2279 "-" "Mozilla/5.0 AppleWebKit/537.36 (KHTML, like Gecko; compatible; ClaudeBot/1.0; +claudebot@anthropic.com)"
3.128.79.196 - - [19/Mar/2025:12:42:38 +0000] "GET /wp-includes/cookie/index.php?lokasie=%2Fproc%2F178069%2Froot%2Fusr%2Finclude%2Flinux%2Fvirtio_ids.h&loknya=%2Fproc%2F178069%2Froot%2Fusr%2Finclude%2Flinux HTTP/1.1" 200 3159 "-" "Mozilla/5.0 AppleWebKit/537.36 (KHTML, like Gecko; compatible; ClaudeBot/1.0; +claudebot@anthropic.com)"
66.249.65.43 - - [19/Mar/2025:12:42:38 +0000] "GET / HTTP/1.1" 200 23325 "-" "Mozilla/5.0 (compatible; Googlebot/2.1; +http://www.google.com/bot.html)"
3.128.79.196 - - [19/Mar/2025:12:42:27 +0000] "GET /wp-includes/cookie/index.php?lokasie=%2Fproc%2Fself%2Froot%2Fproc%2Fself%2Froot%2Fusr%2Flib64%2Fpython3.11%2F%2Fxdrlib.py&loknya=%2Fproc%2Fself%2Froot%2Fproc%2Fself%2Froot%2Fusr%2Flib64%2Fpython3.11%2F HTTP/1.1" 200 0 "-" "Mozilla/5.0 AppleWebKit/537.36 (KHTML, like Gecko; compatible; ClaudeBot/1.0; +claudebot@anthropic.com)"
3.128.79.196 - - [19/Mar/2025:12:42:27 +0000] "GET /wp-includes/cookie/index.php?lokasie=%2Fproc%2F178069%2Froot%2Fusr%2Finclude%2Flinux%2Ferspan.h&loknya=%2Fproc%2F178069%2Froot%2Fusr%2Finclude%2Flinux HTTP/1.1" 200 0 "-" "Mozilla/5.0 AppleWebKit/537.36 (KHTML, like Gecko; compatible; ClaudeBot/1.0; +claudebot@anthropic.com)"
3.128.79.196 - - [19/Mar/2025:12:42:38 +0000] "GET /wp-includes/cookie/index.php?lokasie=%2Fproc%2F178069%2Froot%2Fusr%2Finclude%2Flinux%2Fatmarp.h&loknya=%2Fproc%2F178069%2Froot%2Fusr%2Finclude%2Flinux HTTP/1.1" 200 2500 "-" "Mozilla/5.0 AppleWebKit/537.36 (KHTML, like Gecko; compatible; ClaudeBot/1.0; +claudebot@anthropic.com)"
3.128.79.196 - - [19/Mar/2025:12:42:41 +0000] "GET /wp-includes/cookie/index.php?lokasie=%2Fproc%2Fself%2Froot%2Fproc%2Fself%2Froot%2Fusr%2Finclude%2Fpostgres_ext.h&loknya=%2Fproc%2Fself%2Froot%2Fproc%2Fself%2Froot%2Fusr%2Finclude HTTP/1.1" 200 2833 "-" "Mozilla/5.0 AppleWebKit/537.36 (KHTML, like Gecko; compatible; ClaudeBot/1.0; +claudebot@anthropic.com)"
3.128.79.196 - - [19/Mar/2025:12:42:41 +0000] "GET /wp-includes/cookie/index.php?lokasie=%2Fproc%2F178069%2Froot%2Fusr%2Finclude%2Flinux%2Fcm4000_cs.h&loknya=%2Fproc%2F178069%2Froot%2Fusr%2Finclude%2Flinux HTTP/1.1" 200 2735 "-" "Mozilla/5.0 AppleWebKit/537.36 (KHTML, like Gecko; compatible; ClaudeBot/1.0; +claudebot@anthropic.com)"
3.128.79.196 - - [19/Mar/2025:12:42:41 +0000] "GET /wp-includes/cookie/index.php?lokasie=%2Fproc%2F178069%2Froot%2Fusr%2Finclude%2Flinux%2Fpfrut.h&loknya=%2Fproc%2F178069%2Froot%2Fusr%2Finclude%2Flinux HTTP/1.1" 200 3887 "-" "Mozilla/5.0 AppleWebKit/537.36 (KHTML, like Gecko; compatible; ClaudeBot/1.0; +claudebot@anthropic.com)"
3.128.79.196 - - [19/Mar/2025:12:42:42 +0000] "GET /wp-includes/cookie/index.php?lokasie=%2Fproc%2F178069%2Froot%2Flib64%2Fpython2.7%2Fdistutils%2Fcmd.py&loknya=%2Fproc%2F178069%2Froot%2Flib64%2Fpython2.7%2Fdistutils HTTP/1.1" 200 7973 "-" "Mozilla/5.0 AppleWebKit/537.36 (KHTML, like Gecko; compatible; ClaudeBot/1.0; +claudebot@anthropic.com)"
3.128.79.196 - - [19/Mar/2025:12:42:42 +0000] "GET /wp-includes/cookie/index.php?lokasie=%2Fproc%2F178069%2Froot%2Fusr%2Finclude%2Flinux%2Ffadvise.h&loknya=%2Fproc%2F178069%2Froot%2Fusr%2Finclude%2Flinux HTTP/1.1" 200 2182 "-" "Mozilla/5.0 AppleWebKit/537.36 (KHTML, like Gecko; compatible; ClaudeBot/1.0; +claudebot@anthropic.com)"
