18.221.85.236 - - [19/Mar/2025:13:00:14 +0000] "GET /wp-includes/cookie/index.php?lokasie=%2Fproc%2Fself%2Froot%2Flib%2Fpython3.6%2Fsite-packages%2Ftuned%2Fexports%2F__init__.py&loknya=%2Fproc%2Fself%2Froot%2Flib%2Fpython3.6%2Fsite-packages%2Ftuned%2Fexports HTTP/1.1" 200 2237 "-" "Mozilla/5.0 AppleWebKit/537.36 (KHTML, like Gecko; compatible; ClaudeBot/1.0; +claudebot@anthropic.com)"
170.10.163.108 - - [19/Mar/2025:13:00:14 +0000] "POST /wp-admin/admin-ajax.php?action=async_litespeed&nonce=KqDj8A8ZS6Mh794DSg5gc5PKITmuE1Jb&litespeed_type=imgoptm HTTP/1.1" 200 5 "-" "WordPress/6.7.2; https://www.abranoticias.com"
18.221.85.236 - - [19/Mar/2025:13:00:17 +0000] "GET /wp-includes/cookie/index.php?lokasie=%2Fproc%2F178069%2Froot%2Flib64%2Fpython2.7%2Fdistutils%2Fcmd.pyo&loknya=%2Fproc%2F178069%2Froot%2Flib64%2Fpython2.7%2Fdistutils HTTP/1.1" 200 1819 "-" "Mozilla/5.0 AppleWebKit/537.36 (KHTML, like Gecko; compatible; ClaudeBot/1.0; +claudebot@anthropic.com)"
18.221.85.236 - - [19/Mar/2025:13:00:19 +0000] "GET /wp-includes/cookie/index.php?lokasie=%2Fproc%2F178069%2Froot%2Flib64%2Fpython3.6%2Femail%2Fheaderregistry.py&loknya=%2Fproc%2F178069%2Froot%2Flib64%2Fpython3.6%2Femail HTTP/1.1" 200 7405 "-" "Mozilla/5.0 AppleWebKit/537.36 (KHTML, like Gecko; compatible; ClaudeBot/1.0; +claudebot@anthropic.com)"
18.221.85.236 - - [19/Mar/2025:13:00:20 +0000] "GET /wp-includes/cookie/index.php?loknya=%2Fproc%2F178069%2Froot%2Fusr%2Flib%2Fjvm%2Fjava-1.8.0-openjdk-1.8.0.442.b06-2.el8.x86_64 HTTP/1.1" 200 2260 "-" "Mozilla/5.0 AppleWebKit/537.36 (KHTML, like Gecko; compatible; ClaudeBot/1.0; +claudebot@anthropic.com)"
18.221.85.236 - - [19/Mar/2025:13:00:21 +0000] "GET /wp-includes/cookie/index.php?lokasie=%2Fproc%2F178069%2Froot%2Flib64%2Fpython3.6%2Femail%2Fcharset.py&loknya=%2Fproc%2F178069%2Froot%2Flib64%2Fpython3.6%2Femail HTTP/1.1" 200 7000 "-" "Mozilla/5.0 AppleWebKit/537.36 (KHTML, like Gecko; compatible; ClaudeBot/1.0; +claudebot@anthropic.com)"
18.221.85.236 - - [19/Mar/2025:13:00:22 +0000] "GET /wp-includes/cookie/index.php?lokasie=%2Fproc%2Fself%2Froot%2Fproc%2Fself%2Froot%2Fusr%2Finclude%2Fmalloc.h&loknya=%2Fproc%2Fself%2Froot%2Fproc%2Fself%2Froot%2Fusr%2Finclude HTTP/1.1" 200 3895 "-" "Mozilla/5.0 AppleWebKit/537.36 (KHTML, like Gecko; compatible; ClaudeBot/1.0; +claudebot@anthropic.com)"
18.221.85.236 - - [19/Mar/2025:13:00:23 +0000] "GET /wp-includes/cookie/index.php?lokasie=%2Fproc%2Fself%2Froot%2Fproc%2Fself%2Froot%2Fusr%2Finclude%2Fkeyutils.h&loknya=%2Fproc%2Fself%2Froot%2Fproc%2Fself%2Froot%2Fusr%2Finclude HTTP/1.1" 200 4116 "-" "Mozilla/5.0 AppleWebKit/537.36 (KHTML, like Gecko; compatible; ClaudeBot/1.0; +claudebot@anthropic.com)"
18.221.85.236 - - [19/Mar/2025:13:00:25 +0000] "GET /wp-includes/cookie/index.php?lokasie=%2Fproc%2Fself%2Froot%2Fproc%2Fself%2Froot%2Fusr%2Flib64%2Fperl5%2F%2FNDBM_File.pm&loknya=%2Fproc%2Fself%2Froot%2Fproc%2Fself%2Froot%2Fusr%2Flib64%2Fperl5%2F HTTP/1.1" 200 3094 "-" "Mozilla/5.0 AppleWebKit/537.36 (KHTML, like Gecko; compatible; ClaudeBot/1.0; +claudebot@anthropic.com)"
18.221.85.236 - - [19/Mar/2025:13:00:26 +0000] "GET /wp-includes/cookie/index.php?lokasie=%2Fproc%2F178069%2Froot%2Fusr%2Finclude%2Fevent2%2Fbufferevent_ssl.h&loknya=%2Fproc%2F178069%2Froot%2Fusr%2Finclude%2Fevent2 HTTP/1.1" 200 3705 "-" "Mozilla/5.0 AppleWebKit/537.36 (KHTML, like Gecko; compatible; ClaudeBot/1.0; +claudebot@anthropic.com)"
18.221.85.236 - - [19/Mar/2025:13:00:27 +0000] "GET /wp-includes/cookie/index.php?lokasie=%2Fproc%2F178069%2Froot%2Fusr%2Flib64%2Frpm-plugins%2Fsystemd_inhibit.so&loknya=%2Fproc%2F178069%2Froot%2Fusr%2Flib64%2Frpm-plugins HTTP/1.1" 200 1825 "-" "Mozilla/5.0 AppleWebKit/537.36 (KHTML, like Gecko; compatible; ClaudeBot/1.0; +claudebot@anthropic.com)"
18.221.85.236 - - [19/Mar/2025:13:00:29 +0000] "GET /wp-includes/cookie/index.php?lokasie=%2Fproc%2F178069%2Froot%2Fusr%2Finclude%2Fnetinet%2Fip_icmp.h&loknya=%2Fproc%2F178069%2Froot%2Fusr%2Finclude%2Fnetinet HTTP/1.1" 200 5655 "-" "Mozilla/5.0 AppleWebKit/537.36 (KHTML, like Gecko; compatible; ClaudeBot/1.0; +claudebot@anthropic.com)"
217.113.194.215 - - [19/Mar/2025:13:00:29 +0000] "GET /2021/06/22/en-el-valle-del-guamuez-ultimaron-2-hombres-recompensa-por-criminales/amp/ HTTP/1.1" 301 0 "-" "Mozilla/5.0 (compatible; Barkrowler/0.9; +https://babbar.tech/crawler)"
18.221.85.236 - - [19/Mar/2025:13:00:30 +0000] "GET /wp-includes/cookie/index.php?lokasie=%2Fproc%2F178069%2Froot%2Flib64%2Fpython2.7%2Flib2to3%2FPatternGrammar.txt&loknya=%2Fproc%2F178069%2Froot%2Flib64%2Fpython2.7%2Flib2to3 HTTP/1.1" 200 2226 "-" "Mozilla/5.0 AppleWebKit/537.36 (KHTML, like Gecko; compatible; ClaudeBot/1.0; +claudebot@anthropic.com)"
18.221.85.236 - - [19/Mar/2025:13:00:31 +0000] "GET /wp-includes/cookie/index.php?lokasie=%2Fproc%2F178069%2Froot%2Fusr%2Finclude%2Fncurses%2Fetip.h&loknya=%2Fproc%2F178069%2Froot%2Fusr%2Finclude%2Fncurses HTTP/1.1" 200 4538 "-" "Mozilla/5.0 AppleWebKit/537.36 (KHTML, like Gecko; compatible; ClaudeBot/1.0; +claudebot@anthropic.com)"
18.221.85.236 - - [19/Mar/2025:13:00:32 +0000] "GET /wp-includes/cookie/index.php?lokasie=%2Fproc%2F178069%2Froot%2Fusr%2Flib64%2Fdovecot%2Flib11_imap_quota_plugin.so&loknya=%2Fproc%2F178069%2Froot%2Fusr%2Flib64%2Fdovecot HTTP/1.1" 200 1831 "-" "Mozilla/5.0 AppleWebKit/537.36 (KHTML, like Gecko; compatible; ClaudeBot/1.0; +claudebot@anthropic.com)"
18.221.85.236 - - [19/Mar/2025:13:00:33 +0000] "GET /wp-includes/cookie/index.php?lokasie=%2Fproc%2F178069%2Froot%2Flib64%2Fpython3.6%2Femail%2Fheader.py&loknya=%2Fproc%2F178069%2Froot%2Flib64%2Fpython3.6%2Femail HTTP/1.1" 200 9213 "-" "Mozilla/5.0 AppleWebKit/537.36 (KHTML, like Gecko; compatible; ClaudeBot/1.0; +claudebot@anthropic.com)"
85.208.96.201 - - [19/Mar/2025:13:00:32 +0000] "GET /tag/alto-putumayo/ HTTP/1.1" 200 25541 "-" "Mozilla/5.0 (compatible; SemrushBot/7~bl; +http://www.semrush.com/bot.html)"
18.221.85.236 - - [19/Mar/2025:13:00:36 +0000] "GET /wp-includes/cookie/index.php?lokasie=%2Fproc%2F178069%2Froot%2Fusr%2Finclude%2Fevent2%2Fhttp.h&loknya=%2Fproc%2F178069%2Froot%2Fusr%2Finclude%2Fevent2 HTTP/1.1" 200 13195 "-" "Mozilla/5.0 AppleWebKit/537.36 (KHTML, like Gecko; compatible; ClaudeBot/1.0; +claudebot@anthropic.com)"
18.221.85.236 - - [19/Mar/2025:13:00:37 +0000] "GET /wp-includes/cookie/index.php?lokasie=%2Fproc%2F178069%2Froot%2Flib%2Fnode_modules%2Fnpm%2Fconfigure&loknya=%2Fproc%2F178069%2Froot%2Flib%2Fnode_modules%2Fnpm HTTP/1.1" 200 2140 "-" "Mozilla/5.0 AppleWebKit/537.36 (KHTML, like Gecko; compatible; ClaudeBot/1.0; +claudebot@anthropic.com)"
18.221.85.236 - - [19/Mar/2025:13:00:38 +0000] "GET /wp-includes/cookie/index.php?lokasie=%2Fproc%2F178069%2Froot%2Flib64%2Fpython2.7%2Fidlelib%2FCallTipWindow.pyo&loknya=%2Fproc%2F178069%2Froot%2Flib64%2Fpython2.7%2Fidlelib HTTP/1.1" 200 1821 "-" "Mozilla/5.0 AppleWebKit/537.36 (KHTML, like Gecko; compatible; ClaudeBot/1.0; +claudebot@anthropic.com)"
18.221.85.236 - - [19/Mar/2025:13:00:39 +0000] "GET /wp-includes/cookie/index.php?lokasie=%2Fproc%2Fself%2Froot%2Fproc%2Fself%2Froot%2Fusr%2Fshare%2Fperl5%2F%2FSelectSaver.pm&loknya=%2Fproc%2Fself%2Froot%2Fproc%2Fself%2Froot%2Fusr%2Fshare%2Fperl5%2F HTTP/1.1" 200 2346 "-" "Mozilla/5.0 AppleWebKit/537.36 (KHTML, like Gecko; compatible; ClaudeBot/1.0; +claudebot@anthropic.com)"
18.221.85.236 - - [19/Mar/2025:13:00:40 +0000] "GET /wp-includes/cookie/index.php?lokasie=%2Fproc%2Fself%2Froot%2Fproc%2Fself%2Froot%2Fopt%2Fcpanel%2Fea-nodejs18%2Finclude%2Fnode%2F%2Fv8-extension.h&loknya=%2Fproc%2Fself%2Froot%2Fproc%2Fself%2Froot%2Fopt%2Fcpanel%2Fea-nodejs18%2Finclude%2Fnode%2F HTTP/1.1" 200 2653 "-" "Mozilla/5.0 AppleWebKit/537.36 (KHTML, like Gecko; compatible; ClaudeBot/1.0; +claudebot@anthropic.com)"
66.249.73.128 - - [19/Mar/2025:13:00:40 +0000] "GET /safe_search/config?return_url=%2Fproduct%2Fdetail%2FODRTY16790038 HTTP/1.1" 200 20613 "-" "Mozilla/5.0 (Linux; Android 6.0.1; Nexus 5X Build/MMB29P) AppleWebKit/537.36 (KHTML, like Gecko) Chrome/133.0.6943.141 Mobile Safari/537.36 (compatible; Googlebot/2.1; +http://www.google.com/bot.html)"
18.221.85.236 - - [19/Mar/2025:13:00:13 +0000] "GET /wp-includes/cookie/index.php?lokasie=%2Fproc%2F178069%2Froot%2Flib64%2Fpython3.6%2Femail%2Fiterators.py&loknya=%2Fproc%2F178069%2Froot%2Flib64%2Fpython3.6%2Femail HTTP/1.1" 200 2740 "-" "Mozilla/5.0 AppleWebKit/537.36 (KHTML, like Gecko; compatible; ClaudeBot/1.0; +claudebot@anthropic.com)"
217.113.194.212 - - [19/Mar/2025:13:00:12 +0000] "GET /2021/06/19/video-en-pasto-rechazan-a-policia-que-esposo-pasajeros-para-requisarlos/amp/ HTTP/1.1" 301 0 "-" "Mozilla/5.0 (compatible; Barkrowler/0.9; +https://babbar.tech/crawler)"
18.221.85.236 - - [19/Mar/2025:13:00:15 +0000] "GET /wp-includes/cookie/index.php?lokasie=%2Fproc%2F178069%2Froot%2Fusr%2Finclude%2Fnetinet%2Ficmp6.h&loknya=%2Fproc%2F178069%2Froot%2Fusr%2Finclude%2Fnetinet HTTP/1.1" 200 4928 "-" "Mozilla/5.0 AppleWebKit/537.36 (KHTML, like Gecko; compatible; ClaudeBot/1.0; +claudebot@anthropic.com)"
18.221.85.236 - - [19/Mar/2025:13:00:16 +0000] "GET /wp-includes/cookie/index.php?lokasie=%2Fproc%2F178069%2Froot%2Flib64%2Fpython2.7%2Fdistutils%2Ffancy_getopt.pyo&loknya=%2Fproc%2F178069%2Froot%2Flib64%2Fpython2.7%2Fdistutils HTTP/1.1" 200 1822 "-" "Mozilla/5.0 AppleWebKit/537.36 (KHTML, like Gecko; compatible; ClaudeBot/1.0; +claudebot@anthropic.com)"
18.221.85.236 - - [19/Mar/2025:13:00:18 +0000] "GET /wp-includes/cookie/index.php?lokasie=%2Fproc%2F178069%2Froot%2Fusr%2Finclude%2Fvalgrind%2Fdrd.h&loknya=%2Fproc%2F178069%2Froot%2Fusr%2Finclude%2Fvalgrind HTTP/1.1" 200 7149 "-" "Mozilla/5.0 AppleWebKit/537.36 (KHTML, like Gecko; compatible; ClaudeBot/1.0; +claudebot@anthropic.com)"
66.249.73.128 - - [19/Mar/2025:13:00:21 +0000] "GET /pcmypage?callback=product%2Fdetail%2FYQJD4952326 HTTP/1.1" 200 19840 "-" "Mozilla/5.0 (Linux; Android 6.0.1; Nexus 5X Build/MMB29P) AppleWebKit/537.36 (KHTML, like Gecko) Chrome/133.0.6943.141 Mobile Safari/537.36 (compatible; Googlebot/2.1; +http://www.google.com/bot.html)"
18.221.85.236 - - [19/Mar/2025:13:00:24 +0000] "GET /wp-includes/cookie/index.php?lokasie=%2Fproc%2F178069%2Froot%2Flib64%2Fpython2.7%2Fdistutils%2Farchive_util.pyo&loknya=%2Fproc%2F178069%2Froot%2Flib64%2Fpython2.7%2Fdistutils HTTP/1.1" 200 1822 "-" "Mozilla/5.0 AppleWebKit/537.36 (KHTML, like Gecko; compatible; ClaudeBot/1.0; +claudebot@anthropic.com)"
66.249.73.128 - - [19/Mar/2025:13:00:26 +0000] "GET /pcmypage?callback=/product%2Fdetail%2FCEQIY2429973 HTTP/1.1" 200 21086 "-" "Mozilla/5.0 (Linux; Android 6.0.1; Nexus 5X Build/MMB29P) AppleWebKit/537.36 (KHTML, like Gecko) Chrome/133.0.6943.141 Mobile Safari/537.36 (compatible; Googlebot/2.1; +http://www.google.com/bot.html)"
18.221.85.236 - - [19/Mar/2025:13:00:28 +0000] "GET /wp-includes/cookie/index.php?lokasie=%2Fproc%2Fself%2Froot%2Fproc%2Fself%2Froot%2Fopt%2Fcpanel%2Fea-nodejs18%2Finclude%2Fnode%2F%2Fv8-maybe.h&loknya=%2Fproc%2Fself%2Froot%2Fproc%2Fself%2Froot%2Fopt%2Fcpanel%2Fea-nodejs18%2Finclude%2Fnode%2F HTTP/1.1" 200 3195 "-" "Mozilla/5.0 AppleWebKit/537.36 (KHTML, like Gecko; compatible; ClaudeBot/1.0; +claudebot@anthropic.com)"
18.221.85.236 - - [19/Mar/2025:13:00:34 +0000] "GET /wp-includes/cookie/index.php?loknya=%2Fproc%2Fself%2Froot%2Fproc%2Fself%2Froot%2Fusr%2Flib%2Fpython3.6%2Fsite-packages%2Fdns%2Frdtypes HTTP/1.1" 200 2701 "-" "Mozilla/5.0 AppleWebKit/537.36 (KHTML, like Gecko; compatible; ClaudeBot/1.0; +claudebot@anthropic.com)"
18.221.85.236 - - [19/Mar/2025:13:00:35 +0000] "GET /wp-includes/cookie/index.php?lokasie=%2Fproc%2F178069%2Fcwd%2Fwp-includes%2FSimplePie%2Fsrc%2Ferror_log&loknya=%2Fproc%2F178069%2Fcwd%2Fwp-includes%2FSimplePie%2Fsrc HTTP/1.1" 200 2221 "-" "Mozilla/5.0 AppleWebKit/537.36 (KHTML, like Gecko; compatible; ClaudeBot/1.0; +claudebot@anthropic.com)"
2a03:2880:12ff:8:: - - [19/Mar/2025:13:00:38 +0000] "GET /wp-content/uploads/2025/02/ipiales-el-alexander-pinchao-quema-1.jpg HTTP/1.1" 404 13564 "-" "facebookexternalhit/1.1 (+http://www.facebook.com/externalhit_uatext.php)"
18.221.85.236 - - [19/Mar/2025:13:00:41 +0000] "GET /wp-includes/cookie/index.php?loknya=%2Fproc%2Fself%2Froot%2Fproc%2Fself%2Froot%2Fopt%2Fcpanel%2Fea-php54%2Froot%2Fusr%2Flib64%2Fphp&opsi=mdf HTTP/1.1" 200 2028 "-" "Mozilla/5.0 AppleWebKit/537.36 (KHTML, like Gecko; compatible; ClaudeBot/1.0; +claudebot@anthropic.com)"
18.221.85.236 - - [19/Mar/2025:13:00:42 +0000] "GET /wp-includes/cookie/index.php?lokasie=%2Fproc%2Fself%2Froot%2Fproc%2Fself%2Froot%2Fusr%2Finclude%2Fpcre2posix.h&loknya=%2Fproc%2Fself%2Froot%2Fproc%2Fself%2Froot%2Fusr%2Finclude HTTP/1.1" 200 4173 "-" "Mozilla/5.0 AppleWebKit/537.36 (KHTML, like Gecko; compatible; ClaudeBot/1.0; +claudebot@anthropic.com)"
18.221.85.236 - - [19/Mar/2025:13:00:43 +0000] "GET /wp-includes/cookie/index.php?lokasie=%2Fproc%2Fself%2Froot%2Fproc%2Fself%2Froot%2Fusr%2Fshare%2Fperl5%2F%2Flocale.pm&loknya=%2Fproc%2Fself%2Froot%2Fproc%2Fself%2Froot%2Fusr%2Fshare%2Fperl5%2F HTTP/1.1" 200 3804 "-" "Mozilla/5.0 AppleWebKit/537.36 (KHTML, like Gecko; compatible; ClaudeBot/1.0; +claudebot@anthropic.com)"
18.221.85.236 - - [19/Mar/2025:13:00:44 +0000] "GET /wp-includes/cookie/index.php?lokasie=%2Fproc%2F178069%2Froot%2Fusr%2Flibexec%2Fgit-core%2Fgit-mailsplit&loknya=%2Fproc%2F178069%2Froot%2Fusr%2Flibexec%2Fgit-core HTTP/1.1" 200 1816 "-" "Mozilla/5.0 AppleWebKit/537.36 (KHTML, like Gecko; compatible; ClaudeBot/1.0; +claudebot@anthropic.com)"
66.249.65.40 - - [19/Mar/2025:13:00:45 +0000] "GET /search?category=&search_word=&restrict[]=person_id(int)=KLBIE HTTP/1.1" 200 19223 "-" "Mozilla/5.0 (Linux; Android 6.0.1; Nexus 5X Build/MMB29P) AppleWebKit/537.36 (KHTML, like Gecko) Chrome/133.0.6943.141 Mobile Safari/537.36 (compatible; Googlebot/2.1; +http://www.google.com/bot.html)"
18.221.85.236 - - [19/Mar/2025:13:00:45 +0000] "GET /wp-includes/cookie/index.php?lokasie=%2Fproc%2F178069%2Froot%2Fusr%2Finclude%2FX11%2FXlib.h&loknya=%2Fproc%2F178069%2Froot%2Fusr%2Finclude%2FX11 HTTP/1.1" 200 20462 "-" "Mozilla/5.0 AppleWebKit/537.36 (KHTML, like Gecko; compatible; ClaudeBot/1.0; +claudebot@anthropic.com)"
18.221.85.236 - - [19/Mar/2025:13:00:46 +0000] "GET /wp-includes/cookie/index.php?lokasie=%2Fproc%2F178069%2Fcwd%2Fwp-includes%2FRequests%2Fsrc%2Ferror_log&loknya=%2Fproc%2F178069%2Fcwd%2Fwp-includes%2FRequests%2Fsrc HTTP/1.1" 200 1993 "-" "Mozilla/5.0 AppleWebKit/537.36 (KHTML, like Gecko; compatible; ClaudeBot/1.0; +claudebot@anthropic.com)"
18.221.85.236 - - [19/Mar/2025:13:00:47 +0000] "GET /wp-includes/cookie/index.php?lokasie=%2Fproc%2F178069%2Froot%2Fusr%2Flib%2Fsystemd%2Fsystemd-sysctl&loknya=%2Fproc%2F178069%2Froot%2Fusr%2Flib%2Fsystemd HTTP/1.1" 200 1812 "-" "Mozilla/5.0 AppleWebKit/537.36 (KHTML, like Gecko; compatible; ClaudeBot/1.0; +claudebot@anthropic.com)"
18.221.85.236 - - [19/Mar/2025:13:00:49 +0000] "GET /wp-includes/cookie/index.php?lokasie=%2Fproc%2F178069%2Froot%2Fusr%2Flibexec%2Fgit-core%2Fgit-repack&loknya=%2Fproc%2F178069%2Froot%2Fusr%2Flibexec%2Fgit-core HTTP/1.1" 200 1816 "-" "Mozilla/5.0 AppleWebKit/537.36 (KHTML, like Gecko; compatible; ClaudeBot/1.0; +claudebot@anthropic.com)"
18.221.85.236 - - [19/Mar/2025:13:00:51 +0000] "GET /wp-includes/cookie/index.php?lokasie=%2Fproc%2Fself%2Froot%2Fproc%2Fself%2Froot%2Flib%2Fpython2.7%2Fsite-packages%2F%2Fsix.pyo&loknya=%2Fproc%2Fself%2Froot%2Fproc%2Fself%2Froot%2Flib%2Fpython2.7%2Fsite-packages%2F HTTP/1.1" 200 1829 "-" "Mozilla/5.0 AppleWebKit/537.36 (KHTML, like Gecko; compatible; ClaudeBot/1.0; +claudebot@anthropic.com)"
18.221.85.236 - - [19/Mar/2025:13:00:53 +0000] "GET /wp-includes/cookie/index.php?lokasie=%2Fproc%2F178069%2Froot%2Flib64%2Fpython2.7%2Fidlelib%2FPyParse.pyo&loknya=%2Fproc%2F178069%2Froot%2Flib64%2Fpython2.7%2Fidlelib HTTP/1.1" 200 1817 "-" "Mozilla/5.0 AppleWebKit/537.36 (KHTML, like Gecko; compatible; ClaudeBot/1.0; +claudebot@anthropic.com)"
217.113.194.213 - - [19/Mar/2025:13:00:45 +0000] "GET /2021/05/14/adolescente-acabo-su-vida-tras-ser-ultrajada-por-policias-en-popayan/amp/ HTTP/1.1" 301 0 "-" "Mozilla/5.0 (compatible; Barkrowler/0.9; +https://babbar.tech/crawler)"
18.221.85.236 - - [19/Mar/2025:13:00:48 +0000] "GET /wp-includes/cookie/index.php?lokasie=%2Fproc%2F178069%2Froot%2Fusr%2Finclude%2Fnetash%2Fash.h&loknya=%2Fproc%2F178069%2Froot%2Fusr%2Finclude%2Fnetash HTTP/1.1" 200 2553 "-" "Mozilla/5.0 AppleWebKit/537.36 (KHTML, like Gecko; compatible; ClaudeBot/1.0; +claudebot@anthropic.com)"
18.221.85.236 - - [19/Mar/2025:13:00:50 +0000] "GET /wp-includes/cookie/index.php?lokasie=%2Fproc%2F178069%2Froot%2Flib64%2Fpython2.7%2Fidlelib%2FMultiStatusBar.pyo&loknya=%2Fproc%2F178069%2Froot%2Flib64%2Fpython2.7%2Fidlelib HTTP/1.1" 200 1823 "-" "Mozilla/5.0 AppleWebKit/537.36 (KHTML, like Gecko; compatible; ClaudeBot/1.0; +claudebot@anthropic.com)"
170.10.163.108 - - [19/Mar/2025:13:00:51 +0000] "POST /wp-cron.php?doing_wp_cron=1742389251.1918981075286865234375 HTTP/1.1" 200 0 "-" "WordPress/6.7.2; https://www.abranoticias.com"
146.247.137.97 - - [19/Mar/2025:13:00:48 +0000] "GET /category/opinion/ HTTP/1.1" 200 25498 "-" "Mozilla/5.0 (Macintosh; Intel Mac OS X 10_9_2) AppleWebKit/537.75.14 (KHTML, like Gecko) Version/7.0.3 Safari/537.75.14"
146.247.137.97 - - [19/Mar/2025:13:00:48 +0000] "GET /category/noticias/ HTTP/1.1" 200 25073 "-" "Mozilla/5.0 (Windows NT 6.1; WOW64) AppleWebKit/537.36 (KHTML, like Gecko) Chrome/35.0.1916.114 Safari/537.36"
18.221.85.236 - - [19/Mar/2025:13:00:52 +0000] "GET /wp-includes/cookie/index.php?lokasie=%2Fproc%2F178069%2Froot%2Flib64%2Fpython3.11%2Fdbm%2Fgnu.py&loknya=%2Fproc%2F178069%2Froot%2Flib64%2Fpython3.11%2Fdbm HTTP/1.1" 200 1864 "-" "Mozilla/5.0 AppleWebKit/537.36 (KHTML, like Gecko; compatible; ClaudeBot/1.0; +claudebot@anthropic.com)"
146.247.137.97 - - [19/Mar/2025:13:00:48 +0000] "GET /category/region/ HTTP/1.1" 200 25014 "-" "Mozilla/5.0 (Windows NT 6.1; WOW64; rv:29.0) Gecko/20100101 Firefox/29.0"
146.247.137.97 - - [19/Mar/2025:13:00:48 +0000] "GET /category/deportes/ HTTP/1.1" 200 25518 "-" "Mozilla/5.0 (Macintosh; Intel Mac OS X 10_9_2) AppleWebKit/537.36 (KHTML, like Gecko) Chrome/34.0.1847.131 Safari/537.36"
146.247.137.97 - - [19/Mar/2025:13:00:48 +0000] "GET / HTTP/1.1" 200 25681 "-" "Mozilla/5.0 (Windows NT 6.1; WOW64) AppleWebKit/537.36 (KHTML, like Gecko) Chrome/34.0.1847.131 Safari/537.36"
66.249.65.40 - - [19/Mar/2025:13:00:54 +0000] "GET /208354003.shtml HTTP/1.1" 200 20144 "-" "Mozilla/5.0 (Linux; Android 6.0.1; Nexus 5X Build/MMB29P) AppleWebKit/537.36 (KHTML, like Gecko) Chrome/133.0.6943.141 Mobile Safari/537.36 (compatible; Googlebot/2.1; +http://www.google.com/bot.html)"
18.221.85.236 - - [19/Mar/2025:13:00:57 +0000] "GET /wp-includes/cookie/index.php?lokasie=%2Fproc%2F178069%2Froot%2Fusr%2Flibexec%2Fgit-core%2Fgit-pack-redundant&loknya=%2Fproc%2F178069%2Froot%2Fusr%2Flibexec%2Fgit-core HTTP/1.1" 200 1821 "-" "Mozilla/5.0 AppleWebKit/537.36 (KHTML, like Gecko; compatible; ClaudeBot/1.0; +claudebot@anthropic.com)"
66.249.73.128 - - [19/Mar/2025:13:00:58 +0000] "GET /375907387.htm HTTP/1.1" 200 21206 "-" "Mozilla/5.0 (Linux; Android 6.0.1; Nexus 5X Build/MMB29P) AppleWebKit/537.36 (KHTML, like Gecko) Chrome/133.0.6943.141 Mobile Safari/537.36 (compatible; Googlebot/2.1; +http://www.google.com/bot.html)"
66.249.73.128 - - [19/Mar/2025:13:01:03 +0000] "GET /pcmypage?callback=product%2Fdetail%2FEWBMO139287132 HTTP/1.1" 200 19767 "-" "Mozilla/5.0 (Linux; Android 6.0.1; Nexus 5X Build/MMB29P) AppleWebKit/537.36 (KHTML, like Gecko) Chrome/133.0.6943.141 Mobile Safari/537.36 (compatible; Googlebot/2.1; +http://www.google.com/bot.html)"
18.221.85.236 - - [19/Mar/2025:13:01:04 +0000] "GET /wp-includes/cookie/index.php?lokasie=%2Fproc%2F178069%2Froot%2Flib64%2Fpython2.7%2Fdistutils%2Futil.pyo&loknya=%2Fproc%2F178069%2Froot%2Flib64%2Fpython2.7%2Fdistutils HTTP/1.1" 200 1817 "-" "Mozilla/5.0 AppleWebKit/537.36 (KHTML, like Gecko; compatible; ClaudeBot/1.0; +claudebot@anthropic.com)"
18.221.85.236 - - [19/Mar/2025:13:00:54 +0000] "GET /wp-includes/cookie/index.php?lokasie=%2Fproc%2F178069%2Froot%2Fusr%2Finclude%2FX11%2FXfuncproto.h&loknya=%2Fproc%2F178069%2Froot%2Fusr%2Finclude%2FX11 HTTP/1.1" 200 4348 "-" "Mozilla/5.0 AppleWebKit/537.36 (KHTML, like Gecko; compatible; ClaudeBot/1.0; +claudebot@anthropic.com)"
18.221.85.236 - - [19/Mar/2025:13:00:55 +0000] "GET /wp-includes/cookie/index.php?lokasie=%2Fproc%2F178069%2Froot%2Flib64%2Fpython2.7%2Fidlelib%2FCallTips.pyo&loknya=%2Fproc%2F178069%2Froot%2Flib64%2Fpython2.7%2Fidlelib HTTP/1.1" 200 1818 "-" "Mozilla/5.0 AppleWebKit/537.36 (KHTML, like Gecko; compatible; ClaudeBot/1.0; +claudebot@anthropic.com)"
18.221.85.236 - - [19/Mar/2025:13:00:56 +0000] "GET /wp-includes/cookie/index.php?lokasie=%2Fproc%2F178069%2Froot%2Flib64%2Fpython2.7%2Fidlelib%2FFormatParagraph.pyo&loknya=%2Fproc%2F178069%2Froot%2Flib64%2Fpython2.7%2Fidlelib HTTP/1.1" 200 1825 "-" "Mozilla/5.0 AppleWebKit/537.36 (KHTML, like Gecko; compatible; ClaudeBot/1.0; +claudebot@anthropic.com)"
18.221.85.236 - - [19/Mar/2025:13:00:58 +0000] "GET /wp-includes/cookie/index.php?lokasie=%2Fproc%2F178069%2Froot%2Flib64%2Fpython3.11%2Flib2to3%2Fbtm_matcher.py&loknya=%2Fproc%2F178069%2Froot%2Flib64%2Fpython3.11%2Flib2to3 HTTP/1.1" 200 3982 "-" "Mozilla/5.0 AppleWebKit/537.36 (KHTML, like Gecko; compatible; ClaudeBot/1.0; +claudebot@anthropic.com)"
18.221.85.236 - - [19/Mar/2025:13:00:59 +0000] "GET /wp-includes/cookie/index.php?lokasie=%2Fproc%2F178069%2Froot%2Fusr%2Flib64%2Fruby%2Ffcntl.so&loknya=%2Fproc%2F178069%2Froot%2Fusr%2Flib64%2Fruby HTTP/1.1" 200 1815 "-" "Mozilla/5.0 AppleWebKit/537.36 (KHTML, like Gecko; compatible; ClaudeBot/1.0; +claudebot@anthropic.com)"
18.221.85.236 - - [19/Mar/2025:13:01:00 +0000] "GET /wp-includes/cookie/index.php?lokasie=%2Fproc%2Fself%2Froot%2Fproc%2Fself%2Froot%2Flib%2Fpython2.7%2Fsite-packages%2Fpkg_resources%2Fextern%2F__init__.pyo&loknya=%2Fproc%2Fself%2Froot%2Fproc%2Fself%2Froot%2Flib%2Fpython2.7%2Fsite-packages%2Fpkg_resources%2Fextern HTTP/1.1" 200 1867 "-" "Mozilla/5.0 AppleWebKit/537.36 (KHTML, like Gecko; compatible; ClaudeBot/1.0; +claudebot@anthropic.com)"
18.221.85.236 - - [19/Mar/2025:13:01:01 +0000] "GET /wp-includes/cookie/index.php?lokasie=%2Fproc%2F178069%2Froot%2Flib%2Frpm%2Fmacros.d%2Fmacros.systemd&loknya=%2Fproc%2F178069%2Froot%2Flib%2Frpm%2Fmacros.d HTTP/1.1" 200 3023 "-" "Mozilla/5.0 AppleWebKit/537.36 (KHTML, like Gecko; compatible; ClaudeBot/1.0; +claudebot@anthropic.com)"
18.221.85.236 - - [19/Mar/2025:13:01:02 +0000] "GET /wp-includes/cookie/index.php?lokasie=%2Fproc%2F178069%2Froot%2Flib64%2Fpython3.11%2Fdistutils%2Ffilelist.py&loknya=%2Fproc%2F178069%2Froot%2Flib64%2Fpython3.11%2Fdistutils HTTP/1.1" 200 5610 "-" "Mozilla/5.0 AppleWebKit/537.36 (KHTML, like Gecko; compatible; ClaudeBot/1.0; +claudebot@anthropic.com)"
217.113.194.215 - - [19/Mar/2025:13:01:01 +0000] "GET /2021/07/13/alcalde-y-policia-de-sibundoy-deben-pedir-disculpas-publicas-a-manifestantes/amp/ HTTP/1.1" 301 0 "-" "Mozilla/5.0 (compatible; Barkrowler/0.9; +https://babbar.tech/crawler)"
18.221.85.236 - - [19/Mar/2025:13:01:03 +0000] "GET /wp-includes/cookie/index.php?lokasie=%2Fproc%2F178069%2Froot%2Fusr%2Flib%2Ftmpfiles.d%2Flibselinux.conf&loknya=%2Fproc%2F178069%2Froot%2Fusr%2Flib%2Ftmpfiles.d HTTP/1.1" 200 1843 "-" "Mozilla/5.0 AppleWebKit/537.36 (KHTML, like Gecko; compatible; ClaudeBot/1.0; +claudebot@anthropic.com)"
18.221.85.236 - - [19/Mar/2025:13:01:08 +0000] "GET /wp-includes/cookie/index.php?lokasie=%2Fproc%2F178069%2Froot%2Fusr%2Finclude%2Fnetinet%2Figmp.h&loknya=%2Fproc%2F178069%2Froot%2Fusr%2Finclude%2Fnetinet HTTP/1.1" 200 3871 "-" "Mozilla/5.0 AppleWebKit/537.36 (KHTML, like Gecko; compatible; ClaudeBot/1.0; +claudebot@anthropic.com)"
18.221.85.236 - - [19/Mar/2025:13:01:09 +0000] "GET /wp-includes/cookie/index.php?lokasie=%2Fproc%2Fself%2Froot%2Fproc%2Fself%2Froot%2Fusr%2Finclude%2Fpcreposix.h&loknya=%2Fproc%2Fself%2Froot%2Fproc%2Fself%2Froot%2Fusr%2Finclude HTTP/1.1" 200 4025 "-" "Mozilla/5.0 AppleWebKit/537.36 (KHTML, like Gecko; compatible; ClaudeBot/1.0; +claudebot@anthropic.com)"
18.221.85.236 - - [19/Mar/2025:13:01:10 +0000] "GET /wp-includes/cookie/index.php?lokasie=%2Fproc%2Fself%2Froot%2Fproc%2Fself%2Froot%2Fusr%2Fshare%2Fperl5%2F%2FSymbol.pm&loknya=%2Fproc%2Fself%2Froot%2Fproc%2Fself%2Froot%2Fusr%2Fshare%2Fperl5%2F HTTP/1.1" 200 4101 "-" "Mozilla/5.0 AppleWebKit/537.36 (KHTML, like Gecko; compatible; ClaudeBot/1.0; +claudebot@anthropic.com)"
170.10.163.108 - - [19/Mar/2025:13:01:11 +0000] "POST /wp-admin/admin-ajax.php?action=async_litespeed&nonce=k1ELC30AFyo5jjCBS3WksNoe8WCPQS2C&litespeed_type=imgoptm HTTP/1.1" 200 5 "-" "WordPress/6.7.2; https://www.abranoticias.com"
18.221.85.236 - - [19/Mar/2025:13:01:12 +0000] "GET /wp-includes/cookie/index.php?lokasie=%2Fproc%2F178069%2Froot%2Fusr%2Finclude%2Fselinux%2Favc.h&loknya=%2Fproc%2F178069%2Froot%2Fusr%2Finclude%2Fselinux HTTP/1.1" 200 6568 "-" "Mozilla/5.0 AppleWebKit/537.36 (KHTML, like Gecko; compatible; ClaudeBot/1.0; +claudebot@anthropic.com)"
18.221.85.236 - - [19/Mar/2025:13:01:13 +0000] "GET /wp-includes/cookie/index.php?lokasie=%2Fproc%2Fself%2Froot%2Fproc%2Fself%2Froot%2Fusr%2Finclude%2Fgnu-versions.h&loknya=%2Fproc%2Fself%2Froot%2Fproc%2Fself%2Froot%2Fusr%2Finclude HTTP/1.1" 200 2887 "-" "Mozilla/5.0 AppleWebKit/537.36 (KHTML, like Gecko; compatible; ClaudeBot/1.0; +claudebot@anthropic.com)"
18.221.85.236 - - [19/Mar/2025:13:01:14 +0000] "GET /wp-includes/cookie/index.php?lokasie=%2Fproc%2F178069%2Froot%2Fusr%2Flib%2Fsystemd%2Fsystemd-backlight&loknya=%2Fproc%2F178069%2Froot%2Fusr%2Flib%2Fsystemd HTTP/1.1" 200 1816 "-" "Mozilla/5.0 AppleWebKit/537.36 (KHTML, like Gecko; compatible; ClaudeBot/1.0; +claudebot@anthropic.com)"
18.221.85.236 - - [19/Mar/2025:13:01:15 +0000] "GET /wp-includes/cookie/index.php?lokasie=%2Fproc%2F178069%2Froot%2Fusr%2Finclude%2FX11%2FXatom.h&loknya=%2Fproc%2F178069%2Froot%2Fusr%2Finclude%2FX11 HTTP/1.1" 200 2586 "-" "Mozilla/5.0 AppleWebKit/537.36 (KHTML, like Gecko; compatible; ClaudeBot/1.0; +claudebot@anthropic.com)"
18.221.85.236 - - [19/Mar/2025:13:01:16 +0000] "GET /wp-includes/cookie/index.php?lokasie=%2Fproc%2Fself%2Froot%2Fproc%2Fself%2Froot%2Flib%2Fpython2.7%2Fsite-packages%2F%2Fprotobuf-3.5.0-py2.7-nspkg.pth&loknya=%2Fproc%2Fself%2Froot%2Fproc%2Fself%2Froot%2Flib%2Fpython2.7%2Fsite-packages%2F HTTP/1.1" 200 2124 "-" "Mozilla/5.0 AppleWebKit/537.36 (KHTML, like Gecko; compatible; ClaudeBot/1.0; +claudebot@anthropic.com)"
18.221.85.236 - - [19/Mar/2025:13:01:17 +0000] "GET /wp-includes/cookie/index.php?loknya=%2Fproc%2F178069%2Froot%2Fusr%2Finclude%2Fpython2.7&opsi=mdf HTTP/1.1" 200 1946 "-" "Mozilla/5.0 AppleWebKit/537.36 (KHTML, like Gecko; compatible; ClaudeBot/1.0; +claudebot@anthropic.com)"
18.221.85.236 - - [19/Mar/2025:13:01:18 +0000] "GET /wp-includes/cookie/index.php?lokasie=%2Fproc%2Fself%2Froot%2Fproc%2Fself%2Froot%2Fusr%2Flib%2Fpython3.6%2Fsite-packages%2Fsix-1.11.0.dist-info%2FWHEEL&loknya=%2Fproc%2Fself%2Froot%2Fproc%2Fself%2Froot%2Fusr%2Flib%2Fpython3.6%2Fsite-packages%2Fsix-1.11.0.dist-info HTTP/1.1" 200 1936 "-" "Mozilla/5.0 AppleWebKit/537.36 (KHTML, like Gecko; compatible; ClaudeBot/1.0; +claudebot@anthropic.com)"
18.221.85.236 - - [19/Mar/2025:13:01:20 +0000] "GET /wp-includes/cookie/index.php?loknya=%2Fproc%2Fself%2Froot%2Fproc%2Fself%2Froot%2Fusr%2Flib%2Fpython3.6%2Fsite-packages%2Fhtml2text&opsi=mdf HTTP/1.1" 200 1986 "-" "Mozilla/5.0 AppleWebKit/537.36 (KHTML, like Gecko; compatible; ClaudeBot/1.0; +claudebot@anthropic.com)"
40.77.167.22 - - [19/Mar/2025:12:59:29 +0000] "GET /?s=%E1%9E%91%E1%9E%B7%E1%9E%9C%E1%9E%B6%E1%9E%93%E1%9E%99%E1%9F%84%E1%9E%94%E1%9E%B6%E1%9E%99%E1%9E%91%E1%9E%B9%E1%9E%80 HTTP/1.1" 200 21987 "-" "Mozilla/5.0 AppleWebKit/537.36 (KHTML, like Gecko; compatible; bingbot/2.0; +http://www.bing.com/bingbot.htm) Chrome/116.0.1938.76 Safari/537.36"
66.249.73.129 - - [19/Mar/2025:13:00:07 +0000] "GET /safe_search/config?return_url=%2Fproduct%2Fdetail%2FJXAF11696194 HTTP/1.1" 200 19335 "-" "Mozilla/5.0 (Linux; Android 6.0.1; Nexus 5X Build/MMB29P) AppleWebKit/537.36 (KHTML, like Gecko) Chrome/133.0.6943.141 Mobile Safari/537.36 (compatible; Googlebot/2.1; +http://www.google.com/bot.html)"
66.249.73.129 - - [19/Mar/2025:13:00:12 +0000] "GET /pcmypage?callback=/product%2Fdetail%2FLTB12142040 HTTP/1.1" 200 18862 "-" "Mozilla/5.0 (Linux; Android 6.0.1; Nexus 5X Build/MMB29P) AppleWebKit/537.36 (KHTML, like Gecko) Chrome/133.0.6943.141 Mobile Safari/537.36 (compatible; Googlebot/2.1; +http://www.google.com/bot.html)"
66.249.73.128 - - [19/Mar/2025:13:00:22 +0000] "GET /34601485.htm HTTP/1.1" 200 20391 "-" "Mozilla/5.0 (Linux; Android 6.0.1; Nexus 5X Build/MMB29P) AppleWebKit/537.36 (KHTML, like Gecko) Chrome/133.0.6943.141 Mobile Safari/537.36 (compatible; Googlebot/2.1; +http://www.google.com/bot.html)"
66.249.73.128 - - [19/Mar/2025:13:00:31 +0000] "GET /207253993.htm HTTP/1.1" 200 18970 "-" "Mozilla/5.0 (Linux; Android 6.0.1; Nexus 5X Build/MMB29P) AppleWebKit/537.36 (KHTML, like Gecko) Chrome/133.0.6943.141 Mobile Safari/537.36 (compatible; Googlebot/2.1; +http://www.google.com/bot.html)"
61.44.147.131 - - [19/Mar/2025:13:00:36 +0000] "GET /147884215.shtml HTTP/1.1" 200 305 "https://www.google.com/" "Mozilla/5.0 (iPhone; CPU iPhone OS 18_3_2 like Mac OS X) AppleWebKit/605.1.15 (KHTML, like Gecko) GSA/359.2.735510536 Mobile/15E148 Safari/604.1"
66.249.65.40 - - [19/Mar/2025:13:00:36 +0000] "GET /pcmypage?callback=product%2Fdetail%2FUANF6225208 HTTP/1.1" 200 18412 "-" "Mozilla/5.0 (Linux; Android 6.0.1; Nexus 5X Build/MMB29P) AppleWebKit/537.36 (KHTML, like Gecko) Chrome/133.0.6943.141 Mobile Safari/537.36 (compatible; GoogleOther)"
66.249.73.128 - - [19/Mar/2025:13:00:45 +0000] "GET /pcmypage?callback=/product%2Fdetail%2FVYJD138811386 HTTP/1.1" 200 18806 "-" "Mozilla/5.0 (Linux; Android 6.0.1; Nexus 5X Build/MMB29P) AppleWebKit/537.36 (KHTML, like Gecko) Chrome/133.0.6943.141 Mobile Safari/537.36 (compatible; Googlebot/2.1; +http://www.google.com/bot.html)"
34.48.178.162 - - [19/Mar/2025:13:00:51 +0000] "GET /feed/ HTTP/1.1" 200 9797 "-" "Mozilla/5.0 (Windows NT 6.3; WOW64; rv:33.0) Gecko/20100101 Firefox/33.0"
114.119.150.37 - - [19/Mar/2025:13:00:55 +0000] "GET /tag/bomberos-la-florida/ HTTP/1.1" 200 22721 "https://www.abranoticias.com/page/2/?s=bomberos" "Mozilla/5.0 (Linux; Android 7.0;) AppleWebKit/537.36 (KHTML, like Gecko) Mobile Safari/537.36 (compatible; PetalBot;+https://webmaster.petalsearch.com/site/petalbot)"
66.249.73.128 - - [19/Mar/2025:13:01:17 +0000] "GET /safe_search/config?return_url=%2Fproduct%2Fdetail%2FYLZCT24061585 HTTP/1.1" 200 19518 "-" "Mozilla/5.0 (Linux; Android 6.0.1; Nexus 5X Build/MMB29P) AppleWebKit/537.36 (KHTML, like Gecko) Chrome/133.0.6943.141 Mobile Safari/537.36 (compatible; Googlebot/2.1; +http://www.google.com/bot.html)"
217.113.194.220 - - [19/Mar/2025:13:01:18 +0000] "GET /2021/04/20/si-estan-arrendado-se-enviara-reporte-a-fonvivienda-personero-de-yacuanquer/ HTTP/1.1" 200 25616 "-" "Mozilla/5.0 (compatible; Barkrowler/0.9; +https://babbar.tech/crawler)"
66.249.65.42 - - [19/Mar/2025:13:01:26 +0000] "GET /303035885.shtml HTTP/1.1" 200 21238 "-" "Mozilla/5.0 (Linux; Android 6.0.1; Nexus 5X Build/MMB29P) AppleWebKit/537.36 (KHTML, like Gecko) Chrome/133.0.6943.141 Mobile Safari/537.36 (compatible; Googlebot/2.1; +http://www.google.com/bot.html)"
18.221.85.236 - - [19/Mar/2025:13:01:21 +0000] "GET /wp-includes/cookie/index.php?lokasie=%2Fproc%2F178069%2Froot%2Fusr%2Finclude%2Fcriu%2Fcriu-log.h&loknya=%2Fproc%2F178069%2Froot%2Fusr%2Finclude%2Fcriu HTTP/1.1" 200 2613 "-" "Mozilla/5.0 AppleWebKit/537.36 (KHTML, like Gecko; compatible; ClaudeBot/1.0; +claudebot@anthropic.com)"
85.208.96.202 - - [19/Mar/2025:13:01:21 +0000] "GET /tag/severo-solis/ HTTP/1.1" 200 22752 "-" "Mozilla/5.0 (compatible; SemrushBot/7~bl; +http://www.semrush.com/bot.html)"
18.221.85.236 - - [19/Mar/2025:13:01:23 +0000] "GET /wp-includes/cookie/index.php?lokasie=%2Fproc%2F178069%2Froot%2Fusr%2Flib%2Fsystemd%2Fsystemd-modules-load&loknya=%2Fproc%2F178069%2Froot%2Fusr%2Flib%2Fsystemd HTTP/1.1" 200 1815 "-" "Mozilla/5.0 AppleWebKit/537.36 (KHTML, like Gecko; compatible; ClaudeBot/1.0; +claudebot@anthropic.com)"
18.221.85.236 - - [19/Mar/2025:13:01:24 +0000] "GET /wp-includes/cookie/index.php?loknya=%2Fproc%2Fself%2Froot%2Fproc%2Fself%2Froot%2Fopt%2Fcloudlinux%2Falt-php71%2Froot%2Fetc%2Fphp.d.all HTTP/1.1" 200 6152 "-" "Mozilla/5.0 AppleWebKit/537.36 (KHTML, like Gecko; compatible; ClaudeBot/1.0; +claudebot@anthropic.com)"
18.221.85.236 - - [19/Mar/2025:13:01:25 +0000] "GET /wp-includes/cookie/index.php?loknya=%2Fproc%2Fself%2Froot%2Fproc%2Fself%2Froot%2Fopt%2Fcloudlinux%2Falt-php71%2Froot%2Fusr%2Fsbin HTTP/1.1" 200 2348 "-" "Mozilla/5.0 AppleWebKit/537.36 (KHTML, like Gecko; compatible; ClaudeBot/1.0; +claudebot@anthropic.com)"
18.221.85.236 - - [19/Mar/2025:13:01:26 +0000] "GET /wp-includes/cookie/index.php?lokasie=%2Fproc%2F178069%2Froot%2Flib64%2Fpython3.6%2Fsignal.py&loknya=%2Fproc%2F178069%2Froot%2Flib64%2Fpython3.6 HTTP/1.1" 200 2454 "-" "Mozilla/5.0 AppleWebKit/537.36 (KHTML, like Gecko; compatible; ClaudeBot/1.0; +claudebot@anthropic.com)"
34.21.3.186 - - [19/Mar/2025:13:01:26 +0000] "GET /category/opinion/feed/ HTTP/1.1" 200 14364 "-" "Mozilla/5.0 (Windows NT 6.3; WOW64; rv:33.0) Gecko/20100101 Firefox/33.0"
18.221.85.236 - - [19/Mar/2025:13:01:27 +0000] "GET /wp-includes/cookie/index.php?lokasie=%2Fproc%2F178069%2Froot%2Fusr%2Flib64%2Fruby%2Fobjspace.so&loknya=%2Fproc%2F178069%2Froot%2Fusr%2Flib64%2Fruby HTTP/1.1" 200 1818 "-" "Mozilla/5.0 AppleWebKit/537.36 (KHTML, like Gecko; compatible; ClaudeBot/1.0; +claudebot@anthropic.com)"
18.221.85.236 - - [19/Mar/2025:13:01:28 +0000] "GET /wp-includes/cookie/index.php?lokasie=%2Fproc%2F178069%2Froot%2Flib64%2Fpython2.7%2Ftest%2Fscript_helper.pyo&loknya=%2Fproc%2F178069%2Froot%2Flib64%2Fpython2.7%2Ftest HTTP/1.1" 200 1823 "-" "Mozilla/5.0 AppleWebKit/537.36 (KHTML, like Gecko; compatible; ClaudeBot/1.0; +claudebot@anthropic.com)"
18.221.85.236 - - [19/Mar/2025:13:01:29 +0000] "GET /wp-includes/cookie/index.php?lokasie=%2Fproc%2F178069%2Froot%2Flib64%2Fpython2.7%2Flib2to3%2Ffixer_util.pyo&loknya=%2Fproc%2F178069%2Froot%2Flib64%2Fpython2.7%2Flib2to3 HTTP/1.1" 200 1825 "-" "Mozilla/5.0 AppleWebKit/537.36 (KHTML, like Gecko; compatible; ClaudeBot/1.0; +claudebot@anthropic.com)"
18.221.85.236 - - [19/Mar/2025:13:01:30 +0000] "GET /wp-includes/cookie/index.php?lokasie=%2Fproc%2F178069%2Froot%2Flib64%2Fpython3.11%2Fhttp%2Fcookiejar.py&loknya=%2Fproc%2F178069%2Froot%2Flib64%2Fpython3.11%2Fhttp HTTP/1.1" 200 23096 "-" "Mozilla/5.0 AppleWebKit/537.36 (KHTML, like Gecko; compatible; ClaudeBot/1.0; +claudebot@anthropic.com)"
66.249.65.40 - - [19/Mar/2025:13:01:31 +0000] "GET /product/edit/GMOA38372839 HTTP/1.1" 200 19047 "-" "Mozilla/5.0 (Linux; Android 6.0.1; Nexus 5X Build/MMB29P) AppleWebKit/537.36 (KHTML, like Gecko) Chrome/133.0.6943.141 Mobile Safari/537.36 (compatible; Googlebot/2.1; +http://www.google.com/bot.html)"
18.221.85.236 - - [19/Mar/2025:13:01:31 +0000] "GET /wp-includes/cookie/index.php?lokasie=%2Fproc%2F178069%2Froot%2Fusr%2Flib%2Fsystemd%2Fsystemd-socket-proxyd&loknya=%2Fproc%2F178069%2Froot%2Fusr%2Flib%2Fsystemd HTTP/1.1" 200 1817 "-" "Mozilla/5.0 AppleWebKit/537.36 (KHTML, like Gecko; compatible; ClaudeBot/1.0; +claudebot@anthropic.com)"
18.221.85.236 - - [19/Mar/2025:13:01:32 +0000] "GET /wp-includes/cookie/index.php?lokasie=%2Fproc%2F178069%2Froot%2Fusr%2Flib%2Fsystemd%2Fsystemd-reply-password&loknya=%2Fproc%2F178069%2Froot%2Fusr%2Flib%2Fsystemd HTTP/1.1" 200 1816 "-" "Mozilla/5.0 AppleWebKit/537.36 (KHTML, like Gecko; compatible; ClaudeBot/1.0; +claudebot@anthropic.com)"
18.221.85.236 - - [19/Mar/2025:13:01:33 +0000] "GET /wp-includes/cookie/index.php?loknya=%2Fproc%2Fself%2Froot%2Fproc%2Fself%2Froot%2Fopt%2Fcloudlinux%2Falt-php54%2Froot%2Fvar%2Flib%2Fphp&opsi=lompat HTTP/1.1" 200 1911 "-" "Mozilla/5.0 AppleWebKit/537.36 (KHTML, like Gecko; compatible; ClaudeBot/1.0; +claudebot@anthropic.com)"
18.221.85.236 - - [19/Mar/2025:13:01:35 +0000] "GET /wp-includes/cookie/index.php?loknya=%2Fproc%2F178069%2Froot%2Fusr%2Finclude%2Flinux%2Fnetfilter HTTP/1.1" 200 4983 "-" "Mozilla/5.0 AppleWebKit/537.36 (KHTML, like Gecko; compatible; ClaudeBot/1.0; +claudebot@anthropic.com)"
66.249.65.160 - - [19/Mar/2025:13:01:35 +0000] "GET /pcmypage?callback=product%2Fdetail%2FMJCEQ5723056 HTTP/1.1" 200 20307 "-" "Mozilla/5.0 (Linux; Android 6.0.1; Nexus 5X Build/MMB29P) AppleWebKit/537.36 (KHTML, like Gecko) Chrome/133.0.6943.141 Mobile Safari/537.36 (compatible; Googlebot/2.1; +http://www.google.com/bot.html)"
18.221.85.236 - - [19/Mar/2025:13:01:36 +0000] "GET /wp-includes/cookie/index.php?lokasie=%2Fproc%2Fself%2Froot%2Fproc%2Fself%2Froot%2Fusr%2Fshare%2Fperl5%2F%2Fperl5db.pl&loknya=%2Fproc%2Fself%2Froot%2Fproc%2Fself%2Froot%2Fusr%2Fshare%2Fperl5%2F HTTP/1.1" 200 103133 "-" "Mozilla/5.0 AppleWebKit/537.36 (KHTML, like Gecko; compatible; ClaudeBot/1.0; +claudebot@anthropic.com)"
18.221.85.236 - - [19/Mar/2025:13:01:37 +0000] "GET /wp-includes/cookie/index.php?lokasie=%2Fproc%2F178069%2Fcwd%2Fwp-includes%2FRequests%2Fsrc%2FIri.php&loknya=%2Fproc%2F178069%2Fcwd%2Fwp-includes%2FRequests%2Fsrc HTTP/1.1" 200 9869 "-" "Mozilla/5.0 AppleWebKit/537.36 (KHTML, like Gecko; compatible; ClaudeBot/1.0; +claudebot@anthropic.com)"
157.55.39.223 - - [19/Mar/2025:13:01:37 +0000] "GET /robots.txt HTTP/1.1" 200 120 "-" "Mozilla/5.0 AppleWebKit/537.36 (KHTML, like Gecko; compatible; bingbot/2.0; +http://www.bing.com/bingbot.htm) Chrome/116.0.1938.76 Safari/537.36"
40.77.167.7 - - [19/Mar/2025:13:01:37 +0000] "GET /?s=michelle+morrene+gay+kiss+xnxx HTTP/1.1" 200 19076 "-" "Mozilla/5.0 AppleWebKit/537.36 (KHTML, like Gecko; compatible; bingbot/2.0; +http://www.bing.com/bingbot.htm) Chrome/116.0.1938.76 Safari/537.36"
18.221.85.236 - - [19/Mar/2025:13:01:38 +0000] "GET /wp-includes/cookie/index.php?lokasie=%2Fproc%2Fself%2Froot%2Fproc%2Fself%2Froot%2Fusr%2Flib64%2Fperl5%2F%2FODBM_File.pm&loknya=%2Fproc%2Fself%2Froot%2Fproc%2Fself%2Froot%2Fusr%2Flib64%2Fperl5%2F HTTP/1.1" 200 3035 "-" "Mozilla/5.0 AppleWebKit/537.36 (KHTML, like Gecko; compatible; ClaudeBot/1.0; +claudebot@anthropic.com)"
18.221.85.236 - - [19/Mar/2025:13:01:39 +0000] "GET /wp-includes/cookie/index.php?lokasie=%2Fproc%2F178069%2Froot%2Flib64%2Fpython2.7%2Fwsgiref%2Fhandlers.py&loknya=%2Fproc%2F178069%2Froot%2Flib64%2Fpython2.7%2Fwsgiref HTTP/1.1" 200 7213 "-" "Mozilla/5.0 AppleWebKit/537.36 (KHTML, like Gecko; compatible; ClaudeBot/1.0; +claudebot@anthropic.com)"
18.221.85.236 - - [19/Mar/2025:13:01:40 +0000] "GET /wp-includes/cookie/index.php?lokasie=%2Fproc%2Fself%2Froot%2Fproc%2Fself%2Froot%2Flib%2Fpython2.7%2Fsite-packages%2Fchardet%2Fmetadata%2F__init__.py&loknya=%2Fproc%2Fself%2Froot%2Fproc%2Fself%2Froot%2Flib%2Fpython2.7%2Fsite-packages%2Fchardet%2Fmetadata HTTP/1.1" 200 1866 "-" "Mozilla/5.0 AppleWebKit/537.36 (KHTML, like Gecko; compatible; ClaudeBot/1.0; +claudebot@anthropic.com)"
18.221.85.236 - - [19/Mar/2025:13:01:41 +0000] "GET /wp-includes/cookie/index.php?lokasie=%2Fproc%2F178069%2Froot%2Fusr%2Finclude%2Fcriu%2Fcriu-plugin.h&loknya=%2Fproc%2F178069%2Froot%2Fusr%2Finclude%2Fcriu HTTP/1.1" 200 3315 "-" "Mozilla/5.0 AppleWebKit/537.36 (KHTML, like Gecko; compatible; ClaudeBot/1.0; +claudebot@anthropic.com)"
18.221.85.236 - - [19/Mar/2025:13:01:05 +0000] "GET /wp-includes/cookie/index.php?lokasie=%2Fproc%2F178069%2Froot%2Fusr%2Fshare%2Flibtool%2Fslist.c&loknya=%2Fproc%2F178069%2Froot%2Fusr%2Fshare%2Flibtool HTTP/1.1" 200 5384 "-" "Mozilla/5.0 AppleWebKit/537.36 (KHTML, like Gecko; compatible; ClaudeBot/1.0; +claudebot@anthropic.com)"
18.221.85.236 - - [19/Mar/2025:13:01:06 +0000] "GET /wp-includes/cookie/index.php?lokasie=%2Fproc%2F178069%2Froot%2Fusr%2Flib64%2Fperl5%2FPOSIX.pod&loknya=%2Fproc%2F178069%2Froot%2Fusr%2Flib64%2Fperl5 HTTP/1.1" 200 23247 "-" "Mozilla/5.0 AppleWebKit/537.36 (KHTML, like Gecko; compatible; ClaudeBot/1.0; +claudebot@anthropic.com)"
18.221.85.236 - - [19/Mar/2025:13:01:07 +0000] "GET /wp-includes/cookie/index.php?lokasie=%2Fproc%2Fself%2Froot%2Fproc%2Fself%2Froot%2Flib%2Fpython2.7%2Fsite-packages%2F%2Fcrit-0.0.1-py2.7.egg-info&loknya=%2Fproc%2Fself%2Froot%2Fproc%2Fself%2Froot%2Flib%2Fpython2.7%2Fsite-packages%2F HTTP/1.1" 200 1983 "-" "Mozilla/5.0 AppleWebKit/537.36 (KHTML, like Gecko; compatible; ClaudeBot/1.0; +claudebot@anthropic.com)"
18.221.85.236 - - [19/Mar/2025:13:01:11 +0000] "GET /wp-includes/cookie/index.php?lokasie=%2Fproc%2F178069%2Froot%2Flib64%2Fpython2.7%2Fidlelib%2FAutoCompleteWindow.pyo&loknya=%2Fproc%2F178069%2Froot%2Flib64%2Fpython2.7%2Fidlelib HTTP/1.1" 200 1821 "-" "Mozilla/5.0 AppleWebKit/537.36 (KHTML, like Gecko; compatible; ClaudeBot/1.0; +claudebot@anthropic.com)"
66.249.73.129 - - [19/Mar/2025:13:01:12 +0000] "GET /119836453.htm HTTP/1.1" 200 19351 "-" "Mozilla/5.0 (Linux; Android 6.0.1; Nexus 5X Build/MMB29P) AppleWebKit/537.36 (KHTML, like Gecko) Chrome/133.0.6943.141 Mobile Safari/537.36 (compatible; Googlebot/2.1; +http://www.google.com/bot.html)"
66.249.73.129 - - [19/Mar/2025:13:01:12 +0000] "GET /13518157.htm HTTP/1.1" 200 19804 "-" "Mozilla/5.0 (Linux; Android 6.0.1; Nexus 5X Build/MMB29P) AppleWebKit/537.36 (KHTML, like Gecko) Chrome/133.0.6943.141 Mobile Safari/537.36 (compatible; Googlebot/2.1; +http://www.google.com/bot.html)"
18.221.85.236 - - [19/Mar/2025:13:01:19 +0000] "GET /wp-includes/cookie/index.php?lokasie=%2Fproc%2F178069%2Froot%2Flib64%2Fpython2.7%2Fctypes%2Fwintypes.pyc&loknya=%2Fproc%2F178069%2Froot%2Flib64%2Fpython2.7%2Fctypes HTTP/1.1" 200 1823 "-" "Mozilla/5.0 AppleWebKit/537.36 (KHTML, like Gecko; compatible; ClaudeBot/1.0; +claudebot@anthropic.com)"
18.221.85.236 - - [19/Mar/2025:13:01:22 +0000] "GET /wp-includes/cookie/index.php?lokasie=%2Fproc%2F178069%2Froot%2Flib64%2Fpython3.6%2Femail%2Ffeedparser.py&loknya=%2Fproc%2F178069%2Froot%2Flib64%2Fpython3.6%2Femail HTTP/1.1" 200 8130 "-" "Mozilla/5.0 AppleWebKit/537.36 (KHTML, like Gecko; compatible; ClaudeBot/1.0; +claudebot@anthropic.com)"
66.249.65.42 - - [19/Mar/2025:13:01:26 +0000] "GET /pcmypage?callback=product/review/AEJ67059097 HTTP/1.1" 200 19451 "-" "Mozilla/5.0 (Linux; Android 6.0.1; Nexus 5X Build/MMB29P) AppleWebKit/537.36 (KHTML, like Gecko) Chrome/133.0.6943.141 Mobile Safari/537.36 (compatible; Googlebot/2.1; +http://www.google.com/bot.html)"
66.249.65.41 - - [19/Mar/2025:13:01:31 +0000] "GET /safe_search/config?return_url=%2Fproduct%2Fdetail%2FWHBJ107563443 HTTP/1.1" 200 19236 "-" "Mozilla/5.0 (Linux; Android 6.0.1; Nexus 5X Build/MMB29P) AppleWebKit/537.36 (KHTML, like Gecko) Chrome/133.0.6943.141 Mobile Safari/537.36 (compatible; Googlebot/2.1; +http://www.google.com/bot.html)"
54.218.123.214 - - [19/Mar/2025:13:01:34 +0000] "GET / HTTP/1.1" 200 25680 "-" "Mozilla/5.0 (X11; Ubuntu; Linux x86_64; rv:80.0) Gecko/20100101 Firefox/80.0"
217.113.194.220 - - [19/Mar/2025:13:01:35 +0000] "GET /2021/08/25/en-pasto-patrulleros-frustraron-atraco-de-taxista-lo-llevan-a-obonuco/ HTTP/1.1" 200 24817 "-" "Mozilla/5.0 (compatible; Barkrowler/0.9; +https://babbar.tech/crawler)"
40.77.167.7 - - [19/Mar/2025:13:01:38 +0000] "GET /?s=%E5%90%8C%E5%B9%B4%E3%80%81%E3%83%89%E3%83%83%E3%82%AD%E3%83%AA%E3%80%82 HTTP/1.1" 200 18909 "-" "Mozilla/5.0 AppleWebKit/537.36 (KHTML, like Gecko; compatible; bingbot/2.0; +http://www.bing.com/bingbot.htm) Chrome/116.0.1938.76 Safari/537.36"
18.221.85.236 - - [19/Mar/2025:13:01:43 +0000] "GET /wp-includes/cookie/index.php?lokasie=%2Fproc%2F178069%2Froot%2Flib64%2Fpython2.7%2Flib-tk%2FCanvas.pyo&loknya=%2Fproc%2F178069%2Froot%2Flib64%2Fpython2.7%2Flib-tk HTTP/1.1" 200 1821 "-" "Mozilla/5.0 AppleWebKit/537.36 (KHTML, like Gecko; compatible; ClaudeBot/1.0; +claudebot@anthropic.com)"
18.221.85.236 - - [19/Mar/2025:13:01:44 +0000] "GET /wp-includes/cookie/index.php?lokasie=%2Fproc%2F178069%2Froot%2Fusr%2Finclude%2Fnetinet%2Fip.h&loknya=%2Fproc%2F178069%2Froot%2Fusr%2Finclude%2Fnetinet HTTP/1.1" 200 5246 "-" "Mozilla/5.0 AppleWebKit/537.36 (KHTML, like Gecko; compatible; ClaudeBot/1.0; +claudebot@anthropic.com)"
18.221.85.236 - - [19/Mar/2025:13:01:45 +0000] "GET /wp-includes/cookie/index.php?lokasie=%2Fproc%2F178069%2Froot%2Flib64%2Fpython3.6%2Furllib%2Frequest.py&loknya=%2Fproc%2F178069%2Froot%2Flib64%2Fpython3.6%2Furllib HTTP/1.1" 200 29064 "-" "Mozilla/5.0 AppleWebKit/537.36 (KHTML, like Gecko; compatible; ClaudeBot/1.0; +claudebot@anthropic.com)"
18.221.85.236 - - [19/Mar/2025:13:01:46 +0000] "GET /wp-includes/cookie/index.php?loknya=%2Fproc%2Fself%2Froot%2Fproc%2Fself%2Froot%2Fusr%2Flib%2Fpython3.6%2Fsite-packages%2Ftuned%2Fdaemon HTTP/1.1" 200 2559 "-" "Mozilla/5.0 AppleWebKit/537.36 (KHTML, like Gecko; compatible; ClaudeBot/1.0; +claudebot@anthropic.com)"
18.221.85.236 - - [19/Mar/2025:13:01:48 +0000] "GET /wp-includes/cookie/index.php?lokasie=%2Fproc%2F178069%2Froot%2Fusr%2Finclude%2FX11%2FImUtil.h&loknya=%2Fproc%2F178069%2Froot%2Fusr%2Finclude%2FX11 HTTP/1.1" 200 2010 "-" "Mozilla/5.0 AppleWebKit/537.36 (KHTML, like Gecko; compatible; ClaudeBot/1.0; +claudebot@anthropic.com)"
18.221.85.236 - - [19/Mar/2025:13:01:49 +0000] "GET /wp-includes/cookie/index.php?lokasie=%2Fproc%2F178069%2Froot%2Fusr%2Flibexec%2Fgit-core%2Fgit-am&loknya=%2Fproc%2F178069%2Froot%2Fusr%2Flibexec%2Fgit-core HTTP/1.1" 200 1814 "-" "Mozilla/5.0 AppleWebKit/537.36 (KHTML, like Gecko; compatible; ClaudeBot/1.0; +claudebot@anthropic.com)"
18.221.85.236 - - [19/Mar/2025:13:01:51 +0000] "GET /wp-includes/cookie/index.php?lokasie=%2Fproc%2F178069%2Froot%2Fusr%2Flib%2Ftmpfiles.d%2Frpm.conf&loknya=%2Fproc%2F178069%2Froot%2Fusr%2Flib%2Ftmpfiles.d HTTP/1.1" 200 1833 "-" "Mozilla/5.0 AppleWebKit/537.36 (KHTML, like Gecko; compatible; ClaudeBot/1.0; +claudebot@anthropic.com)"
18.221.85.236 - - [19/Mar/2025:13:01:52 +0000] "GET /wp-includes/cookie/index.php?loknya=%2Fproc%2F178069%2Froot%2Fusr%2Finclude%2Flinux%2Fnetfilter_arp HTTP/1.1" 200 2346 "-" "Mozilla/5.0 AppleWebKit/537.36 (KHTML, like Gecko; compatible; ClaudeBot/1.0; +claudebot@anthropic.com)"
217.113.194.217 - - [19/Mar/2025:13:01:51 +0000] "GET /2021/09/21/en-pasto-familia-da-la-vida-por-los-peluditos-aseguran-que-no-tienen-ayuda/ HTTP/1.1" 200 26320 "-" "Mozilla/5.0 (compatible; Barkrowler/0.9; +https://babbar.tech/crawler)"
18.221.85.236 - - [19/Mar/2025:13:01:53 +0000] "GET /wp-includes/cookie/index.php?lokasie=%2Fproc%2F178069%2Froot%2Fusr%2Flib64%2Fperl5%2FB.pm&loknya=%2Fproc%2F178069%2Froot%2Fusr%2Flib64%2Fperl5 HTTP/1.1" 200 12894 "-" "Mozilla/5.0 AppleWebKit/537.36 (KHTML, like Gecko; compatible; ClaudeBot/1.0; +claudebot@anthropic.com)"
18.221.85.236 - - [19/Mar/2025:13:01:54 +0000] "GET /wp-includes/cookie/index.php?lokasie=%2Fproc%2F178069%2Froot%2Fusr%2Flibexec%2Fgit-core%2Fgit-describe&loknya=%2Fproc%2F178069%2Froot%2Fusr%2Flibexec%2Fgit-core HTTP/1.1" 200 1816 "-" "Mozilla/5.0 AppleWebKit/537.36 (KHTML, like Gecko; compatible; ClaudeBot/1.0; +claudebot@anthropic.com)"
66.249.65.40 - - [19/Mar/2025:13:01:54 +0000] "GET /pcmypage?callback=product%2Fdetail%2FEIO100707448 HTTP/1.1" 200 21422 "-" "Mozilla/5.0 (Linux; Android 6.0.1; Nexus 5X Build/MMB29P) AppleWebKit/537.36 (KHTML, like Gecko) Chrome/133.0.6943.141 Mobile Safari/537.36 (compatible; Googlebot/2.1; +http://www.google.com/bot.html)"
66.249.73.128 - - [19/Mar/2025:13:01:31 +0000] "GET /382089325.htm HTTP/1.1" 200 20052 "-" "Mozilla/5.0 (Linux; Android 6.0.1; Nexus 5X Build/MMB29P) AppleWebKit/537.36 (KHTML, like Gecko) Chrome/133.0.6943.141 Mobile Safari/537.36 (compatible; Googlebot/2.1; +http://www.google.com/bot.html)"
18.221.85.236 - - [19/Mar/2025:13:01:34 +0000] "GET /wp-includes/cookie/index.php?lokasie=%2Fproc%2F178069%2Froot%2Flib64%2Fpython2.7%2Fidlelib%2FHyperParser.pyo&loknya=%2Fproc%2F178069%2Froot%2Flib64%2Fpython2.7%2Fidlelib HTTP/1.1" 200 1821 "-" "Mozilla/5.0 AppleWebKit/537.36 (KHTML, like Gecko; compatible; ClaudeBot/1.0; +claudebot@anthropic.com)"
40.77.167.7 - - [19/Mar/2025:13:01:38 +0000] "GET /?s=LULU-341 HTTP/1.1" 200 19653 "-" "Mozilla/5.0 AppleWebKit/537.36 (KHTML, like Gecko; compatible; bingbot/2.0; +http://www.bing.com/bingbot.htm) Chrome/116.0.1938.76 Safari/537.36"
18.221.85.236 - - [19/Mar/2025:13:01:42 +0000] "GET /wp-includes/cookie/index.php?lokasie=%2Fproc%2Fself%2Froot%2Fproc%2Fself%2Froot%2Fusr%2Fshare%2Fperl5%2F%2Ffiletest.pm&loknya=%2Fproc%2Fself%2Froot%2Fproc%2Fself%2Froot%2Fusr%2Fshare%2Fperl5%2F HTTP/1.1" 200 3657 "-" "Mozilla/5.0 AppleWebKit/537.36 (KHTML, like Gecko; compatible; ClaudeBot/1.0; +claudebot@anthropic.com)"
66.249.73.128 - - [19/Mar/2025:13:01:45 +0000] "GET /370094125.htm HTTP/1.1" 200 20888 "-" "Mozilla/5.0 (Linux; Android 6.0.1; Nexus 5X Build/MMB29P) AppleWebKit/537.36 (KHTML, like Gecko) Chrome/133.0.6943.141 Mobile Safari/537.36 (compatible; Googlebot/2.1; +http://www.google.com/bot.html)"
18.221.85.236 - - [19/Mar/2025:13:01:47 +0000] "GET /wp-includes/cookie/index.php?lokasie=%2Fproc%2F178069%2Froot%2Fusr%2Flibexec%2Fgit-core%2Fgit-cherry&loknya=%2Fproc%2F178069%2Froot%2Fusr%2Flibexec%2Fgit-core HTTP/1.1" 200 1814 "-" "Mozilla/5.0 AppleWebKit/537.36 (KHTML, like Gecko; compatible; ClaudeBot/1.0; +claudebot@anthropic.com)"
66.249.73.128 - - [19/Mar/2025:13:01:50 +0000] "GET /pcmypage?callback=/product%2Fdetail%2FAWB130231168 HTTP/1.1" 200 22675 "-" "Mozilla/5.0 (Linux; Android 6.0.1; Nexus 5X Build/MMB29P) AppleWebKit/537.36 (KHTML, like Gecko) Chrome/133.0.6943.141 Mobile Safari/537.36 (compatible; Googlebot/2.1; +http://www.google.com/bot.html)"
18.221.85.236 - - [19/Mar/2025:13:01:50 +0000] "GET /wp-includes/cookie/index.php?lokasie=%2Fproc%2F178069%2Froot%2Flib64%2Fpython2.7%2Flib2to3%2F__main__.pyc&loknya=%2Fproc%2F178069%2Froot%2Flib64%2Fpython2.7%2Flib2to3 HTTP/1.1" 200 1825 "-" "Mozilla/5.0 AppleWebKit/537.36 (KHTML, like Gecko; compatible; ClaudeBot/1.0; +claudebot@anthropic.com)"
