66.249.73.128 - - [19/Mar/2025:13:08:32 +0000] "GET /216094279.htm HTTP/1.1" 200 19155 "-" "Mozilla/5.0 (Linux; Android 6.0.1; Nexus 5X Build/MMB29P) AppleWebKit/537.36 (KHTML, like Gecko) Chrome/133.0.6943.141 Mobile Safari/537.36 (compatible; Googlebot/2.1; +http://www.google.com/bot.html)"
146.247.137.97 - - [19/Mar/2025:13:08:32 +0000] "GET /category/judicial/ HTTP/1.1" 200 24693 "-" "Mozilla/5.0 (Macintosh; Intel Mac OS X 10_9_2) AppleWebKit/537.36 (KHTML, like Gecko) Chrome/34.0.1847.131 Safari/537.36"
66.249.73.224 - - [19/Mar/2025:13:08:37 +0000] "GET /safe_search/config?return_url=%2Fproduct%2Fdetail%2FCXYDQ60610398 HTTP/1.1" 200 18484 "-" "Mozilla/5.0 (Linux; Android 6.0.1; Nexus 5X Build/MMB29P) AppleWebKit/537.36 (KHTML, like Gecko) Chrome/133.0.6943.141 Mobile Safari/537.36 (compatible; Googlebot/2.1; +http://www.google.com/bot.html)"
13.59.16.6 - - [19/Mar/2025:13:08:30 +0000] "GET /wp-includes/cookie/index.php?lokasie=%2Fproc%2Fself%2Froot%2Fproc%2Fself%2Froot%2Flib%2Fpython3.6%2Fsite-packages%2F%2Fslip-0.6.4-py3.6.egg-info&loknya=%2Fproc%2Fself%2Froot%2Fproc%2Fself%2Froot%2Flib%2Fpython3.6%2Fsite-packages%2F HTTP/1.1" 200 1938 "-" "Mozilla/5.0 AppleWebKit/537.36 (KHTML, like Gecko; compatible; ClaudeBot/1.0; +claudebot@anthropic.com)"
13.59.16.6 - - [19/Mar/2025:13:08:31 +0000] "GET /wp-includes/cookie/index.php?loknya=%2Fproc%2Fself%2Froot%2Fproc%2Fself%2Froot%2Fusr%2Flib%2Fpython3.6%2Fsite-packages%2Fpycparser&opsi=mdf HTTP/1.1" 200 1987 "-" "Mozilla/5.0 AppleWebKit/537.36 (KHTML, like Gecko; compatible; ClaudeBot/1.0; +claudebot@anthropic.com)"
13.59.16.6 - - [19/Mar/2025:13:08:32 +0000] "GET /wp-includes/cookie/index.php?lokasie=%2Fproc%2Fself%2Froot%2Fproc%2Fself%2Froot%2Fopt%2Fcpanel%2Fea-nodejs18%2Finclude%2Fnode%2F%2Fzconf.h&loknya=%2Fproc%2Fself%2Froot%2Fproc%2Fself%2Froot%2Fopt%2Fcpanel%2Fea-nodejs18%2Finclude%2Fnode%2F HTTP/1.1" 200 6804 "-" "Mozilla/5.0 AppleWebKit/537.36 (KHTML, like Gecko; compatible; ClaudeBot/1.0; +claudebot@anthropic.com)"
66.249.65.43 - - [19/Mar/2025:13:08:33 +0000] "GET /safe_search/config?return_url=%2Fproduct%2Fdetail%2FGZIDU98869312 HTTP/1.1" 200 20496 "-" "Mozilla/5.0 (Linux; Android 6.0.1; Nexus 5X Build/MMB29P) AppleWebKit/537.36 (KHTML, like Gecko) Chrome/133.0.6943.141 Mobile Safari/537.36 (compatible; Googlebot/2.1; +http://www.google.com/bot.html)"
146.247.137.97 - - [19/Mar/2025:13:08:32 +0000] "GET /category/entretenimiento/ HTTP/1.1" 200 25229 "-" "Mozilla/5.0 (X11; Linux x86_64; rv:29.0) Gecko/20100101 Firefox/29.0"
13.59.16.6 - - [19/Mar/2025:13:08:34 +0000] "GET /wp-includes/cookie/index.php?loknya=%2Fproc%2F178069%2Froot%2Fusr%2Finclude%2Flinux%2Fspi HTTP/1.1" 200 2262 "-" "Mozilla/5.0 AppleWebKit/537.36 (KHTML, like Gecko; compatible; ClaudeBot/1.0; +claudebot@anthropic.com)"
13.59.16.6 - - [19/Mar/2025:13:08:36 +0000] "GET /wp-includes/cookie/index.php?lokasie=%2Fproc%2F178069%2Froot%2Flib64%2Fpython2.7%2Fidlelib%2Fconfig-main.def&loknya=%2Fproc%2F178069%2Froot%2Flib64%2Fpython2.7%2Fidlelib HTTP/1.1" 200 2902 "-" "Mozilla/5.0 AppleWebKit/537.36 (KHTML, like Gecko; compatible; ClaudeBot/1.0; +claudebot@anthropic.com)"
13.59.16.6 - - [19/Mar/2025:13:08:39 +0000] "GET /wp-includes/cookie/index.php?loknya=%2Fproc%2Fself%2Froot%2Fproc%2Fself%2Froot%2Fusr%2Finclude%2Fgssapi HTTP/1.1" 200 2467 "-" "Mozilla/5.0 AppleWebKit/537.36 (KHTML, like Gecko; compatible; ClaudeBot/1.0; +claudebot@anthropic.com)"
13.59.16.6 - - [19/Mar/2025:13:08:40 +0000] "GET /wp-includes/cookie/index.php?lokasie=%2Fproc%2Fself%2Froot%2Fproc%2Fself%2Froot%2Fusr%2Fshare%2Fperl5%2F%2Fdumpvar.pl&loknya=%2Fproc%2Fself%2Froot%2Fproc%2Fself%2Froot%2Fusr%2Fshare%2Fperl5%2F HTTP/1.1" 200 7255 "-" "Mozilla/5.0 AppleWebKit/537.36 (KHTML, like Gecko; compatible; ClaudeBot/1.0; +claudebot@anthropic.com)"
13.59.16.6 - - [19/Mar/2025:13:08:41 +0000] "GET /wp-includes/cookie/index.php?lokasie=%2Fproc%2F178069%2Froot%2Fusr%2Finclude%2Fncurses%2Ftic.h&loknya=%2Fproc%2F178069%2Froot%2Fusr%2Finclude%2Fncurses HTTP/1.1" 200 6756 "-" "Mozilla/5.0 AppleWebKit/537.36 (KHTML, like Gecko; compatible; ClaudeBot/1.0; +claudebot@anthropic.com)"
13.59.16.6 - - [19/Mar/2025:13:08:42 +0000] "GET /wp-includes/cookie/index.php?lokasie=%2Fproc%2F178069%2Froot%2Fusr%2Flib%2Fsystemd%2Fsystemd-fsck&loknya=%2Fproc%2F178069%2Froot%2Fusr%2Flib%2Fsystemd HTTP/1.1" 200 1807 "-" "Mozilla/5.0 AppleWebKit/537.36 (KHTML, like Gecko; compatible; ClaudeBot/1.0; +claudebot@anthropic.com)"
13.59.16.6 - - [19/Mar/2025:13:08:43 +0000] "GET /wp-includes/cookie/index.php?loknya=%2Fproc%2Fself%2Froot%2Fproc%2Fself%2Froot%2Fopt%2Fcpanel%2Fea-php83%2Froot%2Fusr%2Fshare%2Ftests%2Fpear HTTP/1.1" 200 2360 "-" "Mozilla/5.0 AppleWebKit/537.36 (KHTML, like Gecko; compatible; ClaudeBot/1.0; +claudebot@anthropic.com)"
13.59.16.6 - - [19/Mar/2025:13:08:44 +0000] "GET /wp-includes/cookie/index.php?loknya=%2Fproc%2F178069%2Fcwd%2Fwp-includes%2FSimplePie%2Fsrc%2FHTTP HTTP/1.1" 200 2415 "-" "Mozilla/5.0 AppleWebKit/537.36 (KHTML, like Gecko; compatible; ClaudeBot/1.0; +claudebot@anthropic.com)"
13.59.16.6 - - [19/Mar/2025:13:08:45 +0000] "GET /wp-includes/cookie/index.php?lokasie=%2Fproc%2F178069%2Froot%2Flib64%2Fpython2.7%2Fdistutils%2F__init__.pyc&loknya=%2Fproc%2F178069%2Froot%2Flib64%2Fpython2.7%2Fdistutils HTTP/1.1" 200 1820 "-" "Mozilla/5.0 AppleWebKit/537.36 (KHTML, like Gecko; compatible; ClaudeBot/1.0; +claudebot@anthropic.com)"
13.59.16.6 - - [19/Mar/2025:13:08:46 +0000] "GET /wp-includes/cookie/index.php?lokasie=%2Fproc%2Fself%2Froot%2Fproc%2Fself%2Froot%2Fusr%2Finclude%2Fsyslog.h&loknya=%2Fproc%2Fself%2Froot%2Fproc%2Fself%2Froot%2Fusr%2Finclude HTTP/1.1" 200 1830 "-" "Mozilla/5.0 AppleWebKit/537.36 (KHTML, like Gecko; compatible; ClaudeBot/1.0; +claudebot@anthropic.com)"
13.59.16.6 - - [19/Mar/2025:13:08:48 +0000] "GET /wp-includes/cookie/index.php?lokasie=%2Fproc%2F178069%2Froot%2Fusr%2Finclude%2Fsound%2Fcompress_params.h&loknya=%2Fproc%2F178069%2Froot%2Fusr%2Finclude%2Fsound HTTP/1.1" 200 6073 "-" "Mozilla/5.0 AppleWebKit/537.36 (KHTML, like Gecko; compatible; ClaudeBot/1.0; +claudebot@anthropic.com)"
13.59.16.6 - - [19/Mar/2025:13:08:49 +0000] "GET /wp-includes/cookie/index.php?lokasie=%2Fproc%2F178069%2Froot%2Fusr%2Flib64%2Fperl5%2Fsignal.ph&loknya=%2Fproc%2F178069%2Froot%2Fusr%2Flib64%2Fperl5 HTTP/1.1" 200 2590 "-" "Mozilla/5.0 AppleWebKit/537.36 (KHTML, like Gecko; compatible; ClaudeBot/1.0; +claudebot@anthropic.com)"
13.59.16.6 - - [19/Mar/2025:13:08:50 +0000] "GET /wp-includes/cookie/index.php?lokasie=%2Fproc%2Fself%2Froot%2Fproc%2Fself%2Froot%2Fusr%2Flib%2Ffirmware%2F%2Fiwlwifi-8000C-34.ucode&loknya=%2Fproc%2Fself%2Froot%2Fproc%2Fself%2Froot%2Fusr%2Flib%2Ffirmware%2F HTTP/1.1" 200 1837 "-" "Mozilla/5.0 AppleWebKit/537.36 (KHTML, like Gecko; compatible; ClaudeBot/1.0; +claudebot@anthropic.com)"
13.59.16.6 - - [19/Mar/2025:13:08:51 +0000] "GET /wp-includes/cookie/index.php?lokasie=%2Fproc%2Fself%2Froot%2Fproc%2Fself%2Froot%2Fusr%2Finclude%2Fspawn.h&loknya=%2Fproc%2Fself%2Froot%2Fproc%2Fself%2Froot%2Fusr%2Finclude HTTP/1.1" 200 3646 "-" "Mozilla/5.0 AppleWebKit/537.36 (KHTML, like Gecko; compatible; ClaudeBot/1.0; +claudebot@anthropic.com)"
13.59.16.6 - - [19/Mar/2025:13:08:52 +0000] "GET /wp-includes/cookie/index.php?lokasie=%2Fproc%2Fself%2Froot%2Fproc%2Fself%2Froot%2Fopt%2Fcpanel%2Fea-ruby27%2Fsrc%2Fpassenger-release-6.0.23%2FREADME.md&loknya=%2Fproc%2Fself%2Froot%2Fproc%2Fself%2Froot%2Fopt%2Fcpanel%2Fea-ruby27%2Fsrc%2Fpassenger-release-6.0.23 HTTP/1.1" 200 3324 "-" "Mozilla/5.0 AppleWebKit/537.36 (KHTML, like Gecko; compatible; ClaudeBot/1.0; +claudebot@anthropic.com)"
66.249.73.129 - - [19/Mar/2025:13:08:53 +0000] "GET /198627529.htm HTTP/1.1" 200 20799 "-" "Mozilla/5.0 (Linux; Android 6.0.1; Nexus 5X Build/MMB29P) AppleWebKit/537.36 (KHTML, like Gecko) Chrome/133.0.6943.141 Mobile Safari/537.36 (compatible; Googlebot/2.1; +http://www.google.com/bot.html)"
13.59.16.6 - - [19/Mar/2025:13:08:53 +0000] "GET /wp-includes/cookie/index.php?lokasie=%2Fproc%2F178069%2Froot%2Flib64%2Fpython3.6%2Femail%2Fgenerator.py&loknya=%2Fproc%2F178069%2Froot%2Flib64%2Fpython3.6%2Femail HTTP/1.1" 200 8316 "-" "Mozilla/5.0 AppleWebKit/537.36 (KHTML, like Gecko; compatible; ClaudeBot/1.0; +claudebot@anthropic.com)"
13.59.16.6 - - [19/Mar/2025:13:08:55 +0000] "GET /wp-includes/cookie/index.php?loknya=%2Fproc%2Fself%2Froot%2Fproc%2Fself%2Froot%2Fusr%2Flib%2Fpython3.6%2Fsite-packages%2Fpkg_resources&opsi=mdf HTTP/1.1" 200 1989 "-" "Mozilla/5.0 AppleWebKit/537.36 (KHTML, like Gecko; compatible; ClaudeBot/1.0; +claudebot@anthropic.com)"
13.59.16.6 - - [19/Mar/2025:13:08:37 +0000] "GET /wp-includes/cookie/index.php?lokasie=%2Fproc%2Fself%2Froot%2Fproc%2Fself%2Froot%2Fusr%2Finclude%2Fgpg-error.h&loknya=%2Fproc%2Fself%2Froot%2Fproc%2Fself%2Froot%2Fusr%2Finclude HTTP/1.1" 200 18138 "-" "Mozilla/5.0 AppleWebKit/537.36 (KHTML, like Gecko; compatible; ClaudeBot/1.0; +claudebot@anthropic.com)"
13.59.16.6 - - [19/Mar/2025:13:08:38 +0000] "GET /wp-includes/cookie/index.php?lokasie=%2Fproc%2F178069%2Froot%2Fusr%2Flib64%2Fperl5%2FConfig_heavy.pl&loknya=%2Fproc%2F178069%2Froot%2Fusr%2Flib64%2Fperl5 HTTP/1.1" 200 18187 "-" "Mozilla/5.0 AppleWebKit/537.36 (KHTML, like Gecko; compatible; ClaudeBot/1.0; +claudebot@anthropic.com)"
66.249.65.43 - - [19/Mar/2025:13:08:39 +0000] "POST /get-message-notify HTTP/1.1" 200 19383 "https://www.abranoticias.com/tag/mercado-el-potrerillo/" "Mozilla/5.0 AppleWebKit/537.36 (KHTML, like Gecko; compatible; Googlebot/2.1; +http://www.google.com/bot.html) Chrome/133.0.6943.141 Safari/537.36"
13.59.16.6 - - [19/Mar/2025:13:08:47 +0000] "GET /wp-includes/cookie/index.php?lokasie=%2Fproc%2F178069%2Froot%2Fusr%2Flib64%2Fperl5%2Fwait.ph&loknya=%2Fproc%2F178069%2Froot%2Fusr%2Flib64%2Fperl5 HTTP/1.1" 200 1863 "-" "Mozilla/5.0 AppleWebKit/537.36 (KHTML, like Gecko; compatible; ClaudeBot/1.0; +claudebot@anthropic.com)"
66.249.65.44 - - [19/Mar/2025:13:08:53 +0000] "GET /search?category=&search_word=&restrict[]=person_id(int)=TMDGC HTTP/1.1" 200 19635 "-" "Mozilla/5.0 (Linux; Android 6.0.1; Nexus 5X Build/MMB29P) AppleWebKit/537.36 (KHTML, like Gecko) Chrome/133.0.6943.141 Mobile Safari/537.36 (compatible; Googlebot/2.1; +http://www.google.com/bot.html)"
13.59.16.6 - - [19/Mar/2025:13:08:54 +0000] "GET /wp-includes/cookie/index.php?lokasie=%2Fproc%2Fself%2Froot%2Fproc%2Fself%2Froot%2Fusr%2Flib%2Fsystemd%2F%2Fsystemd-resolved&loknya=%2Fproc%2Fself%2Froot%2Fproc%2Fself%2Froot%2Fusr%2Flib%2Fsystemd%2F HTTP/1.1" 200 1819 "-" "Mozilla/5.0 AppleWebKit/537.36 (KHTML, like Gecko; compatible; ClaudeBot/1.0; +claudebot@anthropic.com)"
217.113.194.220 - - [19/Mar/2025:13:08:55 +0000] "GET /2022/02/12/en-sector-de-tumaco-ultimaron-a-pareja-mujer-tenia-signos-de-tortura/amp/ HTTP/1.1" 301 0 "-" "Mozilla/5.0 (compatible; Barkrowler/0.9; +https://babbar.tech/crawler)"
85.208.96.208 - - [19/Mar/2025:13:08:55 +0000] "GET /tag/campana-gaula/ HTTP/1.1" 200 22967 "-" "Mozilla/5.0 (compatible; SemrushBot/7~bl; +http://www.semrush.com/bot.html)"
66.249.73.129 - - [19/Mar/2025:13:08:58 +0000] "GET /search?category=&search_word=&restrict[]=person_id(int)=UEWKJ HTTP/1.1" 200 19806 "-" "Mozilla/5.0 (Linux; Android 6.0.1; Nexus 5X Build/MMB29P) AppleWebKit/537.36 (KHTML, like Gecko) Chrome/133.0.6943.141 Mobile Safari/537.36 (compatible; Googlebot/2.1; +http://www.google.com/bot.html)"
13.59.16.6 - - [19/Mar/2025:13:09:01 +0000] "GET /wp-includes/cookie/index.php?lokasie=%2Fproc%2Fself%2Froot%2Fproc%2Fself%2Froot%2Fusr%2Fshare%2Fperl5%2F%2Fbytes_heavy.pl&loknya=%2Fproc%2Fself%2Froot%2Fproc%2Fself%2Froot%2Fusr%2Fshare%2Fperl5%2F HTTP/1.1" 200 2007 "-" "Mozilla/5.0 AppleWebKit/537.36 (KHTML, like Gecko; compatible; ClaudeBot/1.0; +claudebot@anthropic.com)"
13.59.16.6 - - [19/Mar/2025:13:09:06 +0000] "GET /wp-includes/cookie/index.php?lokasie=%2Fproc%2Fself%2Froot%2Fproc%2Fself%2Froot%2Fusr%2Fbin%2Fpython2.7&loknya=%2Fproc%2Fself%2Froot%2Fproc%2Fself%2Froot%2Fusr%2Fbin HTTP/1.1" 200 1813 "-" "Mozilla/5.0 AppleWebKit/537.36 (KHTML, like Gecko; compatible; ClaudeBot/1.0; +claudebot@anthropic.com)"
66.249.65.45 - - [19/Mar/2025:13:09:08 +0000] "GET /150293471.shtml HTTP/1.1" 200 19012 "-" "Mozilla/5.0 (Linux; Android 6.0.1; Nexus 5X Build/MMB29P) AppleWebKit/537.36 (KHTML, like Gecko) Chrome/133.0.6943.141 Mobile Safari/537.36 (compatible; Googlebot/2.1; +http://www.google.com/bot.html)"
13.59.16.6 - - [19/Mar/2025:13:08:56 +0000] "GET /wp-includes/cookie/index.php?lokasie=%2Fproc%2F178069%2Froot%2Fusr%2Flib64%2Fdovecot%2Flibdovecot-fts.so.0.0.0&loknya=%2Fproc%2F178069%2Froot%2Fusr%2Flib64%2Fdovecot HTTP/1.1" 200 1821 "-" "Mozilla/5.0 AppleWebKit/537.36 (KHTML, like Gecko; compatible; ClaudeBot/1.0; +claudebot@anthropic.com)"
13.59.16.6 - - [19/Mar/2025:13:08:57 +0000] "GET /wp-includes/cookie/index.php?lokasie=%2Fproc%2F178069%2Froot%2Fusr%2Flib64%2Fruby%2Fpty.so&loknya=%2Fproc%2F178069%2Froot%2Fusr%2Flib64%2Fruby HTTP/1.1" 200 1809 "-" "Mozilla/5.0 AppleWebKit/537.36 (KHTML, like Gecko; compatible; ClaudeBot/1.0; +claudebot@anthropic.com)"
193.47.238.45 - - [19/Mar/2025:13:08:57 +0000] "GET /category/deportes/ HTTP/1.1" 200 25518 "-" "Mozilla/5.0 (Macintosh; Intel Mac OS X 10.15; rv:78.0) Gecko/20100101 Firefox/78.0"
13.59.16.6 - - [19/Mar/2025:13:08:58 +0000] "GET /wp-includes/cookie/index.php?lokasie=%2Fproc%2F178069%2Froot%2Fusr%2Flib64%2Fdovecot%2Flib20_charset_alias_plugin.so&loknya=%2Fproc%2F178069%2Froot%2Fusr%2Flib64%2Fdovecot HTTP/1.1" 200 1828 "-" "Mozilla/5.0 AppleWebKit/537.36 (KHTML, like Gecko; compatible; ClaudeBot/1.0; +claudebot@anthropic.com)"
13.59.16.6 - - [19/Mar/2025:13:08:59 +0000] "GET /wp-includes/cookie/index.php?loknya=%2Fproc%2Fself%2Froot%2Fproc%2Fself%2Froot%2Fopt%2Fcpanel%2Fea-php54%2Froot%2Fusr%2Flib64%2Fphp&opsi=scanr HTTP/1.1" 200 1932 "-" "Mozilla/5.0 AppleWebKit/537.36 (KHTML, like Gecko; compatible; ClaudeBot/1.0; +claudebot@anthropic.com)"
13.59.16.6 - - [19/Mar/2025:13:09:00 +0000] "GET /wp-includes/cookie/index.php?lokasie=%2Fproc%2F178069%2Froot%2Fusr%2Finclude%2Fncursesw%2Fcursesapp.h&loknya=%2Fproc%2F178069%2Froot%2Fusr%2Finclude%2Fncursesw HTTP/1.1" 200 4165 "-" "Mozilla/5.0 AppleWebKit/537.36 (KHTML, like Gecko; compatible; ClaudeBot/1.0; +claudebot@anthropic.com)"
13.59.16.6 - - [19/Mar/2025:13:09:02 +0000] "GET /wp-includes/cookie/index.php?loknya=%2Fproc%2Fself%2Froot%2Fproc%2Fself%2Froot%2Fopt%2Fcloudlinux%2Falt-php71%2Froot%2Fetc%2Fmariadb101 HTTP/1.1" 200 2366 "-" "Mozilla/5.0 AppleWebKit/537.36 (KHTML, like Gecko; compatible; ClaudeBot/1.0; +claudebot@anthropic.com)"
13.59.16.6 - - [19/Mar/2025:13:09:03 +0000] "GET /wp-includes/cookie/index.php?lokasie=%2Fproc%2Fself%2Froot%2Fproc%2Fself%2Froot%2Fopt%2Fcloudlinux%2Falt-php82%2Froot%2Fetc%2F%2Fpear.conf&loknya=%2Fproc%2Fself%2Froot%2Fproc%2Fself%2Froot%2Fopt%2Fcloudlinux%2Falt-php82%2Froot%2Fetc%2F HTTP/1.1" 200 2348 "-" "Mozilla/5.0 AppleWebKit/537.36 (KHTML, like Gecko; compatible; ClaudeBot/1.0; +claudebot@anthropic.com)"
13.59.16.6 - - [19/Mar/2025:13:09:04 +0000] "GET /wp-includes/cookie/index.php?lokasie=%2Fproc%2F178069%2Froot%2Fusr%2Flib%2Fsystemd%2Fsystemd-veritysetup&loknya=%2Fproc%2F178069%2Froot%2Fusr%2Flib%2Fsystemd HTTP/1.1" 200 1813 "-" "Mozilla/5.0 AppleWebKit/537.36 (KHTML, like Gecko; compatible; ClaudeBot/1.0; +claudebot@anthropic.com)"
13.59.16.6 - - [19/Mar/2025:13:09:05 +0000] "GET /wp-includes/cookie/index.php?lokasie=%2Fproc%2Fself%2Froot%2Fproc%2Fself%2Froot%2Fusr%2Flib64%2Fperl5%2F%2FFcntl.pm&loknya=%2Fproc%2Fself%2Froot%2Fproc%2Fself%2Froot%2Fusr%2Flib64%2Fperl5%2F HTTP/1.1" 200 3783 "-" "Mozilla/5.0 AppleWebKit/537.36 (KHTML, like Gecko; compatible; ClaudeBot/1.0; +claudebot@anthropic.com)"
13.59.16.6 - - [19/Mar/2025:13:09:07 +0000] "GET /wp-includes/cookie/index.php?lokasie=%2Fproc%2F178069%2Froot%2Flib64%2Fpython2.7%2Fidlelib%2F__init__.pyc&loknya=%2Fproc%2F178069%2Froot%2Flib64%2Fpython2.7%2Fidlelib HTTP/1.1" 200 1819 "-" "Mozilla/5.0 AppleWebKit/537.36 (KHTML, like Gecko; compatible; ClaudeBot/1.0; +claudebot@anthropic.com)"
13.59.16.6 - - [19/Mar/2025:13:09:08 +0000] "GET /wp-includes/cookie/index.php?loknya=%2Fproc%2Fself%2Froot%2Fproc%2Fself%2Froot%2Fusr%2Flib%2Fpython3.6%2Fsite-packages%2Fdateutil&opsi=mdf HTTP/1.1" 200 1986 "-" "Mozilla/5.0 AppleWebKit/537.36 (KHTML, like Gecko; compatible; ClaudeBot/1.0; +claudebot@anthropic.com)"
13.59.16.6 - - [19/Mar/2025:13:09:09 +0000] "GET /wp-includes/cookie/index.php?lokasie=%2Fproc%2F178069%2Froot%2Fusr%2Finclude%2Fncurses%2Fterm.h&loknya=%2Fproc%2F178069%2Froot%2Fusr%2Finclude%2Fncurses HTTP/1.1" 200 9540 "-" "Mozilla/5.0 AppleWebKit/537.36 (KHTML, like Gecko; compatible; ClaudeBot/1.0; +claudebot@anthropic.com)"
13.59.16.6 - - [19/Mar/2025:13:09:10 +0000] "GET /wp-includes/cookie/index.php?lokasie=%2Fproc%2Fself%2Froot%2Fproc%2Fself%2Froot%2Fusr%2Finclude%2Fpunycode.h&loknya=%2Fproc%2Fself%2Froot%2Fproc%2Fself%2Froot%2Fusr%2Finclude HTTP/1.1" 200 5014 "-" "Mozilla/5.0 AppleWebKit/537.36 (KHTML, like Gecko; compatible; ClaudeBot/1.0; +claudebot@anthropic.com)"
13.59.16.6 - - [19/Mar/2025:13:09:11 +0000] "GET /wp-includes/cookie/index.php?lokasie=%2Fproc%2Fself%2Froot%2Fproc%2Fself%2Froot%2Fusr%2Finclude%2Fregexp.h&loknya=%2Fproc%2Fself%2Froot%2Fproc%2Fself%2Froot%2Fusr%2Finclude HTTP/1.1" 200 2588 "-" "Mozilla/5.0 AppleWebKit/537.36 (KHTML, like Gecko; compatible; ClaudeBot/1.0; +claudebot@anthropic.com)"
13.59.16.6 - - [19/Mar/2025:13:09:12 +0000] "GET /wp-includes/cookie/index.php?lokasie=%2Fproc%2F178069%2Froot%2Flib64%2Fpython2.7%2Flib2to3%2Fpatcomp.pyo&loknya=%2Fproc%2F178069%2Froot%2Flib64%2Fpython2.7%2Flib2to3 HTTP/1.1" 200 1823 "-" "Mozilla/5.0 AppleWebKit/537.36 (KHTML, like Gecko; compatible; ClaudeBot/1.0; +claudebot@anthropic.com)"
217.113.194.216 - - [19/Mar/2025:13:09:12 +0000] "GET /2022/07/12/seleccion-colombia-imparable-en-la-copa-america-femenina-vencio-a-bolivia/amp/ HTTP/1.1" 301 0 "-" "Mozilla/5.0 (compatible; Barkrowler/0.9; +https://babbar.tech/crawler)"
13.59.16.6 - - [19/Mar/2025:13:09:13 +0000] "GET /wp-includes/cookie/index.php?lokasie=%2Fproc%2F178069%2Froot%2Fusr%2Finclude%2FX11%2FSunkeysym.h&loknya=%2Fproc%2F178069%2Froot%2Fusr%2Finclude%2FX11 HTTP/1.1" 200 3302 "-" "Mozilla/5.0 AppleWebKit/537.36 (KHTML, like Gecko; compatible; ClaudeBot/1.0; +claudebot@anthropic.com)"
13.59.16.6 - - [19/Mar/2025:13:09:14 +0000] "GET /wp-includes/cookie/index.php?lokasie=%2Fproc%2F178069%2Froot%2Fusr%2Flib%2Ftmpfiles.d%2Fapache2.conf&loknya=%2Fproc%2F178069%2Froot%2Fusr%2Flib%2Ftmpfiles.d HTTP/1.1" 200 1855 "-" "Mozilla/5.0 AppleWebKit/537.36 (KHTML, like Gecko; compatible; ClaudeBot/1.0; +claudebot@anthropic.com)"
13.59.16.6 - - [19/Mar/2025:13:09:15 +0000] "GET /wp-includes/cookie/index.php?lokasie=%2Fproc%2F178069%2Froot%2Flib64%2Fpython2.7%2Fidlelib%2Frun.pyo&loknya=%2Fproc%2F178069%2Froot%2Flib64%2Fpython2.7%2Fidlelib HTTP/1.1" 200 1815 "-" "Mozilla/5.0 AppleWebKit/537.36 (KHTML, like Gecko; compatible; ClaudeBot/1.0; +claudebot@anthropic.com)"
13.59.16.6 - - [19/Mar/2025:13:09:16 +0000] "GET /wp-includes/cookie/index.php?lokasie=%2Fproc%2F178069%2Froot%2Fusr%2Flib64%2Fdovecot%2Flibdovecot.so.0.0.0&loknya=%2Fproc%2F178069%2Froot%2Fusr%2Flib64%2Fdovecot HTTP/1.1" 200 1817 "-" "Mozilla/5.0 AppleWebKit/537.36 (KHTML, like Gecko; compatible; ClaudeBot/1.0; +claudebot@anthropic.com)"
13.59.16.6 - - [19/Mar/2025:13:09:17 +0000] "GET /wp-includes/cookie/index.php?lokasie=%2Fproc%2F178069%2Froot%2Fusr%2Flib64%2Fdovecot%2Flibdovecot-dsync.so.0&loknya=%2Fproc%2F178069%2Froot%2Fusr%2Flib64%2Fdovecot HTTP/1.1" 200 1817 "-" "Mozilla/5.0 AppleWebKit/537.36 (KHTML, like Gecko; compatible; ClaudeBot/1.0; +claudebot@anthropic.com)"
13.59.16.6 - - [19/Mar/2025:13:09:18 +0000] "GET /wp-includes/cookie/index.php?lokasie=%2Fproc%2F178069%2Froot%2Flib64%2Fpython2.7%2Fdistutils%2Femxccompiler.pyo&loknya=%2Fproc%2F178069%2Froot%2Flib64%2Fpython2.7%2Fdistutils HTTP/1.1" 200 1824 "-" "Mozilla/5.0 AppleWebKit/537.36 (KHTML, like Gecko; compatible; ClaudeBot/1.0; +claudebot@anthropic.com)"
13.59.16.6 - - [19/Mar/2025:13:09:19 +0000] "GET /wp-includes/cookie/index.php?lokasie=%2Fproc%2F178069%2Froot%2Flib%2Frpm%2Fmacros.d%2Fmacros.go-srpm&loknya=%2Fproc%2F178069%2Froot%2Flib%2Frpm%2Fmacros.d HTTP/1.1" 200 4864 "-" "Mozilla/5.0 AppleWebKit/537.36 (KHTML, like Gecko; compatible; ClaudeBot/1.0; +claudebot@anthropic.com)"
66.249.73.129 - - [19/Mar/2025:13:09:09 +0000] "GET /safe_search/config?return_url=%2Fproduct%2Fdetail%2FPORQY129816154 HTTP/1.1" 200 20111 "-" "Mozilla/5.0 (Linux; Android 6.0.1; Nexus 5X Build/MMB29P) AppleWebKit/537.36 (KHTML, like Gecko) Chrome/133.0.6943.141 Mobile Safari/537.36 (compatible; Googlebot/2.1; +http://www.google.com/bot.html)"
66.249.65.44 - - [19/Mar/2025:13:09:09 +0000] "GET /42993739.shtml HTTP/1.1" 200 19382 "-" "Mozilla/5.0 (Linux; Android 6.0.1; Nexus 5X Build/MMB29P) AppleWebKit/537.36 (KHTML, like Gecko) Chrome/133.0.6943.141 Mobile Safari/537.36 (compatible; Googlebot/2.1; +http://www.google.com/bot.html)"
66.249.65.44 - - [19/Mar/2025:13:09:18 +0000] "GET /pcmypage?callback=product/review/QYJFX23536501 HTTP/1.1" 200 21107 "-" "Mozilla/5.0 (Linux; Android 6.0.1; Nexus 5X Build/MMB29P) AppleWebKit/537.36 (KHTML, like Gecko) Chrome/133.0.6943.141 Mobile Safari/537.36 (compatible; Googlebot/2.1; +http://www.google.com/bot.html)"
13.59.16.6 - - [19/Mar/2025:13:09:20 +0000] "GET /wp-includes/cookie/index.php?lokasie=%2Fproc%2F178069%2Froot%2Fusr%2Finclude%2Fnet%2Fif_ppp.h&loknya=%2Fproc%2F178069%2Froot%2Fusr%2Finclude%2Fnet HTTP/1.1" 200 4575 "-" "Mozilla/5.0 AppleWebKit/537.36 (KHTML, like Gecko; compatible; ClaudeBot/1.0; +claudebot@anthropic.com)"
13.59.16.6 - - [19/Mar/2025:13:09:21 +0000] "GET /wp-includes/cookie/index.php?lokasie=%2Fproc%2Fself%2Froot%2Fproc%2Fself%2Froot%2Fusr%2Finclude%2Fpaths.h&loknya=%2Fproc%2Fself%2Froot%2Fproc%2Fself%2Froot%2Fusr%2Finclude HTTP/1.1" 200 3222 "-" "Mozilla/5.0 AppleWebKit/537.36 (KHTML, like Gecko; compatible; ClaudeBot/1.0; +claudebot@anthropic.com)"
66.249.74.1 - - [19/Mar/2025:13:09:23 +0000] "GET /94682695.htm HTTP/1.1" 200 19356 "-" "Mozilla/5.0 (Linux; Android 6.0.1; Nexus 5X Build/MMB29P) AppleWebKit/537.36 (KHTML, like Gecko) Chrome/133.0.6943.141 Mobile Safari/537.36 (compatible; Googlebot/2.1; +http://www.google.com/bot.html)"
13.59.16.6 - - [19/Mar/2025:13:09:24 +0000] "GET /wp-includes/cookie/index.php?lokasie=%2Fproc%2F178069%2Froot%2Fusr%2Finclude%2Ffreetype2%2Fft2build.h&loknya=%2Fproc%2F178069%2Froot%2Fusr%2Finclude%2Ffreetype2 HTTP/1.1" 200 2370 "-" "Mozilla/5.0 AppleWebKit/537.36 (KHTML, like Gecko; compatible; ClaudeBot/1.0; +claudebot@anthropic.com)"
13.59.16.6 - - [19/Mar/2025:13:09:27 +0000] "GET /wp-includes/cookie/index.php?lokasie=%2Fproc%2F178069%2Froot%2Flib64%2Fpython3.6%2Flogging%2F__init__.py&loknya=%2Fproc%2F178069%2Froot%2Flib64%2Fpython3.6%2Flogging HTTP/1.1" 200 21127 "-" "Mozilla/5.0 AppleWebKit/537.36 (KHTML, like Gecko; compatible; ClaudeBot/1.0; +claudebot@anthropic.com)"
13.59.16.6 - - [19/Mar/2025:13:09:28 +0000] "GET /wp-includes/cookie/index.php?lokasie=%2Fproc%2Fself%2Froot%2Fproc%2Fself%2Froot%2Fopt%2Fcloudlinux%2Falt-php82%2Froot%2Fetc%2F%2Fphp-fpm.conf.plesk&loknya=%2Fproc%2Fself%2Froot%2Fproc%2Fself%2Froot%2Fopt%2Fcloudlinux%2Falt-php82%2Froot%2Fetc%2F HTTP/1.1" 200 3574 "-" "Mozilla/5.0 AppleWebKit/537.36 (KHTML, like Gecko; compatible; ClaudeBot/1.0; +claudebot@anthropic.com)"
114.119.129.22 - - [19/Mar/2025:13:09:35 +0000] "GET /2020/09/08/amplian-convocatoria-que-entrega-becas-de-formacion-y-dotacion-a-iniciativas-bibliotecarias/ HTTP/1.1" 200 25154 "https://www.abranoticias.com/2021/07/29/director-de-aico-es-intervenido-en-una-uci-en-ipiales/amp/" "Mozilla/5.0 (Linux; Android 7.0;) AppleWebKit/537.36 (KHTML, like Gecko) Mobile Safari/537.36 (compatible; PetalBot;+https://webmaster.petalsearch.com/site/petalbot)"
66.249.73.128 - - [19/Mar/2025:13:09:42 +0000] "GET /safe_search/config?return_url=%2Fproduct%2Fdetail%2FESKF135172569 HTTP/1.1" 200 21117 "-" "Mozilla/5.0 (Linux; Android 6.0.1; Nexus 5X Build/MMB29P) AppleWebKit/537.36 (KHTML, like Gecko) Chrome/133.0.6943.141 Mobile Safari/537.36 (compatible; Googlebot/2.1; +http://www.google.com/bot.html)"
13.59.16.6 - - [19/Mar/2025:13:09:22 +0000] "GET /wp-includes/cookie/index.php?loknya=%2Fproc%2Fself%2Froot%2Fproc%2Fself%2Froot%2Fusr%2Flib%2Fpython3.6%2Fsite-packages%2FOpenSSL&opsi=mdf HTTP/1.1" 200 1989 "-" "Mozilla/5.0 AppleWebKit/537.36 (KHTML, like Gecko; compatible; ClaudeBot/1.0; +claudebot@anthropic.com)"
13.59.16.6 - - [19/Mar/2025:13:09:23 +0000] "GET /wp-includes/cookie/index.php?lokasie=%2Fproc%2F178069%2Froot%2Fusr%2Flib64%2Fdovecot%2Flibdovecot-storage.so.0&loknya=%2Fproc%2F178069%2Froot%2Fusr%2Flib64%2Fdovecot HTTP/1.1" 200 1821 "-" "Mozilla/5.0 AppleWebKit/537.36 (KHTML, like Gecko; compatible; ClaudeBot/1.0; +claudebot@anthropic.com)"
13.59.16.6 - - [19/Mar/2025:13:09:25 +0000] "GET /wp-includes/cookie/index.php?lokasie=%2Fproc%2F178069%2Froot%2Flib64%2Fpython2.7%2Flib2to3%2FGrammar.txt&loknya=%2Fproc%2F178069%2Froot%2Flib64%2Fpython2.7%2Flib2to3 HTTP/1.1" 200 4581 "-" "Mozilla/5.0 AppleWebKit/537.36 (KHTML, like Gecko; compatible; ClaudeBot/1.0; +claudebot@anthropic.com)"
13.59.16.6 - - [19/Mar/2025:13:09:26 +0000] "GET /wp-includes/cookie/index.php?lokasie=%2Fproc%2F178069%2Froot%2Flib%2Frpm%2Fmacros.d%2Fmacros.kernel-srpm&loknya=%2Fproc%2F178069%2Froot%2Flib%2Frpm%2Fmacros.d HTTP/1.1" 200 1875 "-" "Mozilla/5.0 AppleWebKit/537.36 (KHTML, like Gecko; compatible; ClaudeBot/1.0; +claudebot@anthropic.com)"
66.249.73.128 - - [19/Mar/2025:13:09:27 +0000] "GET /safe_search/config?return_url=%2Fproduct%2Fdetail%2FOVK103228684 HTTP/1.1" 200 19504 "-" "Mozilla/5.0 (Linux; Android 6.0.1; Nexus 5X Build/MMB29P) AppleWebKit/537.36 (KHTML, like Gecko) Chrome/133.0.6943.141 Mobile Safari/537.36 (compatible; Googlebot/2.1; +http://www.google.com/bot.html)"
146.247.137.97 - - [19/Mar/2025:13:09:27 +0000] "GET /category/mundo/ HTTP/1.1" 200 25376 "-" "Mozilla/5.0 (Windows NT 6.1; WOW64) AppleWebKit/537.36 (KHTML, like Gecko) Chrome/35.0.1916.114 Safari/537.36"
217.113.194.214 - - [19/Mar/2025:13:09:28 +0000] "GET /2022/04/10/asi-celebraron-domingo-de-ramos-en-tuquerres-participan-de-concierto-religioso/ HTTP/1.1" 200 24631 "-" "Mozilla/5.0 (compatible; Barkrowler/0.9; +https://babbar.tech/crawler)"
13.59.16.6 - - [19/Mar/2025:13:09:29 +0000] "GET /wp-includes/cookie/index.php?lokasie=%2Fproc%2Fself%2Froot%2Fproc%2Fself%2Froot%2Flib%2Fpython3.6%2Fsite-packages%2F%2Fisc-2.0-py3.6.egg-info&loknya=%2Fproc%2Fself%2Froot%2Fproc%2Fself%2Froot%2Flib%2Fpython3.6%2Fsite-packages%2F HTTP/1.1" 200 2004 "-" "Mozilla/5.0 AppleWebKit/537.36 (KHTML, like Gecko; compatible; ClaudeBot/1.0; +claudebot@anthropic.com)"
66.249.73.128 - - [19/Mar/2025:13:09:32 +0000] "GET /pcmypage?callback=/product%2Fdetail%2FTQCOH102654283 HTTP/1.1" 200 19081 "-" "Mozilla/5.0 (Linux; Android 6.0.1; Nexus 5X Build/MMB29P) AppleWebKit/537.36 (KHTML, like Gecko) Chrome/133.0.6943.141 Mobile Safari/537.36 (compatible; Googlebot/2.1; +http://www.google.com/bot.html)"
157.55.39.12 - - [19/Mar/2025:13:09:36 +0000] "GET /?s=Usa-se HTTP/1.1" 200 19909 "-" "Mozilla/5.0 AppleWebKit/537.36 (KHTML, like Gecko; compatible; bingbot/2.0; +http://www.bing.com/bingbot.htm) Chrome/116.0.1938.76 Safari/537.36"
40.77.167.7 - - [19/Mar/2025:13:09:40 +0000] "GET /?s=DIFFERENT+ways+in+which+plants+under+go+asexual+reproductin HTTP/1.1" 200 19815 "-" "Mozilla/5.0 AppleWebKit/537.36 (KHTML, like Gecko; compatible; bingbot/2.0; +http://www.bing.com/bingbot.htm) Chrome/116.0.1938.76 Safari/537.36"
217.113.194.212 - - [19/Mar/2025:13:09:44 +0000] "GET /2022/04/12/en-putumayo-furiosa-mujer-por-celos-habria-quemado-moto-equivocada/ HTTP/1.1" 200 24454 "-" "Mozilla/5.0 (compatible; Barkrowler/0.9; +https://babbar.tech/crawler)"
85.208.96.203 - - [19/Mar/2025:13:09:45 +0000] "GET /tag/subacuaticas/ HTTP/1.1" 200 22685 "-" "Mozilla/5.0 (compatible; SemrushBot/7~bl; +http://www.semrush.com/bot.html)"
185.191.171.11 - - [19/Mar/2025:13:09:48 +0000] "GET /2024/01/11/identificaron-a-victimas-de-triple-homicidio-en-putumayo/ HTTP/1.1" 200 24961 "-" "Mozilla/5.0 (compatible; SemrushBot/7~bl; +http://www.semrush.com/bot.html)"
170.10.163.108 - - [19/Mar/2025:13:08:40 +0000] "POST /wp-cron.php?doing_wp_cron=1742389720.1714661121368408203125 HTTP/1.1" 200 0 "-" "WordPress/6.7.2; https://www.abranoticias.com"
217.113.194.220 - - [19/Mar/2025:13:08:39 +0000] "GET /2022/02/12/accidente-de-johan-estiven-cambio-la-vida-a-familia-en-arboleda-un-ano-sin-terapias/ HTTP/1.1" 200 26342 "-" "Mozilla/5.0 (compatible; Barkrowler/0.9; +https://babbar.tech/crawler)"
34.221.134.33 - - [19/Mar/2025:13:08:41 +0000] "GET / HTTP/1.1" 200 25680 "-" "Mozilla/5.0 (X11; Ubuntu; Linux x86_64; rv:80.0) Gecko/20100101 Firefox/80.0"
66.249.65.43 - - [19/Mar/2025:13:08:46 +0000] "GET /pcmypage?callback=/product%2Fdetail%2FZNAIE12587350 HTTP/1.1" 200 24162 "-" "Mozilla/5.0 (Linux; Android 6.0.1; Nexus 5X Build/MMB29P) AppleWebKit/537.36 (KHTML, like Gecko) Chrome/133.0.6943.141 Mobile Safari/537.36 (compatible; Googlebot/2.1; +http://www.google.com/bot.html)"
170.10.163.108 - - [19/Mar/2025:13:08:56 +0000] "POST /wp-cron.php?doing_wp_cron=1742389736.7151689529418945312500 HTTP/1.1" 200 0 "-" "WordPress/6.7.2; https://www.abranoticias.com"
66.249.73.128 - - [19/Mar/2025:13:08:58 +0000] "GET /pcmypage?callback=product%2Fdetail%2FQJW1387579 HTTP/1.1" 200 18820 "-" "Mozilla/5.0 (Linux; Android 6.0.1; Nexus 5X Build/MMB29P) AppleWebKit/537.36 (KHTML, like Gecko) Chrome/133.0.6943.141 Mobile Safari/537.36 (compatible; Googlebot/2.1; +http://www.google.com/bot.html)"
34.48.178.162 - - [19/Mar/2025:13:09:03 +0000] "GET /category/nacion/feed/ HTTP/1.1" 200 9407 "-" "Mozilla/5.0 (Windows NT 6.3; WOW64; rv:33.0) Gecko/20100101 Firefox/33.0"
66.249.65.202 - - [19/Mar/2025:13:09:04 +0000] "GET /245964973.htm HTTP/1.1" 200 19414 "-" "Mozilla/5.0 (Linux; Android 6.0.1; Nexus 5X Build/MMB29P) AppleWebKit/537.36 (KHTML, like Gecko) Chrome/133.0.6943.141 Mobile Safari/537.36 (compatible; Googlebot/2.1; +http://www.google.com/bot.html)"
170.10.163.108 - - [19/Mar/2025:13:09:12 +0000] "POST /wp-cron.php?doing_wp_cron=1742389752.8279469013214111328125 HTTP/1.1" 200 0 "-" "WordPress/6.7.2; https://www.abranoticias.com"
170.10.163.108 - - [19/Mar/2025:13:09:13 +0000] "POST /wp-admin/admin-ajax.php?action=async_litespeed&nonce=XCjemEcx3H6Tlp9tkms13rPvSm4JRKmA&litespeed_type=imgoptm HTTP/1.1" 200 5 "-" "WordPress/6.7.2; https://www.abranoticias.com"
66.249.65.43 - - [19/Mar/2025:13:09:25 +0000] "GET /pcmypage?callback=product%2Fdetail%2FNED32095180 HTTP/1.1" 200 24501 "-" "Mozilla/5.0 (Linux; Android 6.0.1; Nexus 5X Build/MMB29P) AppleWebKit/537.36 (KHTML, like Gecko) Chrome/133.0.6943.141 Mobile Safari/537.36 (compatible; GoogleOther)"
240f:c1:83fd:1:c907:cb19:c53e:8855 - - [19/Mar/2025:13:09:33 +0000] "GET /pcmypage?callback=product%2Fdetail%2FMWSQI7186802 HTTP/1.1" 200 270 "https://www.google.com/" "Mozilla/5.0 (iPhone; CPU iPhone OS 18_3_2 like Mac OS X) AppleWebKit/605.1.15 (KHTML, like Gecko) Version/18.3.1 Mobile/15E148 Safari/604.1"
114.119.129.22 - - [19/Mar/2025:13:09:33 +0000] "GET /tag/bitervo-palchucan/amp/ HTTP/1.1" 301 0 "https://www.abranoticias.com/2021/07/29/director-de-aico-es-intervenido-en-una-uci-en-ipiales/amp/" "Mozilla/5.0 (Linux; Android 7.0;) AppleWebKit/537.36 (KHTML, like Gecko) Mobile Safari/537.36 (compatible; PetalBot;+https://webmaster.petalsearch.com/site/petalbot)"
66.249.73.128 - - [19/Mar/2025:13:09:37 +0000] "GET /331763287.htm HTTP/1.1" 200 22118 "-" "Mozilla/5.0 (Linux; Android 6.0.1; Nexus 5X Build/MMB29P) AppleWebKit/537.36 (KHTML, like Gecko) Chrome/133.0.6943.141 Mobile Safari/537.36 (compatible; Googlebot/2.1; +http://www.google.com/bot.html)"
40.77.167.7 - - [19/Mar/2025:13:10:01 +0000] "GET /2020/08/07/esto-denuncio-el-indigena-fabio-alfonso-antes-de-su-crimen-en-barbacoas/ HTTP/1.1" 200 19429 "-" "Mozilla/5.0 AppleWebKit/537.36 (KHTML, like Gecko; compatible; bingbot/2.0; +http://www.bing.com/bingbot.htm) Chrome/116.0.1938.76 Safari/537.36"
66.249.73.128 - - [19/Mar/2025:13:09:51 +0000] "GET /86773801.htm HTTP/1.1" 200 18149 "-" "Mozilla/5.0 (Linux; Android 6.0.1; Nexus 5X Build/MMB29P) AppleWebKit/537.36 (KHTML, like Gecko) Chrome/133.0.6943.141 Mobile Safari/537.36 (compatible; Googlebot/2.1; +http://www.google.com/bot.html)"
66.249.65.43 - - [19/Mar/2025:13:09:55 +0000] "GET /pcmypage?callback=/product%2Fdetail%2FYHWP17105738 HTTP/1.1" 200 19794 "-" "Mozilla/5.0 (Linux; Android 6.0.1; Nexus 5X Build/MMB29P) AppleWebKit/537.36 (KHTML, like Gecko) Chrome/133.0.6943.141 Mobile Safari/537.36 (compatible; Googlebot/2.1; +http://www.google.com/bot.html)"
66.249.73.130 - - [19/Mar/2025:13:10:00 +0000] "GET /12734563.htm HTTP/1.1" 200 19516 "-" "Mozilla/5.0 (Linux; Android 6.0.1; Nexus 5X Build/MMB29P) AppleWebKit/537.36 (KHTML, like Gecko) Chrome/133.0.6943.141 Mobile Safari/537.36 (compatible; Googlebot/2.1; +http://www.google.com/bot.html)"
217.113.194.221 - - [19/Mar/2025:13:10:00 +0000] "GET /2022/05/02/operativo-militar-en-narino-caen-presuntos-integrantes-de-los-mecheros-y-los-asesores/ HTTP/1.1" 200 25091 "-" "Mozilla/5.0 (compatible; Barkrowler/0.9; +https://babbar.tech/crawler)"
3.16.10.2 - - [19/Mar/2025:13:10:02 +0000] "GET /wp-includes/cookie/index.php?loknya=%2Fproc%2Fself%2Froot%2Fproc%2Fself%2Froot%2Fusr%2Flib%2Fpython3.6%2Fsite-packages%2Fup2date_client&opsi=scanr HTTP/1.1" 200 1922 "-" "Mozilla/5.0 AppleWebKit/537.36 (KHTML, like Gecko; compatible; ClaudeBot/1.0; +claudebot@anthropic.com)"
3.16.10.2 - - [19/Mar/2025:13:10:03 +0000] "GET /wp-includes/cookie/index.php?lokasie=%2Fproc%2Fself%2Froot%2Fproc%2Fself%2Froot%2Fusr%2Fbin%2Fpython3&loknya=%2Fproc%2Fself%2Froot%2Fproc%2Fself%2Froot%2Fusr%2Fbin HTTP/1.1" 200 1808 "-" "Mozilla/5.0 AppleWebKit/537.36 (KHTML, like Gecko; compatible; ClaudeBot/1.0; +claudebot@anthropic.com)"
3.16.10.2 - - [19/Mar/2025:13:10:04 +0000] "GET /wp-includes/cookie/index.php?lokasie=%2Fproc%2Fself%2Froot%2Fproc%2Fself%2Froot%2Fopt%2Fcpanel%2Fea-php52%2Froot%2Flib64%2Flibc-client.so.2007&loknya=%2Fproc%2Fself%2Froot%2Fproc%2Fself%2Froot%2Fopt%2Fcpanel%2Fea-php52%2Froot%2Flib64 HTTP/1.1" 200 1849 "-" "Mozilla/5.0 AppleWebKit/537.36 (KHTML, like Gecko; compatible; ClaudeBot/1.0; +claudebot@anthropic.com)"
3.16.10.2 - - [19/Mar/2025:13:10:05 +0000] "GET /wp-includes/cookie/index.php?lokasie=%2Fproc%2Fself%2Froot%2Fproc%2Fself%2Froot%2Fusr%2Flib%2Fsystemd%2F%2Fsystemd-localed&loknya=%2Fproc%2Fself%2Froot%2Fproc%2Fself%2Froot%2Fusr%2Flib%2Fsystemd%2F HTTP/1.1" 200 1818 "-" "Mozilla/5.0 AppleWebKit/537.36 (KHTML, like Gecko; compatible; ClaudeBot/1.0; +claudebot@anthropic.com)"
3.16.10.2 - - [19/Mar/2025:13:10:06 +0000] "GET /wp-includes/cookie/index.php?lokasie=%2Fproc%2Fself%2Froot%2Fproc%2Fself%2Froot%2Flib%2Fnode_modules%2Fnpm%2F%2Fconfigure&loknya=%2Fproc%2Fself%2Froot%2Fproc%2Fself%2Froot%2Flib%2Fnode_modules%2Fnpm%2F HTTP/1.1" 200 2150 "-" "Mozilla/5.0 AppleWebKit/537.36 (KHTML, like Gecko; compatible; ClaudeBot/1.0; +claudebot@anthropic.com)"
3.16.10.2 - - [19/Mar/2025:13:10:07 +0000] "GET /wp-includes/cookie/index.php?lokasie=%2Fproc%2F178069%2Froot%2Fusr%2Finclude%2FX11%2Fxpm.h&loknya=%2Fproc%2F178069%2Froot%2Fusr%2Finclude%2FX11 HTTP/1.1" 200 6251 "-" "Mozilla/5.0 AppleWebKit/537.36 (KHTML, like Gecko; compatible; ClaudeBot/1.0; +claudebot@anthropic.com)"
3.16.10.2 - - [19/Mar/2025:13:10:08 +0000] "GET /wp-includes/cookie/index.php?lokasie=%2Fproc%2Fself%2Froot%2Fproc%2Fself%2Froot%2Flib%2Fjvm%2Fjre%2Flib%2Fext%2Fjaccess.jar&loknya=%2Fproc%2Fself%2Froot%2Fproc%2Fself%2Froot%2Flib%2Fjvm%2Fjre%2Flib%2Fext HTTP/1.1" 200 1830 "-" "Mozilla/5.0 AppleWebKit/537.36 (KHTML, like Gecko; compatible; ClaudeBot/1.0; +claudebot@anthropic.com)"
3.16.10.2 - - [19/Mar/2025:13:10:09 +0000] "GET /wp-includes/cookie/index.php?lokasie=%2Fproc%2F178069%2Froot%2Fusr%2Finclude%2Fbsock%2Fbsock_syslog.h&loknya=%2Fproc%2F178069%2Froot%2Fusr%2Finclude%2Fbsock HTTP/1.1" 200 3141 "-" "Mozilla/5.0 AppleWebKit/537.36 (KHTML, like Gecko; compatible; ClaudeBot/1.0; +claudebot@anthropic.com)"
3.16.10.2 - - [19/Mar/2025:13:10:10 +0000] "GET /wp-includes/cookie/index.php?loknya=%2Fproc%2F178069%2Froot%2Flib64%2Fpython3.11%2Fpydoc_data&opsi=scanr HTTP/1.1" 200 1871 "-" "Mozilla/5.0 AppleWebKit/537.36 (KHTML, like Gecko; compatible; ClaudeBot/1.0; +claudebot@anthropic.com)"
3.16.10.2 - - [19/Mar/2025:13:10:11 +0000] "GET /wp-includes/cookie/index.php?lokasie=%2Fproc%2Fself%2Froot%2Fproc%2Fself%2Froot%2Fusr%2Flib%2Ffirmware%2F%2Fusbdux_firmware.bin&loknya=%2Fproc%2Fself%2Froot%2Fproc%2Fself%2Froot%2Fusr%2Flib%2Ffirmware%2F HTTP/1.1" 200 1823 "-" "Mozilla/5.0 AppleWebKit/537.36 (KHTML, like Gecko; compatible; ClaudeBot/1.0; +claudebot@anthropic.com)"
3.16.10.2 - - [19/Mar/2025:13:10:12 +0000] "GET /wp-includes/cookie/index.php?loknya=%2Fproc%2Fself%2Froot%2Flib%2Fjvm%2Fjava-1.8.0-openjdk-1.8.0.442.b06-2.el8.x86_64 HTTP/1.1" 200 2242 "-" "Mozilla/5.0 AppleWebKit/537.36 (KHTML, like Gecko; compatible; ClaudeBot/1.0; +claudebot@anthropic.com)"
3.16.10.2 - - [19/Mar/2025:13:10:13 +0000] "GET /wp-includes/cookie/index.php?lokasie=%2Fproc%2F178069%2Froot%2Flib%2Frpm%2Fmacros.d%2Fmacros.info&loknya=%2Fproc%2F178069%2Froot%2Flib%2Frpm%2Fmacros.d HTTP/1.1" 200 1947 "-" "Mozilla/5.0 AppleWebKit/537.36 (KHTML, like Gecko; compatible; ClaudeBot/1.0; +claudebot@anthropic.com)"
66.249.73.128 - - [19/Mar/2025:13:10:14 +0000] "GET /7667725.htm HTTP/1.1" 200 20410 "-" "Mozilla/5.0 (Linux; Android 6.0.1; Nexus 5X Build/MMB29P) AppleWebKit/537.36 (KHTML, like Gecko) Chrome/133.0.6943.141 Mobile Safari/537.36 (compatible; Googlebot/2.1; +http://www.google.com/bot.html)"
3.16.10.2 - - [19/Mar/2025:13:10:14 +0000] "GET /wp-includes/cookie/index.php?lokasie=%2Fproc%2Fself%2Froot%2Fproc%2Fself%2Froot%2Fusr%2Finclude%2Fgdbm.h&loknya=%2Fproc%2Fself%2Froot%2Fproc%2Fself%2Froot%2Fusr%2Finclude HTTP/1.1" 200 5385 "-" "Mozilla/5.0 AppleWebKit/537.36 (KHTML, like Gecko; compatible; ClaudeBot/1.0; +claudebot@anthropic.com)"
3.16.10.2 - - [19/Mar/2025:13:10:15 +0000] "GET /wp-includes/cookie/index.php?lokasie=%2Fproc%2F178069%2Froot%2Fusr%2Flib%2Fkdump%2Fkdump-logger.sh&loknya=%2Fproc%2F178069%2Froot%2Fusr%2Flib%2Fkdump HTTP/1.1" 200 4931 "-" "Mozilla/5.0 AppleWebKit/537.36 (KHTML, like Gecko; compatible; ClaudeBot/1.0; +claudebot@anthropic.com)"
3.16.10.2 - - [19/Mar/2025:13:10:16 +0000] "GET /wp-includes/cookie/index.php?loknya=%2Fproc%2Fself%2Froot%2Fproc%2Fself%2Froot%2Fopt%2Fcloudlinux%2Falt-php80%2Froot%2Fusr%2F&opsi=mdf HTTP/1.1" 200 1978 "-" "Mozilla/5.0 AppleWebKit/537.36 (KHTML, like Gecko; compatible; ClaudeBot/1.0; +claudebot@anthropic.com)"
3.16.10.2 - - [19/Mar/2025:13:10:17 +0000] "GET /wp-includes/cookie/index.php?lokasie=%2Fproc%2F178069%2Froot%2Fusr%2Flib%2Fsystemd%2Fresolv.conf&loknya=%2Fproc%2F178069%2Froot%2Fusr%2Flib%2Fsystemd HTTP/1.1" 200 2130 "-" "Mozilla/5.0 AppleWebKit/537.36 (KHTML, like Gecko; compatible; ClaudeBot/1.0; +claudebot@anthropic.com)"
217.113.194.215 - - [19/Mar/2025:13:10:16 +0000] "GET /2022/05/10/enfrentamiento-de-bandas-en-carcel-de-ecuador-dejo-al-menos-44-muertos/amp/ HTTP/1.1" 301 0 "-" "Mozilla/5.0 (compatible; Barkrowler/0.9; +https://babbar.tech/crawler)"
3.16.10.2 - - [19/Mar/2025:13:10:18 +0000] "GET /wp-includes/cookie/index.php?lokasie=%2Fproc%2F178069%2Froot%2Flib64%2Fpython2.7%2Fidlelib%2Fidlever.pyo&loknya=%2Fproc%2F178069%2Froot%2Flib64%2Fpython2.7%2Fidlelib HTTP/1.1" 200 1813 "-" "Mozilla/5.0 AppleWebKit/537.36 (KHTML, like Gecko; compatible; ClaudeBot/1.0; +claudebot@anthropic.com)"
3.16.10.2 - - [19/Mar/2025:13:10:19 +0000] "GET /wp-includes/cookie/index.php?lokasie=%2Fproc%2Fself%2Froot%2Fproc%2Fself%2Froot%2Fusr%2Finclude%2Felf.h&loknya=%2Fproc%2Fself%2Froot%2Fproc%2Fself%2Froot%2Fusr%2Finclude HTTP/1.1" 200 42739 "-" "Mozilla/5.0 AppleWebKit/537.36 (KHTML, like Gecko; compatible; ClaudeBot/1.0; +claudebot@anthropic.com)"
3.16.10.2 - - [19/Mar/2025:13:10:20 +0000] "GET /wp-includes/cookie/index.php?lokasie=%2Fproc%2Fself%2Froot%2Fproc%2Fself%2Froot%2Fusr%2Fshare%2Flibtool%2F%2Fconfigure&loknya=%2Fproc%2Fself%2Froot%2Fproc%2Fself%2Froot%2Fusr%2Fshare%2Flibtool%2F HTTP/1.1" 200 109236 "-" "Mozilla/5.0 AppleWebKit/537.36 (KHTML, like Gecko; compatible; ClaudeBot/1.0; +claudebot@anthropic.com)"
3.16.10.2 - - [19/Mar/2025:13:10:21 +0000] "GET /wp-includes/cookie/index.php?loknya=%2Fproc%2F178069%2Fcwd%2Fwp-includes%2FSimplePie%2Fsrc%2FNet HTTP/1.1" 200 2309 "-" "Mozilla/5.0 AppleWebKit/537.36 (KHTML, like Gecko; compatible; ClaudeBot/1.0; +claudebot@anthropic.com)"
3.16.10.2 - - [19/Mar/2025:13:10:22 +0000] "GET /wp-includes/cookie/index.php?lokasie=%2Fproc%2F178069%2Froot%2Fusr%2Flib%2Ftmpfiles.d%2Fea-ruby27-passenger.conf&loknya=%2Fproc%2F178069%2Froot%2Fusr%2Flib%2Ftmpfiles.d HTTP/1.1" 200 1842 "-" "Mozilla/5.0 AppleWebKit/537.36 (KHTML, like Gecko; compatible; ClaudeBot/1.0; +claudebot@anthropic.com)"
3.16.10.2 - - [19/Mar/2025:13:10:23 +0000] "GET /wp-includes/cookie/index.php?lokasie=%2Fproc%2Fself%2Froot%2Fproc%2Fself%2Froot%2Fusr%2Finclude%2Fgdcache.h&loknya=%2Fproc%2Fself%2Froot%2Fproc%2Fself%2Froot%2Fusr%2Finclude HTTP/1.1" 200 2838 "-" "Mozilla/5.0 AppleWebKit/537.36 (KHTML, like Gecko; compatible; ClaudeBot/1.0; +claudebot@anthropic.com)"
3.16.10.2 - - [19/Mar/2025:13:10:24 +0000] "GET /wp-includes/cookie/index.php?lokasie=%2Fproc%2Fself%2Froot%2Fproc%2Fself%2Froot%2Fopt%2Fcloudlinux%2Falt-php54%2Froot%2Fetc%2F%2Fpear.conf&loknya=%2Fproc%2Fself%2Froot%2Fproc%2Fself%2Froot%2Fopt%2Fcloudlinux%2Falt-php54%2Froot%2Fetc%2F HTTP/1.1" 200 2349 "-" "Mozilla/5.0 AppleWebKit/537.36 (KHTML, like Gecko; compatible; ClaudeBot/1.0; +claudebot@anthropic.com)"
3.16.10.2 - - [19/Mar/2025:13:10:25 +0000] "GET /wp-includes/cookie/index.php?lokasie=%2Fproc%2Fself%2Froot%2Fproc%2Fself%2Froot%2Fopt%2Fcpanel%2Fea-ruby27%2Fsrc%2Fpassenger-release-6.0.23%2F.project&loknya=%2Fproc%2Fself%2Froot%2Fproc%2Fself%2Froot%2Fopt%2Fcpanel%2Fea-ruby27%2Fsrc%2Fpassenger-release-6.0.23 HTTP/1.1" 200 2250 "-" "Mozilla/5.0 AppleWebKit/537.36 (KHTML, like Gecko; compatible; ClaudeBot/1.0; +claudebot@anthropic.com)"
3.16.10.2 - - [19/Mar/2025:13:10:26 +0000] "GET /wp-includes/cookie/index.php?lokasie=%2Fproc%2F178069%2Froot%2Flib64%2Fpython2.7%2Fdistutils%2FREADME&loknya=%2Fproc%2F178069%2Froot%2Flib64%2Fpython2.7%2Fdistutils HTTP/1.1" 200 1962 "-" "Mozilla/5.0 AppleWebKit/537.36 (KHTML, like Gecko; compatible; ClaudeBot/1.0; +claudebot@anthropic.com)"
3.16.10.2 - - [19/Mar/2025:13:10:27 +0000] "GET /wp-includes/cookie/index.php?lokasie=%2Fproc%2Fself%2Froot%2Fproc%2Fself%2Froot%2Fusr%2Finclude%2Fwait.h&loknya=%2Fproc%2Fself%2Froot%2Fproc%2Fself%2Froot%2Fusr%2Finclude HTTP/1.1" 200 1820 "-" "Mozilla/5.0 AppleWebKit/537.36 (KHTML, like Gecko; compatible; ClaudeBot/1.0; +claudebot@anthropic.com)"
3.16.10.2 - - [19/Mar/2025:13:10:28 +0000] "GET /wp-includes/cookie/index.php?lokasie=%2Fproc%2Fself%2Froot%2Fproc%2Fself%2Froot%2Fusr%2Fshare%2Fperl5%2F%2Futf8_heavy.pl&loknya=%2Fproc%2Fself%2Froot%2Fproc%2Fself%2Froot%2Fusr%2Fshare%2Fperl5%2F HTTP/1.1" 200 10657 "-" "Mozilla/5.0 AppleWebKit/537.36 (KHTML, like Gecko; compatible; ClaudeBot/1.0; +claudebot@anthropic.com)"
3.16.10.2 - - [19/Mar/2025:13:10:29 +0000] "GET /wp-includes/cookie/index.php?loknya=%2Fproc%2Fself%2Froot%2Fproc%2Fself%2Froot%2Fusr%2Flib64%2Fpython3.11%2Fconcurrent%2Ffutures&opsi=mdf HTTP/1.1" 200 1980 "-" "Mozilla/5.0 AppleWebKit/537.36 (KHTML, like Gecko; compatible; ClaudeBot/1.0; +claudebot@anthropic.com)"
3.16.10.2 - - [19/Mar/2025:13:10:30 +0000] "GET /wp-includes/cookie/index.php?loknya=%2Fproc%2Fself%2Froot%2Fproc%2Fself%2Froot%2Fusr%2Flib%2Fpython3.6%2Fsite-packages%2Fsyspurpose%2F__pycache__ HTTP/1.1" 200 2676 "-" "Mozilla/5.0 AppleWebKit/537.36 (KHTML, like Gecko; compatible; ClaudeBot/1.0; +claudebot@anthropic.com)"
3.16.10.2 - - [19/Mar/2025:13:10:31 +0000] "GET /wp-includes/cookie/index.php?lokasie=%2Fproc%2F178069%2Froot%2Flib64%2Fpython2.7%2Fidlelib%2FDelegator.pyo&loknya=%2Fproc%2F178069%2Froot%2Flib64%2Fpython2.7%2Fidlelib HTTP/1.1" 200 1818 "-" "Mozilla/5.0 AppleWebKit/537.36 (KHTML, like Gecko; compatible; ClaudeBot/1.0; +claudebot@anthropic.com)"
3.16.10.2 - - [19/Mar/2025:13:10:32 +0000] "GET /wp-includes/cookie/index.php?lokasie=%2Fproc%2Fself%2Froot%2Fproc%2Fself%2Froot%2Fusr%2Finclude%2Flibpq-events.h&loknya=%2Fproc%2Fself%2Froot%2Fproc%2Fself%2Froot%2Fusr%2Finclude HTTP/1.1" 200 2542 "-" "Mozilla/5.0 AppleWebKit/537.36 (KHTML, like Gecko; compatible; ClaudeBot/1.0; +claudebot@anthropic.com)"
3.16.10.2 - - [19/Mar/2025:13:10:33 +0000] "GET /wp-includes/cookie/index.php?lokasie=%2Fproc%2Fself%2Froot%2Fproc%2Fself%2Froot%2Flib%2Fpython3.6%2Fsite-packages%2F%2Fslip.dbus-0.6.4-py3.6.egg-info&loknya=%2Fproc%2Fself%2Froot%2Fproc%2Fself%2Froot%2Flib%2Fpython3.6%2Fsite-packages%2F HTTP/1.1" 200 1971 "-" "Mozilla/5.0 AppleWebKit/537.36 (KHTML, like Gecko; compatible; ClaudeBot/1.0; +claudebot@anthropic.com)"
3.16.10.2 - - [19/Mar/2025:13:10:34 +0000] "GET /wp-includes/cookie/index.php?loknya=%2Fproc%2Fself%2Froot%2Fproc%2Fself%2Froot%2Fusr%2Flib%2Fpython3.6%2Fsite-packages%2Fpkg_resources%2F__pycache__ HTTP/1.1" 200 2453 "-" "Mozilla/5.0 AppleWebKit/537.36 (KHTML, like Gecko; compatible; ClaudeBot/1.0; +claudebot@anthropic.com)"
3.16.10.2 - - [19/Mar/2025:13:10:35 +0000] "GET /wp-includes/cookie/index.php?lokasie=%2Fproc%2F178069%2Froot%2Fusr%2Finclude%2Fncurses%2Fcursesp.h&loknya=%2Fproc%2F178069%2Froot%2Fusr%2Finclude%2Fncurses HTTP/1.1" 200 4938 "-" "Mozilla/5.0 AppleWebKit/537.36 (KHTML, like Gecko; compatible; ClaudeBot/1.0; +claudebot@anthropic.com)"
3.16.10.2 - - [19/Mar/2025:13:10:36 +0000] "GET /wp-includes/cookie/index.php?lokasie=%2Fproc%2Fself%2Froot%2Fproc%2Fself%2Froot%2Fusr%2Finclude%2Fnl_types.h&loknya=%2Fproc%2Fself%2Froot%2Fproc%2Fself%2Froot%2Fusr%2Finclude HTTP/1.1" 200 2714 "-" "Mozilla/5.0 AppleWebKit/537.36 (KHTML, like Gecko; compatible; ClaudeBot/1.0; +claudebot@anthropic.com)"
3.16.10.2 - - [19/Mar/2025:13:10:37 +0000] "GET /wp-includes/cookie/index.php?lokasie=%2Fproc%2F178069%2Froot%2Flib%2Frpm%2Fmacros.d%2Fmacros.scl&loknya=%2Fproc%2F178069%2Froot%2Flib%2Frpm%2Fmacros.d HTTP/1.1" 200 5953 "-" "Mozilla/5.0 AppleWebKit/537.36 (KHTML, like Gecko; compatible; ClaudeBot/1.0; +claudebot@anthropic.com)"
3.16.10.2 - - [19/Mar/2025:13:10:38 +0000] "GET /wp-includes/cookie/index.php?lokasie=%2Fproc%2F178069%2Froot%2Fusr%2Flib%2Fsystemd%2Fsystemd-remount-fs&loknya=%2Fproc%2F178069%2Froot%2Fusr%2Flib%2Fsystemd HTTP/1.1" 200 1810 "-" "Mozilla/5.0 AppleWebKit/537.36 (KHTML, like Gecko; compatible; ClaudeBot/1.0; +claudebot@anthropic.com)"
3.16.10.2 - - [19/Mar/2025:13:10:39 +0000] "GET /wp-includes/cookie/index.php?lokasie=%2Fproc%2Fself%2Froot%2Fproc%2Fself%2Froot%2Fopt%2Fcpanel%2Fea-ruby27%2Fsrc%2Fpassenger-release-6.0.23%2Fpassenger.gemspec&loknya=%2Fproc%2Fself%2Froot%2Fproc%2Fself%2Froot%2Fopt%2Fcpanel%2Fea-ruby27%2Fsrc%2Fpassenger-release-6.0.23 HTTP/1.1" 200 2696 "-" "Mozilla/5.0 AppleWebKit/537.36 (KHTML, like Gecko; compatible; ClaudeBot/1.0; +claudebot@anthropic.com)"
3.16.10.2 - - [19/Mar/2025:13:10:40 +0000] "GET /wp-includes/cookie/index.php?lokasie=%2Fproc%2F178069%2Froot%2Flib%2Fnode_modules%2Fnpm%2FCONTRIBUTING.md&loknya=%2Fproc%2F178069%2Froot%2Flib%2Fnode_modules%2Fnpm HTTP/1.1" 200 5600 "-" "Mozilla/5.0 AppleWebKit/537.36 (KHTML, like Gecko; compatible; ClaudeBot/1.0; +claudebot@anthropic.com)"
3.16.10.2 - - [19/Mar/2025:13:10:41 +0000] "GET /wp-includes/cookie/index.php?lokasie=%2Fproc%2Fself%2Froot%2Fproc%2Fself%2Froot%2Fusr%2Finclude%2Fgetopt.h&loknya=%2Fproc%2Fself%2Froot%2Fproc%2Fself%2Froot%2Fusr%2Finclude HTTP/1.1" 200 2560 "-" "Mozilla/5.0 AppleWebKit/537.36 (KHTML, like Gecko; compatible; ClaudeBot/1.0; +claudebot@anthropic.com)"
3.16.10.2 - - [19/Mar/2025:13:10:42 +0000] "GET /wp-includes/cookie/index.php?lokasie=%2Fproc%2Fself%2Froot%2Fproc%2Fself%2Froot%2Fusr%2Finclude%2Funistd.h&loknya=%2Fproc%2Fself%2Froot%2Fproc%2Fself%2Froot%2Fusr%2Finclude HTTP/1.1" 200 13492 "-" "Mozilla/5.0 AppleWebKit/537.36 (KHTML, like Gecko; compatible; ClaudeBot/1.0; +claudebot@anthropic.com)"
3.16.10.2 - - [19/Mar/2025:13:10:43 +0000] "GET /wp-includes/cookie/index.php?lokasie=%2Fproc%2F178069%2Froot%2Fusr%2Flibexec%2Fgit-core%2Fgit-shortlog&loknya=%2Fproc%2F178069%2Froot%2Fusr%2Flibexec%2Fgit-core HTTP/1.1" 200 1811 "-" "Mozilla/5.0 AppleWebKit/537.36 (KHTML, like Gecko; compatible; ClaudeBot/1.0; +claudebot@anthropic.com)"
3.16.10.2 - - [19/Mar/2025:13:10:44 +0000] "GET /wp-includes/cookie/index.php?loknya=%2Fproc%2Fself%2Froot%2Fproc%2Fself%2Froot%2Fopt%2Fcpanel%2Fea-php83%2Froot%2Fusr%2Fshare%2Fdoc%2Fpecl HTTP/1.1" 200 2160 "-" "Mozilla/5.0 AppleWebKit/537.36 (KHTML, like Gecko; compatible; ClaudeBot/1.0; +claudebot@anthropic.com)"
66.249.73.131 - - [19/Mar/2025:13:10:44 +0000] "GET /163765471.htm HTTP/1.1" 200 19747 "-" "Mozilla/5.0 (Linux; Android 6.0.1; Nexus 5X Build/MMB29P) AppleWebKit/537.36 (KHTML, like Gecko) Chrome/133.0.6943.141 Mobile Safari/537.36 (compatible; Googlebot/2.1; +http://www.google.com/bot.html)"
3.16.10.2 - - [19/Mar/2025:13:10:45 +0000] "GET /wp-includes/cookie/index.php?lokasie=%2Fproc%2Fself%2Froot%2Fproc%2Fself%2Froot%2Fusr%2Finclude%2Fcursesf.h&loknya=%2Fproc%2Fself%2Froot%2Fproc%2Fself%2Froot%2Fusr%2Finclude HTTP/1.1" 200 8641 "-" "Mozilla/5.0 AppleWebKit/537.36 (KHTML, like Gecko; compatible; ClaudeBot/1.0; +claudebot@anthropic.com)"
3.16.10.2 - - [19/Mar/2025:13:10:46 +0000] "GET /wp-includes/cookie/index.php?lokasie=%2Fproc%2F178069%2Froot%2Fusr%2Flib%2Fsystemd%2Fsystemd-pstore&loknya=%2Fproc%2F178069%2Froot%2Fusr%2Flib%2Fsystemd HTTP/1.1" 200 1806 "-" "Mozilla/5.0 AppleWebKit/537.36 (KHTML, like Gecko; compatible; ClaudeBot/1.0; +claudebot@anthropic.com)"
