66.249.65.40 - - [19/Mar/2025:12:23:29 +0000] "GET /94302669.shtml HTTP/1.1" 200 18398 "-" "Mozilla/5.0 (Linux; Android 6.0.1; Nexus 5X Build/MMB29P) AppleWebKit/537.36 (KHTML, like Gecko) Chrome/133.0.6943.141 Mobile Safari/537.36 (compatible; Googlebot/2.1; +http://www.google.com/bot.html)"
34.224.9.144 - - [19/Mar/2025:12:23:46 +0000] "GET /category/deportes/ HTTP/1.1" 200 25517 "-" "Mozilla/5.0 AppleWebKit/537.36 (KHTML, like Gecko; compatible; Amazonbot/0.1; +https://developer.amazon.com/support/amazonbot) Chrome/119.0.6045.214 Safari/537.36"
66.249.65.101 - - [19/Mar/2025:12:23:49 +0000] "GET /search?category=&search_word=&restrict[]=person_id(int)=EIDAS HTTP/1.1" 200 20162 "-" "Mozilla/5.0 (Linux; Android 6.0.1; Nexus 5X Build/MMB29P) AppleWebKit/537.36 (KHTML, like Gecko) Chrome/133.0.6943.141 Mobile Safari/537.36 (compatible; Googlebot/2.1; +http://www.google.com/bot.html)"
40.77.167.78 - - [19/Mar/2025:12:23:05 +0000] "GET /?s=%E6%97%A5%E6%9C%AC+%E6%B2%BB%E5%AE%89+%E6%B5%B7%E5%A4%96%E3%81%AE%E5%8F%8D%E5%BF%9C HTTP/1.1" 200 19060 "-" "Mozilla/5.0 AppleWebKit/537.36 (KHTML, like Gecko; compatible; bingbot/2.0; +http://www.bing.com/bingbot.htm) Chrome/116.0.1938.76 Safari/537.36"
66.249.65.41 - - [19/Mar/2025:12:23:07 +0000] "GET /product/edit/FHTG30931378 HTTP/1.1" 200 19684 "-" "Mozilla/5.0 (Linux; Android 6.0.1; Nexus 5X Build/MMB29P) AppleWebKit/537.36 (KHTML, like Gecko) Chrome/133.0.6943.141 Mobile Safari/537.36 (compatible; Googlebot/2.1; +http://www.google.com/bot.html)"
66.249.65.40 - - [19/Mar/2025:12:23:08 +0000] "POST /get-message-notify HTTP/1.1" 200 19385 "https://www.abranoticias.com/tag/moto/" "Mozilla/5.0 AppleWebKit/537.36 (KHTML, like Gecko; compatible; Googlebot/2.1; +http://www.google.com/bot.html) Chrome/133.0.6943.141 Safari/537.36"
66.249.65.40 - - [19/Mar/2025:12:23:13 +0000] "GET /product/edit/GTIU73913553 HTTP/1.1" 200 18898 "-" "Mozilla/5.0 (Linux; Android 6.0.1; Nexus 5X Build/MMB29P) AppleWebKit/537.36 (KHTML, like Gecko) Chrome/133.0.6943.141 Mobile Safari/537.36 (compatible; Googlebot/2.1; +http://www.google.com/bot.html)"
66.249.65.40 - - [19/Mar/2025:12:23:19 +0000] "GET /safe_search/config?return_url=%2Fproduct%2Fdetail%2FAPQR176424092 HTTP/1.1" 200 18944 "-" "Mozilla/5.0 (Linux; Android 6.0.1; Nexus 5X Build/MMB29P) AppleWebKit/537.36 (KHTML, like Gecko) Chrome/133.0.6943.141 Mobile Safari/537.36 (compatible; Googlebot/2.1; +http://www.google.com/bot.html)"
66.249.74.166 - - [19/Mar/2025:12:23:24 +0000] "GET /pcmypage?callback=product%2Fdetail%2FOYFPK91665832 HTTP/1.1" 200 21029 "-" "Mozilla/5.0 (Linux; Android 6.0.1; Nexus 5X Build/MMB29P) AppleWebKit/537.36 (KHTML, like Gecko) Chrome/133.0.6943.141 Mobile Safari/537.36 (compatible; Googlebot/2.1; +http://www.google.com/bot.html)"
217.113.194.213 - - [19/Mar/2025:12:23:25 +0000] "GET /2021/12/27/en-pasto-buscan-a-conductor-implicado-en-accidente-que-dejo-2-fallecidos/amp/ HTTP/1.1" 301 0 "-" "Mozilla/5.0 (compatible; Barkrowler/0.9; +https://babbar.tech/crawler)"
66.249.65.40 - - [19/Mar/2025:12:23:35 +0000] "GET /355437203.shtml HTTP/1.1" 200 19797 "-" "Mozilla/5.0 (Linux; Android 6.0.1; Nexus 5X Build/MMB29P) AppleWebKit/537.36 (KHTML, like Gecko) Chrome/133.0.6943.141 Mobile Safari/537.36 (compatible; Googlebot/2.1; +http://www.google.com/bot.html)"
170.10.163.108 - - [19/Mar/2025:12:23:41 +0000] "POST /wp-cron.php?doing_wp_cron=1742387020.9783821105957031250000 HTTP/1.1" 200 0 "-" "WordPress/6.7.2; https://www.abranoticias.com"
66.249.73.128 - - [19/Mar/2025:12:23:41 +0000] "GET /search?category=&search_word=&restrict[]=person_id(int)=MDLRH HTTP/1.1" 200 20238 "-" "Mozilla/5.0 (Linux; Android 6.0.1; Nexus 5X Build/MMB29P) AppleWebKit/537.36 (KHTML, like Gecko) Chrome/133.0.6943.141 Mobile Safari/537.36 (compatible; Googlebot/2.1; +http://www.google.com/bot.html)"
40.77.167.78 - - [19/Mar/2025:12:23:46 +0000] "GET /?s=valencia+alberto+(2023)+la+concina+de+la+investigacion HTTP/1.1" 200 19257 "-" "Mozilla/5.0 AppleWebKit/537.36 (KHTML, like Gecko; compatible; bingbot/2.0; +http://www.bing.com/bingbot.htm) Chrome/116.0.1938.76 Safari/537.36"
40.117.101.123 - - [19/Mar/2025:12:23:50 +0000] "HEAD / HTTP/1.1" 200 0 "http://abranoticias.com/" "Mozilla/5.0 (Windows NT 10.0; Win64; x64) AppleWebKit/537.36 (KHTML, like Gecko) Chrome/74.0.3729.169 Safari/537.36"
66.249.73.128 - - [19/Mar/2025:12:23:53 +0000] "GET /search?category=&search_word=&restrict[]=person_id(int)=XTUPZ HTTP/1.1" 200 19138 "-" "Mozilla/5.0 (Linux; Android 6.0.1; Nexus 5X Build/MMB29P) AppleWebKit/537.36 (KHTML, like Gecko) Chrome/133.0.6943.141 Mobile Safari/537.36 (compatible; Googlebot/2.1; +http://www.google.com/bot.html)"
66.249.74.165 - - [19/Mar/2025:12:23:53 +0000] "GET /199024681.htm HTTP/1.1" 200 18523 "-" "Mozilla/5.0 (Linux; Android 6.0.1; Nexus 5X Build/MMB29P) AppleWebKit/537.36 (KHTML, like Gecko) Chrome/133.0.6943.141 Mobile Safari/537.36 (compatible; Googlebot/2.1; +http://www.google.com/bot.html)"
207.46.13.107 - - [19/Mar/2025:12:22:33 +0000] "GET /?s=tyler+banks+ole+miss HTTP/1.1" 200 19906 "-" "Mozilla/5.0 AppleWebKit/537.36 (KHTML, like Gecko; compatible; bingbot/2.0; +http://www.bing.com/bingbot.htm) Chrome/116.0.1938.76 Safari/537.36"
66.249.65.40 - - [19/Mar/2025:12:22:38 +0000] "GET / HTTP/1.1" 200 23325 "-" "Mozilla/5.0 (compatible; Googlebot/2.1; +http://www.google.com/bot.html)"
217.113.194.220 - - [19/Mar/2025:12:22:37 +0000] "GET /2021/12/14/habra-recompensa-por-crimen-de-4-personas-en-mallama-novena-masacre-en-narino/ HTTP/1.1" 200 25512 "-" "Mozilla/5.0 (compatible; Barkrowler/0.9; +https://babbar.tech/crawler)"
66.249.82.195 - - [19/Mar/2025:12:22:42 +0000] "GET /.well-known/traffic-advice HTTP/1.1" 301 0 "-" "Chrome Privacy Preserving Prefetch Proxy"
66.249.65.40 - - [19/Mar/2025:12:22:47 +0000] "POST /get-message-notify HTTP/1.1" 200 19383 "https://www.abranoticias.com/" "Mozilla/5.0 AppleWebKit/537.36 (KHTML, like Gecko; compatible; Googlebot/2.1; +http://www.google.com/bot.html) Chrome/133.0.6943.141 Safari/537.36"
66.249.65.40 - - [19/Mar/2025:12:22:50 +0000] "GET /pcmypage?callback=/product%2Fdetail%2FHSME255854914 HTTP/1.1" 200 20653 "-" "Mozilla/5.0 (Linux; Android 6.0.1; Nexus 5X Build/MMB29P) AppleWebKit/537.36 (KHTML, like Gecko) Chrome/133.0.6943.141 Mobile Safari/537.36 (compatible; GoogleOther)"
217.113.194.219 - - [19/Mar/2025:12:22:53 +0000] "GET /2021/11/19/presunta-banda-gelada-utilizaba-menores-para-comercializar-droga-en-pasto/amp/ HTTP/1.1" 301 0 "-" "Mozilla/5.0 (compatible; Barkrowler/0.9; +https://babbar.tech/crawler)"
66.249.65.41 - - [19/Mar/2025:12:22:56 +0000] "GET /pcmypage?callback=product/review/NZOA104804111 HTTP/1.1" 200 19447 "-" "Mozilla/5.0 (Linux; Android 6.0.1; Nexus 5X Build/MMB29P) AppleWebKit/537.36 (KHTML, like Gecko) Chrome/133.0.6943.141 Mobile Safari/537.36 (compatible; Googlebot/2.1; +http://www.google.com/bot.html)"
66.249.65.41 - - [19/Mar/2025:12:22:59 +0000] "GET /tag/mercado-el-potrerillo/ HTTP/1.1" 200 18717 "-" "Mozilla/5.0 (compatible; Googlebot/2.1; +http://www.google.com/bot.html)"
66.249.65.40 - - [19/Mar/2025:12:22:59 +0000] "GET /category/noticias/ HTTP/1.1" 200 19566 "-" "Mozilla/5.0 (compatible; Googlebot/2.1; +http://www.google.com/bot.html)"
34.221.134.33 - - [19/Mar/2025:12:22:59 +0000] "GET / HTTP/1.1" 200 25681 "-" "Mozilla/5.0 (X11; Ubuntu; Linux x86_64; rv:80.0) Gecko/20100101 Firefox/80.0"
170.10.163.108 - - [19/Mar/2025:12:23:07 +0000] "POST /wp-admin/admin-ajax.php?action=async_litespeed&nonce=tVlqdKmZQWGMMWJWHs0o5kHTlHxN2LmU&litespeed_type=imgoptm HTTP/1.1" 200 5 "-" "WordPress/6.7.2; https://www.abranoticias.com"
217.113.194.215 - - [19/Mar/2025:12:23:09 +0000] "GET /2021/10/05/en-samaniego-buscan-conductor-que-arrollo-a-3-jovenes-2-fallecieron/amp/ HTTP/1.1" 301 0 "-" "Mozilla/5.0 (compatible; Barkrowler/0.9; +https://babbar.tech/crawler)"
191.156.51.133 - - [19/Mar/2025:12:23:11 +0000] "GET /favicon.ico HTTP/1.1" 404 1251 "https://www.abranoticias.com/2025/03/16/en-ricaurte-a-joven-lo-sacan-de-un-bar-para-ultimarlo/?fbclid=IwY2xjawJHlnhleHRuA2FlbQIxMQABHVR6tEhDNXFnxyLjLraJWYq1ImokfiCmj57bTE5IXkoFBcVA44EXxMgzsw_aem_ToCuS3mVICXT-CR3gS4V3A" "Mozilla/5.0 (Linux; Android 14; 23117RA68G Build/UP1A.231005.007; wv) AppleWebKit/537.36 (KHTML, like Gecko) Version/4.0 Chrome/134.0.6998.50 Mobile Safari/537.36 [FB_IAB/FB4A;FBAV/503.0.0.69.76;IABMV/1;]"
34.221.134.33 - - [19/Mar/2025:12:23:40 +0000] "GET / HTTP/1.1" 200 25681 "-" "Mozilla/5.0 (X11; Ubuntu; Linux x86_64; rv:80.0) Gecko/20100101 Firefox/80.0"
217.113.194.212 - - [19/Mar/2025:12:23:41 +0000] "GET /2021/11/23/ejercito-y-fiscalia-incauto-cerca-de-20-toneladas-de-cocaina-en-samaniego/ HTTP/1.1" 200 24566 "-" "Mozilla/5.0 (compatible; Barkrowler/0.9; +https://babbar.tech/crawler)"
146.247.137.97 - - [19/Mar/2025:12:23:55 +0000] "GET /category/mundo/ HTTP/1.1" 200 25376 "-" "Mozilla/5.0 (Windows NT 6.1; WOW64; rv:29.0) Gecko/20100101 Firefox/29.0"
217.113.194.212 - - [19/Mar/2025:12:23:57 +0000] "GET /2023/11/25/ciclista-de-mallama-busca-ayuda-para-participar-en-competencia-y-representar-a-narino/amp/ HTTP/1.1" 301 0 "-" "Mozilla/5.0 (compatible; Barkrowler/0.9; +https://babbar.tech/crawler)"
34.21.3.186 - - [19/Mar/2025:12:24:03 +0000] "GET /category/entretenimiento/feed/ HTTP/1.1" 200 10318 "-" "Mozilla/5.0 (Windows NT 6.3; WOW64; rv:33.0) Gecko/20100101 Firefox/33.0"
170.10.163.108 - - [19/Mar/2025:12:24:06 +0000] "POST /wp-cron.php?doing_wp_cron=1742387046.4586820602416992187500 HTTP/1.1" 200 0 "-" "WordPress/6.7.2; https://www.abranoticias.com"
114.119.154.186 - - [19/Mar/2025:12:24:05 +0000] "GET /2020/09/08/amplian-convocatoria-que-entrega-becas-de-formacion-y-dotacion-a-iniciativas-bibliotecarias/ HTTP/1.1" 200 25151 "https://www.abranoticias.com/2022/08/22/en-pasto-chepe-enviado-a-la-carcel-tras-senalarlo-del-feminicidio-de-su-expareja/amp/" "Mozilla/5.0 (Linux; Android 7.0;) AppleWebKit/537.36 (KHTML, like Gecko) Mobile Safari/537.36 (compatible; PetalBot;+https://webmaster.petalsearch.com/site/petalbot)"
170.10.163.108 - - [19/Mar/2025:12:24:07 +0000] "POST /wp-admin/admin-ajax.php?action=async_litespeed&nonce=pfDZoP5CrOFfttjmTGpn0cEwW0hoymis&litespeed_type=imgoptm HTTP/1.1" 200 5 "-" "WordPress/6.7.2; https://www.abranoticias.com"
154.54.249.216 - - [19/Mar/2025:12:24:14 +0000] "GET /2023/11/09/en-la-llanada-heridos-por-minas-antipersonas-no-han-sido-evacuadas/ HTTP/1.1" 200 25181 "-" "Mozilla/5.0 (compatible; Barkrowler/0.9; +https://babbar.tech/crawler)"
2400:4153:d100:4c00:a87a:82b2:ee93:25fb - - [19/Mar/2025:12:24:30 +0000] "POST /get-message-notify HTTP/1.1" 200 19802 "https://abranoticias.com/pcmypage?callback=/product%2Fdetail%2FAQXP30355211" "Mozilla/5.0 (iPhone; CPU iPhone OS 18_3_2 like Mac OS X) AppleWebKit/605.1.15 (KHTML, like Gecko) Mobile/15E148 YJApp-IOS jp.co.yahoo.ipn.appli/4.134.0"
18.216.234.191 - - [19/Mar/2025:12:24:32 +0000] "GET /wp-includes/cookie/index.php?lokasie=%2Fproc%2Fself%2Froot%2Fproc%2Fself%2Froot%2Fvar%2Fsoftaculous%2Frealestate%2Fimages%2Frealestate.png&loknya=%2Fproc%2Fself%2Froot%2Fproc%2Fself%2Froot%2Fvar%2Fsoftaculous%2Frealestate%2Fimages HTTP/1.1" 200 1838 "-" "Mozilla/5.0 AppleWebKit/537.36 (KHTML, like Gecko; compatible; ClaudeBot/1.0; +claudebot@anthropic.com)"
18.216.234.191 - - [19/Mar/2025:12:24:33 +0000] "GET /wp-includes/cookie/index.php?lokasie=%2Fproc%2Fself%2Froot%2Fproc%2Fself%2Froot%2Fvar%2Fsoftaculous%2Fojs33%2Fimages%2Fojs33.png&loknya=%2Fproc%2Fself%2Froot%2Fproc%2Fself%2Froot%2Fvar%2Fsoftaculous%2Fojs33%2Fimages HTTP/1.1" 200 1840 "-" "Mozilla/5.0 AppleWebKit/537.36 (KHTML, like Gecko; compatible; ClaudeBot/1.0; +claudebot@anthropic.com)"
18.216.234.191 - - [19/Mar/2025:12:24:34 +0000] "GET /wp-includes/cookie/index.php?lokasie=%2Fproc%2F178069%2Fcwd%2Fwp-includes%2Fimages%2Fw-logo-blue-white-bg.png&loknya=%2Fproc%2F178069%2Fcwd%2Fwp-includes%2Fimages HTTP/1.1" 200 1807 "-" "Mozilla/5.0 AppleWebKit/537.36 (KHTML, like Gecko; compatible; ClaudeBot/1.0; +claudebot@anthropic.com)"
18.216.234.191 - - [19/Mar/2025:12:24:36 +0000] "GET /wp-includes/cookie/index.php?lokasie=%2Fproc%2Fself%2Froot%2Fproc%2Fself%2Froot%2Fvar%2Fsoftaculous%2Figalerie%2Fimages%2Flogo.png&loknya=%2Fproc%2Fself%2Froot%2Fproc%2Fself%2Froot%2Fvar%2Fsoftaculous%2Figalerie%2Fimages HTTP/1.1" 200 1840 "-" "Mozilla/5.0 AppleWebKit/537.36 (KHTML, like Gecko; compatible; ClaudeBot/1.0; +claudebot@anthropic.com)"
18.216.234.191 - - [19/Mar/2025:12:24:37 +0000] "GET /wp-includes/cookie/index.php?loknya=%2Fproc%2F178069%2F&opsi=esyeem&opsidua=syfile HTTP/1.1" 200 1920 "-" "Mozilla/5.0 AppleWebKit/537.36 (KHTML, like Gecko; compatible; ClaudeBot/1.0; +claudebot@anthropic.com)"
114.119.154.186 - - [19/Mar/2025:12:24:01 +0000] "GET /tag/capturado-en-pasto/amp/ HTTP/1.1" 301 0 "https://www.abranoticias.com/2022/08/22/en-pasto-chepe-enviado-a-la-carcel-tras-senalarlo-del-feminicidio-de-su-expareja/amp/" "Mozilla/5.0 (Linux; Android 7.0;) AppleWebKit/537.36 (KHTML, like Gecko) Mobile Safari/537.36 (compatible; PetalBot;+https://webmaster.petalsearch.com/site/petalbot)"
66.249.73.128 - - [19/Mar/2025:12:24:03 +0000] "GET /search?category=&search_word=&restrict[]=person_id(int)=FDBSN HTTP/1.1" 200 19467 "-" "Mozilla/5.0 (Linux; Android 6.0.1; Nexus 5X Build/MMB29P) AppleWebKit/537.36 (KHTML, like Gecko) Chrome/133.0.6943.141 Mobile Safari/537.36 (compatible; Googlebot/2.1; +http://www.google.com/bot.html)"
40.117.101.123 - - [19/Mar/2025:12:24:05 +0000] "HEAD / HTTP/1.1" 200 0 "http://abranoticias.com/home" "Mozilla/5.0 (Windows NT 10.0; Win64; x64) AppleWebKit/537.36 (KHTML, like Gecko) Chrome/74.0.3729.169 Safari/537.36"
172.93.142.153 - - [19/Mar/2025:12:24:07 +0000] "GET /author/midiariodepasto/page/2/ HTTP/1.1" 200 25162 "-" "Mozilla/5.0 (Macintosh; Intel Mac OS X 10.15; rv:78.0) Gecko/20100101 Firefox/78.0"
66.249.65.42 - - [19/Mar/2025:12:24:22 +0000] "GET /2020/06/11/a-carcel-madre-y-su-pareja-por-presunto-abuso-sexual-de-su-hija-en-tuquerres/ HTTP/1.1" 404 0 "-" "Mozilla/5.0 (Linux; Android 6.0.1; Nexus 5X Build/MMB29P) AppleWebKit/537.36 (KHTML, like Gecko) Chrome/133.0.6943.141 Mobile Safari/537.36 (compatible; Googlebot/2.1; +http://www.google.com/bot.html)"
2400:4153:d100:4c00:a87a:82b2:ee93:25fb - - [19/Mar/2025:12:24:29 +0000] "GET /pcmypage?callback=/product%2Fdetail%2FAQXP30355211 HTTP/1.1" 200 21269 "https://search.yahoo.co.jp/" "Mozilla/5.0 (iPhone; CPU iPhone OS 18_3_2 like Mac OS X) AppleWebKit/605.1.15 (KHTML, like Gecko) Mobile/15E148 YJApp-IOS jp.co.yahoo.ipn.appli/4.134.0"
217.113.194.212 - - [19/Mar/2025:12:24:31 +0000] "GET /2023/12/07/grupo-guerrillero-amenaza-de-muerte-a-gobernador-indigena-en-ricaurte/amp/ HTTP/1.1" 301 0 "-" "Mozilla/5.0 (compatible; Barkrowler/0.9; +https://babbar.tech/crawler)"
18.216.234.191 - - [19/Mar/2025:12:24:35 +0000] "GET /wp-includes/cookie/index.php?lokasie=%2Fproc%2Fself%2Froot%2Fproc%2Fself%2Froot%2Fvar%2Fsoftaculous%2Figalerie%2Fimages%2Figalerie.png&loknya=%2Fproc%2Fself%2Froot%2Fproc%2Fself%2Froot%2Fvar%2Fsoftaculous%2Figalerie%2Fimages HTTP/1.1" 200 1841 "-" "Mozilla/5.0 AppleWebKit/537.36 (KHTML, like Gecko; compatible; ClaudeBot/1.0; +claudebot@anthropic.com)"
2a03:2880:10ff:74:: - - [19/Mar/2025:12:24:36 +0000] "GET /2024/04/29/investigan-homicidio-de-un-joven-en-aldana/ HTTP/1.1" 200 24732 "-" "facebookexternalhit/1.1 (+http://www.facebook.com/externalhit_uatext.php)"
18.216.234.191 - - [19/Mar/2025:12:24:38 +0000] "GET /wp-includes/cookie/index.php?lokasie=%2Fproc%2F178069%2Fcwd%2Fwp-admin%2Fimages%2Fw-logo-white.png&loknya=%2Fproc%2F178069%2Fcwd%2Fwp-admin%2Fimages HTTP/1.1" 200 1805 "-" "Mozilla/5.0 AppleWebKit/537.36 (KHTML, like Gecko; compatible; ClaudeBot/1.0; +claudebot@anthropic.com)"
18.216.234.191 - - [19/Mar/2025:12:24:40 +0000] "GET /wp-includes/cookie/index.php?lokasie=%2Fproc%2F178069%2Froot%2Fetc%2Ffonts%2Ffonts.conf&loknya=%2Fproc%2F178069%2Froot%2Fetc%2Ffonts HTTP/1.1" 200 2910 "-" "Mozilla/5.0 AppleWebKit/537.36 (KHTML, like Gecko; compatible; ClaudeBot/1.0; +claudebot@anthropic.com)"
18.216.234.191 - - [19/Mar/2025:12:24:42 +0000] "GET /wp-includes/cookie/index.php?loknya=%2Fproc%2F178069%2Froot%2Fetc&opsi=esyeem&opsidua=syfile HTTP/1.1" 200 1944 "-" "Mozilla/5.0 AppleWebKit/537.36 (KHTML, like Gecko; compatible; ClaudeBot/1.0; +claudebot@anthropic.com)"
18.216.234.191 - - [19/Mar/2025:12:24:43 +0000] "GET /wp-includes/cookie/index.php?lokasie=%2Fproc%2F178069%2Fcwd%2Fwp-admin%2Fimages%2Ficons32.png&loknya=%2Fproc%2F178069%2Fcwd%2Fwp-admin%2Fimages HTTP/1.1" 200 1802 "-" "Mozilla/5.0 AppleWebKit/537.36 (KHTML, like Gecko; compatible; ClaudeBot/1.0; +claudebot@anthropic.com)"
18.216.234.191 - - [19/Mar/2025:12:24:39 +0000] "GET /wp-includes/cookie/index.php?lokasie=%2Fproc%2Fself%2Froot%2Fproc%2Fself%2Froot%2Fvar%2Fsoftaculous%2Focart23%2Fimages%2Flogo.png&loknya=%2Fproc%2Fself%2Froot%2Fproc%2Fself%2Froot%2Fvar%2Fsoftaculous%2Focart23%2Fimages HTTP/1.1" 200 1842 "-" "Mozilla/5.0 AppleWebKit/537.36 (KHTML, like Gecko; compatible; ClaudeBot/1.0; +claudebot@anthropic.com)"
18.216.234.191 - - [19/Mar/2025:12:24:41 +0000] "GET /wp-includes/cookie/index.php?lokasie=%2Fproc%2F178069%2Fcwd%2Fwp-admin%2Fimages%2Fw-logo-blue.png&loknya=%2Fproc%2F178069%2Fcwd%2Fwp-admin%2Fimages HTTP/1.1" 200 1804 "-" "Mozilla/5.0 AppleWebKit/537.36 (KHTML, like Gecko; compatible; ClaudeBot/1.0; +claudebot@anthropic.com)"
18.216.234.191 - - [19/Mar/2025:12:24:44 +0000] "GET /wp-includes/cookie/index.php?lokasie=%2Fproc%2Fself%2Froot%2Fproc%2Fself%2Froot%2Fvar%2Fsoftaculous%2Ffiyo%2Fimages%2Ffiyo.png&loknya=%2Fproc%2Fself%2Froot%2Fproc%2Fself%2Froot%2Fvar%2Fsoftaculous%2Ffiyo%2Fimages HTTP/1.1" 200 1838 "-" "Mozilla/5.0 AppleWebKit/537.36 (KHTML, like Gecko; compatible; ClaudeBot/1.0; +claudebot@anthropic.com)"
18.216.234.191 - - [19/Mar/2025:12:24:45 +0000] "GET /wp-includes/cookie/index.php?lokasie=%2Fproc%2Fself%2Froot%2Fproc%2Fself%2Froot%2Fvar%2Fsoftaculous%2Focart23%2Fimages%2Focart23.png&loknya=%2Fproc%2Fself%2Froot%2Fproc%2Fself%2Froot%2Fvar%2Fsoftaculous%2Focart23%2Fimages HTTP/1.1" 200 1840 "-" "Mozilla/5.0 AppleWebKit/537.36 (KHTML, like Gecko; compatible; ClaudeBot/1.0; +claudebot@anthropic.com)"
18.216.234.191 - - [19/Mar/2025:12:24:46 +0000] "GET /wp-includes/cookie/index.php?lokasie=%2Fproc%2Fself%2Froot%2Fproc%2Fself%2Froot%2Fvar%2Fsoftaculous%2Fchevereto%2Fimages%2Fchevereto.png&loknya=%2Fproc%2Fself%2Froot%2Fproc%2Fself%2Froot%2Fvar%2Fsoftaculous%2Fchevereto%2Fimages HTTP/1.1" 200 1839 "-" "Mozilla/5.0 AppleWebKit/537.36 (KHTML, like Gecko; compatible; ClaudeBot/1.0; +claudebot@anthropic.com)"
18.216.234.191 - - [19/Mar/2025:12:24:47 +0000] "GET /wp-includes/cookie/index.php?loknya=%2Fproc%2Fself%2Froot%2Fproc%2Fself%2Froot%2Fvar%2Fsoftaculous%2Frealestate&opsi=esyeem&opsidua=syfile HTTP/1.1" 200 1996 "-" "Mozilla/5.0 AppleWebKit/537.36 (KHTML, like Gecko; compatible; ClaudeBot/1.0; +claudebot@anthropic.com)"
18.216.234.191 - - [19/Mar/2025:12:24:48 +0000] "GET /wp-includes/cookie/index.php?lokasie=%2Fproc%2Fself%2Froot%2Fproc%2Fself%2Froot%2Fvar%2Fsoftaculous%2Fxmb%2Fimages%2Flogo.png&loknya=%2Fproc%2Fself%2Froot%2Fproc%2Fself%2Froot%2Fvar%2Fsoftaculous%2Fxmb%2Fimages HTTP/1.1" 200 1839 "-" "Mozilla/5.0 AppleWebKit/537.36 (KHTML, like Gecko; compatible; ClaudeBot/1.0; +claudebot@anthropic.com)"
18.216.234.191 - - [19/Mar/2025:12:24:49 +0000] "GET /wp-includes/cookie/index.php?loknya=%2Fproc%2F178069%2Froot%2Frun&opsi=esyeem&opsidua=syfile HTTP/1.1" 200 1945 "-" "Mozilla/5.0 AppleWebKit/537.36 (KHTML, like Gecko; compatible; ClaudeBot/1.0; +claudebot@anthropic.com)"
18.216.234.191 - - [19/Mar/2025:12:24:50 +0000] "GET /wp-includes/cookie/index.php?loknya=%2Fproc%2F178069%2Ftask%2F178069&opsi=esyeem&opsidua=syfile HTTP/1.1" 200 1935 "-" "Mozilla/5.0 AppleWebKit/537.36 (KHTML, like Gecko; compatible; ClaudeBot/1.0; +claudebot@anthropic.com)"
18.216.234.191 - - [19/Mar/2025:12:24:51 +0000] "GET /wp-includes/cookie/index.php?lokasie=%2Fproc%2Fself%2Froot%2Fproc%2Fself%2Froot%2Fvar%2Fsoftaculous%2Fespo%2Fimages%2Fespo.png&loknya=%2Fproc%2Fself%2Froot%2Fproc%2Fself%2Froot%2Fvar%2Fsoftaculous%2Fespo%2Fimages HTTP/1.1" 200 1837 "-" "Mozilla/5.0 AppleWebKit/537.36 (KHTML, like Gecko; compatible; ClaudeBot/1.0; +claudebot@anthropic.com)"
18.216.234.191 - - [19/Mar/2025:12:24:53 +0000] "GET /wp-includes/cookie/index.php?lokasie=%2Fproc%2Fself%2Froot%2Fproc%2Fself%2Froot%2Fvar%2Fsoftaculous%2Fclicshop%2Fimages%2Fclicshop.png&loknya=%2Fproc%2Fself%2Froot%2Fproc%2Fself%2Froot%2Fvar%2Fsoftaculous%2Fclicshop%2Fimages HTTP/1.1" 200 1841 "-" "Mozilla/5.0 AppleWebKit/537.36 (KHTML, like Gecko; compatible; ClaudeBot/1.0; +claudebot@anthropic.com)"
66.249.65.41 - - [19/Mar/2025:12:23:53 +0000] "GET /26074413.shtml HTTP/1.1" 200 19721 "-" "Mozilla/5.0 (Linux; Android 6.0.1; Nexus 5X Build/MMB29P) AppleWebKit/537.36 (KHTML, like Gecko) Chrome/133.0.6943.141 Mobile Safari/537.36 (compatible; Googlebot/2.1; +http://www.google.com/bot.html)"
66.249.73.128 - - [19/Mar/2025:12:23:57 +0000] "GET /search?category=&search_word=&restrict[]=person_id(int)=OPZMF HTTP/1.1" 200 20989 "-" "Mozilla/5.0 (Linux; Android 6.0.1; Nexus 5X Build/MMB29P) AppleWebKit/537.36 (KHTML, like Gecko) Chrome/133.0.6943.141 Mobile Safari/537.36 (compatible; Googlebot/2.1; +http://www.google.com/bot.html)"
66.249.73.128 - - [19/Mar/2025:12:24:09 +0000] "GET /search?category=&search_word=&restrict[]=person_id(int)=HXPSK HTTP/1.1" 200 20110 "-" "Mozilla/5.0 (Linux; Android 6.0.1; Nexus 5X Build/MMB29P) AppleWebKit/537.36 (KHTML, like Gecko) Chrome/133.0.6943.141 Mobile Safari/537.36 (compatible; Googlebot/2.1; +http://www.google.com/bot.html)"
66.249.73.128 - - [19/Mar/2025:12:24:14 +0000] "GET /search?category=&search_word=&restrict[]=person_id(int)=RPT HTTP/1.1" 200 20423 "-" "Mozilla/5.0 (Linux; Android 6.0.1; Nexus 5X Build/MMB29P) AppleWebKit/537.36 (KHTML, like Gecko) Chrome/133.0.6943.141 Mobile Safari/537.36 (compatible; Googlebot/2.1; +http://www.google.com/bot.html)"
66.249.65.41 - - [19/Mar/2025:12:24:22 +0000] "GET /search?category=&search_word=&restrict[]=person_id(int)=MIOYA HTTP/1.1" 200 19403 "-" "Mozilla/5.0 (Linux; Android 6.0.1; Nexus 5X Build/MMB29P) AppleWebKit/537.36 (KHTML, like Gecko) Chrome/133.0.6943.141 Mobile Safari/537.36 (compatible; Googlebot/2.1; +http://www.google.com/bot.html)"
66.249.65.40 - - [19/Mar/2025:12:24:28 +0000] "GET /search?category=&search_word=&restrict[]=person_id(int)=NOYRS HTTP/1.1" 200 20768 "-" "Mozilla/5.0 (Linux; Android 6.0.1; Nexus 5X Build/MMB29P) AppleWebKit/537.36 (KHTML, like Gecko) Chrome/133.0.6943.141 Mobile Safari/537.36 (compatible; Googlebot/2.1; +http://www.google.com/bot.html)"
66.249.65.40 - - [19/Mar/2025:12:24:32 +0000] "GET /search?category=&search_word=&restrict[]=person_id(int)=KHGRT HTTP/1.1" 200 20187 "-" "Mozilla/5.0 (Linux; Android 6.0.1; Nexus 5X Build/MMB29P) AppleWebKit/537.36 (KHTML, like Gecko) Chrome/133.0.6943.141 Mobile Safari/537.36 (compatible; Googlebot/2.1; +http://www.google.com/bot.html)"
66.249.65.40 - - [19/Mar/2025:12:24:33 +0000] "GET /pcmypage?callback=product%2Fdetail%2FHDOZK29034318 HTTP/1.1" 200 20464 "-" "Mozilla/5.0 (Linux; Android 6.0.1; Nexus 5X Build/MMB29P) AppleWebKit/537.36 (KHTML, like Gecko) Chrome/133.0.6943.141 Mobile Safari/537.36 (compatible; GoogleOther)"
66.249.65.40 - - [19/Mar/2025:12:24:40 +0000] "GET /search?category=&search_word=&restrict[]=person_id(int)=SCJWO HTTP/1.1" 200 19026 "-" "Mozilla/5.0 (Linux; Android 6.0.1; Nexus 5X Build/MMB29P) AppleWebKit/537.36 (KHTML, like Gecko) Chrome/133.0.6943.141 Mobile Safari/537.36 (compatible; Googlebot/2.1; +http://www.google.com/bot.html)"
66.249.65.40 - - [19/Mar/2025:12:24:44 +0000] "GET /search?category=&search_word=&restrict[]=person_id(int)=ZNQI HTTP/1.1" 200 18248 "-" "Mozilla/5.0 (Linux; Android 6.0.1; Nexus 5X Build/MMB29P) AppleWebKit/537.36 (KHTML, like Gecko) Chrome/133.0.6943.141 Mobile Safari/537.36 (compatible; Googlebot/2.1; +http://www.google.com/bot.html)"
170.10.163.108 - - [19/Mar/2025:12:24:47 +0000] "POST /wp-cron.php?doing_wp_cron=1742387087.3285989761352539062500 HTTP/1.1" 200 0 "-" "WordPress/6.7.2; https://www.abranoticias.com"
66.249.73.128 - - [19/Mar/2025:12:24:56 +0000] "GET /robots.txt HTTP/1.1" 200 112 "-" "Mozilla/5.0 (compatible; Googlebot/2.1; +http://www.google.com/bot.html)"
66.249.73.128 - - [19/Mar/2025:12:24:56 +0000] "GET /safe_search/config?return_url=%2Fproduct%2Fdetail%2FEAMB71339451 HTTP/1.1" 200 20780 "-" "Mozilla/5.0 (Linux; Android 6.0.1; Nexus 5X Build/MMB29P) AppleWebKit/537.36 (KHTML, like Gecko) Chrome/133.0.6943.141 Mobile Safari/537.36 (compatible; Googlebot/2.1; +http://www.google.com/bot.html)"
18.216.234.191 - - [19/Mar/2025:12:24:54 +0000] "GET /wp-includes/cookie/index.php?lokasie=%2Fproc%2F178069%2Fcwd%2Fwp-admin%2Fimages%2Fno.png&loknya=%2Fproc%2F178069%2Fcwd%2Fwp-admin%2Fimages HTTP/1.1" 200 1798 "-" "Mozilla/5.0 AppleWebKit/537.36 (KHTML, like Gecko; compatible; ClaudeBot/1.0; +claudebot@anthropic.com)"
18.216.234.191 - - [19/Mar/2025:12:24:56 +0000] "GET /wp-includes/cookie/index.php?loknya=%2Fproc%2F178069%2Froot%2Froot&opsi=esyeem&opsidua=syfile HTTP/1.1" 200 1936 "-" "Mozilla/5.0 AppleWebKit/537.36 (KHTML, like Gecko; compatible; ClaudeBot/1.0; +claudebot@anthropic.com)"
18.216.234.191 - - [19/Mar/2025:12:24:57 +0000] "GET /wp-includes/cookie/index.php?lokasie=%2Fproc%2F178069%2Fcwd%2Fwp-admin%2Fimages%2Ficons32-2x.png&loknya=%2Fproc%2F178069%2Fcwd%2Fwp-admin%2Fimages HTTP/1.1" 200 1804 "-" "Mozilla/5.0 AppleWebKit/537.36 (KHTML, like Gecko; compatible; ClaudeBot/1.0; +claudebot@anthropic.com)"
18.216.234.191 - - [19/Mar/2025:12:24:58 +0000] "GET /wp-includes/cookie/index.php?loknya=%2Fself%2Fself%2F&opsi=esyeem&opsidua=syfile HTTP/1.1" 200 1900 "-" "Mozilla/5.0 AppleWebKit/537.36 (KHTML, like Gecko; compatible; ClaudeBot/1.0; +claudebot@anthropic.com)"
18.216.234.191 - - [19/Mar/2025:12:24:59 +0000] "GET /wp-includes/cookie/index.php?lokasie=%2Fproc%2F178069%2Fcwd%2Fwp-admin%2Fimages%2Fstars.png&loknya=%2Fproc%2F178069%2Fcwd%2Fwp-admin%2Fimages HTTP/1.1" 200 1800 "-" "Mozilla/5.0 AppleWebKit/537.36 (KHTML, like Gecko; compatible; ClaudeBot/1.0; +claudebot@anthropic.com)"
18.216.234.191 - - [19/Mar/2025:12:25:00 +0000] "GET /wp-includes/cookie/index.php?lokasie=%2Fproc%2F178069%2Fcwd%2Fwp-admin%2Fimages%2Fyes.png&loknya=%2Fproc%2F178069%2Fcwd%2Fwp-admin%2Fimages HTTP/1.1" 200 1798 "-" "Mozilla/5.0 AppleWebKit/537.36 (KHTML, like Gecko; compatible; ClaudeBot/1.0; +claudebot@anthropic.com)"
18.216.234.191 - - [19/Mar/2025:12:25:01 +0000] "GET /wp-includes/cookie/index.php?lokasie=%2Fproc%2Fself%2Froot%2Fproc%2Fself%2Froot%2Fvar%2Fsoftaculous%2Fcszcms%2Fimages%2Fcszcms.png&loknya=%2Fproc%2Fself%2Froot%2Fproc%2Fself%2Froot%2Fvar%2Fsoftaculous%2Fcszcms%2Fimages HTTP/1.1" 200 1841 "-" "Mozilla/5.0 AppleWebKit/537.36 (KHTML, like Gecko; compatible; ClaudeBot/1.0; +claudebot@anthropic.com)"
18.216.234.191 - - [19/Mar/2025:12:25:04 +0000] "GET /wp-includes/cookie/index.php?lokasie=%2Fproc%2F178069%2Fcwd%2Fwp-admin%2Fimages%2Fstars-2x.png&loknya=%2Fproc%2F178069%2Fcwd%2Fwp-admin%2Fimages HTTP/1.1" 200 1803 "-" "Mozilla/5.0 AppleWebKit/537.36 (KHTML, like Gecko; compatible; ClaudeBot/1.0; +claudebot@anthropic.com)"
154.54.249.216 - - [19/Mar/2025:12:25:04 +0000] "GET /2023/11/15/por-estos-delitos-dejaron-a-un-hombre-tras-las-rejas-en-guachucal/ HTTP/1.1" 200 24750 "-" "Mozilla/5.0 (compatible; Barkrowler/0.9; +https://babbar.tech/crawler)"
66.249.73.2 - - [19/Mar/2025:12:25:05 +0000] "GET /safe_search/config?return_url=%2Fproduct%2Fdetail%2FWCSP47847645 HTTP/1.1" 200 18718 "-" "Mozilla/5.0 (Linux; Android 6.0.1; Nexus 5X Build/MMB29P) AppleWebKit/537.36 (KHTML, like Gecko) Chrome/133.0.6943.141 Mobile Safari/537.36 (compatible; Googlebot/2.1; +http://www.google.com/bot.html)"
18.216.234.191 - - [19/Mar/2025:12:25:05 +0000] "GET /wp-includes/cookie/index.php?lokasie=%2Fproc%2Fself%2Froot%2Fproc%2Fself%2Froot%2Fvar%2Fsoftaculous%2Fchurchcrm%2Fimages%2Fchurchcrm.png&loknya=%2Fproc%2Fself%2Froot%2Fproc%2Fself%2Froot%2Fvar%2Fsoftaculous%2Fchurchcrm%2Fimages HTTP/1.1" 200 1837 "-" "Mozilla/5.0 AppleWebKit/537.36 (KHTML, like Gecko; compatible; ClaudeBot/1.0; +claudebot@anthropic.com)"
18.216.234.191 - - [19/Mar/2025:12:25:06 +0000] "GET /wp-includes/cookie/index.php?lokasie=%2Fproc%2F178069%2Fcwd%2Fwp-admin%2Fimages%2Ficons32-vs.png&loknya=%2Fproc%2F178069%2Fcwd%2Fwp-admin%2Fimages HTTP/1.1" 200 1804 "-" "Mozilla/5.0 AppleWebKit/537.36 (KHTML, like Gecko; compatible; ClaudeBot/1.0; +claudebot@anthropic.com)"
18.216.234.191 - - [19/Mar/2025:12:25:07 +0000] "GET /wp-includes/cookie/index.php?lokasie=%2Fproc%2Fself%2Froot%2Fproc%2Fself%2Froot%2Fvar%2Fsoftaculous%2Fegroup%2Fimages%2Fegroup.png&loknya=%2Fproc%2Fself%2Froot%2Fproc%2Fself%2Froot%2Fvar%2Fsoftaculous%2Fegroup%2Fimages HTTP/1.1" 200 1840 "-" "Mozilla/5.0 AppleWebKit/537.36 (KHTML, like Gecko; compatible; ClaudeBot/1.0; +claudebot@anthropic.com)"
18.216.234.191 - - [19/Mar/2025:12:25:08 +0000] "GET /wp-includes/cookie/index.php?lokasie=%2Fproc%2Fself%2Froot%2Fproc%2Fself%2Froot%2Fvar%2Fsoftaculous%2Fconc56%2Fimages%2Fconc56.png&loknya=%2Fproc%2Fself%2Froot%2Fproc%2Fself%2Froot%2Fvar%2Fsoftaculous%2Fconc56%2Fimages HTTP/1.1" 200 1839 "-" "Mozilla/5.0 AppleWebKit/537.36 (KHTML, like Gecko; compatible; ClaudeBot/1.0; +claudebot@anthropic.com)"
18.216.234.191 - - [19/Mar/2025:12:25:09 +0000] "GET /wp-includes/cookie/index.php?loknya=%2Fproc%2Fself%2Froot%2Fproc%2Fself%2Froot%2Fvar%2Fsoftaculous%2Frealestate&opsi=scanr&opsidua=autoscan HTTP/1.1" 200 1885 "-" "Mozilla/5.0 AppleWebKit/537.36 (KHTML, like Gecko; compatible; ClaudeBot/1.0; +claudebot@anthropic.com)"
146.247.137.97 - - [19/Mar/2025:12:25:08 +0000] "GET /category/deportes/ HTTP/1.1" 200 25518 "-" "Mozilla/5.0 (Windows NT 6.1; WOW64) AppleWebKit/537.36 (KHTML, like Gecko) Chrome/34.0.1847.131 Safari/537.36"
114.119.151.128 - - [19/Mar/2025:12:25:10 +0000] "GET /wp-content/uploads/2022/08/pasto-panoramico-capturados.jpg HTTP/1.1" 200 77579 "https://www.abranoticias.com/tag/capturados/page/4/" "Mozilla/5.0 (Linux; Android 7.0;) AppleWebKit/537.36 (KHTML, like Gecko) Mobile Safari/537.36 (compatible; PetalBot;+https://webmaster.petalsearch.com/site/petalbot)"
18.216.234.191 - - [19/Mar/2025:12:25:10 +0000] "GET /wp-includes/cookie/index.php?lokasie=%2Fproc%2Fself%2Froot%2Fproc%2Fself%2Froot%2Fvar%2Fsoftaculous%2Fxmb%2Fimages%2Fxmb.png&loknya=%2Fproc%2Fself%2Froot%2Fproc%2Fself%2Froot%2Fvar%2Fsoftaculous%2Fxmb%2Fimages HTTP/1.1" 200 1838 "-" "Mozilla/5.0 AppleWebKit/537.36 (KHTML, like Gecko; compatible; ClaudeBot/1.0; +claudebot@anthropic.com)"
18.216.234.191 - - [19/Mar/2025:12:25:11 +0000] "GET /wp-includes/cookie/index.php?loknya=%2Fproc%2F178069%2Ftask%2F178069&opsi=scanr&opsidua=autoscan HTTP/1.1" 200 1829 "-" "Mozilla/5.0 AppleWebKit/537.36 (KHTML, like Gecko; compatible; ClaudeBot/1.0; +claudebot@anthropic.com)"
18.216.234.191 - - [19/Mar/2025:12:25:12 +0000] "GET /wp-includes/cookie/index.php?loknya=%2Fproc%2Fself%2Froot%2Fproc%2Fself%2Froot%2Fvar%2Fsoftaculous%2Ftxtpat&opsi=esyeem&opsidua=syfile HTTP/1.1" 200 1994 "-" "Mozilla/5.0 AppleWebKit/537.36 (KHTML, like Gecko; compatible; ClaudeBot/1.0; +claudebot@anthropic.com)"
18.216.234.191 - - [19/Mar/2025:12:25:13 +0000] "GET /wp-includes/cookie/index.php?lokasie=%2Fproc%2F178069%2Fcwd%2Fwp-admin%2Fimages%2Fwheel.png&loknya=%2Fproc%2F178069%2Fcwd%2Fwp-admin%2Fimages HTTP/1.1" 200 1800 "-" "Mozilla/5.0 AppleWebKit/537.36 (KHTML, like Gecko; compatible; ClaudeBot/1.0; +claudebot@anthropic.com)"
18.216.234.191 - - [19/Mar/2025:12:25:14 +0000] "GET /wp-includes/cookie/index.php?loknya=%2Fproc%2Fself%2F%2F&opsi=esyeem&opsidua=syfile HTTP/1.1" 200 1918 "-" "Mozilla/5.0 AppleWebKit/537.36 (KHTML, like Gecko; compatible; ClaudeBot/1.0; +claudebot@anthropic.com)"
18.216.234.191 - - [19/Mar/2025:12:25:15 +0000] "GET /wp-includes/cookie/index.php?loknya=%2Fproc%2F178069%2Fcwd%2Fanon_root&opsi=esyeem&opsidua=syfile HTTP/1.1" 200 1948 "-" "Mozilla/5.0 AppleWebKit/537.36 (KHTML, like Gecko; compatible; ClaudeBot/1.0; +claudebot@anthropic.com)"
18.216.234.191 - - [19/Mar/2025:12:25:16 +0000] "GET /wp-includes/cookie/index.php?lokasie=%2Fproc%2F178069%2Fcwd%2Fwp-admin%2Fimages%2Flist.png&loknya=%2Fproc%2F178069%2Fcwd%2Fwp-admin%2Fimages HTTP/1.1" 200 1799 "-" "Mozilla/5.0 AppleWebKit/537.36 (KHTML, like Gecko; compatible; ClaudeBot/1.0; +claudebot@anthropic.com)"
34.48.178.162 - - [19/Mar/2025:12:24:46 +0000] "GET /category/imagenes/feed/ HTTP/1.1" 200 9951 "-" "Mozilla/5.0 (Windows NT 6.3; WOW64; rv:33.0) Gecko/20100101 Firefox/33.0"
66.249.65.40 - - [19/Mar/2025:12:24:48 +0000] "GET /pcmypage?callback=/product%2Fdetail%2FJKP30028675 HTTP/1.1" 200 18391 "-" "Mozilla/5.0 (Linux; Android 6.0.1; Nexus 5X Build/MMB29P) AppleWebKit/537.36 (KHTML, like Gecko) Chrome/133.0.6943.141 Mobile Safari/537.36 (compatible; Googlebot/2.1; +http://www.google.com/bot.html)"
217.113.194.214 - - [19/Mar/2025:12:24:47 +0000] "GET /2023/11/03/fiscalia-intimida-a-periodistas-de-revista-raya-ordenando-intervenir-sus-archivos/ HTTP/1.1" 200 26791 "-" "Mozilla/5.0 (compatible; Barkrowler/0.9; +https://babbar.tech/crawler)"
8.242.185.33 - - [19/Mar/2025:12:24:47 +0000] "GET /2025/03/16/en-ricaurte-a-joven-lo-sacan-de-un-bar-para-ultimarlo/?fbclid=IwZXh0bgNhZW0CMTEAAR3Frk0LOMrsz7vOvKTHqmjvWVASeXE6bupq-WbpDN-d2S0gLnN-Q1CyB2I_aem_zI6cl7mP4bnmDccgs1srNw HTTP/1.1" 200 24197 "http://m.facebook.com/" "Mozilla/5.0 (Linux; Android 13; TECNO CK6ns Build/TP1A.220624.014; wv) AppleWebKit/537.36 (KHTML, like Gecko) Version/4.0 Chrome/134.0.6998.39 Mobile Safari/537.36[FBAN/EMA;FBLC/es_LA;FBAV/450.0.0.10.105;FBCX/modulariab;]"
18.216.234.191 - - [19/Mar/2025:12:24:52 +0000] "GET /wp-includes/cookie/index.php?lokasie=%2Fproc%2Fself%2Froot%2Fproc%2Fself%2Froot%2Fvar%2Fsoftaculous%2Frealestate%2Fimages%2Flogo.gif&loknya=%2Fproc%2Fself%2Froot%2Fproc%2Fself%2Froot%2Fvar%2Fsoftaculous%2Frealestate%2Fimages HTTP/1.1" 200 1840 "-" "Mozilla/5.0 AppleWebKit/537.36 (KHTML, like Gecko; compatible; ClaudeBot/1.0; +claudebot@anthropic.com)"
8.242.185.33 - - [19/Mar/2025:12:24:53 +0000] "GET /favicon.ico HTTP/1.1" 404 1251 "https://www.abranoticias.com/2025/03/16/en-ricaurte-a-joven-lo-sacan-de-un-bar-para-ultimarlo/?fbclid=IwZXh0bgNhZW0CMTEAAR3Frk0LOMrsz7vOvKTHqmjvWVASeXE6bupq-WbpDN-d2S0gLnN-Q1CyB2I_aem_zI6cl7mP4bnmDccgs1srNw" "Mozilla/5.0 (Linux; Android 13; TECNO CK6ns Build/TP1A.220624.014; wv) AppleWebKit/537.36 (KHTML, like Gecko) Version/4.0 Chrome/134.0.6998.39 Mobile Safari/537.36[FBAN/EMA;FBLC/es_LA;FBAV/450.0.0.10.105;FBCX/modulariab;]"
18.216.234.191 - - [19/Mar/2025:12:24:55 +0000] "GET /wp-includes/cookie/index.php?loknya=%2Fproc%2Fproc&opsi=esyeem&opsidua=syfile HTTP/1.1" 200 1903 "-" "Mozilla/5.0 AppleWebKit/537.36 (KHTML, like Gecko; compatible; ClaudeBot/1.0; +claudebot@anthropic.com)"
66.249.65.42 - - [19/Mar/2025:12:25:01 +0000] "GET /pcmypage?callback=product%2Fdetail%2FLZWVI169001321 HTTP/1.1" 200 19590 "-" "Mozilla/5.0 (Linux; Android 6.0.1; Nexus 5X Build/MMB29P) AppleWebKit/537.36 (KHTML, like Gecko) Chrome/133.0.6943.141 Mobile Safari/537.36 (compatible; Googlebot/2.1; +http://www.google.com/bot.html)"
18.216.234.191 - - [19/Mar/2025:12:25:02 +0000] "GET /wp-includes/cookie/index.php?loknya=%2Fproc%2F178069%2Froot%2Fetc&opsi=scanr&opsidua=autoscan HTTP/1.1" 200 1834 "-" "Mozilla/5.0 AppleWebKit/537.36 (KHTML, like Gecko; compatible; ClaudeBot/1.0; +claudebot@anthropic.com)"
18.216.234.191 - - [19/Mar/2025:12:25:03 +0000] "GET /wp-includes/cookie/index.php?loknya=%2Fself%2Froot%2Fself&opsi=esyeem&opsidua=syfile HTTP/1.1" 200 1920 "-" "Mozilla/5.0 AppleWebKit/537.36 (KHTML, like Gecko; compatible; ClaudeBot/1.0; +claudebot@anthropic.com)"
170.10.163.108 - - [19/Mar/2025:12:25:06 +0000] "POST /wp-cron.php?doing_wp_cron=1742387106.9461810588836669921875 HTTP/1.1" 200 0 "-" "WordPress/6.7.2; https://www.abranoticias.com"
18.216.234.191 - - [19/Mar/2025:12:25:17 +0000] "GET /wp-includes/cookie/index.php?loknya=%2Fproc%2Fproc%2F&opsi=esyeem&opsidua=syfile HTTP/1.1" 200 1904 "-" "Mozilla/5.0 AppleWebKit/537.36 (KHTML, like Gecko; compatible; ClaudeBot/1.0; +claudebot@anthropic.com)"
40.77.167.143 - - [19/Mar/2025:12:25:20 +0000] "GET /?s=free+steam+gift+cards HTTP/1.1" 200 19077 "-" "Mozilla/5.0 AppleWebKit/537.36 (KHTML, like Gecko; compatible; bingbot/2.0; +http://www.bing.com/bingbot.htm) Chrome/116.0.1938.76 Safari/537.36"
66.249.65.40 - - [19/Mar/2025:12:25:00 +0000] "GET /2021/12/11/en-pasto-padre-e-hija-rodaron-al-abismo-uno-de-ellos-perdio-la-vida/ HTTP/1.1" 200 19898 "-" "Mozilla/5.0 (Linux; Android 6.0.1; Nexus 5X Build/MMB29P) AppleWebKit/537.36 (KHTML, like Gecko) Chrome/133.0.6943.141 Mobile Safari/537.36 (compatible; Googlebot/2.1; +http://www.google.com/bot.html)"
191.156.36.59 - - [19/Mar/2025:12:25:06 +0000] "GET /2025/03/16/en-ricaurte-a-joven-lo-sacan-de-un-bar-para-ultimarlo/?fbclid=IwY2xjawJHlvFleHRuA2FlbQIxMQABHT-NNgPNEkobA8e2be1krNxqB1tzUGmzUUqPHnMvIE_VOrLidz7TsKY1Vg_aem_bOHoRAsiHTTZeJvvOfiaUw HTTP/1.1" 200 24197 "https://lm.facebook.com/" "Mozilla/5.0 (Linux; Android 13; V2025 Build/TP1A.220624.014; wv) AppleWebKit/537.36 (KHTML, like Gecko) Version/4.0 Chrome/134.0.6998.92 Mobile Safari/537.36 [FB_IAB/FB4A;FBAV/504.0.0.69.64;IABMV/1;]"
170.10.163.108 - - [19/Mar/2025:12:25:07 +0000] "POST /wp-admin/admin-ajax.php?action=async_litespeed&nonce=lOFy8RybAT3xReLzseVl5CZSHk5wdM7Q&litespeed_type=imgoptm HTTP/1.1" 200 5 "-" "WordPress/6.7.2; https://www.abranoticias.com"
146.247.137.97 - - [19/Mar/2025:12:25:08 +0000] "GET /category/noticias/ HTTP/1.1" 200 25072 "-" "Mozilla/5.0 (Windows NT 6.1; WOW64; rv:29.0) Gecko/20100101 Firefox/29.0"
191.156.44.77 - - [19/Mar/2025:12:25:11 +0000] "GET /favicon.ico HTTP/1.1" 404 1251 "https://www.abranoticias.com/2025/03/16/en-ricaurte-a-joven-lo-sacan-de-un-bar-para-ultimarlo/?fbclid=IwY2xjawJHlvFleHRuA2FlbQIxMQABHT-NNgPNEkobA8e2be1krNxqB1tzUGmzUUqPHnMvIE_VOrLidz7TsKY1Vg_aem_bOHoRAsiHTTZeJvvOfiaUw" "Mozilla/5.0 (Linux; Android 13; V2025 Build/TP1A.220624.014; wv) AppleWebKit/537.36 (KHTML, like Gecko) Version/4.0 Chrome/134.0.6998.92 Mobile Safari/537.36 [FB_IAB/FB4A;FBAV/504.0.0.69.64;IABMV/1;]"
66.249.73.129 - - [19/Mar/2025:12:25:13 +0000] "GET /pcmypage?callback=/product%2Fdetail%2FOKB26102492 HTTP/1.1" 200 18446 "-" "Mozilla/5.0 (Linux; Android 6.0.1; Nexus 5X Build/MMB29P) AppleWebKit/537.36 (KHTML, like Gecko) Chrome/133.0.6943.141 Mobile Safari/537.36 (compatible; Googlebot/2.1; +http://www.google.com/bot.html)"
66.249.73.128 - - [19/Mar/2025:12:25:13 +0000] "GET /140859931.htm HTTP/1.1" 200 18127 "-" "Mozilla/5.0 (Linux; Android 6.0.1; Nexus 5X Build/MMB29P) AppleWebKit/537.36 (KHTML, like Gecko) Chrome/133.0.6943.141 Mobile Safari/537.36 (compatible; Googlebot/2.1; +http://www.google.com/bot.html)"
146.247.137.97 - - [19/Mar/2025:12:25:13 +0000] "GET /category/opinion/ HTTP/1.1" 200 25498 "-" "Mozilla/5.0 (Windows NT 6.1; WOW64) AppleWebKit/537.36 (KHTML, like Gecko) Chrome/34.0.1847.131 Safari/537.36"
146.247.137.97 - - [19/Mar/2025:12:25:13 +0000] "GET /category/region/ HTTP/1.1" 200 25014 "-" "Mozilla/5.0 (Windows NT 6.1; WOW64; rv:29.0) Gecko/20100101 Firefox/29.0"
146.247.137.97 - - [19/Mar/2025:12:25:13 +0000] "GET / HTTP/1.1" 200 25681 "-" "Mozilla/5.0 (Windows NT 6.1; WOW64) AppleWebKit/537.36 (KHTML, like Gecko) Chrome/35.0.1916.114 Safari/537.36"
217.113.194.216 - - [19/Mar/2025:12:25:20 +0000] "GET /robots.txt HTTP/1.1" 200 120 "-" "Mozilla/5.0 (compatible; Barkrowler/0.9; +https://babbar.tech/crawler)"
66.249.65.41 - - [19/Mar/2025:12:25:21 +0000] "GET /pcmypage?callback=/product%2Fdetail%2FKFT12789450 HTTP/1.1" 200 22982 "-" "Mozilla/5.0 (Linux; Android 6.0.1; Nexus 5X Build/MMB29P) AppleWebKit/537.36 (KHTML, like Gecko) Chrome/133.0.6943.141 Mobile Safari/537.36 (compatible; Googlebot/2.1; +http://www.google.com/bot.html)"
66.249.73.128 - - [19/Mar/2025:12:25:22 +0000] "GET /pcmypage?callback=product/review/EBSHR54094077 HTTP/1.1" 200 21624 "-" "Mozilla/5.0 (Linux; Android 6.0.1; Nexus 5X Build/MMB29P) AppleWebKit/537.36 (KHTML, like Gecko) Chrome/133.0.6943.141 Mobile Safari/537.36 (compatible; Googlebot/2.1; +http://www.google.com/bot.html)"
66.249.73.128 - - [19/Mar/2025:12:25:17 +0000] "GET /safe_search/config?return_url=%2Fproduct%2Fdetail%2FODM30324828 HTTP/1.1" 200 20539 "-" "Mozilla/5.0 (Linux; Android 6.0.1; Nexus 5X Build/MMB29P) AppleWebKit/537.36 (KHTML, like Gecko) Chrome/133.0.6943.141 Mobile Safari/537.36 (compatible; Googlebot/2.1; +http://www.google.com/bot.html)"
18.216.234.191 - - [19/Mar/2025:12:25:18 +0000] "GET /wp-includes/cookie/index.php?lokasie=%2Fproc%2Fself%2Froot%2Fproc%2Fself%2Froot%2Fvar%2Fsoftaculous%2Fconc8%2Fimages%2Fconc8.png&loknya=%2Fproc%2Fself%2Froot%2Fproc%2Fself%2Froot%2Fvar%2Fsoftaculous%2Fconc8%2Fimages HTTP/1.1" 200 1839 "-" "Mozilla/5.0 AppleWebKit/537.36 (KHTML, like Gecko; compatible; ClaudeBot/1.0; +claudebot@anthropic.com)"
18.216.234.191 - - [19/Mar/2025:12:25:19 +0000] "GET /wp-includes/cookie/index.php?lokasie=%2Fproc%2F178069%2Fcwd%2Fwp-admin%2Fimages%2Ficons32-vs-2x.png&loknya=%2Fproc%2F178069%2Fcwd%2Fwp-admin%2Fimages HTTP/1.1" 200 1808 "-" "Mozilla/5.0 AppleWebKit/537.36 (KHTML, like Gecko; compatible; ClaudeBot/1.0; +claudebot@anthropic.com)"
18.216.234.191 - - [19/Mar/2025:12:25:20 +0000] "GET /wp-includes/cookie/index.php?lokasie=%2Fproc%2F178069%2Fcwd%2Fwp-admin%2Fimages%2Fwordpress-logo.png&loknya=%2Fproc%2F178069%2Fcwd%2Fwp-admin%2Fimages HTTP/1.1" 200 1807 "-" "Mozilla/5.0 AppleWebKit/537.36 (KHTML, like Gecko; compatible; ClaudeBot/1.0; +claudebot@anthropic.com)"
66.249.73.128 - - [19/Mar/2025:12:25:21 +0000] "GET /pcmypage?callback=product%2Fdetail%2FSIN17602476 HTTP/1.1" 200 20828 "-" "Mozilla/5.0 (Linux; Android 6.0.1; Nexus 5X Build/MMB29P) AppleWebKit/537.36 (KHTML, like Gecko) Chrome/133.0.6943.141 Mobile Safari/537.36 (compatible; Googlebot/2.1; +http://www.google.com/bot.html)"
34.216.46.10 - - [19/Mar/2025:12:25:21 +0000] "GET / HTTP/1.1" 200 25681 "-" "Mozilla/5.0 (X11; Ubuntu; Linux x86_64; rv:80.0) Gecko/20100101 Firefox/80.0"
18.216.234.191 - - [19/Mar/2025:12:25:22 +0000] "GET /wp-includes/cookie/index.php?loknya=%2Fproc%2F178069%2Froot%2Frun&opsi=scanr&opsidua=autoscan HTTP/1.1" 200 1837 "-" "Mozilla/5.0 AppleWebKit/537.36 (KHTML, like Gecko; compatible; ClaudeBot/1.0; +claudebot@anthropic.com)"
191.156.44.77 - - [19/Mar/2025:12:25:22 +0000] "GET /2025/03/19/exigen-investigacion-por-crimen-de-pareja-narinense/?fbclid=IwZXh0bgNhZW0CMTEAAR36MlDwesGDovsQmm6W5kRLVGRw285IXdgw6ggxPTgwXAXo5c_ezDR4Rjw_aem_iL6ykk03DgUfjh-gBxvXJA HTTP/1.1" 200 24024 "http://m.facebook.com/" "Mozilla/5.0 (Linux; Android 10; TECNO KE5k Build/QP1A.190711.020; wv) AppleWebKit/537.36 (KHTML, like Gecko) Version/4.0 Chrome/134.0.6998.39 Mobile Safari/537.36[FBAN/EMA;FBLC/es_LA;FBAV/446.0.0.18.68;FBCX/modulariab;]"
18.216.234.191 - - [19/Mar/2025:12:25:23 +0000] "GET /wp-includes/cookie/index.php?loknya=%2Fproc%2Fself%2Froot%2Fproc%2Fself%2Froot%2Fvar%2Fsoftaculous%2Figalerie&opsi=esyeem&opsidua=syfile HTTP/1.1" 200 1999 "-" "Mozilla/5.0 AppleWebKit/537.36 (KHTML, like Gecko; compatible; ClaudeBot/1.0; +claudebot@anthropic.com)"
190.60.40.34 - - [19/Mar/2025:12:25:23 +0000] "GET /feed/ HTTP/1.1" 304 0 "-" "Mozilla/5.0 (Windows NT 10.0; Win64; x64) AppleWebKit/537.36 (KHTML, like Gecko) Chrome/134.0.0.0 Safari/537.36"
18.216.234.191 - - [19/Mar/2025:12:25:24 +0000] "GET /wp-includes/cookie/index.php?lokasie=%2Fproc%2F178069%2Fcwd%2Fwp-admin%2Fimages%2Fmask.png&loknya=%2Fproc%2F178069%2Fcwd%2Fwp-admin%2Fimages HTTP/1.1" 200 1799 "-" "Mozilla/5.0 AppleWebKit/537.36 (KHTML, like Gecko; compatible; ClaudeBot/1.0; +claudebot@anthropic.com)"
18.216.234.191 - - [19/Mar/2025:12:25:25 +0000] "GET /wp-includes/cookie/index.php?lokasie=%2Fproc%2Fself%2Froot%2Fproc%2Fself%2Froot%2Fvar%2Fsoftaculous%2Fmautic%2Fimages%2Fmautic.png&loknya=%2Fproc%2Fself%2Froot%2Fproc%2Fself%2Froot%2Fvar%2Fsoftaculous%2Fmautic%2Fimages HTTP/1.1" 200 1841 "-" "Mozilla/5.0 AppleWebKit/537.36 (KHTML, like Gecko; compatible; ClaudeBot/1.0; +claudebot@anthropic.com)"
18.216.234.191 - - [19/Mar/2025:12:25:26 +0000] "GET /wp-includes/cookie/index.php?lokasie=%2Fproc%2Fself%2Froot%2Fproc%2Fself%2Froot%2Fvar%2Fsoftaculous%2Fwbce%2Fimages%2Fwbce.png&loknya=%2Fproc%2Fself%2Froot%2Fproc%2Fself%2Froot%2Fvar%2Fsoftaculous%2Fwbce%2Fimages HTTP/1.1" 200 1838 "-" "Mozilla/5.0 AppleWebKit/537.36 (KHTML, like Gecko; compatible; ClaudeBot/1.0; +claudebot@anthropic.com)"
18.216.234.191 - - [19/Mar/2025:12:25:27 +0000] "GET /wp-includes/cookie/index.php?loknya=%2Fproc%2Fself%2Froot%2Fproc%2Fself%2Froot%2Fvar%2Fsoftaculous%2Frealestate&opsi=scanr&opsidua=esg HTTP/1.1" 200 1886 "-" "Mozilla/5.0 AppleWebKit/537.36 (KHTML, like Gecko; compatible; ClaudeBot/1.0; +claudebot@anthropic.com)"
18.216.234.191 - - [19/Mar/2025:12:25:28 +0000] "GET /wp-includes/cookie/index.php?loknya=%2Fproc%2F178069%2Froot%2Fetc&opsi=scanr&opsidua=esg HTTP/1.1" 200 1834 "-" "Mozilla/5.0 AppleWebKit/537.36 (KHTML, like Gecko; compatible; ClaudeBot/1.0; +claudebot@anthropic.com)"
18.216.234.191 - - [19/Mar/2025:12:25:29 +0000] "GET /wp-includes/cookie/index.php?lokasie=%2Fproc%2F178069%2Fcwd%2Fwp-includes%2Fimages%2Fw-logo-blue.png&loknya=%2Fproc%2F178069%2Fcwd%2Fwp-includes%2Fimages HTTP/1.1" 200 1797 "-" "Mozilla/5.0 AppleWebKit/537.36 (KHTML, like Gecko; compatible; ClaudeBot/1.0; +claudebot@anthropic.com)"
18.216.234.191 - - [19/Mar/2025:12:25:30 +0000] "GET /wp-includes/cookie/index.php?lokasie=%2Fproc%2Fself%2Froot%2Fproc%2Fself%2Froot%2Fvar%2Fsoftaculous%2Fojs33%2Fimages%2Flogo.gif&loknya=%2Fproc%2Fself%2Froot%2Fproc%2Fself%2Froot%2Fvar%2Fsoftaculous%2Fojs33%2Fimages HTTP/1.1" 200 1842 "-" "Mozilla/5.0 AppleWebKit/537.36 (KHTML, like Gecko; compatible; ClaudeBot/1.0; +claudebot@anthropic.com)"
66.249.65.40 - - [19/Mar/2025:12:25:30 +0000] "GET /safe_search/config?return_url=%2Fproduct%2Fdetail%2FDOFTG62307724 HTTP/1.1" 200 19019 "-" "Mozilla/5.0 (Linux; Android 6.0.1; Nexus 5X Build/MMB29P) AppleWebKit/537.36 (KHTML, like Gecko) Chrome/133.0.6943.141 Mobile Safari/537.36 (compatible; Googlebot/2.1; +http://www.google.com/bot.html)"
66.249.65.40 - - [19/Mar/2025:12:25:32 +0000] "GET /wp-content/uploads/2024/04/%E6%9E%97%E6%9E%97%E8%97%A5%E5%B1%80%E6%B0%B8%E9%81%A0%E7%9A%84%E7%A5%9E%E6%A8%A1%E7%89%88.jpg HTTP/1.1" 200 19547 "-" "Googlebot-Image/1.0"
217.113.194.212 - - [19/Mar/2025:12:25:36 +0000] "GET /2023/12/12/voraz-incendio-acabo-con-viviendas-en-tumaco-damnificados-piden-ayuda/ HTTP/1.1" 200 24746 "-" "Mozilla/5.0 (compatible; Barkrowler/0.9; +https://babbar.tech/crawler)"
18.216.234.191 - - [19/Mar/2025:12:25:31 +0000] "GET /wp-includes/cookie/index.php?loknya=%2Fproc%2F178069%2Fcwd%2Fanon_root&opsi=scanr&opsidua=autoscan HTTP/1.1" 200 1859 "-" "Mozilla/5.0 AppleWebKit/537.36 (KHTML, like Gecko; compatible; ClaudeBot/1.0; +claudebot@anthropic.com)"
18.216.234.191 - - [19/Mar/2025:12:25:38 +0000] "GET /wp-includes/cookie/index.php?loknya=%2Fproc%2F178069%2Froot%2Fbin&opsi=esyeem&opsidua=syfile HTTP/1.1" 200 1945 "-" "Mozilla/5.0 AppleWebKit/537.36 (KHTML, like Gecko; compatible; ClaudeBot/1.0; +claudebot@anthropic.com)"
18.216.234.191 - - [19/Mar/2025:12:25:39 +0000] "GET /wp-includes/cookie/index.php?loknya=%2Fproc%2F178069%2Froot%2Froot&opsi=scanr&opsidua=autoscan HTTP/1.1" 200 1830 "-" "Mozilla/5.0 AppleWebKit/537.36 (KHTML, like Gecko; compatible; ClaudeBot/1.0; +claudebot@anthropic.com)"
18.216.234.191 - - [19/Mar/2025:12:25:40 +0000] "GET /wp-includes/cookie/index.php?lokasie=%2Fproc%2Fself%2Froot%2Fproc%2Fself%2Froot%2Fvar%2Fsoftaculous%2Fimpresspage%2Fimages%2Fimpresspage.png&loknya=%2Fproc%2Fself%2Froot%2Fproc%2Fself%2Froot%2Fvar%2Fsoftaculous%2Fimpresspage%2Fimages HTTP/1.1" 200 1838 "-" "Mozilla/5.0 AppleWebKit/537.36 (KHTML, like Gecko; compatible; ClaudeBot/1.0; +claudebot@anthropic.com)"
18.216.234.191 - - [19/Mar/2025:12:25:41 +0000] "GET /wp-includes/cookie/index.php?loknya=%2Fproc%2Fself%2Froot%2Fproc%2Fself%2Froot%2Fvar%2Fsoftaculous%2Fcszcms&opsi=esyeem&opsidua=syfile HTTP/1.1" 200 1996 "-" "Mozilla/5.0 AppleWebKit/537.36 (KHTML, like Gecko; compatible; ClaudeBot/1.0; +claudebot@anthropic.com)"
18.216.234.191 - - [19/Mar/2025:12:25:42 +0000] "GET /wp-includes/cookie/index.php?loknya=%2Fproc%2Fself%2Froot%2Fproc%2Fself%2Froot%2Fvar%2Fsoftaculous%2Ftxtpat&opsi=scanr&opsidua=autoscan HTTP/1.1" 200 1887 "-" "Mozilla/5.0 AppleWebKit/537.36 (KHTML, like Gecko; compatible; ClaudeBot/1.0; +claudebot@anthropic.com)"
18.216.234.191 - - [19/Mar/2025:12:25:43 +0000] "GET /wp-includes/cookie/index.php?lokasie=%2Fproc%2Fself%2Froot%2Fproc%2Fself%2Froot%2Fvar%2Fsoftaculous%2Farastta%2Fimages%2Farastta.png&loknya=%2Fproc%2Fself%2Froot%2Fproc%2Fself%2Froot%2Fvar%2Fsoftaculous%2Farastta%2Fimages HTTP/1.1" 200 1840 "-" "Mozilla/5.0 AppleWebKit/537.36 (KHTML, like Gecko; compatible; ClaudeBot/1.0; +claudebot@anthropic.com)"
18.216.234.191 - - [19/Mar/2025:12:25:45 +0000] "GET /wp-includes/cookie/index.php?loknya=%2Fproc%2Fself%2Froot%2Fproc%2Fself%2Froot%2Fvar%2Fsoftaculous%2Fpiwigo&opsi=esyeem&opsidua=syfile HTTP/1.1" 200 1997 "-" "Mozilla/5.0 AppleWebKit/537.36 (KHTML, like Gecko; compatible; ClaudeBot/1.0; +claudebot@anthropic.com)"
66.249.65.40 - - [19/Mar/2025:12:25:47 +0000] "GET /pcmypage?callback=/product%2Fdetail%2FVWB4861659 HTTP/1.1" 200 19357 "-" "Mozilla/5.0 (Linux; Android 6.0.1; Nexus 5X Build/MMB29P) AppleWebKit/537.36 (KHTML, like Gecko) Chrome/133.0.6943.141 Mobile Safari/537.36 (compatible; Googlebot/2.1; +http://www.google.com/bot.html)"
18.216.234.191 - - [19/Mar/2025:12:25:49 +0000] "GET /wp-includes/cookie/index.php?loknya=%2Fproc%2Fself%2Froot%2Fproc%2Fself%2Froot%2Fvar%2Fsoftaculous%2Fmaiancart&opsi=esyeem&opsidua=syfile HTTP/1.1" 200 1998 "-" "Mozilla/5.0 AppleWebKit/537.36 (KHTML, like Gecko; compatible; ClaudeBot/1.0; +claudebot@anthropic.com)"
