66.249.65.40 - - [19/Mar/2025:12:06:47 +0000] "GET /pcmypage?callback=/product%2Fdetail%2FDHUME152581050 HTTP/1.1" 200 19589 "-" "Mozilla/5.0 (Linux; Android 6.0.1; Nexus 5X Build/MMB29P) AppleWebKit/537.36 (KHTML, like Gecko) Chrome/133.0.6943.141 Mobile Safari/537.36 (compatible; Googlebot/2.1; +http://www.google.com/bot.html)"
66.249.65.40 - - [19/Mar/2025:12:06:47 +0000] "GET /pcmypage?callback=product/review/BRVY279438606 HTTP/1.1" 200 18966 "-" "Mozilla/5.0 (Linux; Android 6.0.1; Nexus 5X Build/MMB29P) AppleWebKit/537.36 (KHTML, like Gecko) Chrome/133.0.6943.141 Mobile Safari/537.36 (compatible; Googlebot/2.1; +http://www.google.com/bot.html)"
3.17.181.199 - - [19/Mar/2025:12:06:47 +0000] "GET /wp-includes/cookie/index.php?loknya=%2Fproc%2Fself%2Froot%2Fproc%2Fself%2Froot%2Fvar%2Fsoftaculous%2Fwp66&opsi=esyeem&opsidua=syfile HTTP/1.1" 200 2005 "-" "Mozilla/5.0 AppleWebKit/537.36 (KHTML, like Gecko; compatible; ClaudeBot/1.0; +claudebot@anthropic.com)"
157.55.39.63 - - [19/Mar/2025:12:06:50 +0000] "GET /?s=severance+calculator+federal+government HTTP/1.1" 200 21342 "-" "Mozilla/5.0 AppleWebKit/537.36 (KHTML, like Gecko; compatible; bingbot/2.0; +http://www.bing.com/bingbot.htm) Chrome/116.0.1938.76 Safari/537.36"
157.55.39.63 - - [19/Mar/2025:12:06:51 +0000] "GET /?s=pool+liner+replacement+near+me HTTP/1.1" 200 18604 "-" "Mozilla/5.0 AppleWebKit/537.36 (KHTML, like Gecko; compatible; bingbot/2.0; +http://www.bing.com/bingbot.htm) Chrome/116.0.1938.76 Safari/537.36"
114.119.150.37 - - [19/Mar/2025:12:06:51 +0000] "GET /tag/carrera-quinta/amp/ HTTP/1.1" 301 0 "https://www.abranoticias.com/2021/09/12/atendieron-emergencia-y-hallan-sin-vida-a-un-hombre-en-ipiales/amp/" "Mozilla/5.0 (Linux; Android 7.0;) AppleWebKit/537.36 (KHTML, like Gecko) Mobile Safari/537.36 (compatible; PetalBot;+https://webmaster.petalsearch.com/site/petalbot)"
66.249.73.131 - - [19/Mar/2025:12:06:51 +0000] "GET /pcmypage?callback=product%2Fdetail%2FQSXB7995866 HTTP/1.1" 200 20085 "-" "Mozilla/5.0 (Linux; Android 6.0.1; Nexus 5X Build/MMB29P) AppleWebKit/537.36 (KHTML, like Gecko) Chrome/133.0.6943.141 Mobile Safari/537.36 (compatible; Googlebot/2.1; +http://www.google.com/bot.html)"
3.17.181.199 - - [19/Mar/2025:12:06:54 +0000] "GET /wp-includes/cookie/index.php?loknya=%2Fproc%2F178069%2Froot%2Fetc%2Fgcrypt&opsi=esyeem HTTP/1.1" 200 1954 "-" "Mozilla/5.0 AppleWebKit/537.36 (KHTML, like Gecko; compatible; ClaudeBot/1.0; +claudebot@anthropic.com)"
3.17.181.199 - - [19/Mar/2025:12:06:55 +0000] "GET /wp-includes/cookie/index.php?lokasie=%2Fproc%2F%2F%2Fslabinfo&loknya=%2Fproc%2F%2F HTTP/1.1" 200 1760 "-" "Mozilla/5.0 AppleWebKit/537.36 (KHTML, like Gecko; compatible; ClaudeBot/1.0; +claudebot@anthropic.com)"
3.17.181.199 - - [19/Mar/2025:12:06:55 +0000] "GET /wp-includes/cookie/index.php?loknya=%2Fproc%2Fself%2Froot%2Flib%2F.build-id%2F3e&opsi=esyeem&opsidua=syfile HTTP/1.1" 200 1977 "-" "Mozilla/5.0 AppleWebKit/537.36 (KHTML, like Gecko; compatible; ClaudeBot/1.0; +claudebot@anthropic.com)"
3.17.181.199 - - [19/Mar/2025:12:06:56 +0000] "GET /wp-includes/cookie/index.php?loknya=%2Fproc%2F178069%2Fcwd%2Fwp-admin%2Fimages&opsi=esyeem HTTP/1.1" 200 1947 "-" "Mozilla/5.0 AppleWebKit/537.36 (KHTML, like Gecko; compatible; ClaudeBot/1.0; +claudebot@anthropic.com)"
66.249.73.131 - - [19/Mar/2025:12:06:56 +0000] "GET /92593615.htm HTTP/1.1" 200 20057 "-" "Mozilla/5.0 (Linux; Android 6.0.1; Nexus 5X Build/MMB29P) AppleWebKit/537.36 (KHTML, like Gecko) Chrome/133.0.6943.141 Mobile Safari/537.36 (compatible; Googlebot/2.1; +http://www.google.com/bot.html)"
3.17.181.199 - - [19/Mar/2025:12:06:55 +0000] "GET /wp-includes/cookie/index.php?loknya=%2Fproc%2Fself%2Froot%2F%2Fsbin&opsi=esyeem&opsidua=syfile HTTP/1.1" 200 1956 "-" "Mozilla/5.0 AppleWebKit/537.36 (KHTML, like Gecko; compatible; ClaudeBot/1.0; +claudebot@anthropic.com)"
3.17.181.199 - - [19/Mar/2025:12:06:56 +0000] "GET /wp-includes/cookie/index.php?loknya=%2Fproc%2F178069%2Fcwd%2F&opsi=scanr HTTP/1.1" 200 1852 "-" "Mozilla/5.0 AppleWebKit/537.36 (KHTML, like Gecko; compatible; ClaudeBot/1.0; +claudebot@anthropic.com)"
3.17.181.199 - - [19/Mar/2025:12:06:57 +0000] "GET /wp-includes/cookie/index.php?loknya=%2Fproc%2F178069%2Fcwd%2Fwp-content&opsi=scanr&opsidua=esg HTTP/1.1" 200 1918 "-" "Mozilla/5.0 AppleWebKit/537.36 (KHTML, like Gecko; compatible; ClaudeBot/1.0; +claudebot@anthropic.com)"
66.249.65.40 - - [19/Mar/2025:12:06:58 +0000] "GET /145472397.shtml HTTP/1.1" 200 18309 "-" "Mozilla/5.0 (Linux; Android 6.0.1; Nexus 5X Build/MMB29P) AppleWebKit/537.36 (KHTML, like Gecko) Chrome/133.0.6943.141 Mobile Safari/537.36 (compatible; Googlebot/2.1; +http://www.google.com/bot.html)"
3.17.181.199 - - [19/Mar/2025:12:06:58 +0000] "GET /wp-includes/cookie/index.php?lokasie=%2Fproc%2F178069%2Froot%2Fetc%2Falternatives%2Fkeytool.1.gz&loknya=%2Fproc%2F178069%2Froot%2Fetc%2Falternatives HTTP/1.1" 200 1811 "-" "Mozilla/5.0 AppleWebKit/537.36 (KHTML, like Gecko; compatible; ClaudeBot/1.0; +claudebot@anthropic.com)"
3.17.181.199 - - [19/Mar/2025:12:06:58 +0000] "GET /wp-includes/cookie/index.php?loknya=%2Fproc%2Fself%2Froot%2Fproc%2Fself%2Froot%2Fvar%2Fsoftaculous%2Fwp54&opsi=esyeem&opsidua=syfile HTTP/1.1" 200 2007 "-" "Mozilla/5.0 AppleWebKit/537.36 (KHTML, like Gecko; compatible; ClaudeBot/1.0; +claudebot@anthropic.com)"
3.17.181.199 - - [19/Mar/2025:12:06:59 +0000] "GET /wp-includes/cookie/index.php?loknya=%2Fproc%2Fself%2Froot%2Fproc%2Fself%2Froot%2Fvar%2Fsoftaculous%2Fwebmail&opsi=scanr&opsidua=autoscan HTTP/1.1" 200 1894 "-" "Mozilla/5.0 AppleWebKit/537.36 (KHTML, like Gecko; compatible; ClaudeBot/1.0; +claudebot@anthropic.com)"
3.17.181.199 - - [19/Mar/2025:12:06:59 +0000] "GET /wp-includes/cookie/index.php?loknya=%2Fproc%2Fself%2Froot%2Fproc%2Fself%2Froot%2Fvar%2Fsoftaculous%2Fwp52&opsi=esyeem&opsidua=syfile HTTP/1.1" 200 2005 "-" "Mozilla/5.0 AppleWebKit/537.36 (KHTML, like Gecko; compatible; ClaudeBot/1.0; +claudebot@anthropic.com)"
3.17.181.199 - - [19/Mar/2025:12:06:57 +0000] "GET /wp-includes/cookie/index.php?loknya=%2Fproc%2F178069%2Ftask%2F178069%2Ffdinfo&opsi=esyeem HTTP/1.1" 200 1939 "-" "Mozilla/5.0 AppleWebKit/537.36 (KHTML, like Gecko; compatible; ClaudeBot/1.0; +claudebot@anthropic.com)"
3.17.181.199 - - [19/Mar/2025:12:06:57 +0000] "GET /wp-includes/cookie/index.php?loknya=%2Fproc%2Fself%2Froot%2Fproc%2Fself%2Froot%2Fvar%2Fsoftaculous%2Fegroup%2Fimages&opsi=lompat HTTP/1.1" 200 1882 "-" "Mozilla/5.0 AppleWebKit/537.36 (KHTML, like Gecko; compatible; ClaudeBot/1.0; +claudebot@anthropic.com)"
3.17.181.199 - - [19/Mar/2025:12:07:00 +0000] "GET /wp-includes/cookie/index.php?loknya=%2Fproc%2Fself%2Froot%2Fproc%2Fself%2Froot%2Fvar%2Fsoftaculous%2Frealestate%2Fphp56&opsi=bekup HTTP/1.1" 200 1827 "-" "Mozilla/5.0 AppleWebKit/537.36 (KHTML, like Gecko; compatible; ClaudeBot/1.0; +claudebot@anthropic.com)"
3.17.181.199 - - [19/Mar/2025:12:07:00 +0000] "GET /wp-includes/cookie/index.php?loknya=%2Fproc%2F178069%2Froot%2Fvar%2Fsoftaculous%2Felkarte HTTP/1.1" 200 2917 "-" "Mozilla/5.0 AppleWebKit/537.36 (KHTML, like Gecko; compatible; ClaudeBot/1.0; +claudebot@anthropic.com)"
3.17.181.199 - - [19/Mar/2025:12:07:00 +0000] "GET /wp-includes/cookie/index.php?loknya=%2Fproc%2Fself%2Froot%2Fproc%2Fself%2Froot%2Fvar%2Fsoftaculous%2Fconc8%2Fimages&opsi=lompat HTTP/1.1" 200 1886 "-" "Mozilla/5.0 AppleWebKit/537.36 (KHTML, like Gecko; compatible; ClaudeBot/1.0; +claudebot@anthropic.com)"
3.17.181.199 - - [19/Mar/2025:12:07:00 +0000] "GET /wp-includes/cookie/index.php?loknya=%2Fproc%2F178069%2Froot%2Fetc%2Fcrypto-policies&opsi=esyeem HTTP/1.1" 200 1951 "-" "Mozilla/5.0 AppleWebKit/537.36 (KHTML, like Gecko; compatible; ClaudeBot/1.0; +claudebot@anthropic.com)"
3.17.181.199 - - [19/Mar/2025:12:07:01 +0000] "GET /wp-includes/cookie/index.php?lokasie=%2Fproc%2F178069%2Froot%2Fetc%2Falternatives%2Frmiregistry.1.gz&loknya=%2Fproc%2F178069%2Froot%2Fetc%2Falternatives HTTP/1.1" 200 1813 "-" "Mozilla/5.0 AppleWebKit/537.36 (KHTML, like Gecko; compatible; ClaudeBot/1.0; +claudebot@anthropic.com)"
3.17.181.199 - - [19/Mar/2025:12:07:01 +0000] "GET /wp-includes/cookie/index.php?lokasie=%2Fproc%2F%2F%2Fkpagecount&loknya=%2Fproc%2F%2F HTTP/1.1" 200 1761 "-" "Mozilla/5.0 AppleWebKit/537.36 (KHTML, like Gecko; compatible; ClaudeBot/1.0; +claudebot@anthropic.com)"
3.17.181.199 - - [19/Mar/2025:12:07:01 +0000] "GET /wp-includes/cookie/index.php?lokasie=%2Fproc%2F178069%2Froot%2Fetc%2Fld.so.conf.d%2Fkernel-4.18.0-553.22.1.lve.1.el8.x86_64.conf&loknya=%2Fproc%2F178069%2Froot%2Fetc%2Fld.so.conf.d HTTP/1.1" 200 1853 "-" "Mozilla/5.0 AppleWebKit/537.36 (KHTML, like Gecko; compatible; ClaudeBot/1.0; +claudebot@anthropic.com)"
3.17.181.199 - - [19/Mar/2025:12:07:01 +0000] "GET /wp-includes/cookie/index.php?loknya=%2Fproc%2Fself%2Froot%2Fproc%2Fself%2Froot%2Fvar%2Fsoftaculous%2Fchurchcrm%2Fimages&opsi=lompat HTTP/1.1" 200 1883 "-" "Mozilla/5.0 AppleWebKit/537.36 (KHTML, like Gecko; compatible; ClaudeBot/1.0; +claudebot@anthropic.com)"
3.17.181.199 - - [19/Mar/2025:12:07:02 +0000] "GET /wp-includes/cookie/index.php?loknya=%2Fproc%2F178069%2Froot%2Fvar%2Fsoftaculous%2Fclicshop HTTP/1.1" 200 2998 "-" "Mozilla/5.0 AppleWebKit/537.36 (KHTML, like Gecko; compatible; ClaudeBot/1.0; +claudebot@anthropic.com)"
3.17.181.199 - - [19/Mar/2025:12:07:02 +0000] "GET /wp-includes/cookie/index.php?lokasie=%2Fproc%2F178069%2Froot%2Fetc%2Fld.so.conf.d%2Fkernel-4.18.0-553.5.1.lve.1.el8.x86_64.conf&loknya=%2Fproc%2F178069%2Froot%2Fetc%2Fld.so.conf.d HTTP/1.1" 200 1856 "-" "Mozilla/5.0 AppleWebKit/537.36 (KHTML, like Gecko; compatible; ClaudeBot/1.0; +claudebot@anthropic.com)"
3.17.181.199 - - [19/Mar/2025:12:07:02 +0000] "GET /wp-includes/cookie/index.php?loknya=%2Fproc%2Fself%2Froot%2Fproc%2Fself%2Froot%2Fvar%2Fsoftaculous%2Fwp51&opsi=esyeem&opsidua=syfile HTTP/1.1" 200 2005 "-" "Mozilla/5.0 AppleWebKit/537.36 (KHTML, like Gecko; compatible; ClaudeBot/1.0; +claudebot@anthropic.com)"
3.17.181.199 - - [19/Mar/2025:12:07:02 +0000] "GET /wp-includes/cookie/index.php?loknya=%2Fproc%2Fself%2Froot%2Fproc%2Fself%2Froot%2Fvar%2Fsoftaculous%2Fyeti%2Fimages&opsi=esyeem HTTP/1.1" 200 2003 "-" "Mozilla/5.0 AppleWebKit/537.36 (KHTML, like Gecko; compatible; ClaudeBot/1.0; +claudebot@anthropic.com)"
3.17.181.199 - - [19/Mar/2025:12:07:03 +0000] "GET /wp-includes/cookie/index.php?loknya=%2Fproc%2F178069%2Froot%2Fetc%2Fsysconfig&opsi=bekup HTTP/1.1" 200 1790 "-" "Mozilla/5.0 AppleWebKit/537.36 (KHTML, like Gecko; compatible; ClaudeBot/1.0; +claudebot@anthropic.com)"
3.17.181.199 - - [19/Mar/2025:12:07:03 +0000] "GET /wp-includes/cookie/index.php?loknya=%2Fproc%2Fself%2Froot%2Fproc%2Fself%2Froot%2Fvar%2Fsoftaculous%2Fwbce%2Fimages&opsi=scanr HTTP/1.1" 200 1906 "-" "Mozilla/5.0 AppleWebKit/537.36 (KHTML, like Gecko; compatible; ClaudeBot/1.0; +claudebot@anthropic.com)"
3.17.181.199 - - [19/Mar/2025:12:07:03 +0000] "GET /wp-includes/cookie/index.php?lokasie=%2Fproc%2F178069%2Fcwd%2Fwp-admin%2Fimages%2Fbubble_bg.gif&loknya=%2Fproc%2F178069%2Fcwd%2Fwp-admin%2Fimages HTTP/1.1" 200 1806 "-" "Mozilla/5.0 AppleWebKit/537.36 (KHTML, like Gecko; compatible; ClaudeBot/1.0; +claudebot@anthropic.com)"
3.17.181.199 - - [19/Mar/2025:12:06:56 +0000] "GET /wp-includes/cookie/index.php?loknya=%2Fproc%2F178069%2Froot%2Fetc%2Fsnmp&opsi=bekup HTTP/1.1" 200 1785 "-" "Mozilla/5.0 AppleWebKit/537.36 (KHTML, like Gecko; compatible; ClaudeBot/1.0; +claudebot@anthropic.com)"
3.17.181.199 - - [19/Mar/2025:12:06:56 +0000] "GET /wp-includes/cookie/index.php?lokasie=%2Fproc%2F178069%2Fcwd%2Fwp-admin%2Fimages%2Fwpspin_light.gif&loknya=%2Fproc%2F178069%2Fcwd%2Fwp-admin%2Fimages HTTP/1.1" 200 1808 "-" "Mozilla/5.0 AppleWebKit/537.36 (KHTML, like Gecko; compatible; ClaudeBot/1.0; +claudebot@anthropic.com)"
3.17.181.199 - - [19/Mar/2025:12:06:55 +0000] "GET /wp-includes/cookie/index.php?loknya=%2Fproc%2Fself%2Froot%2Fproc%2Fself%2Froot%2F%2Fbin&opsi=esyeem&opsidua=syfile HTTP/1.1" 200 1964 "-" "Mozilla/5.0 AppleWebKit/537.36 (KHTML, like Gecko; compatible; ClaudeBot/1.0; +claudebot@anthropic.com)"
3.17.181.199 - - [19/Mar/2025:12:06:57 +0000] "GET /wp-includes/cookie/index.php?loknya=%2Fproc%2F178069%2Froot%2Fvar%2Fsoftaculous%2Fpiwik HTTP/1.1" 200 3274 "-" "Mozilla/5.0 AppleWebKit/537.36 (KHTML, like Gecko; compatible; ClaudeBot/1.0; +claudebot@anthropic.com)"
3.17.181.199 - - [19/Mar/2025:12:06:56 +0000] "GET /wp-includes/cookie/index.php?loknya=%2Fproc%2Fself%2Froot%2Flib%2F.build-id%2F1e&opsi=esyeem&opsidua=syfile HTTP/1.1" 200 1975 "-" "Mozilla/5.0 AppleWebKit/537.36 (KHTML, like Gecko; compatible; ClaudeBot/1.0; +claudebot@anthropic.com)"
3.17.181.199 - - [19/Mar/2025:12:06:58 +0000] "GET /wp-includes/cookie/index.php?loknya=%2Fproc%2Fself%2Froot%2Fproc%2Fself%2Froot%2Fvar%2Fsoftaculous%2Fxmb&opsi=scanr&opsidua=scansd HTTP/1.1" 200 1884 "-" "Mozilla/5.0 AppleWebKit/537.36 (KHTML, like Gecko; compatible; ClaudeBot/1.0; +claudebot@anthropic.com)"
3.17.181.199 - - [19/Mar/2025:12:06:57 +0000] "GET /wp-includes/cookie/index.php?loknya=%2Fproc%2Fself%2Froot%2Flib%2F.build-id%2Fe2&opsi=esyeem&opsidua=syfile HTTP/1.1" 200 1978 "-" "Mozilla/5.0 AppleWebKit/537.36 (KHTML, like Gecko; compatible; ClaudeBot/1.0; +claudebot@anthropic.com)"
3.17.181.199 - - [19/Mar/2025:12:06:59 +0000] "GET /wp-includes/cookie/index.php?loknya=%2Fproc%2F178069%2Froot%2Fvar%2Fsoftaculous%2Fchevereto HTTP/1.1" 200 3138 "-" "Mozilla/5.0 AppleWebKit/537.36 (KHTML, like Gecko; compatible; ClaudeBot/1.0; +claudebot@anthropic.com)"
3.17.181.199 - - [19/Mar/2025:12:06:59 +0000] "GET /wp-includes/cookie/index.php?loknya=%2Fproc%2Fself%2Froot%2Flib%2F.build-id%2Ff2&opsi=esyeem&opsidua=syfile HTTP/1.1" 200 1976 "-" "Mozilla/5.0 AppleWebKit/537.36 (KHTML, like Gecko; compatible; ClaudeBot/1.0; +claudebot@anthropic.com)"
3.17.181.199 - - [19/Mar/2025:12:07:00 +0000] "GET /wp-includes/cookie/index.php?loknya=%2Fproc%2Fself%2Froot%2Fproc%2Fself%2Froot%2Fvar%2Fsoftaculous%2Fdotproj&opsi=esyeem&opsidua=syfile HTTP/1.1" 200 2006 "-" "Mozilla/5.0 AppleWebKit/537.36 (KHTML, like Gecko; compatible; ClaudeBot/1.0; +claudebot@anthropic.com)"
3.17.181.199 - - [19/Mar/2025:12:07:02 +0000] "GET /wp-includes/cookie/index.php?loknya=%2Fproc%2Fself%2Froot%2Fproc%2Fself%2Froot%2Fvar%2Fsoftaculous%2Fojs33%2Fimages&opsi=mdf HTTP/1.1" 200 1981 "-" "Mozilla/5.0 AppleWebKit/537.36 (KHTML, like Gecko; compatible; ClaudeBot/1.0; +claudebot@anthropic.com)"
3.17.181.199 - - [19/Mar/2025:12:07:03 +0000] "GET /wp-includes/cookie/index.php?loknya=%2Fproc%2Fself%2Froot%2Fproc%2Fself%2Froot%2Fvar%2Fsoftaculous%2Farastta%2Fimages&opsi=bekup HTTP/1.1" 200 1827 "-" "Mozilla/5.0 AppleWebKit/537.36 (KHTML, like Gecko; compatible; ClaudeBot/1.0; +claudebot@anthropic.com)"
185.191.171.16 - - [19/Mar/2025:12:07:03 +0000] "GET /tag/ganaderos/ HTTP/1.1" 200 22659 "-" "Mozilla/5.0 (compatible; SemrushBot/7~bl; +http://www.semrush.com/bot.html)"
66.249.65.42 - - [19/Mar/2025:12:07:03 +0000] "GET /pcmypage?callback=/product%2Fdetail%2FJWP3414285 HTTP/1.1" 200 19338 "-" "Mozilla/5.0 (Linux; Android 6.0.1; Nexus 5X Build/MMB29P) AppleWebKit/537.36 (KHTML, like Gecko) Chrome/133.0.6943.141 Mobile Safari/537.36 (compatible; Googlebot/2.1; +http://www.google.com/bot.html)"
3.17.181.199 - - [19/Mar/2025:12:07:03 +0000] "GET /wp-includes/cookie/index.php?loknya=%2Fproc%2F178069%2Froot%2Fvar%2Fsoftaculous%2Fpluxml HTTP/1.1" 200 2833 "-" "Mozilla/5.0 AppleWebKit/537.36 (KHTML, like Gecko; compatible; ClaudeBot/1.0; +claudebot@anthropic.com)"
3.17.181.199 - - [19/Mar/2025:12:07:04 +0000] "GET /wp-includes/cookie/index.php?lokasie=%2Fproc%2F178069%2Fcwd%2Fwp-admin%2Fimages%2Fxit-2x.gif&loknya=%2Fproc%2F178069%2Fcwd%2Fwp-admin%2Fimages HTTP/1.1" 200 1803 "-" "Mozilla/5.0 AppleWebKit/537.36 (KHTML, like Gecko; compatible; ClaudeBot/1.0; +claudebot@anthropic.com)"
3.17.181.199 - - [19/Mar/2025:12:07:04 +0000] "GET /wp-includes/cookie/index.php?loknya=%2Fproc%2Fself%2Froot%2Fproc%2Fself%2Froot%2Fvar%2Fsoftaculous%2Fabante&opsi=scanr&opsidua=scansd HTTP/1.1" 200 1885 "-" "Mozilla/5.0 AppleWebKit/537.36 (KHTML, like Gecko; compatible; ClaudeBot/1.0; +claudebot@anthropic.com)"
3.17.181.199 - - [19/Mar/2025:12:07:04 +0000] "GET /wp-includes/cookie/index.php?loknya=%2Fproc%2Fself%2Froot%2Fproc%2Fself%2Froot%2Fvar%2Fsoftaculous%2Fimpresspage%2Fimages&opsi=scanr HTTP/1.1" 200 1903 "-" "Mozilla/5.0 AppleWebKit/537.36 (KHTML, like Gecko; compatible; ClaudeBot/1.0; +claudebot@anthropic.com)"
3.17.181.199 - - [19/Mar/2025:12:07:04 +0000] "GET /wp-includes/cookie/index.php?loknya=%2Fproc%2F178069%2Froot%2Fvar%2Fsoftaculous%2Fzenario HTTP/1.1" 200 2996 "-" "Mozilla/5.0 AppleWebKit/537.36 (KHTML, like Gecko; compatible; ClaudeBot/1.0; +claudebot@anthropic.com)"
3.17.181.199 - - [19/Mar/2025:12:07:04 +0000] "GET /wp-includes/cookie/index.php?loknya=%2Fproc%2Fself%2Froot%2Fproc%2Fself%2Froot%2Fvar%2Fsoftaculous%2Fegroup&opsi=scanr&opsidua=scansd HTTP/1.1" 200 1888 "-" "Mozilla/5.0 AppleWebKit/537.36 (KHTML, like Gecko; compatible; ClaudeBot/1.0; +claudebot@anthropic.com)"
3.17.181.199 - - [19/Mar/2025:12:06:54 +0000] "GET /wp-includes/cookie/index.php?loknya=%2Fproc%2Fself%2Froot%2Flib%2F.build-id%2Fe8&opsi=esyeem&opsidua=syfile HTTP/1.1" 200 1976 "-" "Mozilla/5.0 AppleWebKit/537.36 (KHTML, like Gecko; compatible; ClaudeBot/1.0; +claudebot@anthropic.com)"
3.17.181.199 - - [19/Mar/2025:12:07:05 +0000] "GET /wp-includes/cookie/index.php?loknya=%2Fself%2Froot%2Fself&opsi=scanr&opsidua=scansd HTTP/1.1" 200 1813 "-" "Mozilla/5.0 AppleWebKit/537.36 (KHTML, like Gecko; compatible; ClaudeBot/1.0; +claudebot@anthropic.com)"
3.17.181.199 - - [19/Mar/2025:12:07:05 +0000] "GET /wp-includes/cookie/index.php?loknya=%2Fproc%2F178069%2Ftask%2F178069%2Fattr&opsi=lompat HTTP/1.1" 200 1841 "-" "Mozilla/5.0 AppleWebKit/537.36 (KHTML, like Gecko; compatible; ClaudeBot/1.0; +claudebot@anthropic.com)"
3.17.181.199 - - [19/Mar/2025:12:07:05 +0000] "GET /wp-includes/cookie/index.php?loknya=%2Fproc%2F178069%2Froot%2Fetc%2Fpki&opsi=bekup HTTP/1.1" 200 1784 "-" "Mozilla/5.0 AppleWebKit/537.36 (KHTML, like Gecko; compatible; ClaudeBot/1.0; +claudebot@anthropic.com)"
3.17.181.199 - - [19/Mar/2025:12:07:06 +0000] "GET /wp-includes/cookie/index.php?loknya=%2Fproc%2F178069%2Froot%2Fvar%2Fsoftaculous%2Fkohana HTTP/1.1" 200 2784 "-" "Mozilla/5.0 AppleWebKit/537.36 (KHTML, like Gecko; compatible; ClaudeBot/1.0; +claudebot@anthropic.com)"
52.167.144.218 - - [19/Mar/2025:12:07:06 +0000] "GET /?s=%E3%82%AB%E3%82%AB%E3%82%AA%E3%83%88%E3%83%BC%E3%82%AF+%E3%82%B9%E3%82%BF%E3%83%B3%E3%83%97%E8%B2%B7%E3%81%88%E3%81%AA%E3%81%84 HTTP/1.1" 200 18856 "-" "Mozilla/5.0 AppleWebKit/537.36 (KHTML, like Gecko; compatible; bingbot/2.0; +http://www.bing.com/bingbot.htm) Chrome/116.0.1938.76 Safari/537.36"
52.167.144.218 - - [19/Mar/2025:12:07:06 +0000] "GET /2023/05/16/revolcon-en-colombia-tras-confesiones-de-mancuso-en-la-jep/ HTTP/1.1" 200 20337 "-" "Mozilla/5.0 AppleWebKit/537.36 (KHTML, like Gecko; compatible; bingbot/2.0; +http://www.bing.com/bingbot.htm) Chrome/116.0.1938.76 Safari/537.36"
3.17.181.199 - - [19/Mar/2025:12:07:06 +0000] "GET /wp-includes/cookie/index.php?loknya=%2Fself%2Fself%2F&opsi=scanr&opsidua=scansd HTTP/1.1" 200 1800 "-" "Mozilla/5.0 AppleWebKit/537.36 (KHTML, like Gecko; compatible; ClaudeBot/1.0; +claudebot@anthropic.com)"
3.17.181.199 - - [19/Mar/2025:12:06:55 +0000] "GET /wp-includes/cookie/index.php?loknya=%2Fproc%2Fself%2Froot%2Fproc%2Fself%2Froot%2Fvar%2Fsoftaculous%2Fxmb%2Fimages&opsi=lompat HTTP/1.1" 200 1880 "-" "Mozilla/5.0 AppleWebKit/537.36 (KHTML, like Gecko; compatible; ClaudeBot/1.0; +claudebot@anthropic.com)"
3.17.181.199 - - [19/Mar/2025:12:06:55 +0000] "GET /wp-includes/cookie/index.php?loknya=%2Fproc%2Fself%2Froot%2Fproc%2Fself%2Froot%2Fvar%2Fsoftaculous%2Fs9y&opsi=esyeem&opsidua=syfile HTTP/1.1" 200 2000 "-" "Mozilla/5.0 AppleWebKit/537.36 (KHTML, like Gecko; compatible; ClaudeBot/1.0; +claudebot@anthropic.com)"
3.17.181.199 - - [19/Mar/2025:12:06:54 +0000] "GET /wp-includes/cookie/index.php?loknya=%2Fproc%2Fself%2Froot%2Fproc%2Fself%2Froot%2Fvar%2Fsoftaculous%2Fmoodle44&opsi=esyeem&opsidua=syfile HTTP/1.1" 200 2003 "-" "Mozilla/5.0 AppleWebKit/537.36 (KHTML, like Gecko; compatible; ClaudeBot/1.0; +claudebot@anthropic.com)"
3.17.181.199 - - [19/Mar/2025:12:06:56 +0000] "GET /wp-includes/cookie/index.php?loknya=%2Fproc%2F178069%2Froot%2Fetc%2Fld.so.conf.d&opsi=bekup HTTP/1.1" 200 1788 "-" "Mozilla/5.0 AppleWebKit/537.36 (KHTML, like Gecko; compatible; ClaudeBot/1.0; +claudebot@anthropic.com)"
3.17.181.199 - - [19/Mar/2025:12:06:59 +0000] "GET /wp-includes/cookie/index.php?lokasie=%2Fproc%2F%2F%2Fmeminfo&loknya=%2Fproc%2F%2F HTTP/1.1" 200 2326 "-" "Mozilla/5.0 AppleWebKit/537.36 (KHTML, like Gecko; compatible; ClaudeBot/1.0; +claudebot@anthropic.com)"
217.113.194.212 - - [19/Mar/2025:12:07:01 +0000] "GET /2024/02/24/un-hombre-fue-baleado-en-zona-rural-de-pupiales-victima-fue-identificado/amp/ HTTP/1.1" 301 0 "-" "Mozilla/5.0 (compatible; Barkrowler/0.9; +https://babbar.tech/crawler)"
3.17.181.199 - - [19/Mar/2025:12:06:54 +0000] "GET /wp-includes/cookie/index.php?loknya=%2Fproc%2Fself%2Froot%2Flib%2F.build-id%2F92&opsi=esyeem&opsidua=syfile HTTP/1.1" 200 1997 "-" "Mozilla/5.0 AppleWebKit/537.36 (KHTML, like Gecko; compatible; ClaudeBot/1.0; +claudebot@anthropic.com)"
3.17.181.199 - - [19/Mar/2025:12:06:54 +0000] "GET /wp-includes/cookie/index.php?loknya=%2Fproc%2Fself%2Froot%2Fproc%2Fself%2Froot%2Fvar%2Fsoftaculous%2Fwp49&opsi=esyeem&opsidua=syfile HTTP/1.1" 200 1905 "-" "Mozilla/5.0 AppleWebKit/537.36 (KHTML, like Gecko; compatible; ClaudeBot/1.0; +claudebot@anthropic.com)"
3.17.181.199 - - [19/Mar/2025:12:06:55 +0000] "GET /wp-includes/cookie/index.php?loknya=%2Fproc%2Fself%2Froot%2Fproc%2Fself%2Froot%2Fvar%2Fsoftaculous%2Farastta%2Fimages&opsi=esyeem HTTP/1.1" 200 1880 "-" "Mozilla/5.0 AppleWebKit/537.36 (KHTML, like Gecko; compatible; ClaudeBot/1.0; +claudebot@anthropic.com)"
3.17.181.199 - - [19/Mar/2025:12:07:05 +0000] "GET /wp-includes/cookie/index.php?loknya=%2Fproc%2Fself%2Froot%2Flib%2F.build-id%2Ff1&opsi=esyeem&opsidua=syfile HTTP/1.1" 200 1979 "-" "Mozilla/5.0 AppleWebKit/537.36 (KHTML, like Gecko; compatible; ClaudeBot/1.0; +claudebot@anthropic.com)"
66.249.73.131 - - [19/Mar/2025:12:07:08 +0000] "GET /222732715.htm HTTP/1.1" 200 18761 "-" "Mozilla/5.0 (Linux; Android 6.0.1; Nexus 5X Build/MMB29P) AppleWebKit/537.36 (KHTML, like Gecko) Chrome/133.0.6943.141 Mobile Safari/537.36 (compatible; Googlebot/2.1; +http://www.google.com/bot.html)"
3.17.181.199 - - [19/Mar/2025:12:07:01 +0000] "GET /wp-includes/cookie/index.php?loknya=%2Fproc%2Fself%2Froot%2Fproc%2Fself%2Froot%2Fvar%2Fsoftaculous%2Fwp53&opsi=esyeem&opsidua=syfile HTTP/1.1" 200 2005 "-" "Mozilla/5.0 AppleWebKit/537.36 (KHTML, like Gecko; compatible; ClaudeBot/1.0; +claudebot@anthropic.com)"
3.17.181.199 - - [19/Mar/2025:12:07:05 +0000] "GET /wp-includes/cookie/index.php?loknya=%2Fproc%2Fself%2Froot%2Fproc%2Fself%2Froot%2Fvar%2Fsoftaculous%2Ficehrm%2Fimages&opsi=esyeem HTTP/1.1" 200 2000 "-" "Mozilla/5.0 AppleWebKit/537.36 (KHTML, like Gecko; compatible; ClaudeBot/1.0; +claudebot@anthropic.com)"
170.10.163.108 - - [19/Mar/2025:12:07:08 +0000] "POST /wp-cron.php?doing_wp_cron=1742386028.6307060718536376953125 HTTP/1.1" 200 0 "-" "WordPress/6.7.2; https://www.abranoticias.com"
3.17.181.199 - - [19/Mar/2025:12:07:04 +0000] "GET /wp-includes/cookie/index.php?loknya=%2Fproc%2Fself%2Froot%2Fproc%2Fself%2Froot%2Fvar%2Fsoftaculous%2Fsmf&opsi=esyeem&opsidua=syfile HTTP/1.1" 200 2001 "-" "Mozilla/5.0 AppleWebKit/537.36 (KHTML, like Gecko; compatible; ClaudeBot/1.0; +claudebot@anthropic.com)"
3.17.181.199 - - [19/Mar/2025:12:07:05 +0000] "GET /wp-includes/cookie/index.php?loknya=%2Fproc%2F178069%2Ftask%2F178069%2Froot&opsi=esyeem HTTP/1.1" 200 1938 "-" "Mozilla/5.0 AppleWebKit/537.36 (KHTML, like Gecko; compatible; ClaudeBot/1.0; +claudebot@anthropic.com)"
3.17.181.199 - - [19/Mar/2025:12:07:04 +0000] "GET /wp-includes/cookie/index.php?loknya=%2Fproc%2Fself%2Froot%2Fproc%2Fself%2Froot%2Fvar%2Fsoftaculous%2Fowa&opsi=scanr&opsidua=scansd HTTP/1.1" 200 1886 "-" "Mozilla/5.0 AppleWebKit/537.36 (KHTML, like Gecko; compatible; ClaudeBot/1.0; +claudebot@anthropic.com)"
3.17.181.199 - - [19/Mar/2025:12:07:05 +0000] "GET /wp-includes/cookie/index.php?loknya=%2Fproc%2Fself%2Froot%2Flib%2F.build-id%2Fbd&opsi=esyeem&opsidua=syfile HTTP/1.1" 200 1978 "-" "Mozilla/5.0 AppleWebKit/537.36 (KHTML, like Gecko; compatible; ClaudeBot/1.0; +claudebot@anthropic.com)"
3.17.181.199 - - [19/Mar/2025:12:06:55 +0000] "GET /wp-includes/cookie/index.php?loknya=%2Fproc%2Fself%2Froot%2Fproc%2Fself%2Froot%2Fvar%2Fsoftaculous%2Frealestate%2Fphp56&opsi=esyeem HTTP/1.1" 200 0 "-" "Mozilla/5.0 AppleWebKit/537.36 (KHTML, like Gecko; compatible; ClaudeBot/1.0; +claudebot@anthropic.com)"
3.17.181.199 - - [19/Mar/2025:12:07:06 +0000] "GET /wp-includes/cookie/index.php?loknya=%2Fproc%2Fself%2Froot%2Fproc%2Fself%2Froot%2Fvar%2Fsoftaculous%2Fwp63&opsi=esyeem&opsidua=syfile HTTP/1.1" 200 2005 "-" "Mozilla/5.0 AppleWebKit/537.36 (KHTML, like Gecko; compatible; ClaudeBot/1.0; +claudebot@anthropic.com)"
3.17.181.199 - - [19/Mar/2025:12:06:58 +0000] "GET /wp-includes/cookie/index.php?loknya=%2Fproc%2F178069%2Ftask%2F178069%2Fcwd&opsi=scanr HTTP/1.1" 200 1865 "-" "Mozilla/5.0 AppleWebKit/537.36 (KHTML, like Gecko; compatible; ClaudeBot/1.0; +claudebot@anthropic.com)"
3.17.181.199 - - [19/Mar/2025:12:07:07 +0000] "GET /wp-includes/cookie/index.php?loknya=%2Fproc%2Fself%2Froot%2Fproc%2Fself%2Froot%2Fvar%2Fsoftaculous%2Fwp58&opsi=esyeem&opsidua=syfile HTTP/1.1" 200 2005 "-" "Mozilla/5.0 AppleWebKit/537.36 (KHTML, like Gecko; compatible; ClaudeBot/1.0; +claudebot@anthropic.com)"
95.216.46.177 - - [19/Mar/2025:12:07:07 +0000] "GET /author/midiariodepasto/feed/ HTTP/1.1" 200 9785 "-" "Mozilla/5.0 (X11; compatible; semantic-visions.com crawler; HTTPClient 4.5)"
3.17.181.199 - - [19/Mar/2025:12:07:08 +0000] "GET /wp-includes/cookie/index.php?loknya=%2Fproc%2Fself%2Froot%2Flib%2F.build-id%2Fe3&opsi=esyeem&opsidua=syfile HTTP/1.1" 200 1977 "-" "Mozilla/5.0 AppleWebKit/537.36 (KHTML, like Gecko; compatible; ClaudeBot/1.0; +claudebot@anthropic.com)"
3.17.181.199 - - [19/Mar/2025:12:07:08 +0000] "GET /wp-includes/cookie/index.php?loknya=%2Fproc%2Fself%2Froot%2Fproc%2Fself%2Froot%2Fvar%2Fsoftaculous%2Fyii&opsi=esyeem&opsidua=syfile HTTP/1.1" 200 2002 "-" "Mozilla/5.0 AppleWebKit/537.36 (KHTML, like Gecko; compatible; ClaudeBot/1.0; +claudebot@anthropic.com)"
170.10.163.108 - - [19/Mar/2025:12:07:09 +0000] "POST /wp-admin/admin-ajax.php?action=async_litespeed&nonce=VeJ47LVGzFkQWOQOlNCtocVf0uyn0c3E&litespeed_type=imgoptm HTTP/1.1" 200 5 "-" "WordPress/6.7.2; https://www.abranoticias.com"
3.17.181.199 - - [19/Mar/2025:12:07:08 +0000] "GET /wp-includes/cookie/index.php?loknya=%2Fproc%2F178069%2Froot%2Fetc%2Falternatives&opsi=scanr HTTP/1.1" 200 1852 "-" "Mozilla/5.0 AppleWebKit/537.36 (KHTML, like Gecko; compatible; ClaudeBot/1.0; +claudebot@anthropic.com)"
3.17.181.199 - - [19/Mar/2025:12:07:10 +0000] "GET /wp-includes/cookie/index.php?loknya=%2Fproc%2Fself%2Froot%2Flib%2F.build-id%2F00&opsi=esyeem&opsidua=syfile HTTP/1.1" 200 1976 "-" "Mozilla/5.0 AppleWebKit/537.36 (KHTML, like Gecko; compatible; ClaudeBot/1.0; +claudebot@anthropic.com)"
3.17.181.199 - - [19/Mar/2025:12:07:06 +0000] "GET /wp-includes/cookie/index.php?loknya=%2Fproc%2F178069%2Froot%2Fetc%2Fgcrypt&opsi=bekup HTTP/1.1" 200 1789 "-" "Mozilla/5.0 AppleWebKit/537.36 (KHTML, like Gecko; compatible; ClaudeBot/1.0; +claudebot@anthropic.com)"
3.17.181.199 - - [19/Mar/2025:12:07:07 +0000] "GET /wp-includes/cookie/index.php?loknya=%2Fproc%2Fself%2Froot%2Fproc%2Fself%2Froot%2Fvar%2Fsoftaculous%2Fpaste&opsi=esyeem&opsidua=syfile HTTP/1.1" 200 1999 "-" "Mozilla/5.0 AppleWebKit/537.36 (KHTML, like Gecko; compatible; ClaudeBot/1.0; +claudebot@anthropic.com)"
3.17.181.199 - - [19/Mar/2025:12:07:07 +0000] "GET /wp-includes/cookie/index.php?loknya=%2Fproc%2Fself%2Froot%2Fproc%2Fself%2Froot%2Fvar%2Fsoftaculous%2Fwebid%2Fimages&opsi=lompat HTTP/1.1" 200 1884 "-" "Mozilla/5.0 AppleWebKit/537.36 (KHTML, like Gecko; compatible; ClaudeBot/1.0; +claudebot@anthropic.com)"
66.249.73.132 - - [19/Mar/2025:12:07:08 +0000] "GET /74998345.htm HTTP/1.1" 200 19241 "-" "Mozilla/5.0 (Linux; Android 6.0.1; Nexus 5X Build/MMB29P) AppleWebKit/537.36 (KHTML, like Gecko) Chrome/133.0.6943.141 Mobile Safari/537.36 (compatible; Googlebot/2.1; +http://www.google.com/bot.html)"
3.17.181.199 - - [19/Mar/2025:12:07:09 +0000] "GET /wp-includes/cookie/index.php?loknya=%2Fproc%2Fself%2Froot%2Fproc%2Fself%2Froot%2Fvar%2Fsoftaculous%2Fwp65&opsi=esyeem&opsidua=syfile HTTP/1.1" 200 2005 "-" "Mozilla/5.0 AppleWebKit/537.36 (KHTML, like Gecko; compatible; ClaudeBot/1.0; +claudebot@anthropic.com)"
3.17.181.199 - - [19/Mar/2025:12:07:09 +0000] "GET /wp-includes/cookie/index.php?loknya=%2Fproc%2Fself%2Froot%2Fproc%2Fself%2Froot%2Fvar%2Fsoftaculous%2Fmautic%2Fimages&opsi=scanr HTTP/1.1" 200 1902 "-" "Mozilla/5.0 AppleWebKit/537.36 (KHTML, like Gecko; compatible; ClaudeBot/1.0; +claudebot@anthropic.com)"
3.17.181.199 - - [19/Mar/2025:12:07:09 +0000] "GET /wp-includes/cookie/index.php?loknya=%2Fproc%2F178069%2Froot%2Fvar%2Fsoftaculous%2Fkrayin HTTP/1.1" 200 2968 "-" "Mozilla/5.0 AppleWebKit/537.36 (KHTML, like Gecko; compatible; ClaudeBot/1.0; +claudebot@anthropic.com)"
3.17.181.199 - - [19/Mar/2025:12:07:07 +0000] "GET /wp-includes/cookie/index.php?loknya=%2Fproc%2Fself%2Froot%2Fproc%2Fself%2Froot%2Fvar%2Fsoftaculous%2Fkimai&opsi=scanr&opsidua=scansd HTTP/1.1" 200 1888 "-" "Mozilla/5.0 AppleWebKit/537.36 (KHTML, like Gecko; compatible; ClaudeBot/1.0; +claudebot@anthropic.com)"
3.17.181.199 - - [19/Mar/2025:12:07:07 +0000] "GET /wp-includes/cookie/index.php?loknya=%2Fproc%2F178069%2Fnet%2Frpc&opsi=esyeem&opsidua=syfile HTTP/1.1" 200 1948 "-" "Mozilla/5.0 AppleWebKit/537.36 (KHTML, like Gecko; compatible; ClaudeBot/1.0; +claudebot@anthropic.com)"
3.17.181.199 - - [19/Mar/2025:12:07:08 +0000] "GET /wp-includes/cookie/index.php?loknya=%2Fproc%2Fself%2Froot%2Fproc%2Fself%2Froot%2Fvar%2Fsoftaculous%2Fampache&opsi=scanr&opsidua=scansd HTTP/1.1" 200 1893 "-" "Mozilla/5.0 AppleWebKit/537.36 (KHTML, like Gecko; compatible; ClaudeBot/1.0; +claudebot@anthropic.com)"
85.208.96.209 - - [19/Mar/2025:12:07:10 +0000] "GET /tag/la-cruz/ HTTP/1.1" 200 25272 "-" "Mozilla/5.0 (compatible; SemrushBot/7~bl; +http://www.semrush.com/bot.html)"
3.17.181.199 - - [19/Mar/2025:12:07:10 +0000] "GET /wp-includes/cookie/index.php?loknya=%2Fproc%2Fself%2Froot%2Fproc%2Fself%2Froot%2Fvar%2Fsoftaculous%2Fyeti%2Fimages&opsi=bekup HTTP/1.1" 200 1827 "-" "Mozilla/5.0 AppleWebKit/537.36 (KHTML, like Gecko; compatible; ClaudeBot/1.0; +claudebot@anthropic.com)"
66.249.65.40 - - [19/Mar/2025:12:07:12 +0000] "GET /pcmypage?callback=product/review/OKZ45509708 HTTP/1.1" 200 19323 "-" "Mozilla/5.0 (Linux; Android 6.0.1; Nexus 5X Build/MMB29P) AppleWebKit/537.36 (KHTML, like Gecko) Chrome/133.0.6943.141 Mobile Safari/537.36 (compatible; Googlebot/2.1; +http://www.google.com/bot.html)"
3.17.181.199 - - [19/Mar/2025:12:07:08 +0000] "GET /wp-includes/cookie/index.php?loknya=%2Fproc%2Fself%2Froot%2Fproc%2Fself%2Froot%2Fvar%2Fsoftaculous%2Fojs33%2Fphp56&opsi=esyeem HTTP/1.1" 200 2012 "-" "Mozilla/5.0 AppleWebKit/537.36 (KHTML, like Gecko; compatible; ClaudeBot/1.0; +claudebot@anthropic.com)"
3.17.181.199 - - [19/Mar/2025:12:06:58 +0000] "GET /wp-includes/cookie/index.php?loknya=%2Fproc%2Fself%2Froot%2Fproc%2Fself%2Froot%2Fvar%2Fsoftaculous%2Fwp56&opsi=esyeem&opsidua=syfile HTTP/1.1" 200 1788 "-" "Mozilla/5.0 AppleWebKit/537.36 (KHTML, like Gecko; compatible; ClaudeBot/1.0; +claudebot@anthropic.com)"
3.17.181.199 - - [19/Mar/2025:12:07:09 +0000] "GET /wp-includes/cookie/index.php?loknya=%2Fproc%2Fself%2Froot%2Fproc%2Fself%2Froot%2Fvar%2Fsoftaculous%2Fmyfaq&opsi=esyeem&opsidua=syfile HTTP/1.1" 200 1999 "-" "Mozilla/5.0 AppleWebKit/537.36 (KHTML, like Gecko; compatible; ClaudeBot/1.0; +claudebot@anthropic.com)"
3.17.181.199 - - [19/Mar/2025:12:07:10 +0000] "GET /wp-includes/cookie/index.php?loknya=%2Fproc%2Fself%2Froot%2Fproc%2Fself%2Froot%2Fvar%2Fsoftaculous%2Fconc56%2Fimages&opsi=scanr HTTP/1.1" 200 1902 "-" "Mozilla/5.0 AppleWebKit/537.36 (KHTML, like Gecko; compatible; ClaudeBot/1.0; +claudebot@anthropic.com)"
3.17.181.199 - - [19/Mar/2025:12:07:10 +0000] "GET /wp-includes/cookie/index.php?loknya=%2Fproc%2F178069%2Froot%2Fvar%2Fsoftaculous%2Fthelia HTTP/1.1" 200 3060 "-" "Mozilla/5.0 AppleWebKit/537.36 (KHTML, like Gecko; compatible; ClaudeBot/1.0; +claudebot@anthropic.com)"
66.249.73.132 - - [19/Mar/2025:12:07:12 +0000] "GET /219845425.htm HTTP/1.1" 200 19017 "-" "Mozilla/5.0 (Linux; Android 6.0.1; Nexus 5X Build/MMB29P) AppleWebKit/537.36 (KHTML, like Gecko) Chrome/133.0.6943.141 Mobile Safari/537.36 (compatible; Googlebot/2.1; +http://www.google.com/bot.html)"
190.130.105.75 - - [19/Mar/2025:12:07:17 +0000] "GET /favicon.ico HTTP/1.1" 404 1251 "https://www.abranoticias.com/2025/03/16/en-ricaurte-a-joven-lo-sacan-de-un-bar-para-ultimarlo/?fbclid=IwY2xjawJHkr9leHRuA2FlbQIxMQABHbAb84gpNeLuiLpZxwz6zasjbEXZ82wyAjOGqvUi6oAG6KQ6nt1StmZ0fg_aem_ntPh8HQyHqCh6NO77wY1eg" "Mozilla/5.0 (Linux; Android 14; CPH3669 Build/UP1A.231005.007; wv) AppleWebKit/537.36 (KHTML, like Gecko) Version/4.0 Chrome/134.0.6998.92 Mobile Safari/537.36 [FB_IAB/FB4A;FBAV/504.0.0.69.64;IABMV/1;]"
2a03:2880:21ff:5e:: - - [19/Mar/2025:12:07:17 +0000] "GET /wp-content/uploads/2023/02/pasto-san-fernando-accidente.jpg HTTP/1.1" 200 51966 "-" "facebookexternalhit/1.1 (+http://www.facebook.com/externalhit_uatext.php)"
217.113.194.220 - - [19/Mar/2025:12:07:17 +0000] "GET /2024/02/10/exfuncioarios-presentaron-proyecto-y-no-se-ejecuto-se-robaron-los-recursos/ HTTP/1.1" 200 25601 "-" "Mozilla/5.0 (compatible; Barkrowler/0.9; +https://babbar.tech/crawler)"
66.249.65.40 - - [19/Mar/2025:12:07:26 +0000] "GET /pcmypage?callback=product%2Fdetail%2FPNZR191138244 HTTP/1.1" 200 18681 "-" "Mozilla/5.0 (Linux; Android 6.0.1; Nexus 5X Build/MMB29P) AppleWebKit/537.36 (KHTML, like Gecko) Chrome/133.0.6943.141 Mobile Safari/537.36 (compatible; Googlebot/2.1; +http://www.google.com/bot.html)"
217.113.194.218 - - [19/Mar/2025:12:07:33 +0000] "GET /2024/02/22/a-la-carcel-por-golpear-a-su-mama-y-amenazar-a-su-hermano-invidente/amp/ HTTP/1.1" 301 0 "-" "Mozilla/5.0 (compatible; Barkrowler/0.9; +https://babbar.tech/crawler)"
66.249.65.99 - - [19/Mar/2025:12:07:35 +0000] "GET /pcmypage?callback=/product%2Fdetail%2FLSF200502674 HTTP/1.1" 200 18173 "-" "Mozilla/5.0 (Linux; Android 6.0.1; Nexus 5X Build/MMB29P) AppleWebKit/537.36 (KHTML, like Gecko) Chrome/133.0.6943.141 Mobile Safari/537.36 (compatible; Googlebot/2.1; +http://www.google.com/bot.html)"
66.249.73.131 - - [19/Mar/2025:12:07:36 +0000] "GET /pcmypage?callback=product%2Fdetail%2FYAEV89000058 HTTP/1.1" 200 19375 "-" "Mozilla/5.0 (Linux; Android 6.0.1; Nexus 5X Build/MMB29P) AppleWebKit/537.36 (KHTML, like Gecko) Chrome/133.0.6943.141 Mobile Safari/537.36 (compatible; Googlebot/2.1; +http://www.google.com/bot.html)"
190.130.105.75 - - [19/Mar/2025:12:07:11 +0000] "GET /2025/03/16/en-ricaurte-a-joven-lo-sacan-de-un-bar-para-ultimarlo/?fbclid=IwY2xjawJHkr9leHRuA2FlbQIxMQABHbAb84gpNeLuiLpZxwz6zasjbEXZ82wyAjOGqvUi6oAG6KQ6nt1StmZ0fg_aem_ntPh8HQyHqCh6NO77wY1eg HTTP/1.1" 200 24196 "https://lm.facebook.com/" "Mozilla/5.0 (Linux; Android 14; CPH3669 Build/UP1A.231005.007; wv) AppleWebKit/537.36 (KHTML, like Gecko) Version/4.0 Chrome/134.0.6998.92 Mobile Safari/537.36 [FB_IAB/FB4A;FBAV/504.0.0.69.64;IABMV/1;]"
66.249.65.40 - - [19/Mar/2025:12:07:17 +0000] "GET /155104175.shtml HTTP/1.1" 200 19175 "-" "Mozilla/5.0 (Linux; Android 6.0.1; Nexus 5X Build/MMB29P) AppleWebKit/537.36 (KHTML, like Gecko) Chrome/133.0.6943.141 Mobile Safari/537.36 (compatible; Googlebot/2.1; +http://www.google.com/bot.html)"
66.249.73.131 - - [19/Mar/2025:12:07:18 +0000] "GET /107306761.htm HTTP/1.1" 200 19260 "-" "Mozilla/5.0 (Linux; Android 6.0.1; Nexus 5X Build/MMB29P) AppleWebKit/537.36 (KHTML, like Gecko) Chrome/133.0.6943.141 Mobile Safari/537.36 (compatible; Googlebot/2.1; +http://www.google.com/bot.html)"
66.249.65.40 - - [19/Mar/2025:12:07:35 +0000] "GET /pcmypage?callback=/product%2Fdetail%2FTOL148567571 HTTP/1.1" 200 20784 "-" "Mozilla/5.0 (Linux; Android 6.0.1; Nexus 5X Build/MMB29P) AppleWebKit/537.36 (KHTML, like Gecko) Chrome/133.0.6943.141 Mobile Safari/537.36 (compatible; Googlebot/2.1; +http://www.google.com/bot.html)"
66.249.65.40 - - [19/Mar/2025:12:07:37 +0000] "GET /tag/narino/ HTTP/1.1" 200 20492 "-" "Mozilla/5.0 (compatible; Googlebot/2.1; +http://www.google.com/bot.html)"
66.249.65.40 - - [19/Mar/2025:12:07:38 +0000] "GET / HTTP/1.1" 200 23325 "-" "Mozilla/5.0 (compatible; Googlebot/2.1; +http://www.google.com/bot.html)"
66.249.65.40 - - [19/Mar/2025:12:07:40 +0000] "POST /get-message-notify HTTP/1.1" 200 19383 "https://www.abranoticias.com/tag/narino/" "Mozilla/5.0 AppleWebKit/537.36 (KHTML, like Gecko; compatible; Googlebot/2.1; +http://www.google.com/bot.html) Chrome/133.0.6943.141 Safari/537.36"
66.249.65.40 - - [19/Mar/2025:12:07:41 +0000] "POST /get-message-notify HTTP/1.1" 200 19383 "https://www.abranoticias.com/" "Mozilla/5.0 AppleWebKit/537.36 (KHTML, like Gecko; compatible; Googlebot/2.1; +http://www.google.com/bot.html) Chrome/133.0.6943.141 Safari/537.36"
66.249.73.131 - - [19/Mar/2025:12:07:43 +0000] "GET /382583497.htm HTTP/1.1" 200 22269 "-" "Mozilla/5.0 (Linux; Android 6.0.1; Nexus 5X Build/MMB29P) AppleWebKit/537.36 (KHTML, like Gecko) Chrome/133.0.6943.141 Mobile Safari/537.36 (compatible; Googlebot/2.1; +http://www.google.com/bot.html)"
66.249.65.40 - - [19/Mar/2025:12:07:44 +0000] "POST /get-message-notify HTTP/1.1" 200 19385 "https://www.abranoticias.com/category/judicial/" "Mozilla/5.0 AppleWebKit/537.36 (KHTML, like Gecko; compatible; Googlebot/2.1; +http://www.google.com/bot.html) Chrome/133.0.6943.141 Safari/537.36"
66.249.65.40 - - [19/Mar/2025:12:07:45 +0000] "POST /get-message-notify HTTP/1.1" 200 19383 "https://www.abranoticias.com/category/judicial/" "Mozilla/5.0 AppleWebKit/537.36 (KHTML, like Gecko; compatible; Googlebot/2.1; +http://www.google.com/bot.html) Chrome/133.0.6943.141 Safari/537.36"
66.249.65.40 - - [19/Mar/2025:12:07:47 +0000] "GET /pcmypage?callback=product%2Fdetail%2FTXRB231095409 HTTP/1.1" 200 21723 "-" "Mozilla/5.0 (Linux; Android 6.0.1; Nexus 5X Build/MMB29P) AppleWebKit/537.36 (KHTML, like Gecko) Chrome/133.0.6943.141 Mobile Safari/537.36 (compatible; Googlebot/2.1; +http://www.google.com/bot.html)"
154.54.249.216 - - [19/Mar/2025:12:07:49 +0000] "GET /2024/04/16/en-sapuyes-identificaron-a-victima-que-perdio-la-vida-en-accidente-de-transito/ HTTP/1.1" 200 24526 "-" "Mozilla/5.0 (compatible; Barkrowler/0.9; +https://babbar.tech/crawler)"
2600:3c00::f03c:93ff:fef3:6ff8 - - [19/Mar/2025:12:07:53 +0000] "GET /sitemap-1.xml HTTP/1.1" 200 12120 "-" "Mozilla/5.0 (compatible; Googlebot/2.1; +http://www.google.com/bot.html)"
3.17.181.199 - - [19/Mar/2025:12:07:09 +0000] "GET /wp-includes/cookie/index.php?loknya=%2Fproc%2F178069%2Fcwd%2Fwp-admin%2Fimages&opsi=bekup HTTP/1.1" 200 1779 "-" "Mozilla/5.0 AppleWebKit/537.36 (KHTML, like Gecko; compatible; ClaudeBot/1.0; +claudebot@anthropic.com)"
3.17.181.199 - - [19/Mar/2025:12:07:11 +0000] "GET /wp-includes/cookie/index.php?loknya=%2Fproc%2Fself%2F%2F&opsi=scanr&opsidua=scansd HTTP/1.1" 200 1818 "-" "Mozilla/5.0 AppleWebKit/537.36 (KHTML, like Gecko; compatible; ClaudeBot/1.0; +claudebot@anthropic.com)"
3.17.181.199 - - [19/Mar/2025:12:07:10 +0000] "GET /wp-includes/cookie/index.php?loknya=%2Fproc%2Fself%2Froot%2Fproc%2Fself%2Froot%2Fvar%2F&opsi=esyeem&opsidua=syfile HTTP/1.1" 200 1967 "-" "Mozilla/5.0 AppleWebKit/537.36 (KHTML, like Gecko; compatible; ClaudeBot/1.0; +claudebot@anthropic.com)"
3.17.181.199 - - [19/Mar/2025:12:07:08 +0000] "GET /wp-includes/cookie/index.php?loknya=%2Fproc%2F178069%2Froot%2Fbin&opsi=scanr&opsidua=scansd HTTP/1.1" 200 1837 "-" "Mozilla/5.0 AppleWebKit/537.36 (KHTML, like Gecko; compatible; ClaudeBot/1.0; +claudebot@anthropic.com)"
3.17.181.199 - - [19/Mar/2025:12:07:05 +0000] "GET /wp-includes/cookie/index.php?loknya=%2Fproc%2F178069%2Ftask%2F178069%2Ffdinfo&opsi=bekup HTTP/1.1" 200 1779 "-" "Mozilla/5.0 AppleWebKit/537.36 (KHTML, like Gecko; compatible; ClaudeBot/1.0; +claudebot@anthropic.com)"
66.249.73.131 - - [19/Mar/2025:12:07:13 +0000] "GET /safe_search/config?return_url=%2Fproduct%2Fdetail%2FUTBM44920046 HTTP/1.1" 200 18407 "-" "Mozilla/5.0 (Linux; Android 6.0.1; Nexus 5X Build/MMB29P) AppleWebKit/537.36 (KHTML, like Gecko) Chrome/133.0.6943.141 Mobile Safari/537.36 (compatible; Googlebot/2.1; +http://www.google.com/bot.html)"
3.17.181.199 - - [19/Mar/2025:12:07:06 +0000] "GET /wp-includes/cookie/index.php?lokasie=%2Fproc%2F%2F%2Fcpuinfo&loknya=%2Fproc%2F%2F HTTP/1.1" 200 2763 "-" "Mozilla/5.0 AppleWebKit/537.36 (KHTML, like Gecko; compatible; ClaudeBot/1.0; +claudebot@anthropic.com)"
38.154.40.235 - - [19/Mar/2025:12:07:13 +0000] "GET /author/midiariodepasto/page/6/ HTTP/1.1" 200 25213 "-" "Mozilla/5.0 (Macintosh; Intel Mac OS X 10.15; rv:78.0) Gecko/20100101 Firefox/78.0"
66.249.73.132 - - [19/Mar/2025:12:07:16 +0000] "GET /131636353.htm HTTP/1.1" 200 18293 "-" "Mozilla/5.0 (Linux; Android 6.0.1; Nexus 5X Build/MMB29P) AppleWebKit/537.36 (KHTML, like Gecko) Chrome/133.0.6943.141 Mobile Safari/537.36 (compatible; Googlebot/2.1; +http://www.google.com/bot.html)"
34.21.3.186 - - [19/Mar/2025:12:07:18 +0000] "GET /category/entretenimiento/feed/ HTTP/1.1" 200 10318 "-" "Mozilla/5.0 (Windows NT 6.3; WOW64; rv:33.0) Gecko/20100101 Firefox/33.0"
66.249.73.131 - - [19/Mar/2025:12:07:21 +0000] "GET /361924663.htm HTTP/1.1" 200 21302 "-" "Mozilla/5.0 (Linux; Android 6.0.1; Nexus 5X Build/MMB29P) AppleWebKit/537.36 (KHTML, like Gecko) Chrome/133.0.6943.141 Mobile Safari/537.36 (compatible; Googlebot/2.1; +http://www.google.com/bot.html)"
66.249.65.40 - - [19/Mar/2025:12:07:24 +0000] "GET /pcmypage?callback=product%2Fdetail%2FEYBM69049005 HTTP/1.1" 200 19050 "-" "Mozilla/5.0 (Linux; Android 6.0.1; Nexus 5X Build/MMB29P) AppleWebKit/537.36 (KHTML, like Gecko) Chrome/133.0.6943.141 Mobile Safari/537.36 (compatible; GoogleOther)"
66.249.73.237 - - [19/Mar/2025:12:07:30 +0000] "GET /110928631.htm HTTP/1.1" 200 18594 "-" "Mozilla/5.0 (Linux; Android 6.0.1; Nexus 5X Build/MMB29P) AppleWebKit/537.36 (KHTML, like Gecko) Chrome/133.0.6943.141 Mobile Safari/537.36 (compatible; Googlebot/2.1; +http://www.google.com/bot.html)"
66.249.65.40 - - [19/Mar/2025:12:07:37 +0000] "GET /category/judicial/ HTTP/1.1" 200 23797 "-" "Mozilla/5.0 (compatible; Googlebot/2.1; +http://www.google.com/bot.html)"
2600:3c00::f03c:93ff:fef3:6ff8 - - [19/Mar/2025:12:07:52 +0000] "GET /sitemap.xml HTTP/1.1" 200 435 "-" "Mozilla/5.0 (compatible; Googlebot/2.1; +http://www.google.com/bot.html)"
66.249.65.40 - - [19/Mar/2025:12:07:59 +0000] "GET /tag/mercado-el-potrerillo/ HTTP/1.1" 200 18717 "-" "Mozilla/5.0 (compatible; Googlebot/2.1; +http://www.google.com/bot.html)"
170.10.163.108 - - [19/Mar/2025:12:07:42 +0000] "POST /wp-cron.php?doing_wp_cron=1742386062.8733489513397216796875 HTTP/1.1" 200 0 "-" "WordPress/6.7.2; https://www.abranoticias.com"
51.222.253.6 - - [19/Mar/2025:12:07:42 +0000] "GET /15312775.htm HTTP/1.1" 404 13563 "-" "Mozilla/5.0 (compatible; AhrefsBot/7.0; +http://ahrefs.com/robot/)"
170.10.163.108 - - [19/Mar/2025:12:07:50 +0000] "POST /wp-cron.php?doing_wp_cron=1742386070.2602419853210449218750 HTTP/1.1" 200 0 "-" "WordPress/6.7.2; https://www.abranoticias.com"
2600:3c00::f03c:93ff:fef3:6ff8 - - [19/Mar/2025:12:07:52 +0000] "GET /sitemap.php HTTP/1.1" 200 20190 "-" "Mozilla/5.0 (compatible; Googlebot/2.1; +http://www.google.com/bot.html)"
66.249.73.131 - - [19/Mar/2025:12:07:55 +0000] "GET /212110033.htm HTTP/1.1" 200 19822 "-" "Mozilla/5.0 (Linux; Android 6.0.1; Nexus 5X Build/MMB29P) AppleWebKit/537.36 (KHTML, like Gecko) Chrome/133.0.6943.141 Mobile Safari/537.36 (compatible; Googlebot/2.1; +http://www.google.com/bot.html)"
66.249.65.41 - - [19/Mar/2025:12:07:59 +0000] "GET /category/noticias/ HTTP/1.1" 200 19567 "-" "Mozilla/5.0 (compatible; Googlebot/2.1; +http://www.google.com/bot.html)"
66.249.65.41 - - [19/Mar/2025:12:07:59 +0000] "GET /tag/ipiales/ HTTP/1.1" 200 19225 "-" "Mozilla/5.0 (compatible; Googlebot/2.1; +http://www.google.com/bot.html)"
66.249.73.132 - - [19/Mar/2025:12:08:01 +0000] "GET /54807979.htm HTTP/1.1" 200 19723 "-" "Mozilla/5.0 (Linux; Android 6.0.1; Nexus 5X Build/MMB29P) AppleWebKit/537.36 (KHTML, like Gecko) Chrome/133.0.6943.141 Mobile Safari/537.36 (compatible; Googlebot/2.1; +http://www.google.com/bot.html)"
66.249.65.40 - - [19/Mar/2025:12:08:02 +0000] "GET /tag/moto/ HTTP/1.1" 200 20480 "-" "Mozilla/5.0 (compatible; Googlebot/2.1; +http://www.google.com/bot.html)"
66.249.65.40 - - [19/Mar/2025:12:08:05 +0000] "POST /get-message-notify HTTP/1.1" 200 19383 "https://www.abranoticias.com/tag/mercado-el-potrerillo/" "Mozilla/5.0 AppleWebKit/537.36 (KHTML, like Gecko; compatible; Googlebot/2.1; +http://www.google.com/bot.html) Chrome/133.0.6943.141 Safari/537.36"
52.167.144.218 - - [19/Mar/2025:12:08:07 +0000] "GET /?s=unicode+converter+telugu+anu HTTP/1.1" 200 18096 "-" "Mozilla/5.0 AppleWebKit/537.36 (KHTML, like Gecko; compatible; bingbot/2.0; +http://www.bing.com/bingbot.htm) Chrome/116.0.1938.76 Safari/537.36"
66.249.65.40 - - [19/Mar/2025:12:08:07 +0000] "POST /get-message-notify HTTP/1.1" 200 19383 "https://www.abranoticias.com/tag/comfamiliar-de-narino/" "Mozilla/5.0 AppleWebKit/537.36 (KHTML, like Gecko; compatible; Googlebot/2.1; +http://www.google.com/bot.html) Chrome/133.0.6943.141 Safari/537.36"
66.249.65.40 - - [19/Mar/2025:12:08:09 +0000] "POST /get-message-notify HTTP/1.1" 200 19383 "https://www.abranoticias.com/tag/moto/" "Mozilla/5.0 AppleWebKit/537.36 (KHTML, like Gecko; compatible; Googlebot/2.1; +http://www.google.com/bot.html) Chrome/133.0.6943.141 Safari/537.36"
66.249.65.40 - - [19/Mar/2025:12:08:11 +0000] "GET /pcmypage?callback=product%2Fdetail%2FFAR30894161 HTTP/1.1" 200 18950 "-" "Mozilla/5.0 (Linux; Android 6.0.1; Nexus 5X Build/MMB29P) AppleWebKit/537.36 (KHTML, like Gecko) Chrome/133.0.6943.141 Mobile Safari/537.36 (compatible; Googlebot/2.1; +http://www.google.com/bot.html)"
146.247.137.97 - - [19/Mar/2025:12:08:17 +0000] "GET /category/mundo/ HTTP/1.1" 200 25375 "-" "Mozilla/5.0 (Windows NT 6.1; WOW64; rv:29.0) Gecko/20100101 Firefox/29.0"
66.249.65.40 - - [19/Mar/2025:12:08:20 +0000] "GET /pcmypage?callback=/product%2Fdetail%2FOCQM81576975 HTTP/1.1" 200 18856 "-" "Mozilla/5.0 (Linux; Android 6.0.1; Nexus 5X Build/MMB29P) AppleWebKit/537.36 (KHTML, like Gecko) Chrome/133.0.6943.141 Mobile Safari/537.36 (compatible; Googlebot/2.1; +http://www.google.com/bot.html)"
66.249.73.131 - - [19/Mar/2025:12:08:28 +0000] "GET /79547071.htm HTTP/1.1" 200 18966 "-" "Mozilla/5.0 (Linux; Android 6.0.1; Nexus 5X Build/MMB29P) AppleWebKit/537.36 (KHTML, like Gecko) Chrome/133.0.6943.141 Mobile Safari/537.36 (compatible; Googlebot/2.1; +http://www.google.com/bot.html)"
66.249.73.131 - - [19/Mar/2025:12:08:36 +0000] "GET /218910883.htm HTTP/1.1" 200 18817 "-" "Mozilla/5.0 (Linux; Android 6.0.1; Nexus 5X Build/MMB29P) AppleWebKit/537.36 (KHTML, like Gecko) Chrome/133.0.6943.141 Mobile Safari/537.36 (compatible; Googlebot/2.1; +http://www.google.com/bot.html)"
66.249.65.40 - - [19/Mar/2025:12:08:44 +0000] "GET /pcmypage?callback=/product%2Fdetail%2FCPYDA175914191 HTTP/1.1" 200 19479 "-" "Mozilla/5.0 (Linux; Android 6.0.1; Nexus 5X Build/MMB29P) AppleWebKit/537.36 (KHTML, like Gecko) Chrome/133.0.6943.141 Mobile Safari/537.36 (compatible; Googlebot/2.1; +http://www.google.com/bot.html)"
66.249.73.131 - - [19/Mar/2025:12:08:48 +0000] "GET /88427551.htm HTTP/1.1" 200 20761 "-" "Mozilla/5.0 (Linux; Android 6.0.1; Nexus 5X Build/MMB29P) AppleWebKit/537.36 (KHTML, like Gecko) Chrome/133.0.6943.141 Mobile Safari/537.36 (compatible; Googlebot/2.1; +http://www.google.com/bot.html)"
170.10.163.108 - - [19/Mar/2025:12:08:55 +0000] "POST /wp-cron.php?doing_wp_cron=1742386135.8874869346618652343750 HTTP/1.1" 200 0 "-" "WordPress/6.7.2; https://www.abranoticias.com"
217.113.194.220 - - [19/Mar/2025:12:08:54 +0000] "GET /2024/04/30/lluvias-causaron-emergencia-en-arboleda-reportaron-derrumbes-y-inundaciones/ HTTP/1.1" 200 24746 "-" "Mozilla/5.0 (compatible; Barkrowler/0.9; +https://babbar.tech/crawler)"
66.249.65.43 - - [19/Mar/2025:12:08:56 +0000] "GET /pcmypage?callback=/product%2Fdetail%2FRVLA7278128 HTTP/1.1" 200 20343 "-" "Mozilla/5.0 (Linux; Android 6.0.1; Nexus 5X Build/MMB29P) AppleWebKit/537.36 (KHTML, like Gecko) Chrome/133.0.6943.141 Mobile Safari/537.36 (compatible; Googlebot/2.1; +http://www.google.com/bot.html)"
66.249.73.132 - - [19/Mar/2025:12:09:01 +0000] "GET /284764153.htm HTTP/1.1" 200 19735 "-" "Mozilla/5.0 (Linux; Android 6.0.1; Nexus 5X Build/MMB29P) AppleWebKit/537.36 (KHTML, like Gecko) Chrome/133.0.6943.141 Mobile Safari/537.36 (compatible; Googlebot/2.1; +http://www.google.com/bot.html)"
66.249.65.45 - - [19/Mar/2025:12:09:05 +0000] "GET /pcmypage?callback=product%2Fdetail%2FFZSX101761423 HTTP/1.1" 200 19277 "-" "Mozilla/5.0 (Linux; Android 6.0.1; Nexus 5X Build/MMB29P) AppleWebKit/537.36 (KHTML, like Gecko) Chrome/133.0.6943.141 Mobile Safari/537.36 (compatible; Googlebot/2.1; +http://www.google.com/bot.html)"
