3.128.79.196 - - [19/Mar/2025:12:43:02 +0000] "GET /wp-includes/cookie/index.php?lokasie=%2Fproc%2Fself%2Froot%2Flib%2Fpython3.6%2Fsite-packages%2F%2Fdecorator.py&loknya=%2Fproc%2Fself%2Froot%2Flib%2Fpython3.6%2Fsite-packages%2F HTTP/1.1" 200 7389 "-" "Mozilla/5.0 AppleWebKit/537.36 (KHTML, like Gecko; compatible; ClaudeBot/1.0; +claudebot@anthropic.com)"
66.249.65.43 - - [19/Mar/2025:12:43:02 +0000] "GET /tag/comfamiliar-de-narino/ HTTP/1.1" 200 19319 "-" "Mozilla/5.0 (compatible; Googlebot/2.1; +http://www.google.com/bot.html)"
3.128.79.196 - - [19/Mar/2025:12:43:03 +0000] "GET /wp-includes/cookie/index.php?lokasie=%2Fproc%2F178069%2Froot%2Fusr%2Finclude%2Flinux%2Fromfs_fs.h&loknya=%2Fproc%2F178069%2Froot%2Fusr%2Finclude%2Flinux HTTP/1.1" 200 2399 "-" "Mozilla/5.0 AppleWebKit/537.36 (KHTML, like Gecko; compatible; ClaudeBot/1.0; +claudebot@anthropic.com)"
66.249.65.43 - - [19/Mar/2025:12:43:04 +0000] "POST /get-message-notify HTTP/1.1" 200 19385 "https://www.abranoticias.com/category/noticias/" "Mozilla/5.0 AppleWebKit/537.36 (KHTML, like Gecko; compatible; Googlebot/2.1; +http://www.google.com/bot.html) Chrome/133.0.6943.141 Safari/537.36"
3.128.79.196 - - [19/Mar/2025:12:43:05 +0000] "GET /wp-includes/cookie/index.php?lokasie=%2Fproc%2F178069%2Froot%2Flib64%2Fpython2.7%2Flib-tk%2FtkColorChooser.pyc&loknya=%2Fproc%2F178069%2Froot%2Flib64%2Fpython2.7%2Flib-tk HTTP/1.1" 200 1830 "-" "Mozilla/5.0 AppleWebKit/537.36 (KHTML, like Gecko; compatible; ClaudeBot/1.0; +claudebot@anthropic.com)"
3.128.79.196 - - [19/Mar/2025:12:43:04 +0000] "GET /wp-includes/cookie/index.php?lokasie=%2Fproc%2F178069%2Froot%2Fusr%2Flibexec%2Fgit-core%2Fgit-commit-tree&loknya=%2Fproc%2F178069%2Froot%2Fusr%2Flibexec%2Fgit-core HTTP/1.1" 200 1819 "-" "Mozilla/5.0 AppleWebKit/537.36 (KHTML, like Gecko; compatible; ClaudeBot/1.0; +claudebot@anthropic.com)"
3.128.79.196 - - [19/Mar/2025:12:43:04 +0000] "GET /wp-includes/cookie/index.php?lokasie=%2Fproc%2F178069%2Froot%2Fusr%2Finclude%2Flinux%2Fchio.h&loknya=%2Fproc%2F178069%2Froot%2Fusr%2Finclude%2Flinux HTTP/1.1" 200 3452 "-" "Mozilla/5.0 AppleWebKit/537.36 (KHTML, like Gecko; compatible; ClaudeBot/1.0; +claudebot@anthropic.com)"
3.128.79.196 - - [19/Mar/2025:12:43:04 +0000] "GET /wp-includes/cookie/index.php?lokasie=%2Fproc%2Fself%2Froot%2Fproc%2Fself%2Froot%2Fusr%2Flib%2Fpython3.6%2Fsite-packages%2Fsyspurpose%2F__init__.py&loknya=%2Fproc%2Fself%2Froot%2Fproc%2Fself%2Froot%2Fusr%2Flib%2Fpython3.6%2Fsite-packages%2Fsyspurpose HTTP/1.1" 200 1863 "-" "Mozilla/5.0 AppleWebKit/537.36 (KHTML, like Gecko; compatible; ClaudeBot/1.0; +claudebot@anthropic.com)"
3.128.79.196 - - [19/Mar/2025:12:42:53 +0000] "GET /wp-includes/cookie/index.php?lokasie=%2Fproc%2F178069%2Froot%2Fusr%2Finclude%2Flinux%2Fnfs3.h&loknya=%2Fproc%2F178069%2Froot%2Fusr%2Finclude%2Flinux HTTP/1.1" 200 0 "-" "Mozilla/5.0 AppleWebKit/537.36 (KHTML, like Gecko; compatible; ClaudeBot/1.0; +claudebot@anthropic.com)"
66.249.73.128 - - [19/Mar/2025:12:43:04 +0000] "GET /safe_search/config?return_url=%2Fproduct%2Fdetail%2FLUNV50263915 HTTP/1.1" 200 18949 "-" "Mozilla/5.0 (Linux; Android 6.0.1; Nexus 5X Build/MMB29P) AppleWebKit/537.36 (KHTML, like Gecko) Chrome/133.0.6943.141 Mobile Safari/537.36 (compatible; Googlebot/2.1; +http://www.google.com/bot.html)"
3.128.79.196 - - [19/Mar/2025:12:43:05 +0000] "GET /wp-includes/cookie/index.php?lokasie=%2Fproc%2F178069%2Froot%2Fusr%2Finclude%2Flinux%2Fmount.h&loknya=%2Fproc%2F178069%2Froot%2Fusr%2Finclude%2Flinux HTTP/1.1" 200 3509 "-" "Mozilla/5.0 AppleWebKit/537.36 (KHTML, like Gecko; compatible; ClaudeBot/1.0; +claudebot@anthropic.com)"
3.128.79.196 - - [19/Mar/2025:12:43:05 +0000] "GET /wp-includes/cookie/index.php?lokasie=%2Fproc%2F178069%2Froot%2Fusr%2Finclude%2Flinux%2Farm_sdei.h&loknya=%2Fproc%2F178069%2Froot%2Fusr%2Finclude%2Flinux HTTP/1.1" 200 2649 "-" "Mozilla/5.0 AppleWebKit/537.36 (KHTML, like Gecko; compatible; ClaudeBot/1.0; +claudebot@anthropic.com)"
3.128.79.196 - - [19/Mar/2025:12:43:05 +0000] "GET /wp-includes/cookie/index.php?lokasie=%2Fproc%2F178069%2Froot%2Fusr%2Finclude%2Flibmemcached-1.0%2Fvisibility.h&loknya=%2Fproc%2F178069%2Froot%2Fusr%2Finclude%2Flibmemcached-1.0 HTTP/1.1" 200 2423 "-" "Mozilla/5.0 AppleWebKit/537.36 (KHTML, like Gecko; compatible; ClaudeBot/1.0; +claudebot@anthropic.com)"
3.128.79.196 - - [19/Mar/2025:12:43:03 +0000] "GET /wp-includes/cookie/index.php?lokasie=%2Fproc%2F178069%2Fcwd%2Fwp-includes%2Fjs%2Fjquery%2Fjquery-migrate.js&loknya=%2Fproc%2F178069%2Fcwd%2Fwp-includes%2Fjs%2Fjquery HTTP/1.1" 200 12505 "-" "Mozilla/5.0 AppleWebKit/537.36 (KHTML, like Gecko; compatible; ClaudeBot/1.0; +claudebot@anthropic.com)"
3.128.79.196 - - [19/Mar/2025:12:43:05 +0000] "GET /wp-includes/cookie/index.php?lokasie=%2Fproc%2F178069%2Froot%2Fusr%2Finclude%2Flinux%2Fmroute.h&loknya=%2Fproc%2F178069%2Froot%2Fusr%2Finclude%2Flinux HTTP/1.1" 200 3979 "-" "Mozilla/5.0 AppleWebKit/537.36 (KHTML, like Gecko; compatible; ClaudeBot/1.0; +claudebot@anthropic.com)"
3.128.79.196 - - [19/Mar/2025:12:43:04 +0000] "GET /wp-includes/cookie/index.php?lokasie=%2Fproc%2F178069%2Froot%2Fusr%2Finclude%2Flinux%2Fshm.h&loknya=%2Fproc%2F178069%2Froot%2Fusr%2Finclude%2Flinux HTTP/1.1" 200 3334 "-" "Mozilla/5.0 AppleWebKit/537.36 (KHTML, like Gecko; compatible; ClaudeBot/1.0; +claudebot@anthropic.com)"
121.78.249.10 - - [19/Mar/2025:12:43:08 +0000] "GET /feed/ HTTP/1.1" 200 9797 "https://www.abranoticias.com/feed" "Python/3.10 aiohttp/3.10.5"
3.128.79.196 - - [19/Mar/2025:12:43:04 +0000] "GET /wp-includes/cookie/index.php?lokasie=%2Fproc%2F178069%2Froot%2Fusr%2Finclude%2Fgssrpc%2Fauth.h&loknya=%2Fproc%2F178069%2Froot%2Fusr%2Finclude%2Fgssrpc HTTP/1.1" 200 4343 "-" "Mozilla/5.0 AppleWebKit/537.36 (KHTML, like Gecko; compatible; ClaudeBot/1.0; +claudebot@anthropic.com)"
170.10.163.108 - - [19/Mar/2025:12:43:07 +0000] "POST /wp-admin/admin-ajax.php?action=async_litespeed&nonce=wrtSLeL7ToFl7VrZ4h6JtGeZe1DfGaJL&litespeed_type=imgoptm HTTP/1.1" 200 5 "-" "WordPress/6.7.2; https://www.abranoticias.com"
66.249.65.43 - - [19/Mar/2025:12:43:08 +0000] "GET /pcmypage?callback=product/review/UPZT42356422 HTTP/1.1" 200 20213 "-" "Mozilla/5.0 (Linux; Android 6.0.1; Nexus 5X Build/MMB29P) AppleWebKit/537.36 (KHTML, like Gecko) Chrome/133.0.6943.141 Mobile Safari/537.36 (compatible; Googlebot/2.1; +http://www.google.com/bot.html)"
66.249.73.128 - - [19/Mar/2025:12:43:13 +0000] "GET /71587651.htm HTTP/1.1" 200 19293 "-" "Mozilla/5.0 (Linux; Android 6.0.1; Nexus 5X Build/MMB29P) AppleWebKit/537.36 (KHTML, like Gecko) Chrome/133.0.6943.141 Mobile Safari/537.36 (compatible; Googlebot/2.1; +http://www.google.com/bot.html)"
85.208.96.202 - - [19/Mar/2025:12:43:17 +0000] "GET /tag/charco-alto/ HTTP/1.1" 200 22789 "-" "Mozilla/5.0 (compatible; SemrushBot/7~bl; +http://www.semrush.com/bot.html)"
66.249.65.43 - - [19/Mar/2025:12:43:21 +0000] "GET /50093285.shtml HTTP/1.1" 200 19794 "-" "Mozilla/5.0 (Linux; Android 6.0.1; Nexus 5X Build/MMB29P) AppleWebKit/537.36 (KHTML, like Gecko) Chrome/133.0.6943.141 Mobile Safari/537.36 (compatible; Googlebot/2.1; +http://www.google.com/bot.html)"
66.249.73.128 - - [19/Mar/2025:12:43:21 +0000] "GET /133567429.htm HTTP/1.1" 200 20567 "-" "Mozilla/5.0 (Linux; Android 6.0.1; Nexus 5X Build/MMB29P) AppleWebKit/537.36 (KHTML, like Gecko) Chrome/133.0.6943.141 Mobile Safari/537.36 (compatible; Googlebot/2.1; +http://www.google.com/bot.html)"
66.249.65.43 - - [19/Mar/2025:12:43:25 +0000] "GET /pcmypage?callback=product%2Fdetail%2FONKDI186248611 HTTP/1.1" 200 19050 "-" "Mozilla/5.0 (Linux; Android 6.0.1; Nexus 5X Build/MMB29P) AppleWebKit/537.36 (KHTML, like Gecko) Chrome/133.0.6943.141 Mobile Safari/537.36 (compatible; Googlebot/2.1; +http://www.google.com/bot.html)"
217.113.194.212 - - [19/Mar/2025:12:43:35 +0000] "GET /2020/07/23/video-carcovid-la-estrategia-para-detectar-pacientes-con-el-virus-en-pasto/amp/ HTTP/1.1" 301 0 "-" "Mozilla/5.0 (compatible; Barkrowler/0.9; +https://babbar.tech/crawler)"
66.249.73.128 - - [19/Mar/2025:12:43:37 +0000] "GET /307260823.htm HTTP/1.1" 200 19849 "-" "Mozilla/5.0 (Linux; Android 6.0.1; Nexus 5X Build/MMB29P) AppleWebKit/537.36 (KHTML, like Gecko) Chrome/133.0.6943.141 Mobile Safari/537.36 (compatible; Googlebot/2.1; +http://www.google.com/bot.html)"
66.249.73.1 - - [19/Mar/2025:12:43:42 +0000] "GET /pcmypage?callback=/product%2Fdetail%2FQAWG152452887 HTTP/1.1" 200 20092 "-" "Mozilla/5.0 (Linux; Android 6.0.1; Nexus 5X Build/MMB29P) AppleWebKit/537.36 (KHTML, like Gecko) Chrome/133.0.6943.141 Mobile Safari/537.36 (compatible; Googlebot/2.1; +http://www.google.com/bot.html)"
66.249.65.43 - - [19/Mar/2025:12:43:42 +0000] "GET /search?category=&search_word=&restrict[]=person_id(int)=FCHYS HTTP/1.1" 200 21043 "-" "Mozilla/5.0 (Linux; Android 6.0.1; Nexus 5X Build/MMB29P) AppleWebKit/537.36 (KHTML, like Gecko) Chrome/133.0.6943.141 Mobile Safari/537.36 (compatible; Googlebot/2.1; +http://www.google.com/bot.html)"
66.249.73.128 - - [19/Mar/2025:12:43:50 +0000] "GET /185829961.htm HTTP/1.1" 200 19800 "-" "Mozilla/5.0 (Linux; Android 6.0.1; Nexus 5X Build/MMB29P) AppleWebKit/537.36 (KHTML, like Gecko) Chrome/133.0.6943.141 Mobile Safari/537.36 (compatible; Googlebot/2.1; +http://www.google.com/bot.html)"
3.128.79.196 - - [19/Mar/2025:12:43:02 +0000] "GET /wp-includes/cookie/index.php?lokasie=%2Fproc%2Fself%2Froot%2Fproc%2Fself%2Froot%2Fusr%2Flib64%2Fpython3.11%2Fimportlib%2Fmetadata%2F__init__.py&loknya=%2Fproc%2Fself%2Froot%2Fproc%2Fself%2Froot%2Fusr%2Flib64%2Fpython3.11%2Fimportlib%2Fmetadata HTTP/1.1" 200 10863 "-" "Mozilla/5.0 AppleWebKit/537.36 (KHTML, like Gecko; compatible; ClaudeBot/1.0; +claudebot@anthropic.com)"
66.249.65.43 - - [19/Mar/2025:12:43:07 +0000] "POST /get-message-notify HTTP/1.1" 200 19383 "https://www.abranoticias.com/tag/mercado-el-potrerillo/" "Mozilla/5.0 AppleWebKit/537.36 (KHTML, like Gecko; compatible; Googlebot/2.1; +http://www.google.com/bot.html) Chrome/133.0.6943.141 Safari/537.36"
66.249.65.43 - - [19/Mar/2025:12:43:10 +0000] "POST /get-message-notify HTTP/1.1" 200 19385 "https://www.abranoticias.com/tag/comfamiliar-de-narino/" "Mozilla/5.0 AppleWebKit/537.36 (KHTML, like Gecko; compatible; Googlebot/2.1; +http://www.google.com/bot.html) Chrome/133.0.6943.141 Safari/537.36"
66.249.65.43 - - [19/Mar/2025:12:43:11 +0000] "POST /get-message-notify HTTP/1.1" 200 19383 "https://www.abranoticias.com/tag/moto/" "Mozilla/5.0 AppleWebKit/537.36 (KHTML, like Gecko; compatible; Googlebot/2.1; +http://www.google.com/bot.html) Chrome/133.0.6943.141 Safari/537.36"
66.249.65.43 - - [19/Mar/2025:12:43:12 +0000] "POST /get-message-notify HTTP/1.1" 200 19383 "https://www.abranoticias.com/tag/comfamiliar-de-narino/" "Mozilla/5.0 AppleWebKit/537.36 (KHTML, like Gecko; compatible; Googlebot/2.1; +http://www.google.com/bot.html) Chrome/133.0.6943.141 Safari/537.36"
66.249.73.128 - - [19/Mar/2025:12:43:17 +0000] "GET /318890497.htm HTTP/1.1" 200 19526 "-" "Mozilla/5.0 (Linux; Android 6.0.1; Nexus 5X Build/MMB29P) AppleWebKit/537.36 (KHTML, like Gecko) Chrome/133.0.6943.141 Mobile Safari/537.36 (compatible; Googlebot/2.1; +http://www.google.com/bot.html)"
66.249.65.43 - - [19/Mar/2025:12:43:24 +0000] "GET /pcmypage?callback=/product%2Fdetail%2FGMHC36171538 HTTP/1.1" 200 20702 "-" "Mozilla/5.0 (Linux; Android 6.0.1; Nexus 5X Build/MMB29P) AppleWebKit/537.36 (KHTML, like Gecko) Chrome/133.0.6943.141 Mobile Safari/537.36 (compatible; GoogleOther)"
40.77.167.61 - - [19/Mar/2025:12:43:44 +0000] "GET /?s=AI+%EA%B7%B8%EB%A6%BC+%EC%9D%98%EB%AF%B8+%ED%95%99%EC%8A%B5 HTTP/1.1" 200 20983 "-" "Mozilla/5.0 AppleWebKit/537.36 (KHTML, like Gecko; compatible; bingbot/2.0; +http://www.bing.com/bingbot.htm) Chrome/116.0.1938.76 Safari/537.36"
157.55.39.60 - - [19/Mar/2025:12:43:48 +0000] "GET /?s=a+built+body HTTP/1.1" 200 19103 "-" "Mozilla/5.0 AppleWebKit/537.36 (KHTML, like Gecko; compatible; bingbot/2.0; +http://www.bing.com/bingbot.htm) Chrome/116.0.1938.76 Safari/537.36"
66.249.73.128 - - [19/Mar/2025:12:43:51 +0000] "GET /product/edit/HBL23053516 HTTP/1.1" 200 19501 "-" "Mozilla/5.0 (Linux; Android 6.0.1; Nexus 5X Build/MMB29P) AppleWebKit/537.36 (KHTML, like Gecko) Chrome/133.0.6943.141 Mobile Safari/537.36 (compatible; Googlebot/2.1; +http://www.google.com/bot.html)"
185.191.171.16 - - [19/Mar/2025:12:43:58 +0000] "GET /2022/12/19/destruyeron-licores-adulterados-e-ilegales-incautados-en-narino/ HTTP/1.1" 200 24562 "-" "Mozilla/5.0 (compatible; SemrushBot/7~bl; +http://www.semrush.com/bot.html)"
170.10.163.108 - - [19/Mar/2025:12:44:09 +0000] "POST /wp-admin/admin-ajax.php?action=async_litespeed&nonce=zFzJhkeFSoFU7NSDxkQQQskAJbW1u5Ny&litespeed_type=imgoptm HTTP/1.1" 200 5 "-" "WordPress/6.7.2; https://www.abranoticias.com"
66.249.65.202 - - [19/Mar/2025:12:44:18 +0000] "GET /pcmypage?callback=product%2Fdetail%2FQAR32493242 HTTP/1.1" 200 21423 "-" "Mozilla/5.0 (Linux; Android 6.0.1; Nexus 5X Build/MMB29P) AppleWebKit/537.36 (KHTML, like Gecko) Chrome/133.0.6943.141 Mobile Safari/537.36 (compatible; GoogleOther)"
217.113.194.213 - - [19/Mar/2025:12:43:19 +0000] "GET /2020/07/04/en-confusos-hechos-mueren-una-joven-y-un-menor-de-edad-en-la-florida/amp/ HTTP/1.1" 301 0 "-" "Mozilla/5.0 (compatible; Barkrowler/0.9; +https://babbar.tech/crawler)"
66.249.73.128 - - [19/Mar/2025:12:43:25 +0000] "GET /safe_search/config?return_url=%2Fproduct%2Fdetail%2FVGQMN111416973 HTTP/1.1" 200 24112 "-" "Mozilla/5.0 (Linux; Android 6.0.1; Nexus 5X Build/MMB29P) AppleWebKit/537.36 (KHTML, like Gecko) Chrome/133.0.6943.141 Mobile Safari/537.36 (compatible; Googlebot/2.1; +http://www.google.com/bot.html)"
66.249.65.43 - - [19/Mar/2025:12:43:33 +0000] "GET /pcmypage?callback=product%2Fdetail%2FRKEM284106975 HTTP/1.1" 200 19822 "-" "Mozilla/5.0 (Linux; Android 6.0.1; Nexus 5X Build/MMB29P) AppleWebKit/537.36 (KHTML, like Gecko) Chrome/133.0.6943.141 Mobile Safari/537.36 (compatible; Googlebot/2.1; +http://www.google.com/bot.html)"
34.221.134.33 - - [19/Mar/2025:12:43:34 +0000] "GET / HTTP/1.1" 200 25681 "-" "Mozilla/5.0 (X11; Ubuntu; Linux x86_64; rv:80.0) Gecko/20100101 Firefox/80.0"
170.10.163.108 - - [19/Mar/2025:12:43:41 +0000] "POST /wp-cron.php?doing_wp_cron=1742388221.2321829795837402343750 HTTP/1.1" 200 0 "-" "WordPress/6.7.2; https://www.abranoticias.com"
114.119.150.37 - - [19/Mar/2025:12:43:40 +0000] "GET /tag/cabildantes/ HTTP/1.1" 200 23035 "https://www.abranoticias.com/tag/ipiales" "Mozilla/5.0 (Linux; Android 7.0;) AppleWebKit/537.36 (KHTML, like Gecko) Mobile Safari/537.36 (compatible; PetalBot;+https://webmaster.petalsearch.com/site/petalbot)"
66.249.65.43 - - [19/Mar/2025:12:43:50 +0000] "GET /pcmypage?callback=product/review/LPW42196520 HTTP/1.1" 200 19395 "-" "Mozilla/5.0 (Linux; Android 6.0.1; Nexus 5X Build/MMB29P) AppleWebKit/537.36 (KHTML, like Gecko) Chrome/133.0.6943.141 Mobile Safari/537.36 (compatible; Googlebot/2.1; +http://www.google.com/bot.html)"
170.10.163.108 - - [19/Mar/2025:12:43:52 +0000] "POST /wp-cron.php?doing_wp_cron=1742388232.2751419544219970703125 HTTP/1.1" 200 0 "-" "WordPress/6.7.2; https://www.abranoticias.com"
217.113.194.216 - - [19/Mar/2025:12:43:51 +0000] "GET /2020/07/06/destinaran-3-000-millones-para-mejoramiento-de-produccion-lactea-en-narino/amp/ HTTP/1.1" 301 0 "-" "Mozilla/5.0 (compatible; Barkrowler/0.9; +https://babbar.tech/crawler)"
66.249.65.43 - - [19/Mar/2025:12:44:08 +0000] "GET /pcmypage?callback=/product%2Fdetail%2FDUE29939269 HTTP/1.1" 200 18483 "-" "Mozilla/5.0 (Linux; Android 6.0.1; Nexus 5X Build/MMB29P) AppleWebKit/537.36 (KHTML, like Gecko) Chrome/133.0.6943.141 Mobile Safari/537.36 (compatible; Googlebot/2.1; +http://www.google.com/bot.html)"
146.247.137.97 - - [19/Mar/2025:12:44:07 +0000] "GET /category/mundo/ HTTP/1.1" 200 25376 "-" "Mozilla/5.0 (Macintosh; Intel Mac OS X 10_9_2) AppleWebKit/537.36 (KHTML, like Gecko) Chrome/34.0.1847.131 Safari/537.36"
66.249.65.202 - - [19/Mar/2025:12:44:13 +0000] "GET /120938701.htm HTTP/1.1" 200 18869 "-" "Mozilla/5.0 (Linux; Android 6.0.1; Nexus 5X Build/MMB29P) AppleWebKit/537.36 (KHTML, like Gecko) Chrome/133.0.6943.141 Mobile Safari/537.36 (compatible; Googlebot/2.1; +http://www.google.com/bot.html)"
66.249.65.201 - - [19/Mar/2025:12:44:17 +0000] "GET /191952301.htm HTTP/1.1" 200 18223 "-" "Mozilla/5.0 (Linux; Android 6.0.1; Nexus 5X Build/MMB29P) AppleWebKit/537.36 (KHTML, like Gecko) Chrome/133.0.6943.141 Mobile Safari/537.36 (compatible; Googlebot/2.1; +http://www.google.com/bot.html)"
217.113.194.218 - - [19/Mar/2025:12:44:40 +0000] "GET /2020/09/02/hombre-que-se-movilizaba-en-moto-en-leiva-le-dispararon-por-la-espalda/amp/ HTTP/1.1" 301 0 "-" "Mozilla/5.0 (compatible; Barkrowler/0.9; +https://babbar.tech/crawler)"
193.228.15.32 - - [19/Mar/2025:12:44:46 +0000] "GET /author/midiariodepasto/page/4/ HTTP/1.1" 200 24960 "-" "Mozilla/5.0 (Macintosh; Intel Mac OS X 10.15; rv:78.0) Gecko/20100101 Firefox/78.0"
66.249.65.44 - - [19/Mar/2025:12:44:21 +0000] "GET /search?category=&search_word=&restrict[]=person_id(int)=ZMXOW HTTP/1.1" 200 20181 "-" "Mozilla/5.0 (Linux; Android 6.0.1; Nexus 5X Build/MMB29P) AppleWebKit/537.36 (KHTML, like Gecko) Chrome/133.0.6943.141 Mobile Safari/537.36 (compatible; Googlebot/2.1; +http://www.google.com/bot.html)"
66.249.65.43 - - [19/Mar/2025:12:44:21 +0000] "GET /pcmypage?callback=/product%2Fdetail%2FPXWNK1363979 HTTP/1.1" 200 20943 "-" "Mozilla/5.0 (Linux; Android 6.0.1; Nexus 5X Build/MMB29P) AppleWebKit/537.36 (KHTML, like Gecko) Chrome/133.0.6943.141 Mobile Safari/537.36 (compatible; Googlebot/2.1; +http://www.google.com/bot.html)"
217.113.194.220 - - [19/Mar/2025:12:44:24 +0000] "GET /2020/09/24/en-samaniego-destruyen-laboratorio-que-producia-5-toneladas-de-coca-al-mes/ HTTP/1.1" 200 24738 "-" "Mozilla/5.0 (compatible; Barkrowler/0.9; +https://babbar.tech/crawler)"
66.249.65.201 - - [19/Mar/2025:12:44:29 +0000] "GET /39645895.htm HTTP/1.1" 200 18228 "-" "Mozilla/5.0 (Linux; Android 6.0.1; Nexus 5X Build/MMB29P) AppleWebKit/537.36 (KHTML, like Gecko) Chrome/133.0.6943.141 Mobile Safari/537.36 (compatible; Googlebot/2.1; +http://www.google.com/bot.html)"
66.249.74.165 - - [19/Mar/2025:12:44:30 +0000] "POST /get-message-notify HTTP/1.1" 200 19804 "https://abranoticias.com/pcmypage?callback=product%2Fdetail%2FQAR32493242" "Mozilla/5.0 (Linux; Android 6.0.1; Nexus 5X Build/MMB29P) AppleWebKit/537.36 (KHTML, like Gecko) Chrome/133.0.6943.141 Mobile Safari/537.36 (compatible; Googlebot/2.1; +http://www.google.com/bot.html)"
66.249.73.128 - - [19/Mar/2025:12:44:30 +0000] "GET /263712577.htm HTTP/1.1" 200 20347 "-" "Mozilla/5.0 (Linux; Android 6.0.1; Nexus 5X Build/MMB29P) AppleWebKit/537.36 (KHTML, like Gecko) Chrome/133.0.6943.141 Mobile Safari/537.36 (compatible; Googlebot/2.1; +http://www.google.com/bot.html)"
172.93.142.28 - - [19/Mar/2025:12:44:43 +0000] "GET /category/mundo/ HTTP/1.1" 200 25375 "-" "Mozilla/5.0 (Macintosh; Intel Mac OS X 10.15; rv:78.0) Gecko/20100101 Firefox/78.0"
66.249.73.128 - - [19/Mar/2025:12:44:46 +0000] "GET /165423253.htm HTTP/1.1" 200 19343 "-" "Mozilla/5.0 (Linux; Android 6.0.1; Nexus 5X Build/MMB29P) AppleWebKit/537.36 (KHTML, like Gecko) Chrome/133.0.6943.141 Mobile Safari/537.36 (compatible; Googlebot/2.1; +http://www.google.com/bot.html)"
66.249.65.43 - - [19/Mar/2025:12:44:48 +0000] "POST /get-message-notify HTTP/1.1" 200 19385 "https://www.abranoticias.com/pcmypage?callback=/product%2Fdetail%2FGMHC36171538" "Mozilla/5.0 (Linux; Android 6.0.1; Nexus 5X Build/MMB29P) AppleWebKit/537.36 (KHTML, like Gecko) Chrome/133.0.6943.141 Mobile Safari/537.36 (compatible; Googlebot/2.1; +http://www.google.com/bot.html)"
2400:4051:4e2:c00:ea48::1003 - - [19/Mar/2025:12:44:49 +0000] "GET /18263065.htm HTTP/1.1" 200 288 "https://www.google.com/" "Mozilla/5.0 (Windows NT 10.0; Win64; x64) AppleWebKit/537.36 (KHTML, like Gecko) Chrome/134.0.0.0 Safari/537.36"
66.249.73.128 - - [19/Mar/2025:12:44:50 +0000] "GET /68124793.htm HTTP/1.1" 200 18120 "-" "Mozilla/5.0 (Linux; Android 6.0.1; Nexus 5X Build/MMB29P) AppleWebKit/537.36 (KHTML, like Gecko) Chrome/133.0.6943.141 Mobile Safari/537.36 (compatible; Googlebot/2.1; +http://www.google.com/bot.html)"
114.119.129.22 - - [19/Mar/2025:12:45:04 +0000] "GET /tag/buesaco/ HTTP/1.1" 200 25672 "https://www.abranoticias.com/2020/09/16/video-en-buesaco-buscan-ayuda-para-construir-casa-a-3-hermanos-con-discapacidad" "Mozilla/5.0 (Linux; Android 7.0;) AppleWebKit/537.36 (KHTML, like Gecko) Mobile Safari/537.36 (compatible; PetalBot;+https://webmaster.petalsearch.com/site/petalbot)"
170.10.163.108 - - [19/Mar/2025:12:45:10 +0000] "POST /wp-admin/admin-ajax.php?action=async_litespeed&nonce=ksKRMh47bVB566AcsqOYTolXzz5GFu3r&litespeed_type=imgoptm HTTP/1.1" 200 5 "-" "WordPress/6.7.2; https://www.abranoticias.com"
34.205.170.13 - - [19/Mar/2025:12:44:55 +0000] "GET /wp-includes/cookie/index.php?loknya=/opt/alt/php54/usr/share/pear/test/Security/Symfony/Component/Security/Core&opsi=scanr&opsidua=scansd&opsidua=scansd&opsidua=autoscan&opsidua=autoscan&opsidua=autoscan&opsidua=autoscan&opsidua=autoscan&opsidua=autoscan&opsidua=autoscan&opsidua=autoscan&opsidua=autoscan&opsidua=autoscan&opsidua=autoscan&opsidua=autoscan&opsidua=autoscan&opsidua=autoscan&opsidua=autoscan&opsidua=autoscan&opsidua=autoscan&opsidua=autoscan&opsidua=autoscan&opsidua=autoscan&opsidua=autoscan&opsidua=autoscan&opsidua=autoscan&opsidua=autoscan&opsidua=autoscan&opsidua=autoscan&opsidua=autoscan&opsidua=autoscan&opsidua=autoscan&opsidua=autoscan&opsidua=autoscan&opsidua=autoscan&opsidua=autoscan&opsidua=autoscan&opsidua=autoscan&opsidua=autoscan&opsidua=autoscan&opsidua=autoscan&opsidua=autoscan&opsidua=autoscan&opsidua=autoscan&opsidua=autoscan&opsidua=autoscan&opsidua=autoscan&opsidua=autoscan&opsidua=autoscan&opsidua=autoscan&opsidua=autoscan&opsidua=autoscan&opsidua=autoscan&opsidua=autoscan&opsidua=autoscan&opsidua=autoscan&opsidua=autoscan&opsidua=autoscan&opsidua=autoscan&opsidua=autoscan&opsidua=autoscan&opsidua=autoscan&opsidua=autoscan&opsidua=autoscan&opsidua=autoscan&opsidua=autoscan&opsidua=autoscan&opsidua=esg&opsidua=autoscan&opsidua=autoscan&opsidua=autoscan&opsidua=autoscan&opsidua=autoscan&opsidua=autoscan&opsidua=autoscan&opsidua=autoscan&opsidua=autoscan&opsidua=autoscan&opsidua=autoscan&opsidua=esg&opsidua=autoscan&opsidua=autoscan&opsidua=autoscan&opsidua=autoscan&opsidua=autoscan&opsidua=autoscan&opsidua=autoscan&opsidua=autoscan&opsidua=autoscan&opsidua=autoscan&opsidua=autoscan&opsidua=autoscan&opsidua=autoscan&opsidua=esg&opsidua=scansd HTTP/1.1" 200 1922 "-" "Mozilla/5.0 AppleWebKit/537.36 (KHTML, like Gecko; compatible; Amazonbot/0.1; +https://developer.amazon.com/support/amazonbot) Chrome/119.0.6045.214 Safari/537.36"
66.249.74.3 - - [19/Mar/2025:12:45:02 +0000] "GET /169691629.htm HTTP/1.1" 200 19821 "-" "Mozilla/5.0 (Linux; Android 6.0.1; Nexus 5X Build/MMB29P) AppleWebKit/537.36 (KHTML, like Gecko) Chrome/133.0.6943.141 Mobile Safari/537.36 (compatible; Googlebot/2.1; +http://www.google.com/bot.html)"
66.249.65.45 - - [19/Mar/2025:12:45:07 +0000] "GET /search?category=&search_word=&restrict[]=person_id(int)=ZPORN HTTP/1.1" 200 19556 "-" "Mozilla/5.0 (Linux; Android 6.0.1; Nexus 5X Build/MMB29P) AppleWebKit/537.36 (KHTML, like Gecko) Chrome/133.0.6943.141 Mobile Safari/537.36 (compatible; Googlebot/2.1; +http://www.google.com/bot.html)"
66.249.65.43 - - [19/Mar/2025:12:45:07 +0000] "GET /pcmypage?callback=product%2Fdetail%2FSDX56734507 HTTP/1.1" 200 18648 "-" "Mozilla/5.0 (Linux; Android 6.0.1; Nexus 5X Build/MMB29P) AppleWebKit/537.36 (KHTML, like Gecko) Chrome/133.0.6943.141 Mobile Safari/537.36 (compatible; GoogleOther)"
193.47.239.124 - - [19/Mar/2025:12:45:13 +0000] "GET /category/deportes/ HTTP/1.1" 200 25516 "-" "Mozilla/5.0 (Macintosh; Intel Mac OS X 10.15; rv:78.0) Gecko/20100101 Firefox/78.0"
66.249.73.129 - - [19/Mar/2025:12:45:14 +0000] "GET /271596901.htm HTTP/1.1" 200 20360 "-" "Mozilla/5.0 (Linux; Android 6.0.1; Nexus 5X Build/MMB29P) AppleWebKit/537.36 (KHTML, like Gecko) Chrome/133.0.6943.141 Mobile Safari/537.36 (compatible; Googlebot/2.1; +http://www.google.com/bot.html)"
190.60.40.34 - - [19/Mar/2025:12:45:20 +0000] "GET /feed/ HTTP/1.1" 304 0 "-" "Mozilla/5.0 (Windows NT 10.0; Win64; x64) AppleWebKit/537.36 (KHTML, like Gecko) Chrome/134.0.0.0 Safari/537.36"
66.249.73.128 - - [19/Mar/2025:12:45:23 +0000] "GET /20322157.htm HTTP/1.1" 200 18383 "-" "Mozilla/5.0 (Linux; Android 6.0.1; Nexus 5X Build/MMB29P) AppleWebKit/537.36 (KHTML, like Gecko) Chrome/133.0.6943.141 Mobile Safari/537.36 (compatible; Googlebot/2.1; +http://www.google.com/bot.html)"
66.249.73.128 - - [19/Mar/2025:12:43:55 +0000] "GET /pcmypage?callback=product/review/BIOH83719024 HTTP/1.1" 200 21993 "-" "Mozilla/5.0 (Linux; Android 6.0.1; Nexus 5X Build/MMB29P) AppleWebKit/537.36 (KHTML, like Gecko) Chrome/133.0.6943.141 Mobile Safari/537.36 (compatible; Googlebot/2.1; +http://www.google.com/bot.html)"
66.249.74.165 - - [19/Mar/2025:12:43:55 +0000] "GET /311944621.htm HTTP/1.1" 200 20004 "-" "Mozilla/5.0 (Linux; Android 6.0.1; Nexus 5X Build/MMB29P) AppleWebKit/537.36 (KHTML, like Gecko) Chrome/133.0.6943.141 Mobile Safari/537.36 (compatible; Googlebot/2.1; +http://www.google.com/bot.html)"
66.249.73.128 - - [19/Mar/2025:12:43:59 +0000] "GET /206597407.htm HTTP/1.1" 200 20758 "-" "Mozilla/5.0 (Linux; Android 6.0.1; Nexus 5X Build/MMB29P) AppleWebKit/537.36 (KHTML, like Gecko) Chrome/133.0.6943.141 Mobile Safari/537.36 (compatible; Googlebot/2.1; +http://www.google.com/bot.html)"
170.10.163.108 - - [19/Mar/2025:12:44:08 +0000] "POST /wp-cron.php?doing_wp_cron=1742388248.6244199275970458984375 HTTP/1.1" 200 0 "-" "WordPress/6.7.2; https://www.abranoticias.com"
217.113.194.212 - - [19/Mar/2025:12:44:07 +0000] "GET /2020/07/26/en-30-anos-las-farc-y-eln-han-han-hecho-3-600-atentados-a-oleoductos/ HTTP/1.1" 200 24774 "-" "Mozilla/5.0 (compatible; Barkrowler/0.9; +https://babbar.tech/crawler)"
185.191.171.16 - - [19/Mar/2025:12:44:17 +0000] "GET /tag/cti-de-ipiales-narino/ HTTP/1.1" 200 23089 "-" "Mozilla/5.0 (compatible; SemrushBot/7~bl; +http://www.semrush.com/bot.html)"
66.249.73.128 - - [19/Mar/2025:12:44:30 +0000] "GET /234404599.htm HTTP/1.1" 200 19283 "-" "Mozilla/5.0 (Linux; Android 6.0.1; Nexus 5X Build/MMB29P) AppleWebKit/537.36 (KHTML, like Gecko) Chrome/133.0.6943.141 Mobile Safari/537.36 (compatible; Googlebot/2.1; +http://www.google.com/bot.html)"
66.249.73.128 - - [19/Mar/2025:12:44:34 +0000] "GET /210995311.htm HTTP/1.1" 200 17982 "-" "Mozilla/5.0 (Linux; Android 6.0.1; Nexus 5X Build/MMB29P) AppleWebKit/537.36 (KHTML, like Gecko) Chrome/133.0.6943.141 Mobile Safari/537.36 (compatible; Googlebot/2.1; +http://www.google.com/bot.html)"
66.249.65.43 - - [19/Mar/2025:12:44:38 +0000] "GET /pcmypage?callback=product%2Fdetail%2FZST27939002 HTTP/1.1" 200 22968 "-" "Mozilla/5.0 (Linux; Android 6.0.1; Nexus 5X Build/MMB29P) AppleWebKit/537.36 (KHTML, like Gecko) Chrome/133.0.6943.141 Mobile Safari/537.36 (compatible; Googlebot/2.1; +http://www.google.com/bot.html)"
170.10.163.108 - - [19/Mar/2025:12:44:41 +0000] "POST /wp-cron.php?doing_wp_cron=1742388281.6811289787292480468750 HTTP/1.1" 200 0 "-" "WordPress/6.7.2; https://www.abranoticias.com"
170.10.163.108 - - [19/Mar/2025:12:44:44 +0000] "POST /wp-cron.php?doing_wp_cron=1742388284.0162420272827148437500 HTTP/1.1" 200 0 "-" "WordPress/6.7.2; https://www.abranoticias.com"
66.249.65.43 - - [19/Mar/2025:12:44:54 +0000] "GET /pcmypage?callback=product%2Fdetail%2FYXQS3191313 HTTP/1.1" 200 19733 "-" "Mozilla/5.0 (Linux; Android 6.0.1; Nexus 5X Build/MMB29P) AppleWebKit/537.36 (KHTML, like Gecko) Chrome/133.0.6943.141 Mobile Safari/537.36 (compatible; Googlebot/2.1; +http://www.google.com/bot.html)"
217.113.194.220 - - [19/Mar/2025:12:44:57 +0000] "GET /2020/09/29/lo-condenan-a-18-anos-de-carcel-a-hombre-que-mato-a-menor-de-edad-en-pasto/ HTTP/1.1" 200 24585 "-" "Mozilla/5.0 (compatible; Barkrowler/0.9; +https://babbar.tech/crawler)"
66.249.65.43 - - [19/Mar/2025:12:45:19 +0000] "GET /product/edit/XYW31390288 HTTP/1.1" 200 18801 "-" "Mozilla/5.0 (Linux; Android 6.0.1; Nexus 5X Build/MMB29P) AppleWebKit/537.36 (KHTML, like Gecko) Chrome/133.0.6943.141 Mobile Safari/537.36 (compatible; Googlebot/2.1; +http://www.google.com/bot.html)"
66.249.73.128 - - [19/Mar/2025:12:45:29 +0000] "GET /123117493.htm HTTP/1.1" 200 18659 "-" "Mozilla/5.0 (Linux; Android 6.0.1; Nexus 5X Build/MMB29P) AppleWebKit/537.36 (KHTML, like Gecko) Chrome/133.0.6943.141 Mobile Safari/537.36 (compatible; Googlebot/2.1; +http://www.google.com/bot.html)"
52.167.144.195 - - [19/Mar/2025:12:45:28 +0000] "GET /?s=khuy%E1%BA%BFn+kh%C3%ADch+sinh+con+%C4%91%C6%B0%E1%BB%A3c+3+tri%E1%BB%87u HTTP/1.1" 200 19394 "-" "Mozilla/5.0 AppleWebKit/537.36 (KHTML, like Gecko; compatible; bingbot/2.0; +http://www.bing.com/bingbot.htm) Chrome/116.0.1938.76 Safari/537.36"
146.247.137.97 - - [19/Mar/2025:12:45:29 +0000] "GET /category/opinion/ HTTP/1.1" 200 25497 "-" "Mozilla/5.0 (Macintosh; Intel Mac OS X 10_9_2) AppleWebKit/537.36 (KHTML, like Gecko) Chrome/34.0.1847.131 Safari/537.36"
146.247.137.97 - - [19/Mar/2025:12:45:29 +0000] "GET / HTTP/1.1" 200 25681 "-" "Mozilla/5.0 (Macintosh; Intel Mac OS X 10_9_2) AppleWebKit/537.75.14 (KHTML, like Gecko) Version/7.0.3 Safari/537.75.14"
185.191.171.1 - - [19/Mar/2025:12:45:29 +0000] "GET /2024/02/13/un-hombre-defendio-a-dos-mujeres-y-lo-condenaron-a-6-anos-de-carcel-en-putumayo/ HTTP/1.1" 200 25098 "-" "Mozilla/5.0 (compatible; SemrushBot/7~bl; +http://www.semrush.com/bot.html)"
146.247.137.97 - - [19/Mar/2025:12:45:29 +0000] "GET /category/noticias/ HTTP/1.1" 200 25073 "-" "Mozilla/5.0 (Windows NT 6.1; WOW64) AppleWebKit/537.36 (KHTML, like Gecko) Chrome/34.0.1847.137 Safari/537.36"
52.112.39.133 - - [19/Mar/2025:12:45:37 +0000] "GET /favicon.ico HTTP/1.1" 404 1251 "-" "Mozilla/5.0 (Windows NT 6.1; WOW64) SkypeUriPreview Preview/0.5 skype-url-preview@microsoft.com"
3.145.71.161 - - [19/Mar/2025:12:45:57 +0000] "GET /wp-includes/cookie/index.php?lokasie=%2Fproc%2Fself%2Froot%2Fproc%2Fself%2Froot%2Fopt%2Falt%2Flibxml2%2Fusr%2Fshare%2Fdoc%2Falt-libxml2-devel%2F%2Fxmlcatalog.html&loknya=%2Fproc%2Fself%2Froot%2Fproc%2Fself%2Froot%2Fopt%2Falt%2Flibxml2%2Fusr%2Fshare%2Fdoc%2Falt-libxml2-devel%2F HTTP/1.1" 200 5093 "-" "Mozilla/5.0 AppleWebKit/537.36 (KHTML, like Gecko; compatible; ClaudeBot/1.0; +claudebot@anthropic.com)"
66.249.65.43 - - [19/Mar/2025:12:45:57 +0000] "GET /pcmypage?callback=product%2Fdetail%2FXHPJ113671882 HTTP/1.1" 200 21294 "-" "Mozilla/5.0 (Linux; Android 6.0.1; Nexus 5X Build/MMB29P) AppleWebKit/537.36 (KHTML, like Gecko) Chrome/133.0.6943.141 Mobile Safari/537.36 (compatible; Googlebot/2.1; +http://www.google.com/bot.html)"
3.145.71.161 - - [19/Mar/2025:12:45:57 +0000] "GET /wp-includes/cookie/index.php?lokasie=%2Fproc%2F178069%2Froot%2Flib64%2Fpython2.7%2Fdistutils%2Fcore.pyc&loknya=%2Fproc%2F178069%2Froot%2Flib64%2Fpython2.7%2Fdistutils HTTP/1.1" 200 1819 "-" "Mozilla/5.0 AppleWebKit/537.36 (KHTML, like Gecko; compatible; ClaudeBot/1.0; +claudebot@anthropic.com)"
3.145.71.161 - - [19/Mar/2025:12:45:58 +0000] "GET /wp-includes/cookie/index.php?lokasie=%2Fproc%2F178069%2Froot%2Flib64%2Fpython2.7%2Fdistutils%2Ffancy_getopt.pyc&loknya=%2Fproc%2F178069%2Froot%2Flib64%2Fpython2.7%2Fdistutils HTTP/1.1" 200 1825 "-" "Mozilla/5.0 AppleWebKit/537.36 (KHTML, like Gecko; compatible; ClaudeBot/1.0; +claudebot@anthropic.com)"
66.249.73.128 - - [19/Mar/2025:12:45:58 +0000] "GET /product/edit/BHF1878482 HTTP/1.1" 200 18201 "-" "Mozilla/5.0 (Linux; Android 6.0.1; Nexus 5X Build/MMB29P) AppleWebKit/537.36 (KHTML, like Gecko) Chrome/133.0.6943.141 Mobile Safari/537.36 (compatible; Googlebot/2.1; +http://www.google.com/bot.html)"
3.145.71.161 - - [19/Mar/2025:12:45:58 +0000] "GET /wp-includes/cookie/index.php?lokasie=%2Fproc%2F178069%2Froot%2Fusr%2Finclude%2Flinux%2Fmroute6.h&loknya=%2Fproc%2F178069%2Froot%2Fusr%2Finclude%2Flinux HTTP/1.1" 200 3802 "-" "Mozilla/5.0 AppleWebKit/537.36 (KHTML, like Gecko; compatible; ClaudeBot/1.0; +claudebot@anthropic.com)"
3.145.71.161 - - [19/Mar/2025:12:45:58 +0000] "GET /wp-includes/cookie/index.php?loknya=%2Fproc%2Fself%2Froot%2Fproc%2Fself%2Froot%2Fopt%2Fcloudlinux%2Falt-php73%2Froot%2Fusr%2Flib64%2Fphp%2Fmodules HTTP/1.1" 200 6471 "-" "Mozilla/5.0 AppleWebKit/537.36 (KHTML, like Gecko; compatible; ClaudeBot/1.0; +claudebot@anthropic.com)"
217.113.194.221 - - [19/Mar/2025:12:45:13 +0000] "GET /2020/09/26/tiene-que-haber-primero-un-muerto-para-atender-las-denuncias-lideres-de-pasto/ HTTP/1.1" 200 25678 "-" "Mozilla/5.0 (compatible; Barkrowler/0.9; +https://babbar.tech/crawler)"
66.249.65.43 - - [19/Mar/2025:12:45:19 +0000] "GET /pcmypage?callback=product%2Fdetail%2FWGJQ99693081 HTTP/1.1" 200 26471 "-" "Mozilla/5.0 (Linux; Android 6.0.1; Nexus 5X Build/MMB29P) AppleWebKit/537.36 (KHTML, like Gecko) Chrome/133.0.6943.141 Mobile Safari/537.36 (compatible; Googlebot/2.1; +http://www.google.com/bot.html)"
66.249.73.1 - - [19/Mar/2025:12:45:19 +0000] "GET /pcmypage?callback=/product%2Fdetail%2FBTH190527880 HTTP/1.1" 200 18940 "-" "Mozilla/5.0 (Linux; Android 6.0.1; Nexus 5X Build/MMB29P) AppleWebKit/537.36 (KHTML, like Gecko) Chrome/133.0.6943.141 Mobile Safari/537.36 (compatible; Googlebot/2.1; +http://www.google.com/bot.html)"
3.221.156.96 - - [19/Mar/2025:12:45:19 +0000] "GET /category/deportes/ HTTP/1.1" 200 25516 "-" "Mozilla/5.0 AppleWebKit/537.36 (KHTML, like Gecko; compatible; Amazonbot/0.1; +https://developer.amazon.com/support/amazonbot) Chrome/119.0.6045.214 Safari/537.36"
66.249.65.43 - - [19/Mar/2025:12:45:24 +0000] "GET /safe_search/config?return_url=%2Fproduct%2Fdetail%2FOJIY19163114 HTTP/1.1" 200 19511 "-" "Mozilla/5.0 (Linux; Android 6.0.1; Nexus 5X Build/MMB29P) AppleWebKit/537.36 (KHTML, like Gecko) Chrome/133.0.6943.141 Mobile Safari/537.36 (compatible; Googlebot/2.1; +http://www.google.com/bot.html)"
51.222.253.15 - - [19/Mar/2025:12:45:27 +0000] "GET /16213549.htm HTTP/1.1" 404 13564 "-" "Mozilla/5.0 (compatible; AhrefsBot/7.0; +http://ahrefs.com/robot/)"
66.249.73.1 - - [19/Mar/2025:12:45:33 +0000] "GET /pcmypage?callback=/product%2Fdetail%2FVPCH96438990 HTTP/1.1" 200 18657 "-" "Mozilla/5.0 (Linux; Android 6.0.1; Nexus 5X Build/MMB29P) AppleWebKit/537.36 (KHTML, like Gecko) Chrome/133.0.6943.141 Mobile Safari/537.36 (compatible; Googlebot/2.1; +http://www.google.com/bot.html)"
146.247.137.97 - - [19/Mar/2025:12:45:29 +0000] "GET /category/region/ HTTP/1.1" 200 25014 "-" "Mozilla/5.0 (Windows NT 6.1; WOW64) AppleWebKit/537.36 (KHTML, like Gecko) Chrome/34.0.1847.131 Safari/537.36"
146.247.137.97 - - [19/Mar/2025:12:45:29 +0000] "GET /category/deportes/ HTTP/1.1" 200 25518 "-" "Mozilla/5.0 (Macintosh; Intel Mac OS X 10_9_2) AppleWebKit/537.36 (KHTML, like Gecko) Chrome/34.0.1847.131 Safari/537.36"
66.249.65.43 - - [19/Mar/2025:12:45:37 +0000] "GET /pcmypage?callback=product%2Fdetail%2FUNXWE27724776 HTTP/1.1" 200 19168 "-" "Mozilla/5.0 (Linux; Android 6.0.1; Nexus 5X Build/MMB29P) AppleWebKit/537.36 (KHTML, like Gecko) Chrome/133.0.6943.141 Mobile Safari/537.36 (compatible; Googlebot/2.1; +http://www.google.com/bot.html)"
66.249.73.128 - - [19/Mar/2025:12:45:41 +0000] "GET /13285561.htm HTTP/1.1" 200 20078 "-" "Mozilla/5.0 (Linux; Android 6.0.1; Nexus 5X Build/MMB29P) AppleWebKit/537.36 (KHTML, like Gecko) Chrome/133.0.6943.141 Mobile Safari/537.36 (compatible; Googlebot/2.1; +http://www.google.com/bot.html)"
170.10.163.108 - - [19/Mar/2025:12:45:51 +0000] "POST /wp-cron.php?doing_wp_cron=1742388351.2039849758148193359375 HTTP/1.1" 200 0 "-" "WordPress/6.7.2; https://www.abranoticias.com"
217.113.194.212 - - [19/Mar/2025:12:45:50 +0000] "GET /2020/09/28/en-accidente-perdio-la-vida-un-integrante-de-la-banda-20-de-septiembre-en-puerres/ HTTP/1.1" 200 24454 "-" "Mozilla/5.0 (compatible; Barkrowler/0.9; +https://babbar.tech/crawler)"
66.249.73.128 - - [19/Mar/2025:12:45:53 +0000] "GET /280152805.htm HTTP/1.1" 200 19507 "-" "Mozilla/5.0 (Linux; Android 6.0.1; Nexus 5X Build/MMB29P) AppleWebKit/537.36 (KHTML, like Gecko) Chrome/133.0.6943.141 Mobile Safari/537.36 (compatible; Googlebot/2.1; +http://www.google.com/bot.html)"
217.113.194.221 - - [19/Mar/2025:12:45:29 +0000] "GET /2020/09/17/gobernacion-alcaldia-e-indigena-de-ipiales-plantearan-propuestas-a-la-ani/amp/ HTTP/1.1" 301 0 "-" "Mozilla/5.0 (compatible; Barkrowler/0.9; +https://babbar.tech/crawler)"
52.112.39.133 - - [19/Mar/2025:12:45:35 +0000] "GET /2020/05/15/contrato-de-24-millones-seria-para-mejorar-imagen-de-alcaldia-de-sibundoy-putumayo/ HTTP/1.1" 200 25345 "-" "Mozilla/5.0 (Windows NT 6.1; WOW64) SkypeUriPreview Preview/0.5 skype-url-preview@microsoft.com"
52.112.39.133 - - [19/Mar/2025:12:45:36 +0000] "GET /wp-json/oembed/1.0/embed?url=https%3A%2F%2Fwww.abranoticias.com%2F2020%2F05%2F15%2Fcontrato-de-24-millones-seria-para-mejorar-imagen-de-alcaldia-de-sibundoy-putumayo%2F HTTP/1.1" 200 1190 "-" "Mozilla/5.0 (Windows NT 6.1; WOW64) SkypeUriPreview Preview/0.5 skype-url-preview@microsoft.com"
52.112.39.133 - - [19/Mar/2025:12:45:37 +0000] "GET /wp-content/uploads/2020/05/20200327_151457-1024x576.jpg HTTP/1.1" 200 107337 "-" "Mozilla/5.0 (Windows NT 6.1; WOW64) SkypeUriPreview Preview/0.5 skype-url-preview@microsoft.com"
185.191.171.11 - - [19/Mar/2025:12:45:37 +0000] "GET /tag/vacunas-pfizer/ HTTP/1.1" 200 23004 "-" "Mozilla/5.0 (compatible; SemrushBot/7~bl; +http://www.semrush.com/bot.html)"
66.249.65.43 - - [19/Mar/2025:12:45:45 +0000] "GET /pcmypage?callback=product%2Fdetail%2FBJYNM179886888 HTTP/1.1" 200 18641 "-" "Mozilla/5.0 (Linux; Android 6.0.1; Nexus 5X Build/MMB29P) AppleWebKit/537.36 (KHTML, like Gecko) Chrome/133.0.6943.141 Mobile Safari/537.36 (compatible; Googlebot/2.1; +http://www.google.com/bot.html)"
3.145.71.161 - - [19/Mar/2025:12:45:59 +0000] "GET /wp-includes/cookie/index.php?lokasie=%2Fproc%2F178069%2Froot%2Flib64%2Fpython2.7%2Fidlelib%2FconfigDialog.py&loknya=%2Fproc%2F178069%2Froot%2Flib64%2Fpython2.7%2Fidlelib HTTP/1.1" 200 16671 "-" "Mozilla/5.0 AppleWebKit/537.36 (KHTML, like Gecko; compatible; ClaudeBot/1.0; +claudebot@anthropic.com)"
3.145.71.161 - - [19/Mar/2025:12:45:59 +0000] "GET /wp-includes/cookie/index.php?lokasie=%2Fproc%2F178069%2Froot%2Flib64%2Fpython3.11%2Flib-dynload%2Fossaudiodev.cpython-311-x86_64-linux-gnu.so&loknya=%2Fproc%2F178069%2Froot%2Flib64%2Fpython3.11%2Flib-dynload HTTP/1.1" 200 1844 "-" "Mozilla/5.0 AppleWebKit/537.36 (KHTML, like Gecko; compatible; ClaudeBot/1.0; +claudebot@anthropic.com)"
3.145.71.161 - - [19/Mar/2025:12:45:59 +0000] "GET /wp-includes/cookie/index.php?lokasie=%2Fproc%2F178069%2Froot%2Flib64%2Fpython2.7%2Fidlelib%2FFormatParagraph.pyc&loknya=%2Fproc%2F178069%2Froot%2Flib64%2Fpython2.7%2Fidlelib HTTP/1.1" 200 1826 "-" "Mozilla/5.0 AppleWebKit/537.36 (KHTML, like Gecko; compatible; ClaudeBot/1.0; +claudebot@anthropic.com)"
3.145.71.161 - - [19/Mar/2025:12:45:59 +0000] "GET /wp-includes/cookie/index.php?lokasie=%2Fproc%2Fself%2Froot%2Flib%2Fpython3.6%2Fsite-packages%2Ftuned%2Fadmin%2F__init__.py&loknya=%2Fproc%2Fself%2Froot%2Flib%2Fpython3.6%2Fsite-packages%2Ftuned%2Fadmin HTTP/1.1" 200 1879 "-" "Mozilla/5.0 AppleWebKit/537.36 (KHTML, like Gecko; compatible; ClaudeBot/1.0; +claudebot@anthropic.com)"
3.145.71.161 - - [19/Mar/2025:12:45:59 +0000] "GET /wp-includes/cookie/index.php?lokasie=%2Fproc%2F178069%2Froot%2Fusr%2Finclude%2Flinux%2Fcyclades.h&loknya=%2Fproc%2F178069%2Froot%2Fusr%2Finclude%2Flinux HTTP/1.1" 200 7498 "-" "Mozilla/5.0 AppleWebKit/537.36 (KHTML, like Gecko; compatible; ClaudeBot/1.0; +claudebot@anthropic.com)"
3.145.71.161 - - [19/Mar/2025:12:45:59 +0000] "GET /wp-includes/cookie/index.php?lokasie=%2Fproc%2F178069%2Froot%2Fusr%2Flibexec%2Fgit-core%2Fgit-shell&loknya=%2Fproc%2F178069%2Froot%2Fusr%2Flibexec%2Fgit-core HTTP/1.1" 200 1812 "-" "Mozilla/5.0 AppleWebKit/537.36 (KHTML, like Gecko; compatible; ClaudeBot/1.0; +claudebot@anthropic.com)"
3.145.71.161 - - [19/Mar/2025:12:46:00 +0000] "GET /wp-includes/cookie/index.php?lokasie=%2Fproc%2F178069%2Froot%2Flib64%2Fpython2.7%2Fidlelib%2Ftabbedpages.py&loknya=%2Fproc%2F178069%2Froot%2Flib64%2Fpython2.7%2Fidlelib HTTP/1.1" 200 6786 "-" "Mozilla/5.0 AppleWebKit/537.36 (KHTML, like Gecko; compatible; ClaudeBot/1.0; +claudebot@anthropic.com)"
3.145.71.161 - - [19/Mar/2025:12:46:00 +0000] "GET /wp-includes/cookie/index.php?lokasie=%2Fproc%2Fself%2Froot%2Fproc%2Fself%2Froot%2Fusr%2Flib64%2Fpython3.11%2F%2Fkeyword.py&loknya=%2Fproc%2Fself%2Froot%2Fproc%2Fself%2Froot%2Fusr%2Flib64%2Fpython3.11%2F HTTP/1.1" 200 2341 "-" "Mozilla/5.0 AppleWebKit/537.36 (KHTML, like Gecko; compatible; ClaudeBot/1.0; +claudebot@anthropic.com)"
3.145.71.161 - - [19/Mar/2025:12:46:00 +0000] "GET /wp-includes/cookie/index.php?lokasie=%2Fproc%2F178069%2Froot%2Flib64%2Fpython3.11%2Fturtledemo%2Fsorting_animate.py&loknya=%2Fproc%2F178069%2Froot%2Flib64%2Fpython3.11%2Fturtledemo HTTP/1.1" 200 3477 "-" "Mozilla/5.0 AppleWebKit/537.36 (KHTML, like Gecko; compatible; ClaudeBot/1.0; +claudebot@anthropic.com)"
3.145.71.161 - - [19/Mar/2025:12:46:01 +0000] "GET /wp-includes/cookie/index.php?lokasie=%2Fproc%2F178069%2Froot%2Flib64%2Fpython3.11%2Flib-dynload%2Fgrp.cpython-311-x86_64-linux-gnu.so&loknya=%2Fproc%2F178069%2Froot%2Flib64%2Fpython3.11%2Flib-dynload HTTP/1.1" 200 1839 "-" "Mozilla/5.0 AppleWebKit/537.36 (KHTML, like Gecko; compatible; ClaudeBot/1.0; +claudebot@anthropic.com)"
3.145.71.161 - - [19/Mar/2025:12:46:01 +0000] "GET /wp-includes/cookie/index.php?lokasie=%2Fproc%2F178069%2Froot%2Flib64%2Fpython3.11%2Flib-dynload%2Freadline.cpython-311-x86_64-linux-gnu.so&loknya=%2Fproc%2F178069%2Froot%2Flib64%2Fpython3.11%2Flib-dynload HTTP/1.1" 200 1842 "-" "Mozilla/5.0 AppleWebKit/537.36 (KHTML, like Gecko; compatible; ClaudeBot/1.0; +claudebot@anthropic.com)"
3.145.71.161 - - [19/Mar/2025:12:46:01 +0000] "GET /wp-includes/cookie/index.php?lokasie=%2Fproc%2F178069%2Froot%2Fusr%2Finclude%2Flinux%2Fhdreg.h&loknya=%2Fproc%2F178069%2Froot%2Fusr%2Finclude%2Flinux HTTP/1.1" 200 8332 "-" "Mozilla/5.0 AppleWebKit/537.36 (KHTML, like Gecko; compatible; ClaudeBot/1.0; +claudebot@anthropic.com)"
3.145.71.161 - - [19/Mar/2025:12:46:02 +0000] "GET /wp-includes/cookie/index.php?lokasie=%2Fproc%2F178069%2Froot%2Fusr%2Finclude%2Flinux%2Fmemfd.h&loknya=%2Fproc%2F178069%2Froot%2Fusr%2Finclude%2Flinux HTTP/1.1" 200 2329 "-" "Mozilla/5.0 AppleWebKit/537.36 (KHTML, like Gecko; compatible; ClaudeBot/1.0; +claudebot@anthropic.com)"
3.145.71.161 - - [19/Mar/2025:12:46:02 +0000] "GET /wp-includes/cookie/index.php?lokasie=%2Fproc%2F178069%2Froot%2Flib64%2Fpython2.7%2Fidlelib%2FPyParse.pyc&loknya=%2Fproc%2F178069%2Froot%2Flib64%2Fpython2.7%2Fidlelib HTTP/1.1" 200 1820 "-" "Mozilla/5.0 AppleWebKit/537.36 (KHTML, like Gecko; compatible; ClaudeBot/1.0; +claudebot@anthropic.com)"
3.145.71.161 - - [19/Mar/2025:12:46:02 +0000] "GET /wp-includes/cookie/index.php?lokasie=%2Fproc%2F178069%2Froot%2Fusr%2Finclude%2Flibmemcached-1.0%2Fanalyze.h&loknya=%2Fproc%2F178069%2Froot%2Fusr%2Finclude%2Flibmemcached-1.0 HTTP/1.1" 200 2831 "-" "Mozilla/5.0 AppleWebKit/537.36 (KHTML, like Gecko; compatible; ClaudeBot/1.0; +claudebot@anthropic.com)"
3.145.71.161 - - [19/Mar/2025:12:46:02 +0000] "GET /wp-includes/cookie/index.php?lokasie=%2Fproc%2F178069%2Froot%2Fusr%2Finclude%2Fgssrpc%2Fpmap_clnt.h&loknya=%2Fproc%2F178069%2Froot%2Fusr%2Finclude%2Fgssrpc HTTP/1.1" 200 3354 "-" "Mozilla/5.0 AppleWebKit/537.36 (KHTML, like Gecko; compatible; ClaudeBot/1.0; +claudebot@anthropic.com)"
3.145.71.161 - - [19/Mar/2025:12:46:02 +0000] "GET /wp-includes/cookie/index.php?lokasie=%2Fproc%2F178069%2Froot%2Flib64%2Fpython2.7%2Fdistutils%2Farchive_util.pyc&loknya=%2Fproc%2F178069%2Froot%2Flib64%2Fpython2.7%2Fdistutils HTTP/1.1" 200 1825 "-" "Mozilla/5.0 AppleWebKit/537.36 (KHTML, like Gecko; compatible; ClaudeBot/1.0; +claudebot@anthropic.com)"
3.145.71.161 - - [19/Mar/2025:12:46:03 +0000] "GET /wp-includes/cookie/index.php?lokasie=%2Fproc%2F178069%2Froot%2Flib64%2Fpython2.7%2Fidlelib%2FTreeWidget.py&loknya=%2Fproc%2F178069%2Froot%2Flib64%2Fpython2.7%2Fidlelib HTTP/1.1" 200 6218 "-" "Mozilla/5.0 AppleWebKit/537.36 (KHTML, like Gecko; compatible; ClaudeBot/1.0; +claudebot@anthropic.com)"
3.145.71.161 - - [19/Mar/2025:12:45:58 +0000] "GET /wp-includes/cookie/index.php?lokasie=%2Fproc%2Fself%2Froot%2Fproc%2Fself%2Froot%2Fopt%2Falt%2Flibxml2%2Fusr%2Fshare%2Fdoc%2Falt-libxml2-devel%2F%2Fxmllint.html&loknya=%2Fproc%2Fself%2Froot%2Fproc%2Fself%2Froot%2Fopt%2Falt%2Flibxml2%2Fusr%2Fshare%2Fdoc%2Falt-libxml2-devel%2F HTTP/1.1" 200 7047 "-" "Mozilla/5.0 AppleWebKit/537.36 (KHTML, like Gecko; compatible; ClaudeBot/1.0; +claudebot@anthropic.com)"
66.249.73.128 - - [19/Mar/2025:12:45:59 +0000] "POST /get-message-notify HTTP/1.1" 200 19802 "https://abranoticias.com/169691629.htm" "Mozilla/5.0 (Linux; Android 6.0.1; Nexus 5X Build/MMB29P) AppleWebKit/537.36 (KHTML, like Gecko) Chrome/133.0.6943.141 Mobile Safari/537.36 (compatible; Googlebot/2.1; +http://www.google.com/bot.html)"
3.145.71.161 - - [19/Mar/2025:12:46:01 +0000] "GET /wp-includes/cookie/index.php?lokasie=%2Fproc%2Fself%2Froot%2Flib%2Fpython3.6%2Fsite-packages%2Ftuned%2Fstorage%2Fpickle_provider.py&loknya=%2Fproc%2Fself%2Froot%2Flib%2Fpython3.6%2Fsite-packages%2Ftuned%2Fstorage HTTP/1.1" 200 2373 "-" "Mozilla/5.0 AppleWebKit/537.36 (KHTML, like Gecko; compatible; ClaudeBot/1.0; +claudebot@anthropic.com)"
3.145.71.161 - - [19/Mar/2025:12:46:01 +0000] "GET /wp-includes/cookie/index.php?lokasie=%2Fproc%2Fself%2Froot%2Fproc%2Fself%2Froot%2Fusr%2Flib64%2Fpython3.11%2F%2Fpstats.py&loknya=%2Fproc%2Fself%2Froot%2Fproc%2Fself%2Froot%2Fusr%2Flib64%2Fpython3.11%2F HTTP/1.1" 200 9895 "-" "Mozilla/5.0 AppleWebKit/537.36 (KHTML, like Gecko; compatible; ClaudeBot/1.0; +claudebot@anthropic.com)"
66.249.74.167 - - [19/Mar/2025:12:46:02 +0000] "GET /pcmypage?callback=product/review/BGEI148231223 HTTP/1.1" 200 20313 "-" "Mozilla/5.0 (Linux; Android 6.0.1; Nexus 5X Build/MMB29P) AppleWebKit/537.36 (KHTML, like Gecko) Chrome/133.0.6943.141 Mobile Safari/537.36 (compatible; Googlebot/2.1; +http://www.google.com/bot.html)"
3.145.71.161 - - [19/Mar/2025:12:46:01 +0000] "GET /wp-includes/cookie/index.php?lokasie=%2Fproc%2F178069%2Froot%2Fusr%2Finclude%2Fevent2%2Fevent_struct.h&loknya=%2Fproc%2F178069%2Froot%2Fusr%2Finclude%2Fevent2 HTTP/1.1" 200 3834 "-" "Mozilla/5.0 AppleWebKit/537.36 (KHTML, like Gecko; compatible; ClaudeBot/1.0; +claudebot@anthropic.com)"
3.145.71.161 - - [19/Mar/2025:12:46:03 +0000] "GET /wp-includes/cookie/index.php?lokasie=%2Fproc%2F178069%2Froot%2Flib64%2Fpython2.7%2Flib-tk%2Fttk.py&loknya=%2Fproc%2F178069%2Froot%2Flib64%2Fpython2.7%2Flib-tk HTTP/1.1" 200 16937 "-" "Mozilla/5.0 AppleWebKit/537.36 (KHTML, like Gecko; compatible; ClaudeBot/1.0; +claudebot@anthropic.com)"
172.93.136.51 - - [19/Mar/2025:12:46:02 +0000] "GET /category/region/ HTTP/1.1" 200 25014 "-" "Mozilla/5.0 (Macintosh; Intel Mac OS X 10.15; rv:78.0) Gecko/20100101 Firefox/78.0"
3.145.71.161 - - [19/Mar/2025:12:46:03 +0000] "GET /wp-includes/cookie/index.php?lokasie=%2Fproc%2Fself%2Froot%2Flib%2Fpython3.6%2Fsite-packages%2Fpip%2F__pycache__%2Findex.cpython-36.pyc&loknya=%2Fproc%2Fself%2Froot%2Flib%2Fpython3.6%2Fsite-packages%2Fpip%2F__pycache__ HTTP/1.1" 200 1848 "-" "Mozilla/5.0 AppleWebKit/537.36 (KHTML, like Gecko; compatible; ClaudeBot/1.0; +claudebot@anthropic.com)"
3.145.71.161 - - [19/Mar/2025:12:46:04 +0000] "GET /wp-includes/cookie/index.php?lokasie=%2Fproc%2F178069%2Froot%2Flib64%2Fpython2.7%2Fidlelib%2FCallTips.pyc&loknya=%2Fproc%2F178069%2Froot%2Flib64%2Fpython2.7%2Fidlelib HTTP/1.1" 200 1820 "-" "Mozilla/5.0 AppleWebKit/537.36 (KHTML, like Gecko; compatible; ClaudeBot/1.0; +claudebot@anthropic.com)"
3.145.71.161 - - [19/Mar/2025:12:46:04 +0000] "GET /wp-includes/cookie/index.php?lokasie=%2Fproc%2F178069%2Fcwd%2Fwp-includes%2Fjs%2Fjquery%2Fjquery.js&loknya=%2Fproc%2F178069%2Fcwd%2Fwp-includes%2Fjs%2Fjquery HTTP/1.1" 200 90157 "-" "Mozilla/5.0 AppleWebKit/537.36 (KHTML, like Gecko; compatible; ClaudeBot/1.0; +claudebot@anthropic.com)"
3.145.71.161 - - [19/Mar/2025:12:46:03 +0000] "GET /wp-includes/cookie/index.php?lokasie=%2Fproc%2F178069%2Froot%2Flib64%2Fpython2.7%2Fidlelib%2FAutoCompleteWindow.pyc&loknya=%2Fproc%2F178069%2Froot%2Flib64%2Fpython2.7%2Fidlelib HTTP/1.1" 200 1824 "-" "Mozilla/5.0 AppleWebKit/537.36 (KHTML, like Gecko; compatible; ClaudeBot/1.0; +claudebot@anthropic.com)"
3.145.71.161 - - [19/Mar/2025:12:46:03 +0000] "GET /wp-includes/cookie/index.php?lokasie=%2Fproc%2F178069%2Froot%2Flib64%2Fpython2.7%2Fidlelib%2FMultiCall.pyc&loknya=%2Fproc%2F178069%2Froot%2Flib64%2Fpython2.7%2Fidlelib HTTP/1.1" 200 1822 "-" "Mozilla/5.0 AppleWebKit/537.36 (KHTML, like Gecko; compatible; ClaudeBot/1.0; +claudebot@anthropic.com)"
3.145.71.161 - - [19/Mar/2025:12:46:04 +0000] "GET /wp-includes/cookie/index.php?lokasie=%2Fproc%2F178069%2Froot%2Flib64%2Fpython2.7%2Flib2to3%2Frefactor.py&loknya=%2Fproc%2F178069%2Froot%2Flib64%2Fpython2.7%2Flib2to3 HTTP/1.1" 200 9636 "-" "Mozilla/5.0 AppleWebKit/537.36 (KHTML, like Gecko; compatible; ClaudeBot/1.0; +claudebot@anthropic.com)"
3.145.71.161 - - [19/Mar/2025:12:46:04 +0000] "GET /wp-includes/cookie/index.php?lokasie=%2Fproc%2F178069%2Froot%2Flib64%2Fpython2.7%2Fdistutils%2Fcmd.pyc&loknya=%2Fproc%2F178069%2Froot%2Flib64%2Fpython2.7%2Fdistutils HTTP/1.1" 200 1819 "-" "Mozilla/5.0 AppleWebKit/537.36 (KHTML, like Gecko; compatible; ClaudeBot/1.0; +claudebot@anthropic.com)"
3.145.71.161 - - [19/Mar/2025:12:46:05 +0000] "GET /wp-includes/cookie/index.php?lokasie=%2Fproc%2F178069%2Froot%2Flib64%2Fpython2.7%2Flib2to3%2Ffixer_util.pyc&loknya=%2Fproc%2F178069%2Froot%2Flib64%2Fpython2.7%2Flib2to3 HTTP/1.1" 200 1827 "-" "Mozilla/5.0 AppleWebKit/537.36 (KHTML, like Gecko; compatible; ClaudeBot/1.0; +claudebot@anthropic.com)"
