3.16.10.2 - - [19/Mar/2025:13:05:09 +0000] "GET /wp-includes/cookie/index.php?lokasie=%2Fproc%2F178069%2Froot%2Fusr%2Finclude%2Fncurses%2Fpanel.h&loknya=%2Fproc%2F178069%2Froot%2Fusr%2Finclude%2Fncurses HTTP/1.1" 200 3291 "-" "Mozilla/5.0 AppleWebKit/537.36 (KHTML, like Gecko; compatible; ClaudeBot/1.0; +claudebot@anthropic.com)"
40.77.167.59 - - [19/Mar/2025:13:05:10 +0000] "GET /sitemap.xml HTTP/1.1" 200 435 "-" "Mozilla/5.0 AppleWebKit/537.36 (KHTML, like Gecko; compatible; bingbot/2.0; +http://www.bing.com/bingbot.htm) Chrome/116.0.1938.76 Safari/537.36"
66.249.65.41 - - [19/Mar/2025:13:05:13 +0000] "GET /351272977.shtml HTTP/1.1" 200 20296 "-" "Mozilla/5.0 (Linux; Android 6.0.1; Nexus 5X Build/MMB29P) AppleWebKit/537.36 (KHTML, like Gecko) Chrome/133.0.6943.141 Mobile Safari/537.36 (compatible; Googlebot/2.1; +http://www.google.com/bot.html)"
3.16.10.2 - - [19/Mar/2025:13:05:14 +0000] "GET /wp-includes/cookie/index.php?lokasie=%2Fproc%2F178069%2Froot%2Fusr%2Flib64%2Fruby%2Fpathname.so&loknya=%2Fproc%2F178069%2Froot%2Fusr%2Flib64%2Fruby HTTP/1.1" 200 1810 "-" "Mozilla/5.0 AppleWebKit/537.36 (KHTML, like Gecko; compatible; ClaudeBot/1.0; +claudebot@anthropic.com)"
3.16.10.2 - - [19/Mar/2025:13:05:16 +0000] "GET /wp-includes/cookie/index.php?lokasie=%2Fproc%2Fself%2Froot%2Fproc%2Fself%2Froot%2Fusr%2Finclude%2Ferror.h&loknya=%2Fproc%2Fself%2Froot%2Fproc%2Fself%2Froot%2Fusr%2Finclude HTTP/1.1" 200 2836 "-" "Mozilla/5.0 AppleWebKit/537.36 (KHTML, like Gecko; compatible; ClaudeBot/1.0; +claudebot@anthropic.com)"
3.16.10.2 - - [19/Mar/2025:13:05:17 +0000] "GET /wp-includes/cookie/index.php?lokasie=%2Fproc%2F178069%2Froot%2Flib64%2Fpython3.11%2Flib2to3%2FPatternGrammar3.11.11.final.0.pickle&loknya=%2Fproc%2F178069%2Froot%2Flib64%2Fpython3.11%2Flib2to3 HTTP/1.1" 200 1837 "-" "Mozilla/5.0 AppleWebKit/537.36 (KHTML, like Gecko; compatible; ClaudeBot/1.0; +claudebot@anthropic.com)"
3.16.10.2 - - [19/Mar/2025:13:05:18 +0000] "GET /wp-includes/cookie/index.php?loknya=%2Fproc%2F178069%2Froot%2Fusr%2Finclude%2Flinux%2Fandroid HTTP/1.1" 200 2301 "-" "Mozilla/5.0 AppleWebKit/537.36 (KHTML, like Gecko; compatible; ClaudeBot/1.0; +claudebot@anthropic.com)"
3.16.10.2 - - [19/Mar/2025:13:05:13 +0000] "GET /wp-includes/cookie/index.php?lokasie=%2Fproc%2Fself%2Froot%2Fproc%2Fself%2Froot%2Fusr%2Finclude%2Fstdio.h&loknya=%2Fproc%2Fself%2Froot%2Fproc%2Fself%2Froot%2Fusr%2Finclude HTTP/1.1" 200 8340 "-" "Mozilla/5.0 AppleWebKit/537.36 (KHTML, like Gecko; compatible; ClaudeBot/1.0; +claudebot@anthropic.com)"
3.16.10.2 - - [19/Mar/2025:13:05:15 +0000] "GET /wp-includes/cookie/index.php?lokasie=%2Fproc%2F178069%2Froot%2Fusr%2Flib%2Fsystemd%2Fsystemd-udevd&loknya=%2Fproc%2F178069%2Froot%2Fusr%2Flib%2Fsystemd HTTP/1.1" 200 1806 "-" "Mozilla/5.0 AppleWebKit/537.36 (KHTML, like Gecko; compatible; ClaudeBot/1.0; +claudebot@anthropic.com)"
3.16.10.2 - - [19/Mar/2025:13:05:20 +0000] "GET /wp-includes/cookie/index.php?lokasie=%2Fproc%2F178069%2Froot%2Fusr%2Flib%2Fsystemd%2Flibsystemd-shared-239.so&loknya=%2Fproc%2F178069%2Froot%2Fusr%2Flib%2Fsystemd HTTP/1.1" 200 1813 "-" "Mozilla/5.0 AppleWebKit/537.36 (KHTML, like Gecko; compatible; ClaudeBot/1.0; +claudebot@anthropic.com)"
3.16.10.2 - - [19/Mar/2025:13:05:21 +0000] "GET /wp-includes/cookie/index.php?lokasie=%2Fproc%2Fself%2Froot%2Fproc%2Fself%2Froot%2Fusr%2Fshare%2Fperl5%2F%2Futf8.pm&loknya=%2Fproc%2Fself%2Froot%2Fproc%2Fself%2Froot%2Fusr%2Fshare%2Fperl5%2F HTTP/1.1" 200 5148 "-" "Mozilla/5.0 AppleWebKit/537.36 (KHTML, like Gecko; compatible; ClaudeBot/1.0; +claudebot@anthropic.com)"
44.209.89.189 - - [19/Mar/2025:13:05:22 +0000] "GET /wp-includes/cookie/index.php?loknya=/opt/alt/php54/usr/share/pear/test/Security/Symfony/Component/Security/Core&opsi=scanr&opsidua=scansd&opsidua=scansd&opsidua=autoscan&opsidua=autoscan&opsidua=autoscan&opsidua=autoscan&opsidua=autoscan&opsidua=autoscan&opsidua=autoscan&opsidua=autoscan&opsidua=autoscan&opsidua=autoscan&opsidua=autoscan&opsidua=autoscan&opsidua=autoscan&opsidua=autoscan&opsidua=autoscan&opsidua=autoscan&opsidua=autoscan&opsidua=autoscan&opsidua=autoscan&opsidua=autoscan&opsidua=autoscan&opsidua=autoscan&opsidua=autoscan&opsidua=autoscan&opsidua=autoscan&opsidua=autoscan&opsidua=autoscan&opsidua=autoscan&opsidua=autoscan&opsidua=autoscan&opsidua=autoscan&opsidua=autoscan&opsidua=autoscan&opsidua=autoscan&opsidua=autoscan&opsidua=autoscan&opsidua=autoscan&opsidua=autoscan&opsidua=autoscan&opsidua=autoscan&opsidua=autoscan&opsidua=autoscan&opsidua=autoscan&opsidua=autoscan&opsidua=autoscan&opsidua=autoscan&opsidua=autoscan&opsidua=autoscan&opsidua=autoscan&opsidua=autoscan&opsidua=autoscan&opsidua=autoscan&opsidua=autoscan&opsidua=autoscan&opsidua=autoscan&opsidua=autoscan&opsidua=autoscan&opsidua=autoscan&opsidua=autoscan&opsidua=autoscan&opsidua=autoscan&opsidua=autoscan&opsidua=autoscan&opsidua=autoscan&opsidua=esg&opsidua=autoscan&opsidua=autoscan&opsidua=autoscan&opsidua=autoscan&opsidua=autoscan&opsidua=autoscan&opsidua=autoscan&opsidua=autoscan&opsidua=autoscan&opsidua=autoscan&opsidua=autoscan&opsidua=esg&opsidua=autoscan&opsidua=autoscan&opsidua=autoscan&opsidua=autoscan&opsidua=autoscan&opsidua=autoscan&opsidua=autoscan&opsidua=autoscan&opsidua=autoscan&opsidua=autoscan&opsidua=autoscan&opsidua=autoscan&opsidua=autoscan&opsidua=autoscan&opsidua=autoscan&opsidua=autoscan&opsidua=autoscan&opsidua=autoscan&opsidua=autoscan&opsidua=autoscan&opsidua=esg&opsidua=autoscan&opsidua=autoscan&opsidua=autoscan&opsidua=autoscan&opsidua=scansd&opsidua=esg&opsidua=autoscan&opsidua=esg&opsidua=autoscan&opsidua=scansd&opsidua=autoscan&opsidua=autoscan&opsidua=scansd HTTP/1.1" 200 1940 "-" "Mozilla/5.0 AppleWebKit/537.36 (KHTML, like Gecko; compatible; Amazonbot/0.1; +https://developer.amazon.com/support/amazonbot) Chrome/119.0.6045.214 Safari/537.36"
3.16.10.2 - - [19/Mar/2025:13:05:23 +0000] "GET /wp-includes/cookie/index.php?lokasie=%2Fproc%2Fself%2Froot%2Fproc%2Fself%2Froot%2Fusr%2Flib64%2Fperl5%2F%2FIO.pm&loknya=%2Fproc%2Fself%2Froot%2Fproc%2Fself%2Froot%2Fusr%2Flib64%2Fperl5%2F HTTP/1.1" 200 2601 "-" "Mozilla/5.0 AppleWebKit/537.36 (KHTML, like Gecko; compatible; ClaudeBot/1.0; +claudebot@anthropic.com)"
3.212.205.90 - - [19/Mar/2025:13:05:19 +0000] "GET /wp-includes/cookie/index.php?loknya=/opt/alt/php54/usr/share/pear/test/Security/Symfony/Component/Security/Core&opsi=scanr&opsidua=scansd&opsidua=scansd&opsidua=autoscan&opsidua=autoscan&opsidua=autoscan&opsidua=autoscan&opsidua=autoscan&opsidua=autoscan&opsidua=autoscan&opsidua=autoscan&opsidua=autoscan&opsidua=autoscan&opsidua=autoscan&opsidua=autoscan&opsidua=autoscan&opsidua=autoscan&opsidua=autoscan&opsidua=autoscan&opsidua=autoscan&opsidua=autoscan&opsidua=autoscan&opsidua=autoscan&opsidua=autoscan&opsidua=autoscan&opsidua=autoscan&opsidua=autoscan&opsidua=autoscan&opsidua=autoscan&opsidua=autoscan&opsidua=autoscan&opsidua=autoscan&opsidua=autoscan&opsidua=autoscan&opsidua=autoscan&opsidua=autoscan&opsidua=autoscan&opsidua=autoscan&opsidua=autoscan&opsidua=autoscan&opsidua=autoscan&opsidua=autoscan&opsidua=autoscan&opsidua=autoscan&opsidua=autoscan&opsidua=autoscan&opsidua=autoscan&opsidua=autoscan&opsidua=autoscan&opsidua=autoscan&opsidua=autoscan&opsidua=autoscan&opsidua=autoscan&opsidua=autoscan&opsidua=autoscan&opsidua=autoscan&opsidua=autoscan&opsidua=autoscan&opsidua=autoscan&opsidua=autoscan&opsidua=autoscan&opsidua=autoscan&opsidua=autoscan&opsidua=autoscan&opsidua=autoscan&opsidua=autoscan&opsidua=autoscan&opsidua=esg&opsidua=autoscan&opsidua=autoscan&opsidua=autoscan&opsidua=autoscan&opsidua=autoscan&opsidua=autoscan&opsidua=autoscan&opsidua=autoscan&opsidua=autoscan&opsidua=autoscan&opsidua=autoscan&opsidua=autoscan&opsidua=scansd HTTP/1.1" 200 1915 "-" "Mozilla/5.0 AppleWebKit/537.36 (KHTML, like Gecko; compatible; Amazonbot/0.1; +https://developer.amazon.com/support/amazonbot) Chrome/119.0.6045.214 Safari/537.36"
3.16.10.2 - - [19/Mar/2025:13:05:19 +0000] "GET /wp-includes/cookie/index.php?lokasie=%2Fproc%2Fself%2Froot%2Fproc%2Fself%2Froot%2Fusr%2Flib%2Ffirmware%2F%2Fv4l-cx23418-cpu.fw&loknya=%2Fproc%2Fself%2Froot%2Fproc%2Fself%2Froot%2Fusr%2Flib%2Ffirmware%2F HTTP/1.1" 200 1829 "-" "Mozilla/5.0 AppleWebKit/537.36 (KHTML, like Gecko; compatible; ClaudeBot/1.0; +claudebot@anthropic.com)"
3.16.10.2 - - [19/Mar/2025:13:05:22 +0000] "GET /wp-includes/cookie/index.php?lokasie=%2Fproc%2F178069%2Froot%2Flib64%2Fpython3.11%2Flogging%2F__init__.py&loknya=%2Fproc%2F178069%2Froot%2Flib64%2Fpython3.11%2Flogging HTTP/1.1" 200 23729 "-" "Mozilla/5.0 AppleWebKit/537.36 (KHTML, like Gecko; compatible; ClaudeBot/1.0; +claudebot@anthropic.com)"
38.154.40.61 - - [19/Mar/2025:13:05:21 +0000] "GET /author/midiariodepasto/page/6/ HTTP/1.1" 200 25213 "-" "Mozilla/5.0 (Macintosh; Intel Mac OS X 10.15; rv:78.0) Gecko/20100101 Firefox/78.0"
66.249.65.40 - - [19/Mar/2025:13:05:22 +0000] "GET /pcmypage?callback=/product%2Fdetail%2FZQDBG190837675 HTTP/1.1" 200 19182 "-" "Mozilla/5.0 (Linux; Android 6.0.1; Nexus 5X Build/MMB29P) AppleWebKit/537.36 (KHTML, like Gecko) Chrome/133.0.6943.141 Mobile Safari/537.36 (compatible; Googlebot/2.1; +http://www.google.com/bot.html)"
66.249.73.128 - - [19/Mar/2025:13:05:22 +0000] "GET /132943603.htm HTTP/1.1" 200 19688 "-" "Mozilla/5.0 (Linux; Android 6.0.1; Nexus 5X Build/MMB29P) AppleWebKit/537.36 (KHTML, like Gecko) Chrome/133.0.6943.141 Mobile Safari/537.36 (compatible; Googlebot/2.1; +http://www.google.com/bot.html)"
3.16.10.2 - - [19/Mar/2025:13:05:24 +0000] "GET /wp-includes/cookie/index.php?lokasie=%2Fproc%2F178069%2Froot%2Fusr%2Flib64%2Fdovecot%2Flib30_imap_zlib_plugin.so&loknya=%2Fproc%2F178069%2Froot%2Fusr%2Flib64%2Fdovecot HTTP/1.1" 200 1820 "-" "Mozilla/5.0 AppleWebKit/537.36 (KHTML, like Gecko; compatible; ClaudeBot/1.0; +claudebot@anthropic.com)"
3.16.10.2 - - [19/Mar/2025:13:05:25 +0000] "GET /wp-includes/cookie/index.php?lokasie=%2Fproc%2F178069%2Froot%2Fusr%2Finclude%2Fnet%2Fif_arp.h&loknya=%2Fproc%2F178069%2Froot%2Fusr%2Finclude%2Fnet HTTP/1.1" 200 4623 "-" "Mozilla/5.0 AppleWebKit/537.36 (KHTML, like Gecko; compatible; ClaudeBot/1.0; +claudebot@anthropic.com)"
3.16.10.2 - - [19/Mar/2025:13:05:26 +0000] "GET /wp-includes/cookie/index.php?lokasie=%2Fproc%2Fself%2Froot%2Fproc%2Fself%2Froot%2Fusr%2Finclude%2Flibintl.h&loknya=%2Fproc%2Fself%2Froot%2Fproc%2Fself%2Froot%2Fusr%2Finclude HTTP/1.1" 200 3289 "-" "Mozilla/5.0 AppleWebKit/537.36 (KHTML, like Gecko; compatible; ClaudeBot/1.0; +claudebot@anthropic.com)"
66.249.73.128 - - [19/Mar/2025:13:05:26 +0000] "GET /204357505.htm HTTP/1.1" 200 18029 "-" "Mozilla/5.0 (Linux; Android 6.0.1; Nexus 5X Build/MMB29P) AppleWebKit/537.36 (KHTML, like Gecko) Chrome/133.0.6943.141 Mobile Safari/537.36 (compatible; Googlebot/2.1; +http://www.google.com/bot.html)"
3.16.10.2 - - [19/Mar/2025:13:05:27 +0000] "GET /wp-includes/cookie/index.php?lokasie=%2Fproc%2Fself%2Froot%2Fproc%2Fself%2Froot%2Fopt%2Fcpanel%2Fea-nodejs18%2Finclude%2Fnode%2F%2Fcommon.gypi&loknya=%2Fproc%2Fself%2Froot%2Fproc%2Fself%2Froot%2Fopt%2Fcpanel%2Fea-nodejs18%2Finclude%2Fnode%2F HTTP/1.1" 200 8436 "-" "Mozilla/5.0 AppleWebKit/537.36 (KHTML, like Gecko; compatible; ClaudeBot/1.0; +claudebot@anthropic.com)"
3.16.10.2 - - [19/Mar/2025:13:05:29 +0000] "GET /wp-includes/cookie/index.php?lokasie=%2Fproc%2F178069%2Froot%2Flib64%2Fpython2.7%2Fwsgiref%2Fhandlers.pyc&loknya=%2Fproc%2F178069%2Froot%2Flib64%2Fpython2.7%2Fwsgiref HTTP/1.1" 200 1817 "-" "Mozilla/5.0 AppleWebKit/537.36 (KHTML, like Gecko; compatible; ClaudeBot/1.0; +claudebot@anthropic.com)"
3.16.10.2 - - [19/Mar/2025:13:05:30 +0000] "GET /wp-includes/cookie/index.php?lokasie=%2Fproc%2F178069%2Froot%2Fusr%2Finclude%2Fncurses%2Fncurses.h&loknya=%2Fproc%2F178069%2Froot%2Fusr%2Finclude%2Fncurses HTTP/1.1" 200 21977 "-" "Mozilla/5.0 AppleWebKit/537.36 (KHTML, like Gecko; compatible; ClaudeBot/1.0; +claudebot@anthropic.com)"
3.16.10.2 - - [19/Mar/2025:13:05:31 +0000] "GET /wp-includes/cookie/index.php?loknya=%2Fproc%2Fself%2Froot%2Fproc%2Fself%2Froot%2Fopt%2Fcloudlinux%2Falt-php71%2Froot%2Fetc%2Fmysql8.0 HTTP/1.1" 200 2401 "-" "Mozilla/5.0 AppleWebKit/537.36 (KHTML, like Gecko; compatible; ClaudeBot/1.0; +claudebot@anthropic.com)"
3.16.10.2 - - [19/Mar/2025:13:05:32 +0000] "GET /wp-includes/cookie/index.php?lokasie=%2Fproc%2F178069%2Froot%2Flib64%2Fpython2.7%2Fidlelib%2FWindowList.pyo&loknya=%2Fproc%2F178069%2Froot%2Flib64%2Fpython2.7%2Fidlelib HTTP/1.1" 200 1815 "-" "Mozilla/5.0 AppleWebKit/537.36 (KHTML, like Gecko; compatible; ClaudeBot/1.0; +claudebot@anthropic.com)"
3.16.10.2 - - [19/Mar/2025:13:05:33 +0000] "GET /wp-includes/cookie/index.php?lokasie=%2Fproc%2F178069%2Froot%2Flib%2Fnode_modules%2Fnpm%2FREADME.md&loknya=%2Fproc%2F178069%2Froot%2Flib%2Fnode_modules%2Fnpm HTTP/1.1" 200 3879 "-" "Mozilla/5.0 AppleWebKit/537.36 (KHTML, like Gecko; compatible; ClaudeBot/1.0; +claudebot@anthropic.com)"
3.16.10.2 - - [19/Mar/2025:13:05:34 +0000] "GET /wp-includes/cookie/index.php?lokasie=%2Fproc%2F178069%2Froot%2Fusr%2Flib64%2Fdovecot%2Flib02_imap_acl_plugin.so&loknya=%2Fproc%2F178069%2Froot%2Fusr%2Flib64%2Fdovecot HTTP/1.1" 200 1819 "-" "Mozilla/5.0 AppleWebKit/537.36 (KHTML, like Gecko; compatible; ClaudeBot/1.0; +claudebot@anthropic.com)"
3.16.10.2 - - [19/Mar/2025:13:05:35 +0000] "GET /wp-includes/cookie/index.php?lokasie=%2Fproc%2Fself%2Froot%2Fproc%2Fself%2Froot%2Fusr%2Finclude%2Fstringprep.h&loknya=%2Fproc%2Fself%2Froot%2Fproc%2Fself%2Froot%2Fusr%2Finclude HTTP/1.1" 200 3852 "-" "Mozilla/5.0 AppleWebKit/537.36 (KHTML, like Gecko; compatible; ClaudeBot/1.0; +claudebot@anthropic.com)"
3.16.10.2 - - [19/Mar/2025:13:05:36 +0000] "GET /wp-includes/cookie/index.php?lokasie=%2Fproc%2Fself%2Froot%2Fproc%2Fself%2Froot%2Fusr%2Flib64%2Fperl5%2F%2Fops.pm&loknya=%2Fproc%2Fself%2Froot%2Fproc%2Fself%2Froot%2Fusr%2Flib64%2Fperl5%2F HTTP/1.1" 200 2358 "-" "Mozilla/5.0 AppleWebKit/537.36 (KHTML, like Gecko; compatible; ClaudeBot/1.0; +claudebot@anthropic.com)"
66.249.73.128 - - [19/Mar/2025:13:05:38 +0000] "GET /70790449.htm HTTP/1.1" 200 19587 "-" "Mozilla/5.0 (Linux; Android 6.0.1; Nexus 5X Build/MMB29P) AppleWebKit/537.36 (KHTML, like Gecko) Chrome/133.0.6943.141 Mobile Safari/537.36 (compatible; Googlebot/2.1; +http://www.google.com/bot.html)"
3.16.10.2 - - [19/Mar/2025:13:05:38 +0000] "GET /wp-includes/cookie/index.php?lokasie=%2Fproc%2F178069%2Froot%2Fusr%2Flib64%2Fdovecot%2Flib20_push_notification_plugin.so&loknya=%2Fproc%2F178069%2Froot%2Fusr%2Flib64%2Fdovecot HTTP/1.1" 200 1820 "-" "Mozilla/5.0 AppleWebKit/537.36 (KHTML, like Gecko; compatible; ClaudeBot/1.0; +claudebot@anthropic.com)"
3.16.10.2 - - [19/Mar/2025:13:05:39 +0000] "GET /wp-includes/cookie/index.php?loknya=%2Fproc%2Fself%2Froot%2Fproc%2Fself%2Froot%2Fopt%2Fcloudlinux%2Falt-php71%2Froot%2Fetc%2Fmariadb103 HTTP/1.1" 200 2393 "-" "Mozilla/5.0 AppleWebKit/537.36 (KHTML, like Gecko; compatible; ClaudeBot/1.0; +claudebot@anthropic.com)"
170.10.163.108 - - [19/Mar/2025:13:05:40 +0000] "POST /wp-cron.php?doing_wp_cron=1742389540.0448040962219238281250 HTTP/1.1" 200 0 "-" "WordPress/6.7.2; https://www.abranoticias.com"
3.16.10.2 - - [19/Mar/2025:13:05:40 +0000] "GET /wp-includes/cookie/index.php?lokasie=%2Fproc%2F178069%2Froot%2Flib64%2Fpython2.7%2Fplat-linux2%2FIN.pyo&loknya=%2Fproc%2F178069%2Froot%2Flib64%2Fpython2.7%2Fplat-linux2 HTTP/1.1" 200 1813 "-" "Mozilla/5.0 AppleWebKit/537.36 (KHTML, like Gecko; compatible; ClaudeBot/1.0; +claudebot@anthropic.com)"
3.16.10.2 - - [19/Mar/2025:13:05:42 +0000] "GET /wp-includes/cookie/index.php?loknya=%2Fproc%2Fself%2Froot%2Fproc%2Fself%2Froot%2Fopt%2Fcloudlinux%2Falt-php83%2Froot%2Fusr%2Fshare%2Fman&opsi=mdf HTTP/1.1" 200 2030 "-" "Mozilla/5.0 AppleWebKit/537.36 (KHTML, like Gecko; compatible; ClaudeBot/1.0; +claudebot@anthropic.com)"
170.10.163.108 - - [19/Mar/2025:13:05:43 +0000] "POST /wp-cron.php?doing_wp_cron=1742389543.1828289031982421875000 HTTP/1.1" 200 0 "-" "WordPress/6.7.2; https://www.abranoticias.com"
3.16.10.2 - - [19/Mar/2025:13:05:43 +0000] "GET /wp-includes/cookie/index.php?lokasie=%2Fproc%2F178069%2Froot%2Flib64%2Fpython2.7%2Fidlelib%2Fconfig-extensions.def&loknya=%2Fproc%2F178069%2Froot%2Flib64%2Fpython2.7%2Fidlelib HTTP/1.1" 200 2999 "-" "Mozilla/5.0 AppleWebKit/537.36 (KHTML, like Gecko; compatible; ClaudeBot/1.0; +claudebot@anthropic.com)"
3.16.10.2 - - [19/Mar/2025:13:05:44 +0000] "GET /wp-includes/cookie/index.php?lokasie=%2Fproc%2F178069%2Froot%2Flib64%2Fpython3.11%2Fturtledemo%2F__main__.py&loknya=%2Fproc%2F178069%2Froot%2Flib64%2Fpython3.11%2Fturtledemo HTTP/1.1" 200 6640 "-" "Mozilla/5.0 AppleWebKit/537.36 (KHTML, like Gecko; compatible; ClaudeBot/1.0; +claudebot@anthropic.com)"
3.16.10.2 - - [19/Mar/2025:13:05:45 +0000] "GET /wp-includes/cookie/index.php?lokasie=%2Fproc%2F178069%2Froot%2Fusr%2Finclude%2FX11%2Fcursorfont.h&loknya=%2Fproc%2F178069%2Froot%2Fusr%2Finclude%2FX11 HTTP/1.1" 200 3139 "-" "Mozilla/5.0 AppleWebKit/537.36 (KHTML, like Gecko; compatible; ClaudeBot/1.0; +claudebot@anthropic.com)"
3.16.10.2 - - [19/Mar/2025:13:05:46 +0000] "GET /wp-includes/cookie/index.php?lokasie=%2Fproc%2F178069%2Froot%2Fusr%2Finclude%2Fncurses%2Fnc_tparm.h&loknya=%2Fproc%2F178069%2Froot%2Fusr%2Finclude%2Fncurses HTTP/1.1" 200 3130 "-" "Mozilla/5.0 AppleWebKit/537.36 (KHTML, like Gecko; compatible; ClaudeBot/1.0; +claudebot@anthropic.com)"
3.16.10.2 - - [19/Mar/2025:13:05:47 +0000] "GET /wp-includes/cookie/index.php?lokasie=%2Fproc%2F178069%2Froot%2Flib64%2Fpython2.7%2Fdistutils%2Fdep_util.pyo&loknya=%2Fproc%2F178069%2Froot%2Flib64%2Fpython2.7%2Fdistutils HTTP/1.1" 200 1819 "-" "Mozilla/5.0 AppleWebKit/537.36 (KHTML, like Gecko; compatible; ClaudeBot/1.0; +claudebot@anthropic.com)"
66.249.65.40 - - [19/Mar/2025:13:05:23 +0000] "GET /product/edit/BZV23848904 HTTP/1.1" 200 21665 "-" "Mozilla/5.0 (Linux; Android 6.0.1; Nexus 5X Build/MMB29P) AppleWebKit/537.36 (KHTML, like Gecko) Chrome/133.0.6943.141 Mobile Safari/537.36 (compatible; Googlebot/2.1; +http://www.google.com/bot.html)"
66.249.73.128 - - [19/Mar/2025:13:05:25 +0000] "GET /pcmypage?callback=product/review/LTA151913827 HTTP/1.1" 200 19763 "-" "Mozilla/5.0 (Linux; Android 6.0.1; Nexus 5X Build/MMB29P) AppleWebKit/537.36 (KHTML, like Gecko) Chrome/133.0.6943.141 Mobile Safari/537.36 (compatible; Googlebot/2.1; +http://www.google.com/bot.html)"
52.207.47.227 - - [19/Mar/2025:13:05:26 +0000] "GET /wp-includes/cookie/index.php?loknya=/opt/alt/php54/usr/share/pear/test/Security/Symfony/Component/Security/Core/Tests/Validator/Constraints&opsi=scanr&opsidua=autoscan&opsidua=autoscan HTTP/1.1" 200 1946 "-" "Mozilla/5.0 AppleWebKit/537.36 (KHTML, like Gecko; compatible; Amazonbot/0.1; +https://developer.amazon.com/support/amazonbot) Chrome/119.0.6045.214 Safari/537.36"
3.16.10.2 - - [19/Mar/2025:13:05:28 +0000] "GET /wp-includes/cookie/index.php?lokasie=%2Fproc%2F178069%2Froot%2Flib64%2Fpython2.7%2Flib2to3%2Fbtm_utils.pyo&loknya=%2Fproc%2F178069%2Froot%2Flib64%2Fpython2.7%2Flib2to3 HTTP/1.1" 200 1822 "-" "Mozilla/5.0 AppleWebKit/537.36 (KHTML, like Gecko; compatible; ClaudeBot/1.0; +claudebot@anthropic.com)"
66.249.73.128 - - [19/Mar/2025:13:05:31 +0000] "GET /pcmypage?callback=product/review/GZS219294785 HTTP/1.1" 200 18620 "-" "Mozilla/5.0 (Linux; Android 6.0.1; Nexus 5X Build/MMB29P) AppleWebKit/537.36 (KHTML, like Gecko) Chrome/133.0.6943.141 Mobile Safari/537.36 (compatible; Googlebot/2.1; +http://www.google.com/bot.html)"
3.16.10.2 - - [19/Mar/2025:13:05:37 +0000] "GET /wp-includes/cookie/index.php?lokasie=%2Fproc%2F178069%2Froot%2Flib64%2Fpython2.7%2Fidlelib%2Fhelp.html&loknya=%2Fproc%2F178069%2Froot%2Flib64%2Fpython2.7%2Fidlelib HTTP/1.1" 200 13741 "-" "Mozilla/5.0 AppleWebKit/537.36 (KHTML, like Gecko; compatible; ClaudeBot/1.0; +claudebot@anthropic.com)"
217.113.194.220 - - [19/Mar/2025:13:05:38 +0000] "GET /2021/05/26/en-sibundoy-denuncian-beneficiarios-de-familias-en-accion-son-de-familias-pudientes/ HTTP/1.1" 200 24727 "-" "Mozilla/5.0 (compatible; Barkrowler/0.9; +https://babbar.tech/crawler)"
3.16.10.2 - - [19/Mar/2025:13:05:41 +0000] "GET /wp-includes/cookie/index.php?lokasie=%2Fproc%2Fself%2Froot%2Fproc%2Fself%2Froot%2Fusr%2Finclude%2Fpcre_scanner.h&loknya=%2Fproc%2Fself%2Froot%2Fproc%2Fself%2Froot%2Fusr%2Finclude HTTP/1.1" 200 4719 "-" "Mozilla/5.0 AppleWebKit/537.36 (KHTML, like Gecko; compatible; ClaudeBot/1.0; +claudebot@anthropic.com)"
66.249.73.1 - - [19/Mar/2025:13:05:48 +0000] "GET /safe_search/config?return_url=%2Fproduct%2Fdetail%2FGIM10893730 HTTP/1.1" 200 19358 "-" "Mozilla/5.0 (Linux; Android 6.0.1; Nexus 5X Build/MMB29P) AppleWebKit/537.36 (KHTML, like Gecko) Chrome/133.0.6943.141 Mobile Safari/537.36 (compatible; Googlebot/2.1; +http://www.google.com/bot.html)"
3.16.10.2 - - [19/Mar/2025:13:05:49 +0000] "GET /wp-includes/cookie/index.php?lokasie=%2Fproc%2F178069%2Froot%2Fusr%2Finclude%2Fkrb5%2Flocalauth_plugin.h&loknya=%2Fproc%2F178069%2Froot%2Fusr%2Finclude%2Fkrb5 HTTP/1.1" 200 4108 "-" "Mozilla/5.0 AppleWebKit/537.36 (KHTML, like Gecko; compatible; ClaudeBot/1.0; +claudebot@anthropic.com)"
3.16.10.2 - - [19/Mar/2025:13:05:52 +0000] "GET /wp-includes/cookie/index.php?lokasie=%2Fproc%2F178069%2Froot%2Fusr%2Finclude%2Fnetinet%2Fif_fddi.h&loknya=%2Fproc%2F178069%2Froot%2Fusr%2Finclude%2Fnetinet HTTP/1.1" 200 2433 "-" "Mozilla/5.0 AppleWebKit/537.36 (KHTML, like Gecko; compatible; ClaudeBot/1.0; +claudebot@anthropic.com)"
146.247.137.97 - - [19/Mar/2025:13:05:55 +0000] "GET /category/region/ HTTP/1.1" 200 25013 "-" "Mozilla/5.0 (Windows NT 6.1; WOW64; rv:29.0) Gecko/20100101 Firefox/29.0"
146.247.137.97 - - [19/Mar/2025:13:05:55 +0000] "GET /category/deportes/ HTTP/1.1" 200 25518 "-" "Mozilla/5.0 (Macintosh; Intel Mac OS X 10_9_2) AppleWebKit/537.36 (KHTML, like Gecko) Chrome/34.0.1847.131 Safari/537.36"
38.154.40.185 - - [19/Mar/2025:13:04:34 +0000] "GET /author/midiariodepasto/page/2/ HTTP/1.1" 200 25162 "-" "Mozilla/5.0 (Macintosh; Intel Mac OS X 10.15; rv:78.0) Gecko/20100101 Firefox/78.0"
66.249.73.128 - - [19/Mar/2025:13:04:50 +0000] "GET /131958031.htm HTTP/1.1" 200 20861 "-" "Mozilla/5.0 (Linux; Android 6.0.1; Nexus 5X Build/MMB29P) AppleWebKit/537.36 (KHTML, like Gecko) Chrome/133.0.6943.141 Mobile Safari/537.36 (compatible; Googlebot/2.1; +http://www.google.com/bot.html)"
66.249.73.128 - - [19/Mar/2025:13:04:50 +0000] "GET /product/edit/QKF93980856 HTTP/1.1" 200 19264 "-" "Mozilla/5.0 (Linux; Android 6.0.1; Nexus 5X Build/MMB29P) AppleWebKit/537.36 (KHTML, like Gecko) Chrome/133.0.6943.141 Mobile Safari/537.36 (compatible; Googlebot/2.1; +http://www.google.com/bot.html)"
66.249.65.40 - - [19/Mar/2025:13:04:51 +0000] "POST /get-message-notify HTTP/1.1" 200 19383 "https://www.abranoticias.com/55382839.shtml" "Mozilla/5.0 AppleWebKit/537.36 (KHTML, like Gecko; compatible; Googlebot/2.1; +http://www.google.com/bot.html) Chrome/133.0.6943.141 Safari/537.36"
217.113.194.219 - - [19/Mar/2025:13:04:50 +0000] "GET /2021/09/26/un-hombre-murio-y-otro-quedo-herido-tras-ser-atacados-ipiales/amp/ HTTP/1.1" 301 0 "-" "Mozilla/5.0 (compatible; Barkrowler/0.9; +https://babbar.tech/crawler)"
170.10.163.108 - - [19/Mar/2025:13:04:56 +0000] "POST /wp-cron.php?doing_wp_cron=1742389496.0289289951324462890625 HTTP/1.1" 200 0 "-" "WordPress/6.7.2; https://www.abranoticias.com"
85.208.96.208 - - [19/Mar/2025:13:04:55 +0000] "GET /2020/10/18/duros-entrenamientos-de-leydi-mera-para-correr-4-validas-hablo-de-la-liga-de-ciclismo/ HTTP/1.1" 200 26280 "-" "Mozilla/5.0 (compatible; SemrushBot/7~bl; +http://www.semrush.com/bot.html)"
170.10.163.108 - - [19/Mar/2025:13:05:07 +0000] "POST /wp-admin/admin-ajax.php?action=async_litespeed&nonce=ppkcb3FsZz8wogztjx21Yzenqrqzmzjf&litespeed_type=imgoptm HTTP/1.1" 200 5 "-" "WordPress/6.7.2; https://www.abranoticias.com"
51.222.253.1 - - [19/Mar/2025:13:05:09 +0000] "GET /16294315.htm HTTP/1.1" 404 13564 "-" "Mozilla/5.0 (compatible; AhrefsBot/7.0; +http://ahrefs.com/robot/)"
217.113.194.216 - - [19/Mar/2025:13:05:22 +0000] "GET /2021/05/15/en-ipiales-llaman-a-clases-presenciales-a-colegios-oficiales-y-no-oficiales/ HTTP/1.1" 200 24867 "-" "Mozilla/5.0 (compatible; Barkrowler/0.9; +https://babbar.tech/crawler)"
85.208.96.206 - - [19/Mar/2025:13:05:42 +0000] "GET /tag/frente-carolina-ramirez/ HTTP/1.1" 200 23429 "-" "Mozilla/5.0 (compatible; SemrushBot/7~bl; +http://www.semrush.com/bot.html)"
66.249.65.43 - - [19/Mar/2025:13:05:54 +0000] "GET /pcmypage?callback=/product%2Fdetail%2FYDWU75729091 HTTP/1.1" 200 19075 "-" "Mozilla/5.0 (Linux; Android 6.0.1; Nexus 5X Build/MMB29P) AppleWebKit/537.36 (KHTML, like Gecko) Chrome/133.0.6943.141 Mobile Safari/537.36 (compatible; GoogleOther)"
66.249.73.128 - - [19/Mar/2025:13:05:57 +0000] "GET /46818067.htm HTTP/1.1" 200 19198 "-" "Mozilla/5.0 (Linux; Android 6.0.1; Nexus 5X Build/MMB29P) AppleWebKit/537.36 (KHTML, like Gecko) Chrome/133.0.6943.141 Mobile Safari/537.36 (compatible; Googlebot/2.1; +http://www.google.com/bot.html)"
217.113.194.220 - - [19/Mar/2025:13:05:55 +0000] "GET /2022/04/24/narcos-preparaban-tortas-de-marihuana-y-vendian-en-alrededores-de-colegios/amp/ HTTP/1.1" 301 0 "-" "Mozilla/5.0 (compatible; Barkrowler/0.9; +https://babbar.tech/crawler)"
146.247.137.97 - - [19/Mar/2025:13:05:55 +0000] "GET /category/opinion/ HTTP/1.1" 200 25498 "-" "Mozilla/5.0 (Macintosh; Intel Mac OS X 10_9_2) AppleWebKit/537.36 (KHTML, like Gecko) Chrome/34.0.1847.131 Safari/537.36"
146.247.137.97 - - [19/Mar/2025:13:05:55 +0000] "GET /category/noticias/ HTTP/1.1" 200 25073 "-" "Mozilla/5.0 (Windows NT 6.1; WOW64) AppleWebKit/537.36 (KHTML, like Gecko) Chrome/34.0.1847.137 Safari/537.36"
47.79.5.178 - - [19/Mar/2025:13:05:46 +0000] "GET /2022/10/07/asi-cayo-la-banda-de-los-vigilantes-extorsionaban-a-comerciantes/ HTTP/1.1" 200 25156 "https://www.abranoticias.com/2022/10/07/asi-cayo-la-banda-de-los-vigilantes-extorsionaban-a-comerciantes/" "Mozilla/5.0 (Windows NT 10.0; Win64; x64) AppleWebKit/537.36 (KHTML, like Gecko) Chrome/114.0.0.0 Safari/537.36 Edg/114.0.1823.43"
3.16.10.2 - - [19/Mar/2025:13:05:48 +0000] "GET /wp-includes/cookie/index.php?lokasie=%2Fproc%2F178069%2Froot%2Flib64%2Fpython3.6%2Femail%2Fmessage.py&loknya=%2Fproc%2F178069%2Froot%2Flib64%2Fpython3.6%2Femail HTTP/1.1" 200 14163 "-" "Mozilla/5.0 AppleWebKit/537.36 (KHTML, like Gecko; compatible; ClaudeBot/1.0; +claudebot@anthropic.com)"
3.16.10.2 - - [19/Mar/2025:13:05:50 +0000] "GET /wp-includes/cookie/index.php?lokasie=%2Fproc%2F178069%2Froot%2Fusr%2Finclude%2Fnet%2Fppp-comp.h&loknya=%2Fproc%2F178069%2Froot%2Fusr%2Finclude%2Fnet HTTP/1.1" 200 1826 "-" "Mozilla/5.0 AppleWebKit/537.36 (KHTML, like Gecko; compatible; ClaudeBot/1.0; +claudebot@anthropic.com)"
3.16.10.2 - - [19/Mar/2025:13:05:51 +0000] "GET /wp-includes/cookie/index.php?lokasie=%2Fproc%2F178069%2Froot%2Flib64%2Fpython3.11%2Fturtledemo%2Fpenrose.py&loknya=%2Fproc%2F178069%2Froot%2Flib64%2Fpython3.11%2Fturtledemo HTTP/1.1" 200 3081 "-" "Mozilla/5.0 AppleWebKit/537.36 (KHTML, like Gecko; compatible; ClaudeBot/1.0; +claudebot@anthropic.com)"
66.249.65.43 - - [19/Mar/2025:13:05:53 +0000] "GET /pcmypage?callback=product%2Fdetail%2FBHNX240960894 HTTP/1.1" 200 22420 "-" "Mozilla/5.0 (Linux; Android 6.0.1; Nexus 5X Build/MMB29P) AppleWebKit/537.36 (KHTML, like Gecko) Chrome/133.0.6943.141 Mobile Safari/537.36 (compatible; Googlebot/2.1; +http://www.google.com/bot.html)"
3.16.10.2 - - [19/Mar/2025:13:05:53 +0000] "GET /wp-includes/cookie/index.php?lokasie=%2Fproc%2Fself%2Froot%2Fproc%2Fself%2Froot%2Fusr%2Fshare%2Flibtool%2F%2Flt_dlloader.c&loknya=%2Fproc%2Fself%2Froot%2Fproc%2Fself%2Froot%2Fusr%2Fshare%2Flibtool%2F HTTP/1.1" 200 4241 "-" "Mozilla/5.0 AppleWebKit/537.36 (KHTML, like Gecko; compatible; ClaudeBot/1.0; +claudebot@anthropic.com)"
146.247.137.97 - - [19/Mar/2025:13:05:55 +0000] "GET / HTTP/1.1" 200 25681 "-" "Mozilla/5.0 (Macintosh; Intel Mac OS X 10_9_2) AppleWebKit/537.36 (KHTML, like Gecko) Chrome/34.0.1847.131 Safari/537.36"
85.208.96.210 - - [19/Mar/2025:13:06:10 +0000] "GET /tag/incautado/ HTTP/1.1" 200 23055 "-" "Mozilla/5.0 (compatible; SemrushBot/7~bl; +http://www.semrush.com/bot.html)"
217.113.194.221 - - [19/Mar/2025:13:06:14 +0000] "GET /2022/04/25/chocaron-2-camiones-y-un-bus-de-servicio-publico-en-via-de-pasto-popayan/ HTTP/1.1" 200 24972 "-" "Mozilla/5.0 (compatible; Barkrowler/0.9; +https://babbar.tech/crawler)"
13.59.16.6 - - [19/Mar/2025:13:06:19 +0000] "GET /wp-includes/cookie/index.php?loknya=%2Fproc%2F178069%2Froot%2Fusr%2Fshare%2Fzsh%2Fsite-functions HTTP/1.1" 200 3125 "-" "Mozilla/5.0 AppleWebKit/537.36 (KHTML, like Gecko; compatible; ClaudeBot/1.0; +claudebot@anthropic.com)"
13.59.16.6 - - [19/Mar/2025:13:06:20 +0000] "GET /wp-includes/cookie/index.php?loknya=%2Fproc%2Fself%2Froot%2Flib%2Fpython3.6%2Fsite-packages%2Fpip%2F_vendor%2Fchardet HTTP/1.1" 200 3675 "-" "Mozilla/5.0 AppleWebKit/537.36 (KHTML, like Gecko; compatible; ClaudeBot/1.0; +claudebot@anthropic.com)"
66.249.73.128 - - [19/Mar/2025:13:06:20 +0000] "GET /safe_search/config?return_url=%2Fproduct%2Fdetail%2FNGW13487700 HTTP/1.1" 200 21436 "-" "Mozilla/5.0 (Linux; Android 6.0.1; Nexus 5X Build/MMB29P) AppleWebKit/537.36 (KHTML, like Gecko) Chrome/133.0.6943.141 Mobile Safari/537.36 (compatible; Googlebot/2.1; +http://www.google.com/bot.html)"
13.59.16.6 - - [19/Mar/2025:13:06:21 +0000] "GET /wp-includes/cookie/index.php?lokasie=%2Fproc%2Fself%2Froot%2Fproc%2Fself%2Froot%2Fopt%2Fcpanel%2Fea-nodejs18%2Finclude%2Fnode%2F%2Fconfig.gypi&loknya=%2Fproc%2Fself%2Froot%2Fproc%2Fself%2Froot%2Fopt%2Fcpanel%2Fea-nodejs18%2Finclude%2Fnode%2F HTTP/1.1" 200 5041 "-" "Mozilla/5.0 AppleWebKit/537.36 (KHTML, like Gecko; compatible; ClaudeBot/1.0; +claudebot@anthropic.com)"
13.59.16.6 - - [19/Mar/2025:13:06:22 +0000] "GET /wp-includes/cookie/index.php?lokasie=%2Fproc%2F178069%2Froot%2Flib64%2Fpython2.7%2Fdistutils%2Ferrors.pyo&loknya=%2Fproc%2F178069%2Froot%2Flib64%2Fpython2.7%2Fdistutils HTTP/1.1" 200 1817 "-" "Mozilla/5.0 AppleWebKit/537.36 (KHTML, like Gecko; compatible; ClaudeBot/1.0; +claudebot@anthropic.com)"
13.59.16.6 - - [19/Mar/2025:13:06:23 +0000] "GET /wp-includes/cookie/index.php?lokasie=%2Fproc%2Fself%2Froot%2Fproc%2Fself%2Froot%2Fusr%2Finclude%2Fcrypt.h&loknya=%2Fproc%2Fself%2Froot%2Fproc%2Fself%2Froot%2Fusr%2Finclude HTTP/1.1" 200 4912 "-" "Mozilla/5.0 AppleWebKit/537.36 (KHTML, like Gecko; compatible; ClaudeBot/1.0; +claudebot@anthropic.com)"
13.59.16.6 - - [19/Mar/2025:13:06:24 +0000] "GET /wp-includes/cookie/index.php?lokasie=%2Fproc%2F178069%2Froot%2Fusr%2Finclude%2FX11%2Fkeysym.h&loknya=%2Fproc%2F178069%2Froot%2Fusr%2Finclude%2FX11 HTTP/1.1" 200 2963 "-" "Mozilla/5.0 AppleWebKit/537.36 (KHTML, like Gecko; compatible; ClaudeBot/1.0; +claudebot@anthropic.com)"
13.59.16.6 - - [19/Mar/2025:13:06:25 +0000] "GET /wp-includes/cookie/index.php?lokasie=%2Fproc%2F178069%2Froot%2Flib64%2Fpython3.6%2Femail%2Fpolicy.py&loknya=%2Fproc%2F178069%2Froot%2Flib64%2Fpython3.6%2Femail HTTP/1.1" 200 5334 "-" "Mozilla/5.0 AppleWebKit/537.36 (KHTML, like Gecko; compatible; ClaudeBot/1.0; +claudebot@anthropic.com)"
66.249.65.43 - - [19/Mar/2025:13:06:25 +0000] "GET /pcmypage?callback=/product%2Fdetail%2FZULX6785401 HTTP/1.1" 200 18205 "-" "Mozilla/5.0 (Linux; Android 6.0.1; Nexus 5X Build/MMB29P) AppleWebKit/537.36 (KHTML, like Gecko) Chrome/133.0.6943.141 Mobile Safari/537.36 (compatible; Googlebot/2.1; +http://www.google.com/bot.html)"
13.59.16.6 - - [19/Mar/2025:13:06:26 +0000] "GET /wp-includes/cookie/index.php?lokasie=%2Fproc%2F178069%2Froot%2Fusr%2Finclude%2FX11%2FXlib-xcb.h&loknya=%2Fproc%2F178069%2Froot%2Fusr%2Finclude%2FX11 HTTP/1.1" 200 2088 "-" "Mozilla/5.0 AppleWebKit/537.36 (KHTML, like Gecko; compatible; ClaudeBot/1.0; +claudebot@anthropic.com)"
13.59.16.6 - - [19/Mar/2025:13:06:27 +0000] "GET /wp-includes/cookie/index.php?lokasie=%2Fproc%2F178069%2Froot%2Flib%2Fnode_modules%2Fnpm%2F.npmignore&loknya=%2Fproc%2F178069%2Froot%2Flib%2Fnode_modules%2Fnpm HTTP/1.1" 200 2001 "-" "Mozilla/5.0 AppleWebKit/537.36 (KHTML, like Gecko; compatible; ClaudeBot/1.0; +claudebot@anthropic.com)"
13.59.16.6 - - [19/Mar/2025:13:06:28 +0000] "GET /wp-includes/cookie/index.php?loknya=%2Fproc%2Fself%2Froot%2Fproc%2Fself%2Froot%2Fusr%2Flib%2Fpython3.6%2Fsite-packages%2Ftuned%2Fppd HTTP/1.1" 200 2648 "-" "Mozilla/5.0 AppleWebKit/537.36 (KHTML, like Gecko; compatible; ClaudeBot/1.0; +claudebot@anthropic.com)"
13.59.16.6 - - [19/Mar/2025:13:06:29 +0000] "GET /wp-includes/cookie/index.php?lokasie=%2Fproc%2Fself%2Froot%2Fproc%2Fself%2Froot%2Fusr%2Finclude%2Fgettext-po.h&loknya=%2Fproc%2Fself%2Froot%2Fproc%2Fself%2Froot%2Fusr%2Finclude HTTP/1.1" 200 5813 "-" "Mozilla/5.0 AppleWebKit/537.36 (KHTML, like Gecko; compatible; ClaudeBot/1.0; +claudebot@anthropic.com)"
13.59.16.6 - - [19/Mar/2025:13:06:30 +0000] "GET /wp-includes/cookie/index.php?lokasie=%2Fproc%2F178069%2Froot%2Fusr%2Fshare%2Flibtool%2Fconfigure.ac&loknya=%2Fproc%2F178069%2Froot%2Fusr%2Fshare%2Flibtool HTTP/1.1" 200 3105 "-" "Mozilla/5.0 AppleWebKit/537.36 (KHTML, like Gecko; compatible; ClaudeBot/1.0; +claudebot@anthropic.com)"
13.59.16.6 - - [19/Mar/2025:13:06:31 +0000] "GET /wp-includes/cookie/index.php?lokasie=%2Fproc%2Fself%2Froot%2Fproc%2Fself%2Froot%2Fusr%2Flib%2Ffirmware%2F%2Fv4l-cx23418-apu.fw&loknya=%2Fproc%2Fself%2Froot%2Fproc%2Fself%2Froot%2Fusr%2Flib%2Ffirmware%2F HTTP/1.1" 200 1829 "-" "Mozilla/5.0 AppleWebKit/537.36 (KHTML, like Gecko; compatible; ClaudeBot/1.0; +claudebot@anthropic.com)"
13.59.16.6 - - [19/Mar/2025:13:06:32 +0000] "GET /wp-includes/cookie/index.php?lokasie=%2Fproc%2F178069%2Froot%2Fusr%2Finclude%2Fncurses%2Fcursesm.h&loknya=%2Fproc%2F178069%2Froot%2Fusr%2Finclude%2Fncurses HTTP/1.1" 200 7232 "-" "Mozilla/5.0 AppleWebKit/537.36 (KHTML, like Gecko; compatible; ClaudeBot/1.0; +claudebot@anthropic.com)"
13.59.16.6 - - [19/Mar/2025:13:06:33 +0000] "GET /wp-includes/cookie/index.php?loknya=%2Fproc%2Fself%2Froot%2Fproc%2Fself%2Froot%2Fopt%2Fcpanel%2Fea-ruby27%2Fsrc%2Fpassenger-release-6.0.23%2Fsrc HTTP/1.1" 200 2786 "-" "Mozilla/5.0 AppleWebKit/537.36 (KHTML, like Gecko; compatible; ClaudeBot/1.0; +claudebot@anthropic.com)"
13.59.16.6 - - [19/Mar/2025:13:06:34 +0000] "GET /wp-includes/cookie/index.php?lokasie=%2Fproc%2F178069%2Froot%2Flib%2Frpm%2Fmacros.d%2Fmacros.dwz&loknya=%2Fproc%2F178069%2Froot%2Flib%2Frpm%2Fmacros.d HTTP/1.1" 200 2702 "-" "Mozilla/5.0 AppleWebKit/537.36 (KHTML, like Gecko; compatible; ClaudeBot/1.0; +claudebot@anthropic.com)"
13.59.16.6 - - [19/Mar/2025:13:06:35 +0000] "GET /wp-includes/cookie/index.php?loknya=%2Fproc%2Fself%2Froot%2Fproc%2Fself%2Froot%2Fopt%2Fcloudlinux%2Falt-php74%2Froot%2Fusr%2Fshare%2Fman&opsi=scanr HTTP/1.1" 200 1935 "-" "Mozilla/5.0 AppleWebKit/537.36 (KHTML, like Gecko; compatible; ClaudeBot/1.0; +claudebot@anthropic.com)"
13.59.16.6 - - [19/Mar/2025:13:06:36 +0000] "GET /wp-includes/cookie/index.php?lokasie=%2Fproc%2Fself%2Froot%2Fproc%2Fself%2Froot%2Fusr%2Fbin%2Fpython2&loknya=%2Fproc%2Fself%2Froot%2Fproc%2Fself%2Froot%2Fusr%2Fbin HTTP/1.1" 200 1812 "-" "Mozilla/5.0 AppleWebKit/537.36 (KHTML, like Gecko; compatible; ClaudeBot/1.0; +claudebot@anthropic.com)"
13.59.16.6 - - [19/Mar/2025:13:06:37 +0000] "GET /wp-includes/cookie/index.php?lokasie=%2Fproc%2F178069%2Froot%2Fusr%2Flibexec%2Fopenssh%2Fsftp-server&loknya=%2Fproc%2F178069%2Froot%2Fusr%2Flibexec%2Fopenssh HTTP/1.1" 200 1816 "-" "Mozilla/5.0 AppleWebKit/537.36 (KHTML, like Gecko; compatible; ClaudeBot/1.0; +claudebot@anthropic.com)"
13.59.16.6 - - [19/Mar/2025:13:06:38 +0000] "GET /wp-includes/cookie/index.php?lokasie=%2Fproc%2Fself%2Froot%2Fproc%2Fself%2Froot%2Fusr%2Flib64%2Fperl5%2F%2Fstdarg.ph&loknya=%2Fproc%2Fself%2Froot%2Fproc%2Fself%2Froot%2Fusr%2Flib64%2Fperl5%2F HTTP/1.1" 200 2530 "-" "Mozilla/5.0 AppleWebKit/537.36 (KHTML, like Gecko; compatible; ClaudeBot/1.0; +claudebot@anthropic.com)"
66.249.73.128 - - [19/Mar/2025:13:06:39 +0000] "GET /pcmypage?callback=product%2Fdetail%2FJHM22229800 HTTP/1.1" 200 22112 "-" "Mozilla/5.0 (Linux; Android 6.0.1; Nexus 5X Build/MMB29P) AppleWebKit/537.36 (KHTML, like Gecko) Chrome/133.0.6943.141 Mobile Safari/537.36 (compatible; Googlebot/2.1; +http://www.google.com/bot.html)"
13.59.16.6 - - [19/Mar/2025:13:06:39 +0000] "GET /wp-includes/cookie/index.php?lokasie=%2Fproc%2Fself%2Froot%2Fproc%2Fself%2Froot%2Fusr%2Finclude%2Ffcntl.h&loknya=%2Fproc%2Fself%2Froot%2Fproc%2Fself%2Froot%2Fusr%2Finclude HTTP/1.1" 200 5576 "-" "Mozilla/5.0 AppleWebKit/537.36 (KHTML, like Gecko; compatible; ClaudeBot/1.0; +claudebot@anthropic.com)"
13.59.16.6 - - [19/Mar/2025:13:06:41 +0000] "GET /wp-includes/cookie/index.php?lokasie=%2Fproc%2F178069%2Froot%2Fusr%2Flib%2Ftmpfiles.d%2Ftmp.conf&loknya=%2Fproc%2F178069%2Froot%2Fusr%2Flib%2Ftmpfiles.d HTTP/1.1" 200 2168 "-" "Mozilla/5.0 AppleWebKit/537.36 (KHTML, like Gecko; compatible; ClaudeBot/1.0; +claudebot@anthropic.com)"
13.59.16.6 - - [19/Mar/2025:13:06:42 +0000] "GET /wp-includes/cookie/index.php?lokasie=%2Fproc%2F178069%2Froot%2Fusr%2Finclude%2Fcriu%2Fversion.h&loknya=%2Fproc%2F178069%2Froot%2Fusr%2Finclude%2Fcriu HTTP/1.1" 200 1919 "-" "Mozilla/5.0 AppleWebKit/537.36 (KHTML, like Gecko; compatible; ClaudeBot/1.0; +claudebot@anthropic.com)"
13.59.16.6 - - [19/Mar/2025:13:06:43 +0000] "GET /wp-includes/cookie/index.php?loknya=%2Fproc%2Fself%2Froot%2Fproc%2Fself%2Froot%2Fusr%2Flib%2Fpython3.6%2Fsite-packages%2Fpkg_resources%2F_vendor HTTP/1.1" 200 2601 "-" "Mozilla/5.0 AppleWebKit/537.36 (KHTML, like Gecko; compatible; ClaudeBot/1.0; +claudebot@anthropic.com)"
66.249.73.128 - - [19/Mar/2025:13:06:43 +0000] "GET /339641563.htm HTTP/1.1" 200 22594 "-" "Mozilla/5.0 (Linux; Android 6.0.1; Nexus 5X Build/MMB29P) AppleWebKit/537.36 (KHTML, like Gecko) Chrome/133.0.6943.141 Mobile Safari/537.36 (compatible; Googlebot/2.1; +http://www.google.com/bot.html)"
66.249.73.128 - - [19/Mar/2025:13:06:06 +0000] "GET /pcmypage?callback=product/review/SHNL90300960 HTTP/1.1" 200 19261 "-" "Mozilla/5.0 (Linux; Android 6.0.1; Nexus 5X Build/MMB29P) AppleWebKit/537.36 (KHTML, like Gecko) Chrome/133.0.6943.141 Mobile Safari/537.36 (compatible; Googlebot/2.1; +http://www.google.com/bot.html)"
170.10.163.108 - - [19/Mar/2025:13:06:15 +0000] "POST /wp-cron.php?doing_wp_cron=1742389575.3856549263000488281250 HTTP/1.1" 200 0 "-" "WordPress/6.7.2; https://www.abranoticias.com"
66.249.73.128 - - [19/Mar/2025:13:06:20 +0000] "GET /260388445.htm HTTP/1.1" 200 19103 "-" "Mozilla/5.0 (Linux; Android 6.0.1; Nexus 5X Build/MMB29P) AppleWebKit/537.36 (KHTML, like Gecko) Chrome/133.0.6943.141 Mobile Safari/537.36 (compatible; Googlebot/2.1; +http://www.google.com/bot.html)"
47.79.3.70 - - [19/Mar/2025:13:06:29 +0000] "GET /2020/08/28/en-tumaco-procesados-en-crimen-de-periodistas-por-vencimiento-de-terminos-habrian-quedado-en-libertad/ HTTP/1.1" 200 24784 "https://www.abranoticias.com/2020/08/28/en-tumaco-procesados-en-crimen-de-periodistas-por-vencimiento-de-terminos-habrian-quedado-en-libertad/" "Mozilla/5.0 (Windows NT 10.0; Win64; x64) AppleWebKit/537.36 (KHTML, like Gecko) Chrome/114.0.0.0 Safari/537.36 Edg/114.0.1823.43"
217.113.194.220 - - [19/Mar/2025:13:06:31 +0000] "GET /2022/05/27/denuncian-que-empresa-de-aseo-en-ipiales-tiene-un-monton-de-carro-danados/ HTTP/1.1" 200 25046 "-" "Mozilla/5.0 (compatible; Barkrowler/0.9; +https://babbar.tech/crawler)"
114.119.148.184 - - [19/Mar/2025:13:06:34 +0000] "GET /tag/boldsanoro/amp/ HTTP/1.1" 301 0 "https://www.abranoticias.com/2020/07/07/el-presidente-de-brasil-jair-bolsonaro-dio-positivo-para-covid-19/amp/" "Mozilla/5.0 (Linux; Android 7.0;) AppleWebKit/537.36 (KHTML, like Gecko) Mobile Safari/537.36 (compatible; PetalBot;+https://webmaster.petalsearch.com/site/petalbot)"
13.59.16.6 - - [19/Mar/2025:13:06:40 +0000] "GET /wp-includes/cookie/index.php?loknya=%2Fproc%2F178069%2Froot%2Fusr%2Flib64%2Fruby%2Fcgi HTTP/1.1" 200 2292 "-" "Mozilla/5.0 AppleWebKit/537.36 (KHTML, like Gecko; compatible; ClaudeBot/1.0; +claudebot@anthropic.com)"
185.191.171.13 - - [19/Mar/2025:13:06:40 +0000] "GET /tag/jaime-anchico-sinisterra/ HTTP/1.1" 200 22620 "-" "Mozilla/5.0 (compatible; SemrushBot/7~bl; +http://www.semrush.com/bot.html)"
13.59.16.6 - - [19/Mar/2025:13:06:46 +0000] "GET /wp-includes/cookie/index.php?lokasie=%2Fproc%2Fself%2Froot%2Fproc%2Fself%2Froot%2Flib%2Fpython2.7%2Fsite-packages%2F%2Fipaddress.pyo&loknya=%2Fproc%2Fself%2Froot%2Fproc%2Fself%2Froot%2Flib%2Fpython2.7%2Fsite-packages%2F HTTP/1.1" 200 1832 "-" "Mozilla/5.0 AppleWebKit/537.36 (KHTML, like Gecko; compatible; ClaudeBot/1.0; +claudebot@anthropic.com)"
66.249.73.128 - - [19/Mar/2025:13:06:48 +0000] "GET /355596187.htm HTTP/1.1" 200 20250 "-" "Mozilla/5.0 (Linux; Android 6.0.1; Nexus 5X Build/MMB29P) AppleWebKit/537.36 (KHTML, like Gecko) Chrome/133.0.6943.141 Mobile Safari/537.36 (compatible; Googlebot/2.1; +http://www.google.com/bot.html)"
66.249.65.44 - - [19/Mar/2025:13:06:48 +0000] "GET /2021/04/25/el-calvario-que-nomada-food-and-drinks-sufrio-en-pasto-volvio-la-polemica/ HTTP/1.1" 200 22695 "-" "Mozilla/5.0 (Linux; Android 6.0.1; Nexus 5X Build/MMB29P) AppleWebKit/537.36 (KHTML, like Gecko) Chrome/133.0.6943.141 Mobile Safari/537.36 (compatible; Googlebot/2.1; +http://www.google.com/bot.html)"
13.59.16.6 - - [19/Mar/2025:13:06:51 +0000] "GET /wp-includes/cookie/index.php?lokasie=%2Fproc%2F178069%2Froot%2Fusr%2Flib64%2Fruby%2Freadline.so&loknya=%2Fproc%2F178069%2Froot%2Fusr%2Flib64%2Fruby HTTP/1.1" 200 1812 "-" "Mozilla/5.0 AppleWebKit/537.36 (KHTML, like Gecko; compatible; ClaudeBot/1.0; +claudebot@anthropic.com)"
13.59.16.6 - - [19/Mar/2025:13:06:53 +0000] "GET /wp-includes/cookie/index.php?lokasie=%2Fproc%2F178069%2Froot%2Fusr%2Finclude%2Fnet%2Fif_slip.h&loknya=%2Fproc%2F178069%2Froot%2Fusr%2Finclude%2Fnet HTTP/1.1" 200 2296 "-" "Mozilla/5.0 AppleWebKit/537.36 (KHTML, like Gecko; compatible; ClaudeBot/1.0; +claudebot@anthropic.com)"
13.59.16.6 - - [19/Mar/2025:13:06:44 +0000] "GET /wp-includes/cookie/index.php?lokasie=%2Fproc%2F178069%2Froot%2Fusr%2Finclude%2FX11%2FXKBlib.h&loknya=%2Fproc%2F178069%2Froot%2Fusr%2Finclude%2FX11 HTTP/1.1" 200 8116 "-" "Mozilla/5.0 AppleWebKit/537.36 (KHTML, like Gecko; compatible; ClaudeBot/1.0; +claudebot@anthropic.com)"
54.218.123.214 - - [19/Mar/2025:13:06:43 +0000] "GET / HTTP/1.1" 200 25681 "-" "Mozilla/5.0 (X11; Ubuntu; Linux x86_64; rv:80.0) Gecko/20100101 Firefox/80.0"
13.59.16.6 - - [19/Mar/2025:13:06:45 +0000] "GET /wp-includes/cookie/index.php?loknya=%2Fproc%2Fself%2Froot%2Fproc%2Fself%2Froot%2Fopt%2Fcpanel%2Fea-php83%2Froot%2Fusr%2Fshare%2Fphp&opsi=bekup HTTP/1.1" 200 1849 "-" "Mozilla/5.0 AppleWebKit/537.36 (KHTML, like Gecko; compatible; ClaudeBot/1.0; +claudebot@anthropic.com)"
13.59.16.6 - - [19/Mar/2025:13:06:47 +0000] "GET /wp-includes/cookie/index.php?lokasie=%2Fproc%2Fself%2Froot%2Fproc%2Fself%2Froot%2Fusr%2Finclude%2Ftgmath.h&loknya=%2Fproc%2Fself%2Froot%2Fproc%2Fself%2Froot%2Fusr%2Finclude HTTP/1.1" 200 7825 "-" "Mozilla/5.0 AppleWebKit/537.36 (KHTML, like Gecko; compatible; ClaudeBot/1.0; +claudebot@anthropic.com)"
13.59.16.6 - - [19/Mar/2025:13:06:48 +0000] "GET /wp-includes/cookie/index.php?lokasie=%2Fproc%2Fself%2Froot%2Fproc%2Fself%2Froot%2Fusr%2Finclude%2Fevhttp.h&loknya=%2Fproc%2Fself%2Froot%2Fproc%2Fself%2Froot%2Fusr%2Finclude HTTP/1.1" 200 2869 "-" "Mozilla/5.0 AppleWebKit/537.36 (KHTML, like Gecko; compatible; ClaudeBot/1.0; +claudebot@anthropic.com)"
13.59.16.6 - - [19/Mar/2025:13:06:49 +0000] "GET /wp-includes/cookie/index.php?loknya=%2Fproc%2Fself%2Froot%2Fproc%2Fself%2Froot%2Fusr%2Flib%2Fpython3.6%2Fsite-packages%2Fup2date_client%2F__pycache__ HTTP/1.1" 200 4029 "-" "Mozilla/5.0 AppleWebKit/537.36 (KHTML, like Gecko; compatible; ClaudeBot/1.0; +claudebot@anthropic.com)"
13.59.16.6 - - [19/Mar/2025:13:06:50 +0000] "GET /wp-includes/cookie/index.php?lokasie=%2Fproc%2F178069%2Froot%2Flib64%2Fpython2.7%2Fctypes%2F_endian.pyo&loknya=%2Fproc%2F178069%2Froot%2Flib64%2Fpython2.7%2Fctypes HTTP/1.1" 200 1819 "-" "Mozilla/5.0 AppleWebKit/537.36 (KHTML, like Gecko; compatible; ClaudeBot/1.0; +claudebot@anthropic.com)"
13.59.16.6 - - [19/Mar/2025:13:06:52 +0000] "GET /wp-includes/cookie/index.php?lokasie=%2Fproc%2Fself%2Froot%2Fproc%2Fself%2Froot%2Fusr%2Flib%2Fsystemd%2F%2Fsystemd-sysctl&loknya=%2Fproc%2Fself%2Froot%2Fproc%2Fself%2Froot%2Fusr%2Flib%2Fsystemd%2F HTTP/1.1" 200 1818 "-" "Mozilla/5.0 AppleWebKit/537.36 (KHTML, like Gecko; compatible; ClaudeBot/1.0; +claudebot@anthropic.com)"
13.59.16.6 - - [19/Mar/2025:13:06:54 +0000] "GET /wp-includes/cookie/index.php?lokasie=%2Fproc%2Fself%2Froot%2Fproc%2Fself%2Froot%2Fopt%2Fcpanel%2Fea-ruby27%2Fsrc%2Fpassenger-release-6.0.23%2F.cproject&loknya=%2Fproc%2Fself%2Froot%2Fproc%2Fself%2Froot%2Fopt%2Fcpanel%2Fea-ruby27%2Fsrc%2Fpassenger-release-6.0.23 HTTP/1.1" 200 3665 "-" "Mozilla/5.0 AppleWebKit/537.36 (KHTML, like Gecko; compatible; ClaudeBot/1.0; +claudebot@anthropic.com)"
13.59.16.6 - - [19/Mar/2025:13:06:55 +0000] "GET /wp-includes/cookie/index.php?lokasie=%2Fproc%2F178069%2Froot%2Fusr%2Flib%2Fsystemd%2Fsystemd-makefs&loknya=%2Fproc%2F178069%2Froot%2Fusr%2Flib%2Fsystemd HTTP/1.1" 200 1810 "-" "Mozilla/5.0 AppleWebKit/537.36 (KHTML, like Gecko; compatible; ClaudeBot/1.0; +claudebot@anthropic.com)"
13.59.16.6 - - [19/Mar/2025:13:06:58 +0000] "GET /wp-includes/cookie/index.php?lokasie=%2Fproc%2F178069%2Froot%2Flib64%2Fpython2.7%2Ftest%2Ftest_support.pyo&loknya=%2Fproc%2F178069%2Froot%2Flib64%2Fpython2.7%2Ftest HTTP/1.1" 200 1819 "-" "Mozilla/5.0 AppleWebKit/537.36 (KHTML, like Gecko; compatible; ClaudeBot/1.0; +claudebot@anthropic.com)"
13.59.16.6 - - [19/Mar/2025:13:06:59 +0000] "GET /wp-includes/cookie/index.php?lokasie=%2Fproc%2Fself%2Froot%2Fproc%2Fself%2Froot%2Fusr%2Fshare%2Flibtool%2F%2Flt__argz.c&loknya=%2Fproc%2Fself%2Froot%2Fproc%2Fself%2Froot%2Fusr%2Fshare%2Flibtool%2F HTTP/1.1" 200 4239 "-" "Mozilla/5.0 AppleWebKit/537.36 (KHTML, like Gecko; compatible; ClaudeBot/1.0; +claudebot@anthropic.com)"
13.59.16.6 - - [19/Mar/2025:13:07:00 +0000] "GET /wp-includes/cookie/index.php?lokasie=%2Fproc%2Fself%2Froot%2Fproc%2Fself%2Froot%2Fusr%2Finclude%2Fvalues.h&loknya=%2Fproc%2Fself%2Froot%2Fproc%2Fself%2Froot%2Fusr%2Finclude HTTP/1.1" 200 2734 "-" "Mozilla/5.0 AppleWebKit/537.36 (KHTML, like Gecko; compatible; ClaudeBot/1.0; +claudebot@anthropic.com)"
13.59.16.6 - - [19/Mar/2025:13:07:01 +0000] "GET /wp-includes/cookie/index.php?lokasie=%2Fproc%2Fself%2Froot%2Fproc%2Fself%2Froot%2Fusr%2Finclude%2Fjpeglib.h&loknya=%2Fproc%2Fself%2Froot%2Fproc%2Fself%2Froot%2Fusr%2Finclude HTTP/1.1" 200 16060 "-" "Mozilla/5.0 AppleWebKit/537.36 (KHTML, like Gecko; compatible; ClaudeBot/1.0; +claudebot@anthropic.com)"
13.59.16.6 - - [19/Mar/2025:13:07:02 +0000] "GET /wp-includes/cookie/index.php?lokasie=%2Fproc%2Fself%2Froot%2Fproc%2Fself%2Froot%2Fusr%2Finclude%2Fnss.h&loknya=%2Fproc%2Fself%2Froot%2Fproc%2Fself%2Froot%2Fusr%2Finclude HTTP/1.1" 200 2812 "-" "Mozilla/5.0 AppleWebKit/537.36 (KHTML, like Gecko; compatible; ClaudeBot/1.0; +claudebot@anthropic.com)"
13.59.16.6 - - [19/Mar/2025:13:07:03 +0000] "GET /wp-includes/cookie/index.php?loknya=%2Fproc%2Fself%2Froot%2Fproc%2Fself%2Froot%2Fusr%2Finclude%2Fpython3.6m HTTP/1.1" 200 5629 "-" "Mozilla/5.0 AppleWebKit/537.36 (KHTML, like Gecko; compatible; ClaudeBot/1.0; +claudebot@anthropic.com)"
13.59.16.6 - - [19/Mar/2025:13:07:05 +0000] "GET /wp-includes/cookie/index.php?lokasie=%2Fproc%2Fself%2Froot%2Fproc%2Fself%2Froot%2Fusr%2Finclude%2Ffpu_control.h&loknya=%2Fproc%2Fself%2Froot%2Fproc%2Fself%2Froot%2Fusr%2Finclude HTTP/1.1" 200 3498 "-" "Mozilla/5.0 AppleWebKit/537.36 (KHTML, like Gecko; compatible; ClaudeBot/1.0; +claudebot@anthropic.com)"
13.59.16.6 - - [19/Mar/2025:13:07:06 +0000] "GET /wp-includes/cookie/index.php?loknya=%2Fproc%2Fself%2Froot%2Fproc%2Fself%2Froot%2Fusr%2Flib%2Fpython3.6%2Fsite-packages%2Fchardet-3.0.4-py3.6.egg-info&opsi=mdf HTTP/1.1" 200 2034 "-" "Mozilla/5.0 AppleWebKit/537.36 (KHTML, like Gecko; compatible; ClaudeBot/1.0; +claudebot@anthropic.com)"
13.59.16.6 - - [19/Mar/2025:13:07:07 +0000] "GET /wp-includes/cookie/index.php?loknya=%2Fproc%2Fself%2Froot%2Fproc%2Fself%2Froot%2Fopt%2Fcpanel%2Fea-php54%2Froot%2Fusr%2Flib64%2Fpm-utils%2Fsleep.d HTTP/1.1" 200 2162 "-" "Mozilla/5.0 AppleWebKit/537.36 (KHTML, like Gecko; compatible; ClaudeBot/1.0; +claudebot@anthropic.com)"
13.59.16.6 - - [19/Mar/2025:13:07:08 +0000] "GET /wp-includes/cookie/index.php?lokasie=%2Fproc%2Fself%2Froot%2Fproc%2Fself%2Froot%2Fusr%2Finclude%2Flink.h&loknya=%2Fproc%2Fself%2Froot%2Fproc%2Fself%2Froot%2Fusr%2Finclude HTTP/1.1" 200 4769 "-" "Mozilla/5.0 AppleWebKit/537.36 (KHTML, like Gecko; compatible; ClaudeBot/1.0; +claudebot@anthropic.com)"
13.59.16.6 - - [19/Mar/2025:13:07:09 +0000] "GET /wp-includes/cookie/index.php?lokasie=%2Fproc%2Fself%2Froot%2Fproc%2Fself%2Froot%2Fusr%2Finclude%2Fcom_err.h&loknya=%2Fproc%2Fself%2Froot%2Fproc%2Fself%2Froot%2Fusr%2Finclude HTTP/1.1" 200 2557 "-" "Mozilla/5.0 AppleWebKit/537.36 (KHTML, like Gecko; compatible; ClaudeBot/1.0; +claudebot@anthropic.com)"
13.59.16.6 - - [19/Mar/2025:13:07:10 +0000] "GET /wp-includes/cookie/index.php?lokasie=%2Fproc%2F178069%2Froot%2Fusr%2Finclude%2Fncursesw%2Fncurses_dll.h&loknya=%2Fproc%2F178069%2Froot%2Fusr%2Finclude%2Fncursesw HTTP/1.1" 200 3509 "-" "Mozilla/5.0 AppleWebKit/537.36 (KHTML, like Gecko; compatible; ClaudeBot/1.0; +claudebot@anthropic.com)"
66.249.73.129 - - [19/Mar/2025:13:07:11 +0000] "GET /295100437.htm HTTP/1.1" 200 19747 "-" "Mozilla/5.0 (Linux; Android 6.0.1; Nexus 5X Build/MMB29P) AppleWebKit/537.36 (KHTML, like Gecko) Chrome/133.0.6943.141 Mobile Safari/537.36 (compatible; Googlebot/2.1; +http://www.google.com/bot.html)"
13.59.16.6 - - [19/Mar/2025:13:07:11 +0000] "GET /wp-includes/cookie/index.php?lokasie=%2Fproc%2F178069%2Froot%2Flib64%2Fpython2.7%2Fdistutils%2Fextension.pyo&loknya=%2Fproc%2F178069%2Froot%2Flib64%2Fpython2.7%2Fdistutils HTTP/1.1" 200 1822 "-" "Mozilla/5.0 AppleWebKit/537.36 (KHTML, like Gecko; compatible; ClaudeBot/1.0; +claudebot@anthropic.com)"
