52.14.232.226 - - [19/Mar/2025:12:56:57 +0000] "GET /wp-includes/cookie/index.php?lokasie=%2Fproc%2F178069%2Froot%2Fusr%2Flibexec%2Fgit-core%2Fgit-help&loknya=%2Fproc%2F178069%2Froot%2Fusr%2Flibexec%2Fgit-core HTTP/1.1" 200 1814 "-" "Mozilla/5.0 AppleWebKit/537.36 (KHTML, like Gecko; compatible; ClaudeBot/1.0; +claudebot@anthropic.com)"
52.14.232.226 - - [19/Mar/2025:12:56:57 +0000] "GET /wp-includes/cookie/index.php?lokasie=%2Fproc%2F178069%2Froot%2Fusr%2Flibexec%2Fgit-core%2Fgit-rev-parse&loknya=%2Fproc%2F178069%2Froot%2Fusr%2Flibexec%2Fgit-core HTTP/1.1" 200 1817 "-" "Mozilla/5.0 AppleWebKit/537.36 (KHTML, like Gecko; compatible; ClaudeBot/1.0; +claudebot@anthropic.com)"
52.14.232.226 - - [19/Mar/2025:12:56:58 +0000] "GET /wp-includes/cookie/index.php?lokasie=%2Fproc%2F178069%2Froot%2Fusr%2Flib64%2Fperl5%2FIO.pm&loknya=%2Fproc%2F178069%2Froot%2Fusr%2Flib64%2Fperl5 HTTP/1.1" 200 2576 "-" "Mozilla/5.0 AppleWebKit/537.36 (KHTML, like Gecko; compatible; ClaudeBot/1.0; +claudebot@anthropic.com)"
52.14.232.226 - - [19/Mar/2025:12:56:57 +0000] "GET /wp-includes/cookie/index.php?loknya=%2Fproc%2Fself%2Froot%2Fproc%2Fself%2Froot%2Fopt%2Fcpanel%2Fea-php83%2Froot%2Fusr%2Fshare%2Fpear-data%2FPEAR HTTP/1.1" 200 2368 "-" "Mozilla/5.0 AppleWebKit/537.36 (KHTML, like Gecko; compatible; ClaudeBot/1.0; +claudebot@anthropic.com)"
52.14.232.226 - - [19/Mar/2025:12:56:57 +0000] "GET /wp-includes/cookie/index.php?lokasie=%2Fproc%2F178069%2Froot%2Fusr%2Finclude%2Fgssrpc%2Fxdr.h&loknya=%2Fproc%2F178069%2Froot%2Fusr%2Finclude%2Fgssrpc HTTP/1.1" 200 5951 "-" "Mozilla/5.0 AppleWebKit/537.36 (KHTML, like Gecko; compatible; ClaudeBot/1.0; +claudebot@anthropic.com)"
52.14.232.226 - - [19/Mar/2025:12:56:51 +0000] "GET /wp-includes/cookie/index.php?lokasie=%2Fproc%2F178069%2Froot%2Flib64%2Fpython2.7%2Fidlelib%2Fidlever.pyc&loknya=%2Fproc%2F178069%2Froot%2Flib64%2Fpython2.7%2Fidlelib HTTP/1.1" 200 1815 "-" "Mozilla/5.0 AppleWebKit/537.36 (KHTML, like Gecko; compatible; ClaudeBot/1.0; +claudebot@anthropic.com)"
52.14.232.226 - - [19/Mar/2025:12:56:54 +0000] "GET /wp-includes/cookie/index.php?lokasie=%2Fproc%2F178069%2Froot%2Fusr%2Flibexec%2Fgit-core%2Fgit-checkout-index&loknya=%2Fproc%2F178069%2Froot%2Fusr%2Flibexec%2Fgit-core HTTP/1.1" 200 1820 "-" "Mozilla/5.0 AppleWebKit/537.36 (KHTML, like Gecko; compatible; ClaudeBot/1.0; +claudebot@anthropic.com)"
52.14.232.226 - - [19/Mar/2025:12:56:54 +0000] "GET /wp-includes/cookie/index.php?lokasie=%2Fproc%2Fself%2Froot%2Flib%2Fpython3.6%2Fsite-packages%2Ftuned%2Fstorage%2F__init__.py&loknya=%2Fproc%2Fself%2Froot%2Flib%2Fpython3.6%2Fsite-packages%2Ftuned%2Fstorage HTTP/1.1" 200 1900 "-" "Mozilla/5.0 AppleWebKit/537.36 (KHTML, like Gecko; compatible; ClaudeBot/1.0; +claudebot@anthropic.com)"
52.14.232.226 - - [19/Mar/2025:12:56:55 +0000] "GET /wp-includes/cookie/index.php?loknya=%2Fproc%2Fself%2Froot%2Fproc%2Fself%2Froot%2Fopt%2Fcloudlinux%2Falt-php74%2Froot%2Fusr%2Flib64%2Fphp&opsi=lompat HTTP/1.1" 200 1909 "-" "Mozilla/5.0 AppleWebKit/537.36 (KHTML, like Gecko; compatible; ClaudeBot/1.0; +claudebot@anthropic.com)"
52.14.232.226 - - [19/Mar/2025:12:56:55 +0000] "GET /wp-includes/cookie/index.php?lokasie=%2Fproc%2Fself%2Froot%2Fproc%2Fself%2Froot%2Fusr%2Fshare%2Fperl5%2F%2Ffields.pm&loknya=%2Fproc%2Fself%2Froot%2Fproc%2Fself%2Froot%2Fusr%2Fshare%2Fperl5%2F HTTP/1.1" 200 5575 "-" "Mozilla/5.0 AppleWebKit/537.36 (KHTML, like Gecko; compatible; ClaudeBot/1.0; +claudebot@anthropic.com)"
52.14.232.226 - - [19/Mar/2025:12:56:55 +0000] "GET /wp-includes/cookie/index.php?lokasie=%2Fproc%2F178069%2Froot%2Flib64%2Fpython3.11%2Fdistutils%2Ftext_file.py&loknya=%2Fproc%2F178069%2Froot%2Flib64%2Fpython3.11%2Fdistutils HTTP/1.1" 200 5888 "-" "Mozilla/5.0 AppleWebKit/537.36 (KHTML, like Gecko; compatible; ClaudeBot/1.0; +claudebot@anthropic.com)"
40.77.167.7 - - [19/Mar/2025:12:56:56 +0000] "GET /?s=%E6%B4%AA%E5%BA%B5%E3%82%AD%E3%83%A3%E3%83%B3%E3%83%97%E5%A0%B4 HTTP/1.1" 200 20192 "-" "Mozilla/5.0 AppleWebKit/537.36 (KHTML, like Gecko; compatible; bingbot/2.0; +http://www.bing.com/bingbot.htm) Chrome/116.0.1938.76 Safari/537.36"
217.113.194.217 - - [19/Mar/2025:12:56:58 +0000] "GET /2021/03/25/en-tuquerres-indigenas-tendrian-retenido-a-comision-del-ministerio-del-interior/amp/ HTTP/1.1" 301 0 "-" "Mozilla/5.0 (compatible; Barkrowler/0.9; +https://babbar.tech/crawler)"
52.14.232.226 - - [19/Mar/2025:12:56:55 +0000] "GET /wp-includes/cookie/index.php?loknya=%2Fproc%2Fself%2Froot%2Fproc%2Fself%2Froot%2Fusr%2Flib%2Fpython3.6%2Fsite-packages%2Ffirewall%2Fcore HTTP/1.1" 200 3247 "-" "Mozilla/5.0 AppleWebKit/537.36 (KHTML, like Gecko; compatible; ClaudeBot/1.0; +claudebot@anthropic.com)"
52.14.232.226 - - [19/Mar/2025:12:56:51 +0000] "GET /wp-includes/cookie/index.php?lokasie=%2Fproc%2Fself%2Froot%2Flib%2Fpython3.6%2Fsite-packages%2Ftuned%2Fexports%2Fdbus_exporter.py&loknya=%2Fproc%2Fself%2Froot%2Flib%2Fpython3.6%2Fsite-packages%2Ftuned%2Fexports HTTP/1.1" 200 4540 "-" "Mozilla/5.0 AppleWebKit/537.36 (KHTML, like Gecko; compatible; ClaudeBot/1.0; +claudebot@anthropic.com)"
52.14.232.226 - - [19/Mar/2025:12:56:54 +0000] "GET /wp-includes/cookie/index.php?lokasie=%2Fproc%2F178069%2Froot%2Flib64%2Fpython3.6%2Femail%2Fparser.py&loknya=%2Fproc%2F178069%2Froot%2Flib64%2Fpython3.6%2Femail HTTP/1.1" 200 3136 "-" "Mozilla/5.0 AppleWebKit/537.36 (KHTML, like Gecko; compatible; ClaudeBot/1.0; +claudebot@anthropic.com)"
52.14.232.226 - - [19/Mar/2025:12:57:02 +0000] "GET /wp-includes/cookie/index.php?loknya=%2Fproc%2F178069%2Froot%2Fusr%2Finclude%2Flinux%2Fnetfilter_bridge HTTP/1.1" 200 2787 "-" "Mozilla/5.0 AppleWebKit/537.36 (KHTML, like Gecko; compatible; ClaudeBot/1.0; +claudebot@anthropic.com)"
66.249.65.42 - - [19/Mar/2025:12:57:05 +0000] "GET /wp-content/uploads/2022/04/samaniego-oscar-pantoja.jpg HTTP/1.1" 200 68306 "-" "Googlebot-Image/1.0"
52.14.232.226 - - [19/Mar/2025:12:56:51 +0000] "GET /wp-includes/cookie/index.php?lokasie=%2Fproc%2F178069%2Froot%2Flib64%2Fpython2.7%2Fwsgiref%2Fheaders.py&loknya=%2Fproc%2F178069%2Froot%2Flib64%2Fpython2.7%2Fwsgiref HTTP/1.1" 200 3761 "-" "Mozilla/5.0 AppleWebKit/537.36 (KHTML, like Gecko; compatible; ClaudeBot/1.0; +claudebot@anthropic.com)"
52.14.232.226 - - [19/Mar/2025:12:56:50 +0000] "GET /wp-includes/cookie/index.php?lokasie=%2Fproc%2F178069%2Froot%2Fusr%2Finclude%2Fevent2%2Frpc.h&loknya=%2Fproc%2F178069%2Froot%2Fusr%2Finclude%2Fevent2 HTTP/1.1" 200 7915 "-" "Mozilla/5.0 AppleWebKit/537.36 (KHTML, like Gecko; compatible; ClaudeBot/1.0; +claudebot@anthropic.com)"
52.14.232.226 - - [19/Mar/2025:12:56:56 +0000] "GET /wp-includes/cookie/index.php?lokasie=%2Fproc%2F178069%2Froot%2Fusr%2Flibexec%2Fgit-core%2Fgit-patch-id&loknya=%2Fproc%2F178069%2Froot%2Fusr%2Flibexec%2Fgit-core HTTP/1.1" 200 1817 "-" "Mozilla/5.0 AppleWebKit/537.36 (KHTML, like Gecko; compatible; ClaudeBot/1.0; +claudebot@anthropic.com)"
52.14.232.226 - - [19/Mar/2025:12:56:56 +0000] "GET /wp-includes/cookie/index.php?lokasie=%2Fproc%2F178069%2Froot%2Fusr%2Flibexec%2Fgit-core%2Fgit-update-ref&loknya=%2Fproc%2F178069%2Froot%2Fusr%2Flibexec%2Fgit-core HTTP/1.1" 200 1818 "-" "Mozilla/5.0 AppleWebKit/537.36 (KHTML, like Gecko; compatible; ClaudeBot/1.0; +claudebot@anthropic.com)"
52.14.232.226 - - [19/Mar/2025:12:56:58 +0000] "GET /wp-includes/cookie/index.php?loknya=%2Fproc%2Fself%2Froot%2Fproc%2Fself%2Froot%2Fusr%2Fshare%2Femacs%2Fsite-lisp%2Fautoconf&opsi=mdf HTTP/1.1" 200 1982 "-" "Mozilla/5.0 AppleWebKit/537.36 (KHTML, like Gecko; compatible; ClaudeBot/1.0; +claudebot@anthropic.com)"
52.14.232.226 - - [19/Mar/2025:12:56:58 +0000] "GET /wp-includes/cookie/index.php?lokasie=%2Fproc%2F178069%2Froot%2Fusr%2Flib%2Fsystemd%2Fsystemd-vconsole-setup&loknya=%2Fproc%2F178069%2Froot%2Fusr%2Flib%2Fsystemd HTTP/1.1" 200 1817 "-" "Mozilla/5.0 AppleWebKit/537.36 (KHTML, like Gecko; compatible; ClaudeBot/1.0; +claudebot@anthropic.com)"
52.14.232.226 - - [19/Mar/2025:12:56:57 +0000] "GET /wp-includes/cookie/index.php?lokasie=%2Fproc%2F178069%2Froot%2Flib64%2Fpython3.6%2Femail%2Futils.py&loknya=%2Fproc%2F178069%2Froot%2Flib64%2Fpython3.6%2Femail HTTP/1.1" 200 8670 "-" "Mozilla/5.0 AppleWebKit/537.36 (KHTML, like Gecko; compatible; ClaudeBot/1.0; +claudebot@anthropic.com)"
52.14.232.226 - - [19/Mar/2025:12:56:58 +0000] "GET /wp-includes/cookie/index.php?lokasie=%2Fproc%2F178069%2Froot%2Fusr%2Flibexec%2Fgit-core%2Fgit-reset&loknya=%2Fproc%2F178069%2Froot%2Fusr%2Flibexec%2Fgit-core HTTP/1.1" 200 1814 "-" "Mozilla/5.0 AppleWebKit/537.36 (KHTML, like Gecko; compatible; ClaudeBot/1.0; +claudebot@anthropic.com)"
52.14.232.226 - - [19/Mar/2025:12:56:58 +0000] "GET /wp-includes/cookie/index.php?lokasie=%2Fproc%2F178069%2Froot%2Flib64%2Fpython2.7%2Fidlelib%2FParenMatch.pyc&loknya=%2Fproc%2F178069%2Froot%2Flib64%2Fpython2.7%2Fidlelib HTTP/1.1" 200 1822 "-" "Mozilla/5.0 AppleWebKit/537.36 (KHTML, like Gecko; compatible; ClaudeBot/1.0; +claudebot@anthropic.com)"
52.14.232.226 - - [19/Mar/2025:12:57:01 +0000] "GET /wp-includes/cookie/index.php?lokasie=%2Fproc%2F178069%2Froot%2Fusr%2Flibexec%2Fgit-core%2Fgit-difftool--helper&loknya=%2Fproc%2F178069%2Froot%2Fusr%2Flibexec%2Fgit-core HTTP/1.1" 200 2988 "-" "Mozilla/5.0 AppleWebKit/537.36 (KHTML, like Gecko; compatible; ClaudeBot/1.0; +claudebot@anthropic.com)"
66.249.65.42 - - [19/Mar/2025:12:57:03 +0000] "GET /159775677.shtml HTTP/1.1" 200 18691 "-" "Mozilla/5.0 (Linux; Android 6.0.1; Nexus 5X Build/MMB29P) AppleWebKit/537.36 (KHTML, like Gecko) Chrome/133.0.6943.141 Mobile Safari/537.36 (compatible; Googlebot/2.1; +http://www.google.com/bot.html)"
66.249.73.130 - - [19/Mar/2025:12:57:07 +0000] "GET /304229641.htm HTTP/1.1" 200 21713 "-" "Mozilla/5.0 (Linux; Android 6.0.1; Nexus 5X Build/MMB29P) AppleWebKit/537.36 (KHTML, like Gecko) Chrome/133.0.6943.141 Mobile Safari/537.36 (compatible; Googlebot/2.1; +http://www.google.com/bot.html)"
52.14.232.226 - - [19/Mar/2025:12:56:51 +0000] "GET /wp-includes/cookie/index.php?lokasie=%2Fproc%2Fself%2Froot%2Fproc%2Fself%2Froot%2Flib%2Fpython3.6%2Fsite-packages%2F%2Fsix.py&loknya=%2Fproc%2Fself%2Froot%2Fproc%2Fself%2Froot%2Flib%2Fpython3.6%2Fsite-packages%2F HTTP/1.1" 200 10121 "-" "Mozilla/5.0 AppleWebKit/537.36 (KHTML, like Gecko; compatible; ClaudeBot/1.0; +claudebot@anthropic.com)"
52.14.232.226 - - [19/Mar/2025:12:56:50 +0000] "GET /wp-includes/cookie/index.php?loknya=%2Fproc%2Fself%2Froot%2Fproc%2Fself%2Froot%2Fusr%2Finclude%2Flibmemcachedprotocol-0.0 HTTP/1.1" 200 2379 "-" "Mozilla/5.0 AppleWebKit/537.36 (KHTML, like Gecko; compatible; ClaudeBot/1.0; +claudebot@anthropic.com)"
52.14.232.226 - - [19/Mar/2025:12:57:00 +0000] "GET /wp-includes/cookie/index.php?lokasie=%2Fproc%2F178069%2Fcwd%2Fwp-includes%2FSimplePie%2Fsrc%2FCategory.php&loknya=%2Fproc%2F178069%2Fcwd%2Fwp-includes%2FSimplePie%2Fsrc HTTP/1.1" 200 3457 "-" "Mozilla/5.0 AppleWebKit/537.36 (KHTML, like Gecko; compatible; ClaudeBot/1.0; +claudebot@anthropic.com)"
52.14.232.226 - - [19/Mar/2025:12:57:03 +0000] "GET /wp-includes/cookie/index.php?lokasie=%2Fproc%2Fself%2Froot%2Fproc%2Fself%2Froot%2Fusr%2Flib64%2Fpython3.11%2Fwsgiref%2F__pycache__%2Futil.cpython-311.opt-2.pyc&loknya=%2Fproc%2Fself%2Froot%2Fproc%2Fself%2Froot%2Fusr%2Flib64%2Fpython3.11%2Fwsgiref%2F__pycache__ HTTP/1.1" 200 1871 "-" "Mozilla/5.0 AppleWebKit/537.36 (KHTML, like Gecko; compatible; ClaudeBot/1.0; +claudebot@anthropic.com)"
52.14.232.226 - - [19/Mar/2025:12:57:04 +0000] "GET /wp-includes/cookie/index.php?lokasie=%2Fproc%2F178069%2Froot%2Fusr%2Flocal%2Fsitepad%2Fload.php&loknya=%2Fproc%2F178069%2Froot%2Fusr%2Flocal%2Fsitepad HTTP/1.1" 200 2322 "-" "Mozilla/5.0 AppleWebKit/537.36 (KHTML, like Gecko; compatible; ClaudeBot/1.0; +claudebot@anthropic.com)"
170.10.163.108 - - [19/Mar/2025:12:57:13 +0000] "POST /wp-admin/admin-ajax.php?action=async_litespeed&nonce=6pJcTlPK7yRCggwD3Do2pz57uy3v1LWH&litespeed_type=imgoptm HTTP/1.1" 200 5 "-" "WordPress/6.7.2; https://www.abranoticias.com"
66.249.73.128 - - [19/Mar/2025:12:57:20 +0000] "GET /safe_search/config?return_url=%2Fproduct%2Fdetail%2FSHFLY19465263 HTTP/1.1" 200 19149 "-" "Mozilla/5.0 (Linux; Android 6.0.1; Nexus 5X Build/MMB29P) AppleWebKit/537.36 (KHTML, like Gecko) Chrome/133.0.6943.141 Mobile Safari/537.36 (compatible; Googlebot/2.1; +http://www.google.com/bot.html)"
66.249.73.128 - - [19/Mar/2025:12:57:24 +0000] "GET /352913647.htm HTTP/1.1" 200 21961 "-" "Mozilla/5.0 (Linux; Android 6.0.1; Nexus 5X Build/MMB29P) AppleWebKit/537.36 (KHTML, like Gecko) Chrome/133.0.6943.141 Mobile Safari/537.36 (compatible; Googlebot/2.1; +http://www.google.com/bot.html)"
66.249.73.128 - - [19/Mar/2025:12:57:25 +0000] "GET /product/edit/DUV36313409 HTTP/1.1" 200 18220 "-" "Mozilla/5.0 (Linux; Android 6.0.1; Nexus 5X Build/MMB29P) AppleWebKit/537.36 (KHTML, like Gecko) Chrome/133.0.6943.141 Mobile Safari/537.36 (compatible; Googlebot/2.1; +http://www.google.com/bot.html)"
66.249.73.128 - - [19/Mar/2025:12:57:28 +0000] "GET /pcmypage?callback=product%2Fdetail%2FGWS56268202 HTTP/1.1" 200 19938 "-" "Mozilla/5.0 (Linux; Android 6.0.1; Nexus 5X Build/MMB29P) AppleWebKit/537.36 (KHTML, like Gecko) Chrome/133.0.6943.141 Mobile Safari/537.36 (compatible; Googlebot/2.1; +http://www.google.com/bot.html)"
66.249.65.40 - - [19/Mar/2025:12:57:37 +0000] "GET /tag/narino/ HTTP/1.1" 200 20494 "-" "Mozilla/5.0 (compatible; Googlebot/2.1; +http://www.google.com/bot.html)"
66.249.73.128 - - [19/Mar/2025:12:57:37 +0000] "GET /240580741.htm HTTP/1.1" 200 19124 "-" "Mozilla/5.0 (Linux; Android 6.0.1; Nexus 5X Build/MMB29P) AppleWebKit/537.36 (KHTML, like Gecko) Chrome/133.0.6943.141 Mobile Safari/537.36 (compatible; Googlebot/2.1; +http://www.google.com/bot.html)"
66.249.65.40 - - [19/Mar/2025:12:57:41 +0000] "POST /get-message-notify HTTP/1.1" 200 19384 "https://www.abranoticias.com/tag/narino/" "Mozilla/5.0 AppleWebKit/537.36 (KHTML, like Gecko; compatible; Googlebot/2.1; +http://www.google.com/bot.html) Chrome/133.0.6943.141 Safari/537.36"
66.249.65.41 - - [19/Mar/2025:12:57:07 +0000] "GET /pcmypage?callback=product%2Fdetail%2FNMU57267570 HTTP/1.1" 200 19374 "-" "Mozilla/5.0 (Linux; Android 6.0.1; Nexus 5X Build/MMB29P) AppleWebKit/537.36 (KHTML, like Gecko) Chrome/133.0.6943.141 Mobile Safari/537.36 (compatible; GoogleOther)"
66.249.65.40 - - [19/Mar/2025:12:57:12 +0000] "GET /search?category=&search_word=&restrict[]=person_id(int)=EYSMQ HTTP/1.1" 200 20107 "-" "Mozilla/5.0 (Linux; Android 6.0.1; Nexus 5X Build/MMB29P) AppleWebKit/537.36 (KHTML, like Gecko) Chrome/133.0.6943.141 Mobile Safari/537.36 (compatible; Googlebot/2.1; +http://www.google.com/bot.html)"
66.249.73.128 - - [19/Mar/2025:12:57:12 +0000] "GET /product/edit/TLUON2001549 HTTP/1.1" 200 19435 "-" "Mozilla/5.0 (Linux; Android 6.0.1; Nexus 5X Build/MMB29P) AppleWebKit/537.36 (KHTML, like Gecko) Chrome/133.0.6943.141 Mobile Safari/537.36 (compatible; Googlebot/2.1; +http://www.google.com/bot.html)"
217.113.194.214 - - [19/Mar/2025:12:57:14 +0000] "GET /2021/06/06/en-pasto-exigen-explicaciones-por-desabastecimiento-de-gas-hay-paso-intermitente/ HTTP/1.1" 200 25031 "-" "Mozilla/5.0 (compatible; Barkrowler/0.9; +https://babbar.tech/crawler)"
217.113.194.214 - - [19/Mar/2025:12:57:30 +0000] "GET /2021/01/23/ejercito-captura-a-presunta-disidente-en-ipiales-delinquia-en-popayan/ HTTP/1.1" 200 24340 "-" "Mozilla/5.0 (compatible; Barkrowler/0.9; +https://babbar.tech/crawler)"
66.249.65.40 - - [19/Mar/2025:12:57:37 +0000] "GET /category/judicial/ HTTP/1.1" 200 23797 "-" "Mozilla/5.0 (compatible; Googlebot/2.1; +http://www.google.com/bot.html)"
170.10.163.108 - - [19/Mar/2025:12:57:51 +0000] "POST /wp-cron.php?doing_wp_cron=1742389071.1500740051269531250000 HTTP/1.1" 200 0 "-" "WordPress/6.7.2; https://www.abranoticias.com"
66.249.65.40 - - [19/Mar/2025:12:57:53 +0000] "GET /pcmypage?callback=product/review/DOS49519833 HTTP/1.1" 200 18660 "-" "Mozilla/5.0 (Linux; Android 6.0.1; Nexus 5X Build/MMB29P) AppleWebKit/537.36 (KHTML, like Gecko) Chrome/133.0.6943.141 Mobile Safari/537.36 (compatible; Googlebot/2.1; +http://www.google.com/bot.html)"
66.249.73.128 - - [19/Mar/2025:12:57:53 +0000] "GET /pcmypage?callback=product/review/FPT35518720 HTTP/1.1" 200 19078 "-" "Mozilla/5.0 (Linux; Android 6.0.1; Nexus 5X Build/MMB29P) AppleWebKit/537.36 (KHTML, like Gecko) Chrome/133.0.6943.141 Mobile Safari/537.36 (compatible; Googlebot/2.1; +http://www.google.com/bot.html)"
185.191.171.14 - - [19/Mar/2025:12:57:56 +0000] "GET /tag/world-travel-awards/ HTTP/1.1" 200 22764 "-" "Mozilla/5.0 (compatible; SemrushBot/7~bl; +http://www.semrush.com/bot.html)"
51.222.253.16 - - [19/Mar/2025:12:57:57 +0000] "GET /19464349.htm HTTP/1.1" 404 13564 "-" "Mozilla/5.0 (compatible; AhrefsBot/7.0; +http://ahrefs.com/robot/)"
66.249.65.41 - - [19/Mar/2025:12:57:59 +0000] "GET /tag/mercado-el-potrerillo/ HTTP/1.1" 200 18718 "-" "Mozilla/5.0 (compatible; Googlebot/2.1; +http://www.google.com/bot.html)"
66.249.65.40 - - [19/Mar/2025:12:58:02 +0000] "GET /tag/moto/ HTTP/1.1" 200 20480 "-" "Mozilla/5.0 (compatible; Googlebot/2.1; +http://www.google.com/bot.html)"
66.249.65.41 - - [19/Mar/2025:12:58:02 +0000] "POST /get-message-notify HTTP/1.1" 200 19382 "https://www.abranoticias.com/tag/ipiales/" "Mozilla/5.0 AppleWebKit/537.36 (KHTML, like Gecko; compatible; Googlebot/2.1; +http://www.google.com/bot.html) Chrome/133.0.6943.141 Safari/537.36"
66.249.73.129 - - [19/Mar/2025:12:58:07 +0000] "GET /safe_search/config?return_url=%2Fproduct%2Fdetail%2FYKQNS127958495 HTTP/1.1" 200 19306 "-" "Mozilla/5.0 (Linux; Android 6.0.1; Nexus 5X Build/MMB29P) AppleWebKit/537.36 (KHTML, like Gecko) Chrome/133.0.6943.141 Mobile Safari/537.36 (compatible; Googlebot/2.1; +http://www.google.com/bot.html)"
66.249.65.40 - - [19/Mar/2025:12:58:08 +0000] "POST /get-message-notify HTTP/1.1" 200 19382 "https://www.abranoticias.com/tag/comfamiliar-de-narino/" "Mozilla/5.0 AppleWebKit/537.36 (KHTML, like Gecko; compatible; Googlebot/2.1; +http://www.google.com/bot.html) Chrome/133.0.6943.141 Safari/537.36"
66.249.65.40 - - [19/Mar/2025:12:57:43 +0000] "POST /get-message-notify HTTP/1.1" 200 19382 "https://www.abranoticias.com/category/judicial/" "Mozilla/5.0 AppleWebKit/537.36 (KHTML, like Gecko; compatible; Googlebot/2.1; +http://www.google.com/bot.html) Chrome/133.0.6943.141 Safari/537.36"
66.249.65.40 - - [19/Mar/2025:12:57:47 +0000] "POST /get-message-notify HTTP/1.1" 200 19382 "https://www.abranoticias.com/" "Mozilla/5.0 AppleWebKit/537.36 (KHTML, like Gecko; compatible; Googlebot/2.1; +http://www.google.com/bot.html) Chrome/133.0.6943.141 Safari/537.36"
85.208.96.207 - - [19/Mar/2025:12:57:50 +0000] "GET /2024/04/08/identificaron-a-victima-que-fue-atropellado-en-via-de-ipiales/ HTTP/1.1" 200 24467 "-" "Mozilla/5.0 (compatible; SemrushBot/7~bl; +http://www.semrush.com/bot.html)"
66.249.73.128 - - [19/Mar/2025:12:57:53 +0000] "GET /311230327.htm HTTP/1.1" 200 22665 "-" "Mozilla/5.0 (Linux; Android 6.0.1; Nexus 5X Build/MMB29P) AppleWebKit/537.36 (KHTML, like Gecko) Chrome/133.0.6943.141 Mobile Safari/537.36 (compatible; Googlebot/2.1; +http://www.google.com/bot.html)"
66.249.73.128 - - [19/Mar/2025:12:57:56 +0000] "GET /pcmypage?callback=/product%2Fdetail%2FKVHXL90746990 HTTP/1.1" 200 19717 "-" "Mozilla/5.0 (Linux; Android 6.0.1; Nexus 5X Build/MMB29P) AppleWebKit/537.36 (KHTML, like Gecko) Chrome/133.0.6943.141 Mobile Safari/537.36 (compatible; Googlebot/2.1; +http://www.google.com/bot.html)"
66.249.65.40 - - [19/Mar/2025:12:57:59 +0000] "GET /tag/ipiales/ HTTP/1.1" 200 19225 "-" "Mozilla/5.0 (compatible; Googlebot/2.1; +http://www.google.com/bot.html)"
85.208.96.201 - - [19/Mar/2025:12:58:00 +0000] "GET /2021/01/11/investigan-homicidio-de-3-personas-en-leiva/ HTTP/1.1" 200 24490 "-" "Mozilla/5.0 (compatible; SemrushBot/7~bl; +http://www.semrush.com/bot.html)"
217.113.194.214 - - [19/Mar/2025:12:58:02 +0000] "GET /2021/06/08/marcharan-en-conmemoracion-al-estudiante-caido-esto-dice-primera-linea-en-pasto/ HTTP/1.1" 200 24654 "-" "Mozilla/5.0 (compatible; Barkrowler/0.9; +https://babbar.tech/crawler)"
40.77.167.7 - - [19/Mar/2025:12:58:06 +0000] "GET /?s=service+bihar+plus HTTP/1.1" 200 19052 "-" "Mozilla/5.0 AppleWebKit/537.36 (KHTML, like Gecko; compatible; bingbot/2.0; +http://www.bing.com/bingbot.htm) Chrome/116.0.1938.76 Safari/537.36"
66.249.65.40 - - [19/Mar/2025:12:58:06 +0000] "POST /get-message-notify HTTP/1.1" 200 19382 "https://www.abranoticias.com/category/noticias/" "Mozilla/5.0 AppleWebKit/537.36 (KHTML, like Gecko; compatible; Googlebot/2.1; +http://www.google.com/bot.html) Chrome/133.0.6943.141 Safari/537.36"
170.10.163.108 - - [19/Mar/2025:12:58:09 +0000] "POST /wp-cron.php?doing_wp_cron=1742389089.5162029266357421875000 HTTP/1.1" 200 0 "-" "WordPress/6.7.2; https://www.abranoticias.com"
66.249.65.40 - - [19/Mar/2025:12:58:10 +0000] "POST /get-message-notify HTTP/1.1" 200 19382 "https://www.abranoticias.com/tag/moto/" "Mozilla/5.0 AppleWebKit/537.36 (KHTML, like Gecko; compatible; Googlebot/2.1; +http://www.google.com/bot.html) Chrome/133.0.6943.141 Safari/537.36"
146.247.137.97 - - [19/Mar/2025:12:58:09 +0000] "GET /category/entretenimiento/ HTTP/1.1" 200 25229 "-" "Mozilla/5.0 (Macintosh; Intel Mac OS X 10_9_2) AppleWebKit/537.36 (KHTML, like Gecko) Chrome/34.0.1847.131 Safari/537.36"
66.249.65.40 - - [19/Mar/2025:12:58:13 +0000] "GET /search?category=&search_word=&restrict[]=person_id(int)=JURS HTTP/1.1" 200 20061 "-" "Mozilla/5.0 (Linux; Android 6.0.1; Nexus 5X Build/MMB29P) AppleWebKit/537.36 (KHTML, like Gecko) Chrome/133.0.6943.141 Mobile Safari/537.36 (compatible; Googlebot/2.1; +http://www.google.com/bot.html)"
66.249.73.128 - - [19/Mar/2025:12:58:19 +0000] "GET /search?category=&search_word=&restrict[]=person_id(int)=DWRC HTTP/1.1" 200 19733 "-" "Mozilla/5.0 (Linux; Android 6.0.1; Nexus 5X Build/MMB29P) AppleWebKit/537.36 (KHTML, like Gecko) Chrome/133.0.6943.141 Mobile Safari/537.36 (compatible; Googlebot/2.1; +http://www.google.com/bot.html)"
66.249.73.129 - - [19/Mar/2025:12:57:11 +0000] "GET /88787659.htm HTTP/1.1" 200 19473 "-" "Mozilla/5.0 (Linux; Android 6.0.1; Nexus 5X Build/MMB29P) AppleWebKit/537.36 (KHTML, like Gecko) Chrome/133.0.6943.141 Mobile Safari/537.36 (compatible; Googlebot/2.1; +http://www.google.com/bot.html)"
66.249.73.128 - - [19/Mar/2025:12:57:11 +0000] "GET /safe_search/config?return_url=%2Fproduct%2Fdetail%2FYFOI76588250 HTTP/1.1" 200 19309 "-" "Mozilla/5.0 (Linux; Android 6.0.1; Nexus 5X Build/MMB29P) AppleWebKit/537.36 (KHTML, like Gecko) Chrome/133.0.6943.141 Mobile Safari/537.36 (compatible; Googlebot/2.1; +http://www.google.com/bot.html)"
66.249.65.40 - - [19/Mar/2025:12:57:20 +0000] "GET /search?category=&search_word=&restrict[]=person_id(int)=HIWLP HTTP/1.1" 200 20008 "-" "Mozilla/5.0 (Linux; Android 6.0.1; Nexus 5X Build/MMB29P) AppleWebKit/537.36 (KHTML, like Gecko) Chrome/133.0.6943.141 Mobile Safari/537.36 (compatible; Googlebot/2.1; +http://www.google.com/bot.html)"
66.249.65.40 - - [19/Mar/2025:12:57:24 +0000] "GET /pcmypage?callback=product%2Fdetail%2FMTHI73256066 HTTP/1.1" 200 20398 "-" "Mozilla/5.0 (Linux; Android 6.0.1; Nexus 5X Build/MMB29P) AppleWebKit/537.36 (KHTML, like Gecko) Chrome/133.0.6943.141 Mobile Safari/537.36 (compatible; Googlebot/2.1; +http://www.google.com/bot.html)"
66.249.65.40 - - [19/Mar/2025:12:57:38 +0000] "GET / HTTP/1.1" 200 23327 "-" "Mozilla/5.0 (compatible; Googlebot/2.1; +http://www.google.com/bot.html)"
66.249.73.128 - - [19/Mar/2025:12:57:41 +0000] "GET /safe_search/config?return_url=%2Fproduct%2Fdetail%2FMFYW46811484 HTTP/1.1" 200 21639 "-" "Mozilla/5.0 (Linux; Android 6.0.1; Nexus 5X Build/MMB29P) AppleWebKit/537.36 (KHTML, like Gecko) Chrome/133.0.6943.141 Mobile Safari/537.36 (compatible; Googlebot/2.1; +http://www.google.com/bot.html)"
66.249.65.40 - - [19/Mar/2025:12:57:45 +0000] "GET /pcmypage?callback=product/review/ZSDN105737874 HTTP/1.1" 200 20734 "-" "Mozilla/5.0 (Linux; Android 6.0.1; Nexus 5X Build/MMB29P) AppleWebKit/537.36 (KHTML, like Gecko) Chrome/133.0.6943.141 Mobile Safari/537.36 (compatible; Googlebot/2.1; +http://www.google.com/bot.html)"
170.10.163.108 - - [19/Mar/2025:12:57:47 +0000] "POST /wp-cron.php?doing_wp_cron=1742389067.2541921138763427734375 HTTP/1.1" 200 0 "-" "WordPress/6.7.2; https://www.abranoticias.com"
217.113.194.221 - - [19/Mar/2025:12:57:46 +0000] "GET /2021/06/08/despidieron-a-periodista-indigena-en-cauca-victima-de-ataque-guerrillero/amp/ HTTP/1.1" 301 0 "-" "Mozilla/5.0 (compatible; Barkrowler/0.9; +https://babbar.tech/crawler)"
66.249.65.41 - - [19/Mar/2025:12:57:59 +0000] "GET /category/noticias/ HTTP/1.1" 200 19567 "-" "Mozilla/5.0 (compatible; Googlebot/2.1; +http://www.google.com/bot.html)"
66.249.73.130 - - [19/Mar/2025:12:58:02 +0000] "GET /226295365.htm HTTP/1.1" 200 20262 "-" "Mozilla/5.0 (Linux; Android 6.0.1; Nexus 5X Build/MMB29P) AppleWebKit/537.36 (KHTML, like Gecko) Chrome/133.0.6943.141 Mobile Safari/537.36 (compatible; Googlebot/2.1; +http://www.google.com/bot.html)"
66.249.65.40 - - [19/Mar/2025:12:58:02 +0000] "GET /tag/comfamiliar-de-narino/ HTTP/1.1" 200 19319 "-" "Mozilla/5.0 (compatible; Googlebot/2.1; +http://www.google.com/bot.html)"
66.249.65.40 - - [19/Mar/2025:12:58:06 +0000] "POST /get-message-notify HTTP/1.1" 200 19384 "https://www.abranoticias.com/tag/mercado-el-potrerillo/" "Mozilla/5.0 AppleWebKit/537.36 (KHTML, like Gecko; compatible; Googlebot/2.1; +http://www.google.com/bot.html) Chrome/133.0.6943.141 Safari/537.36"
85.208.96.209 - - [19/Mar/2025:12:58:08 +0000] "GET /2023/01/05/festival-de-danzas-se-vivio-el-3-de-enero-en-sibundoy-putumayo/ HTTP/1.1" 200 23906 "-" "Mozilla/5.0 (compatible; SemrushBot/7~bl; +http://www.semrush.com/bot.html)"
146.247.137.97 - - [19/Mar/2025:12:58:09 +0000] "GET /category/judicial/ HTTP/1.1" 200 24692 "-" "Mozilla/5.0 (X11; Linux x86_64; rv:29.0) Gecko/20100101 Firefox/29.0"
217.113.194.221 - - [19/Mar/2025:12:58:18 +0000] "GET /2021/02/23/en-pasto-cerraron-chiquiteca-y-capturan-a-mujer-asistian-menores/amp/ HTTP/1.1" 301 0 "-" "Mozilla/5.0 (compatible; Barkrowler/0.9; +https://babbar.tech/crawler)"
66.249.73.128 - - [19/Mar/2025:12:58:27 +0000] "GET /pcmypage?callback=product%2Fdetail%2FPYNW186535243 HTTP/1.1" 200 22158 "-" "Mozilla/5.0 (Linux; Android 6.0.1; Nexus 5X Build/MMB29P) AppleWebKit/537.36 (KHTML, like Gecko) Chrome/133.0.6943.141 Mobile Safari/537.36 (compatible; Googlebot/2.1; +http://www.google.com/bot.html)"
66.249.73.128 - - [19/Mar/2025:12:58:31 +0000] "GET /137076151.htm HTTP/1.1" 200 19874 "-" "Mozilla/5.0 (Linux; Android 6.0.1; Nexus 5X Build/MMB29P) AppleWebKit/537.36 (KHTML, like Gecko) Chrome/133.0.6943.141 Mobile Safari/537.36 (compatible; Googlebot/2.1; +http://www.google.com/bot.html)"
66.249.73.128 - - [19/Mar/2025:12:58:35 +0000] "GET /safe_search/config?return_url=%2Fproduct%2Fdetail%2FNDRE127828277 HTTP/1.1" 200 18026 "-" "Mozilla/5.0 (Linux; Android 6.0.1; Nexus 5X Build/MMB29P) AppleWebKit/537.36 (KHTML, like Gecko) Chrome/133.0.6943.141 Mobile Safari/537.36 (compatible; Googlebot/2.1; +http://www.google.com/bot.html)"
202.243.64.189 - - [19/Mar/2025:12:58:42 +0000] "GET /pcmypage?callback=product%2Fdetail%2FHBXS36184251 HTTP/1.1" 200 305 "https://www.google.com/" "Mozilla/5.0 (Windows NT 10.0; Win64; x64; rv:137.0) Gecko/20100101 Firefox/137.0"
66.249.65.40 - - [19/Mar/2025:12:58:43 +0000] "GET /pcmypage?callback=/product%2Fdetail%2FTYIUO96309571 HTTP/1.1" 200 19828 "-" "Mozilla/5.0 (Linux; Android 6.0.1; Nexus 5X Build/MMB29P) AppleWebKit/537.36 (KHTML, like Gecko) Chrome/133.0.6943.141 Mobile Safari/537.36 (compatible; Googlebot/2.1; +http://www.google.com/bot.html)"
66.249.65.40 - - [19/Mar/2025:12:58:52 +0000] "GET /safe_search/config?return_url=%2Fproduct%2Fdetail%2FMZL232430072 HTTP/1.1" 200 18571 "-" "Mozilla/5.0 (Linux; Android 6.0.1; Nexus 5X Build/MMB29P) AppleWebKit/537.36 (KHTML, like Gecko) Chrome/133.0.6943.141 Mobile Safari/537.36 (compatible; Googlebot/2.1; +http://www.google.com/bot.html)"
66.249.65.40 - - [19/Mar/2025:12:59:01 +0000] "GET /297207823.shtml HTTP/1.1" 200 19676 "-" "Mozilla/5.0 (Linux; Android 6.0.1; Nexus 5X Build/MMB29P) AppleWebKit/537.36 (KHTML, like Gecko) Chrome/133.0.6943.141 Mobile Safari/537.36 (compatible; Googlebot/2.1; +http://www.google.com/bot.html)"
66.249.73.129 - - [19/Mar/2025:12:59:09 +0000] "GET /safe_search/config?return_url=%2Fproduct%2Fdetail%2FOFR11779332 HTTP/1.1" 200 19788 "-" "Mozilla/5.0 (Linux; Android 6.0.1; Nexus 5X Build/MMB29P) AppleWebKit/537.36 (KHTML, like Gecko) Chrome/133.0.6943.141 Mobile Safari/537.36 (compatible; Googlebot/2.1; +http://www.google.com/bot.html)"
66.249.73.128 - - [19/Mar/2025:12:59:09 +0000] "GET /333125851.htm HTTP/1.1" 200 19753 "-" "Mozilla/5.0 (Linux; Android 6.0.1; Nexus 5X Build/MMB29P) AppleWebKit/537.36 (KHTML, like Gecko) Chrome/133.0.6943.141 Mobile Safari/537.36 (compatible; Googlebot/2.1; +http://www.google.com/bot.html)"
146.247.137.97 - - [19/Mar/2025:12:59:18 +0000] "GET /category/mundo/ HTTP/1.1" 200 25375 "-" "Mozilla/5.0 (Windows NT 6.1; WOW64) AppleWebKit/537.36 (KHTML, like Gecko) Chrome/34.0.1847.131 Safari/537.36"
66.249.73.128 - - [19/Mar/2025:12:59:21 +0000] "GET /safe_search/config?return_url=%2Fproduct%2Fdetail%2FCOT16281709 HTTP/1.1" 200 18894 "-" "Mozilla/5.0 (Linux; Android 6.0.1; Nexus 5X Build/MMB29P) AppleWebKit/537.36 (KHTML, like Gecko) Chrome/133.0.6943.141 Mobile Safari/537.36 (compatible; Googlebot/2.1; +http://www.google.com/bot.html)"
185.191.171.5 - - [19/Mar/2025:12:59:22 +0000] "GET /tag/cristo-rey/ HTTP/1.1" 200 22707 "-" "Mozilla/5.0 (compatible; SemrushBot/7~bl; +http://www.semrush.com/bot.html)"
66.249.73.128 - - [19/Mar/2025:12:59:26 +0000] "GET /pcmypage?callback=product%2Fdetail%2FWGHM12748670 HTTP/1.1" 200 20532 "-" "Mozilla/5.0 (Linux; Android 6.0.1; Nexus 5X Build/MMB29P) AppleWebKit/537.36 (KHTML, like Gecko) Chrome/133.0.6943.141 Mobile Safari/537.36 (compatible; Googlebot/2.1; +http://www.google.com/bot.html)"
114.119.129.22 - - [19/Mar/2025:12:58:09 +0000] "GET /tag/bombon HTTP/1.1" 301 0 "https://www.abranoticias.com/tag/comuna-cinco" "Mozilla/5.0 (Linux; Android 7.0;) AppleWebKit/537.36 (KHTML, like Gecko) Mobile Safari/537.36 (compatible; PetalBot;+https://webmaster.petalsearch.com/site/petalbot)"
170.10.163.108 - - [19/Mar/2025:12:58:12 +0000] "POST /wp-admin/admin-ajax.php?action=async_litespeed&nonce=HvBVU5XvEhgb7a9Zf75SBpA5QiDjJ0rq&litespeed_type=imgoptm HTTP/1.1" 200 5 "-" "WordPress/6.7.2; https://www.abranoticias.com"
114.119.129.22 - - [19/Mar/2025:12:58:14 +0000] "GET /tag/bombon/ HTTP/1.1" 200 22643 "https://www.abranoticias.com/tag/comuna-cinco" "Mozilla/5.0 (Linux; Android 7.0;) AppleWebKit/537.36 (KHTML, like Gecko) Mobile Safari/537.36 (compatible; PetalBot;+https://webmaster.petalsearch.com/site/petalbot)"
217.113.194.219 - - [19/Mar/2025:12:58:34 +0000] "GET /2021/07/02/en-yacuanquer-denuncian-que-conductores-transitan-como-locos-y-causan-accidentes/ HTTP/1.1" 200 24303 "-" "Mozilla/5.0 (compatible; Barkrowler/0.9; +https://babbar.tech/crawler)"
170.10.163.108 - - [19/Mar/2025:12:58:41 +0000] "POST /wp-cron.php?doing_wp_cron=1742389121.1060938835144042968750 HTTP/1.1" 200 0 "-" "WordPress/6.7.2; https://www.abranoticias.com"
34.221.134.33 - - [19/Mar/2025:12:58:40 +0000] "GET / HTTP/1.1" 200 25680 "-" "Mozilla/5.0 (X11; Ubuntu; Linux x86_64; rv:80.0) Gecko/20100101 Firefox/80.0"
66.249.73.128 - - [19/Mar/2025:12:58:48 +0000] "GET /302911807.htm HTTP/1.1" 200 19200 "-" "Mozilla/5.0 (Linux; Android 6.0.1; Nexus 5X Build/MMB29P) AppleWebKit/537.36 (KHTML, like Gecko) Chrome/133.0.6943.141 Mobile Safari/537.36 (compatible; Googlebot/2.1; +http://www.google.com/bot.html)"
2a03:2880:15ff:71:: - - [19/Mar/2025:12:58:48 +0000] "GET /2021/09/21/investigan-doble-homicidio-de-mujeres-en-samaniego-victimas-fueron-identificadas/ HTTP/1.1" 200 24131 "-" "facebookexternalhit/1.1 (+http://www.facebook.com/externalhit_uatext.php)"
66.249.73.128 - - [19/Mar/2025:12:58:52 +0000] "GET /pcmypage?callback=product%2Fdetail%2FLKAB54809807 HTTP/1.1" 200 19045 "-" "Mozilla/5.0 (Linux; Android 6.0.1; Nexus 5X Build/MMB29P) AppleWebKit/537.36 (KHTML, like Gecko) Chrome/133.0.6943.141 Mobile Safari/537.36 (compatible; Googlebot/2.1; +http://www.google.com/bot.html)"
66.249.65.40 - - [19/Mar/2025:12:58:58 +0000] "POST /get-message-notify HTTP/1.1" 200 19385 "https://www.abranoticias.com/pcmypage?callback=product%2Fdetail%2FXEDC80709570" "Mozilla/5.0 (Linux; Android 6.0.1; Nexus 5X Build/MMB29P) AppleWebKit/537.36 (KHTML, like Gecko) Chrome/133.0.6943.141 Mobile Safari/537.36 (compatible; Googlebot/2.1; +http://www.google.com/bot.html)"
66.249.73.130 - - [19/Mar/2025:12:59:05 +0000] "GET /386417173.htm HTTP/1.1" 200 20907 "-" "Mozilla/5.0 (Linux; Android 6.0.1; Nexus 5X Build/MMB29P) AppleWebKit/537.36 (KHTML, like Gecko) Chrome/133.0.6943.141 Mobile Safari/537.36 (compatible; Googlebot/2.1; +http://www.google.com/bot.html)"
170.10.163.108 - - [19/Mar/2025:12:59:07 +0000] "POST /wp-cron.php?doing_wp_cron=1742389147.5826570987701416015625 HTTP/1.1" 200 0 "-" "WordPress/6.7.2; https://www.abranoticias.com"
170.10.163.108 - - [19/Mar/2025:12:59:08 +0000] "POST /wp-admin/admin-ajax.php?action=async_litespeed&nonce=fmwo76cP5Q6wZNixD0wPHu1Gv1IvTIug&litespeed_type=imgoptm HTTP/1.1" 200 5 "-" "WordPress/6.7.2; https://www.abranoticias.com"
217.113.194.220 - - [19/Mar/2025:12:59:22 +0000] "GET /2021/05/03/denuncian-inspeccion-de-policia-de-tangua-impidio-cosechar-y-vender-papa/ HTTP/1.1" 200 26620 "-" "Mozilla/5.0 (compatible; Barkrowler/0.9; +https://babbar.tech/crawler)"
66.249.65.40 - - [19/Mar/2025:12:59:26 +0000] "GET /safe_search/config?return_url=%2Fproduct%2Fdetail%2FQDRE54547222 HTTP/1.1" 200 19232 "-" "Mozilla/5.0 (Linux; Android 6.0.1; Nexus 5X Build/MMB29P) AppleWebKit/537.36 (KHTML, like Gecko) Chrome/133.0.6943.141 Mobile Safari/537.36 (compatible; Googlebot/2.1; +http://www.google.com/bot.html)"
66.249.65.101 - - [19/Mar/2025:12:58:27 +0000] "GET /safe_search/config?return_url=%2Fproduct%2Fdetail%2FRJK162915995 HTTP/1.1" 200 18895 "-" "Mozilla/5.0 (Linux; Android 6.0.1; Nexus 5X Build/MMB29P) AppleWebKit/537.36 (KHTML, like Gecko) Chrome/133.0.6943.141 Mobile Safari/537.36 (compatible; Googlebot/2.1; +http://www.google.com/bot.html)"
40.77.167.7 - - [19/Mar/2025:12:58:47 +0000] "GET /?s=add+s+to+brush+gramme HTTP/1.1" 200 18976 "-" "Mozilla/5.0 AppleWebKit/537.36 (KHTML, like Gecko; compatible; bingbot/2.0; +http://www.bing.com/bingbot.htm) Chrome/116.0.1938.76 Safari/537.36"
66.249.65.40 - - [19/Mar/2025:12:58:50 +0000] "GET /pcmypage?callback=product%2Fdetail%2FXEDC80709570 HTTP/1.1" 200 19256 "-" "Mozilla/5.0 (Linux; Android 6.0.1; Nexus 5X Build/MMB29P) AppleWebKit/537.36 (KHTML, like Gecko) Chrome/133.0.6943.141 Mobile Safari/537.36 (compatible; GoogleOther)"
170.10.163.108 - - [19/Mar/2025:12:58:51 +0000] "POST /wp-cron.php?doing_wp_cron=1742389131.5969629287719726562500 HTTP/1.1" 200 0 "-" "WordPress/6.7.2; https://www.abranoticias.com"
217.113.194.213 - - [19/Mar/2025:12:58:50 +0000] "GET /2021/05/09/polemica-alcalde-de-puerres-aparecio-con-sisben-en-pobreza-extrema/amp/ HTTP/1.1" 301 0 "-" "Mozilla/5.0 (compatible; Barkrowler/0.9; +https://babbar.tech/crawler)"
217.113.194.213 - - [19/Mar/2025:12:59:06 +0000] "GET /2021/09/28/en-ipiales-docentes-no-salieron-al-paro-se-quedaron-dictando-clases/amp/ HTTP/1.1" 301 0 "-" "Mozilla/5.0 (compatible; Barkrowler/0.9; +https://babbar.tech/crawler)"
66.249.65.40 - - [19/Mar/2025:12:59:17 +0000] "GET /search?category=&search_word=&restrict[]=person_id(int)=GIPTJ HTTP/1.1" 200 18291 "-" "Mozilla/5.0 (Linux; Android 6.0.1; Nexus 5X Build/MMB29P) AppleWebKit/537.36 (KHTML, like Gecko) Chrome/133.0.6943.141 Mobile Safari/537.36 (compatible; Googlebot/2.1; +http://www.google.com/bot.html)"
66.249.73.128 - - [19/Mar/2025:12:59:21 +0000] "GET /245231779.htm HTTP/1.1" 200 19813 "-" "Mozilla/5.0 (Linux; Android 6.0.1; Nexus 5X Build/MMB29P) AppleWebKit/537.36 (KHTML, like Gecko) Chrome/133.0.6943.141 Mobile Safari/537.36 (compatible; Googlebot/2.1; +http://www.google.com/bot.html)"
66.249.65.40 - - [19/Mar/2025:12:59:21 +0000] "GET /72494559.shtml HTTP/1.1" 200 20222 "-" "Mozilla/5.0 (Linux; Android 6.0.1; Nexus 5X Build/MMB29P) AppleWebKit/537.36 (KHTML, like Gecko) Chrome/133.0.6943.141 Mobile Safari/537.36 (compatible; Googlebot/2.1; +http://www.google.com/bot.html)"
114.119.146.244 - - [19/Mar/2025:12:59:24 +0000] "GET /tag/bomberos-tulcan/amp/ HTTP/1.1" 301 0 "https://www.abranoticias.com/2024/02/13/nina-desaparecida-desde-el-2023-la-hallan-sin-vida-en-tulcan-ecuador/amp/" "Mozilla/5.0 (Linux; Android 7.0;) AppleWebKit/537.36 (KHTML, like Gecko) Mobile Safari/537.36 (compatible; PetalBot;+https://webmaster.petalsearch.com/site/petalbot)"
66.249.73.128 - - [19/Mar/2025:12:59:26 +0000] "GET /pcmypage?callback=/product%2Fdetail%2FNWYLT7579133 HTTP/1.1" 200 19857 "-" "Mozilla/5.0 (Linux; Android 6.0.1; Nexus 5X Build/MMB29P) AppleWebKit/537.36 (KHTML, like Gecko) Chrome/133.0.6943.141 Mobile Safari/537.36 (compatible; Googlebot/2.1; +http://www.google.com/bot.html)"
170.10.163.108 - - [19/Mar/2025:12:59:40 +0000] "POST /wp-cron.php?doing_wp_cron=1742389180.6901040077209472656250 HTTP/1.1" 200 0 "-" "WordPress/6.7.2; https://www.abranoticias.com"
18.221.85.236 - - [19/Mar/2025:12:59:51 +0000] "GET /wp-includes/cookie/index.php?lokasie=%2Fproc%2F178069%2Froot%2Fusr%2Finclude%2Fevent2%2Fevent-config-64.h&loknya=%2Fproc%2F178069%2Froot%2Fusr%2Finclude%2Fevent2 HTTP/1.1" 200 5291 "-" "Mozilla/5.0 AppleWebKit/537.36 (KHTML, like Gecko; compatible; ClaudeBot/1.0; +claudebot@anthropic.com)"
18.221.85.236 - - [19/Mar/2025:12:59:52 +0000] "GET /wp-includes/cookie/index.php?lokasie=%2Fproc%2Fself%2Froot%2Fproc%2Fself%2Froot%2Fusr%2Fshare%2Fperl5%2F%2Fcharnames.pm&loknya=%2Fproc%2Fself%2Froot%2Fproc%2Fself%2Froot%2Fusr%2Fshare%2Fperl5%2F HTTP/1.1" 200 9904 "-" "Mozilla/5.0 AppleWebKit/537.36 (KHTML, like Gecko; compatible; ClaudeBot/1.0; +claudebot@anthropic.com)"
18.221.85.236 - - [19/Mar/2025:12:59:53 +0000] "GET /wp-includes/cookie/index.php?lokasie=%2Fproc%2F178069%2Froot%2Flib64%2Fpython2.7%2Flib2to3%2Fmain.pyo&loknya=%2Fproc%2F178069%2Froot%2Flib64%2Fpython2.7%2Flib2to3 HTTP/1.1" 200 1816 "-" "Mozilla/5.0 AppleWebKit/537.36 (KHTML, like Gecko; compatible; ClaudeBot/1.0; +claudebot@anthropic.com)"
18.221.85.236 - - [19/Mar/2025:12:59:54 +0000] "GET /wp-includes/cookie/index.php?lokasie=%2Fproc%2F178069%2Froot%2Fusr%2Flib64%2Fperl5%2Fsyslog.ph&loknya=%2Fproc%2F178069%2Froot%2Fusr%2Flib64%2Fperl5 HTTP/1.1" 200 1868 "-" "Mozilla/5.0 AppleWebKit/537.36 (KHTML, like Gecko; compatible; ClaudeBot/1.0; +claudebot@anthropic.com)"
66.249.73.128 - - [19/Mar/2025:12:59:55 +0000] "GET /pcmypage?callback=product%2Fdetail%2FNER28528232 HTTP/1.1" 200 18723 "-" "Mozilla/5.0 (Linux; Android 6.0.1; Nexus 5X Build/MMB29P) AppleWebKit/537.36 (KHTML, like Gecko) Chrome/133.0.6943.141 Mobile Safari/537.36 (compatible; Googlebot/2.1; +http://www.google.com/bot.html)"
18.221.85.236 - - [19/Mar/2025:12:59:56 +0000] "GET /wp-includes/cookie/index.php?lokasie=%2Fproc%2F178069%2Froot%2Fusr%2Finclude%2Fncurses%2Fcurses.h&loknya=%2Fproc%2F178069%2Froot%2Fusr%2Finclude%2Fncurses HTTP/1.1" 200 21980 "-" "Mozilla/5.0 AppleWebKit/537.36 (KHTML, like Gecko; compatible; ClaudeBot/1.0; +claudebot@anthropic.com)"
170.10.163.108 - - [19/Mar/2025:12:59:56 +0000] "POST /wp-cron.php?doing_wp_cron=1742389196.7245550155639648437500 HTTP/1.1" 200 0 "-" "WordPress/6.7.2; https://www.abranoticias.com"
217.113.194.213 - - [19/Mar/2025:12:59:56 +0000] "GET /2021/02/19/mujeres-deben-asistir-a-citologias-para-detectar-virus-y-evitar-cancer/amp/ HTTP/1.1" 301 0 "-" "Mozilla/5.0 (compatible; Barkrowler/0.9; +https://babbar.tech/crawler)"
18.221.85.236 - - [19/Mar/2025:12:59:57 +0000] "GET /wp-includes/cookie/index.php?lokasie=%2Fproc%2F178069%2Froot%2Flib64%2Fpython2.7%2Fimportlib%2F__init__.py&loknya=%2Fproc%2F178069%2Froot%2Flib64%2Fpython2.7%2Fimportlib HTTP/1.1" 200 2426 "-" "Mozilla/5.0 AppleWebKit/537.36 (KHTML, like Gecko; compatible; ClaudeBot/1.0; +claudebot@anthropic.com)"
18.221.85.236 - - [19/Mar/2025:12:59:58 +0000] "GET /wp-includes/cookie/index.php?lokasie=%2Fproc%2Fself%2Froot%2Fproc%2Fself%2Froot%2Flib%2Fpython3.6%2Fsite-packages%2F%2Fnftables-0.1-py3.6.egg-info&loknya=%2Fproc%2Fself%2Froot%2Fproc%2Fself%2Froot%2Flib%2Fpython3.6%2Fsite-packages%2F HTTP/1.1" 200 2142 "-" "Mozilla/5.0 AppleWebKit/537.36 (KHTML, like Gecko; compatible; ClaudeBot/1.0; +claudebot@anthropic.com)"
18.221.85.236 - - [19/Mar/2025:12:59:59 +0000] "GET /wp-includes/cookie/index.php?lokasie=%2Fproc%2F178069%2Froot%2Flib64%2Fpython2.7%2Fdistutils%2Funixccompiler.pyo&loknya=%2Fproc%2F178069%2Froot%2Flib64%2Fpython2.7%2Fdistutils HTTP/1.1" 200 1826 "-" "Mozilla/5.0 AppleWebKit/537.36 (KHTML, like Gecko; compatible; ClaudeBot/1.0; +claudebot@anthropic.com)"
18.221.85.236 - - [19/Mar/2025:13:00:00 +0000] "GET /wp-includes/cookie/index.php?lokasie=%2Fproc%2Fself%2Froot%2Flib%2Fpython3.6%2Fsite-packages%2Ftuned%2Fprofiles%2F__init__.py&loknya=%2Fproc%2Fself%2Froot%2Flib%2Fpython3.6%2Fsite-packages%2Ftuned%2Fprofiles HTTP/1.1" 200 1907 "-" "Mozilla/5.0 AppleWebKit/537.36 (KHTML, like Gecko; compatible; ClaudeBot/1.0; +claudebot@anthropic.com)"
18.221.85.236 - - [19/Mar/2025:13:00:01 +0000] "GET /wp-includes/cookie/index.php?lokasie=%2Fproc%2F178069%2Froot%2Fusr%2Flib%2Fsystemd%2Fsystemd&loknya=%2Fproc%2F178069%2Froot%2Fusr%2Flib%2Fsystemd HTTP/1.1" 200 1807 "-" "Mozilla/5.0 AppleWebKit/537.36 (KHTML, like Gecko; compatible; ClaudeBot/1.0; +claudebot@anthropic.com)"
18.221.85.236 - - [19/Mar/2025:13:00:02 +0000] "GET /wp-includes/cookie/index.php?lokasie=%2Fproc%2Fself%2Froot%2Fproc%2Fself%2Froot%2Fusr%2Flib%2Fpython3.6%2Fsite-packages%2Fsix-1.11.0.dist-info%2FINSTALLER&loknya=%2Fproc%2Fself%2Froot%2Fproc%2Fself%2Froot%2Fusr%2Flib%2Fpython3.6%2Fsite-packages%2Fsix-1.11.0.dist-info HTTP/1.1" 200 1870 "-" "Mozilla/5.0 AppleWebKit/537.36 (KHTML, like Gecko; compatible; ClaudeBot/1.0; +claudebot@anthropic.com)"
85.208.96.208 - - [19/Mar/2025:12:59:25 +0000] "GET /tag/fuentes-gonzalez/ HTTP/1.1" 200 22722 "-" "Mozilla/5.0 (compatible; SemrushBot/7~bl; +http://www.semrush.com/bot.html)"
114.119.146.244 - - [19/Mar/2025:12:59:25 +0000] "GET /2020/09/08/amplian-convocatoria-que-entrega-becas-de-formacion-y-dotacion-a-iniciativas-bibliotecarias/ HTTP/1.1" 200 25151 "https://www.abranoticias.com/2024/02/13/nina-desaparecida-desde-el-2023-la-hallan-sin-vida-en-tulcan-ecuador/amp/" "Mozilla/5.0 (Linux; Android 7.0;) AppleWebKit/537.36 (KHTML, like Gecko) Mobile Safari/537.36 (compatible; PetalBot;+https://webmaster.petalsearch.com/site/petalbot)"
66.249.73.128 - - [19/Mar/2025:12:59:35 +0000] "GET /351319873.htm HTTP/1.1" 200 21890 "-" "Mozilla/5.0 (Linux; Android 6.0.1; Nexus 5X Build/MMB29P) AppleWebKit/537.36 (KHTML, like Gecko) Chrome/133.0.6943.141 Mobile Safari/537.36 (compatible; Googlebot/2.1; +http://www.google.com/bot.html)"
66.249.73.128 - - [19/Mar/2025:12:59:39 +0000] "GET /safe_search/config?return_url=%2Fproduct%2Fdetail%2FEKJBP141510661 HTTP/1.1" 200 20836 "-" "Mozilla/5.0 (Linux; Android 6.0.1; Nexus 5X Build/MMB29P) AppleWebKit/537.36 (KHTML, like Gecko) Chrome/133.0.6943.141 Mobile Safari/537.36 (compatible; Googlebot/2.1; +http://www.google.com/bot.html)"
185.191.171.7 - - [19/Mar/2025:12:59:38 +0000] "GET /tag/santa-barbara/ HTTP/1.1" 200 24891 "-" "Mozilla/5.0 (compatible; SemrushBot/7~bl; +http://www.semrush.com/bot.html)"
217.113.194.213 - - [19/Mar/2025:12:59:39 +0000] "GET /2021/03/11/retroescabadora-sufrio-falla-mecanica-y-termino-volcado-en-ipiales/amp/ HTTP/1.1" 301 0 "-" "Mozilla/5.0 (compatible; Barkrowler/0.9; +https://babbar.tech/crawler)"
66.249.65.40 - - [19/Mar/2025:12:59:43 +0000] "GET /pcmypage?callback=product%2Fdetail%2FAML2758210 HTTP/1.1" 200 19688 "-" "Mozilla/5.0 (Linux; Android 6.0.1; Nexus 5X Build/MMB29P) AppleWebKit/537.36 (KHTML, like Gecko) Chrome/133.0.6943.141 Mobile Safari/537.36 (compatible; Googlebot/2.1; +http://www.google.com/bot.html)"
66.249.73.128 - - [19/Mar/2025:12:59:51 +0000] "GET /25652209.htm HTTP/1.1" 200 19948 "-" "Mozilla/5.0 (Linux; Android 6.0.1; Nexus 5X Build/MMB29P) AppleWebKit/537.36 (KHTML, like Gecko) Chrome/133.0.6943.141 Mobile Safari/537.36 (compatible; Googlebot/2.1; +http://www.google.com/bot.html)"
18.221.85.236 - - [19/Mar/2025:12:59:55 +0000] "GET /wp-includes/cookie/index.php?lokasie=%2Fproc%2Fself%2Froot%2Fproc%2Fself%2Froot%2Fusr%2Flib%2Fsystemd%2F%2Fsystemd-vconsole-setup&loknya=%2Fproc%2Fself%2Froot%2Fproc%2Fself%2Froot%2Fusr%2Flib%2Fsystemd%2F HTTP/1.1" 200 1829 "-" "Mozilla/5.0 AppleWebKit/537.36 (KHTML, like Gecko; compatible; ClaudeBot/1.0; +claudebot@anthropic.com)"
66.249.73.128 - - [19/Mar/2025:12:59:59 +0000] "GET /153307093.htm HTTP/1.1" 200 18753 "-" "Mozilla/5.0 (Linux; Android 6.0.1; Nexus 5X Build/MMB29P) AppleWebKit/537.36 (KHTML, like Gecko) Chrome/133.0.6943.141 Mobile Safari/537.36 (compatible; Googlebot/2.1; +http://www.google.com/bot.html)"
18.221.85.236 - - [19/Mar/2025:13:00:05 +0000] "GET /wp-includes/cookie/index.php?lokasie=%2Fproc%2Fself%2Froot%2Fproc%2Fself%2Froot%2Fopt%2Fcpanel%2Fea-nodejs18%2Finclude%2Fnode%2F%2Fv8-unwinder.h&loknya=%2Fproc%2Fself%2Froot%2Fproc%2Fself%2Froot%2Fopt%2Fcpanel%2Fea-nodejs18%2Finclude%2Fnode%2F HTTP/1.1" 200 3811 "-" "Mozilla/5.0 AppleWebKit/537.36 (KHTML, like Gecko; compatible; ClaudeBot/1.0; +claudebot@anthropic.com)"
18.221.85.236 - - [19/Mar/2025:13:00:08 +0000] "GET /wp-includes/cookie/index.php?lokasie=%2Fproc%2Fself%2Froot%2Fproc%2Fself%2Froot%2Fusr%2Fshare%2Fperl5%2F%2FEnglish.pm&loknya=%2Fproc%2Fself%2Froot%2Fproc%2Fself%2Froot%2Fusr%2Fshare%2Fperl5%2F HTTP/1.1" 200 3933 "-" "Mozilla/5.0 AppleWebKit/537.36 (KHTML, like Gecko; compatible; ClaudeBot/1.0; +claudebot@anthropic.com)"
18.221.85.236 - - [19/Mar/2025:13:00:03 +0000] "GET /wp-includes/cookie/index.php?lokasie=%2Fproc%2Fself%2Froot%2Fproc%2Fself%2Froot%2Fusr%2Fshare%2Fperl5%2F%2Fstrict.pm&loknya=%2Fproc%2Fself%2Froot%2Fproc%2Fself%2Froot%2Fusr%2Fshare%2Fperl5%2F HTTP/1.1" 200 3991 "-" "Mozilla/5.0 AppleWebKit/537.36 (KHTML, like Gecko; compatible; ClaudeBot/1.0; +claudebot@anthropic.com)"
18.221.85.236 - - [19/Mar/2025:13:00:04 +0000] "GET /wp-includes/cookie/index.php?loknya=%2Fproc%2Fself%2Froot%2Fproc%2Fself%2Froot%2Fusr%2Flib%2Fpython3.6%2Fsite-packages%2Fdnspython-1.15.0-py3.6.egg-info&opsi=scanr HTTP/1.1" 200 1938 "-" "Mozilla/5.0 AppleWebKit/537.36 (KHTML, like Gecko; compatible; ClaudeBot/1.0; +claudebot@anthropic.com)"
18.221.85.236 - - [19/Mar/2025:13:00:06 +0000] "GET /wp-includes/cookie/index.php?lokasie=%2Fproc%2F178069%2Froot%2Flib64%2Fpython2.7%2Flib2to3%2FGrammar2.7.18.final.0.pickle&loknya=%2Fproc%2F178069%2Froot%2Flib64%2Fpython2.7%2Flib2to3 HTTP/1.1" 200 1832 "-" "Mozilla/5.0 AppleWebKit/537.36 (KHTML, like Gecko; compatible; ClaudeBot/1.0; +claudebot@anthropic.com)"
18.221.85.236 - - [19/Mar/2025:13:00:07 +0000] "GET /wp-includes/cookie/index.php?lokasie=%2Fproc%2Fself%2Froot%2Fproc%2Fself%2Froot%2Fusr%2Flib64%2Fperl5%2F%2FConfig.pm&loknya=%2Fproc%2Fself%2Froot%2Fproc%2Fself%2Froot%2Fusr%2Flib64%2Fperl5%2F HTTP/1.1" 200 3308 "-" "Mozilla/5.0 AppleWebKit/537.36 (KHTML, like Gecko; compatible; ClaudeBot/1.0; +claudebot@anthropic.com)"
18.221.85.236 - - [19/Mar/2025:13:00:09 +0000] "GET /wp-includes/cookie/index.php?lokasie=%2Fproc%2Fself%2Froot%2Fproc%2Fself%2Froot%2Fusr%2Fshare%2Fperl5%2F%2FURI.pm&loknya=%2Fproc%2Fself%2Froot%2Fproc%2Fself%2Froot%2Fusr%2Fshare%2Fperl5%2F HTTP/1.1" 200 13644 "-" "Mozilla/5.0 AppleWebKit/537.36 (KHTML, like Gecko; compatible; ClaudeBot/1.0; +claudebot@anthropic.com)"
2001:f72:6da0:e00:8916:70aa:dd46:54ef - - [19/Mar/2025:13:00:09 +0000] "GET /382678123.htm HTTP/1.1" 200 330 "https://www.google.com/" "Mozilla/5.0 (Macintosh; Intel Mac OS X 10_15_7) AppleWebKit/537.36 (KHTML, like Gecko) Chrome/134.0.0.0 Safari/537.36"
18.221.85.236 - - [19/Mar/2025:13:00:10 +0000] "GET /wp-includes/cookie/index.php?lokasie=%2Fproc%2F178069%2Froot%2Flib64%2Fpython2.7%2Fdistutils%2Fspawn.pyo&loknya=%2Fproc%2F178069%2Froot%2Flib64%2Fpython2.7%2Fdistutils HTTP/1.1" 200 1817 "-" "Mozilla/5.0 AppleWebKit/537.36 (KHTML, like Gecko; compatible; ClaudeBot/1.0; +claudebot@anthropic.com)"
18.221.85.236 - - [19/Mar/2025:13:00:11 +0000] "GET /wp-includes/cookie/index.php?lokasie=%2Fproc%2Fself%2Froot%2Fproc%2Fself%2Froot%2Fusr%2Fshare%2Fperl5%2F%2Fif.pm&loknya=%2Fproc%2Fself%2Froot%2Fproc%2Fself%2Froot%2Fusr%2Fshare%2Fperl5%2F HTTP/1.1" 200 3479 "-" "Mozilla/5.0 AppleWebKit/537.36 (KHTML, like Gecko; compatible; ClaudeBot/1.0; +claudebot@anthropic.com)"
18.221.85.236 - - [19/Mar/2025:13:00:12 +0000] "GET /wp-includes/cookie/index.php?loknya=%2Fproc%2Fself%2Froot%2Flib%2Fpython3.6%2Fsite-packages%2Fpip%2F_vendor%2Fwebencodings HTTP/1.1" 200 2571 "-" "Mozilla/5.0 AppleWebKit/537.36 (KHTML, like Gecko; compatible; ClaudeBot/1.0; +claudebot@anthropic.com)"
170.10.163.108 - - [19/Mar/2025:13:00:13 +0000] "POST /wp-cron.php?doing_wp_cron=1742389213.0948839187622070312500 HTTP/1.1" 200 0 "-" "WordPress/6.7.2; https://www.abranoticias.com"
66.249.65.42 - - [19/Mar/2025:13:00:12 +0000] "GET /pcmypage?callback=product/review/QREK26346068 HTTP/1.1" 200 19422 "-" "Mozilla/5.0 (Linux; Android 6.0.1; Nexus 5X Build/MMB29P) AppleWebKit/537.36 (KHTML, like Gecko) Chrome/133.0.6943.141 Mobile Safari/537.36 (compatible; Googlebot/2.1; +http://www.google.com/bot.html)"
47.82.11.140 - - [19/Mar/2025:13:00:11 +0000] "GET /tag/mais/ HTTP/1.1" 200 22995 "https://www.abranoticias.com/tag/mais/" "Mozilla/5.0 (Windows NT 10.0; Win64; x64) AppleWebKit/537.36 (KHTML, like Gecko) Chrome/114.0.0.0 Safari/537.36 Edg/114.0.1823.43"
