114.119.129.22 - - [19/Mar/2025:13:03:39 +0000] "GET /tag/bomberos-de-chachagui/amp/ HTTP/1.1" 301 0 "https://www.abranoticias.com/2020/06/25/controlan-incendio-en-vehiculo-de-empresa-d1-en-via-de-chachagui/amp/" "Mozilla/5.0 (Linux; Android 7.0;) AppleWebKit/537.36 (KHTML, like Gecko) Mobile Safari/537.36 (compatible; PetalBot;+https://webmaster.petalsearch.com/site/petalbot)"
3.16.10.2 - - [19/Mar/2025:13:03:40 +0000] "GET /wp-includes/cookie/index.php?lokasie=%2Fproc%2F178069%2Froot%2Flib64%2Fpython2.7%2Fidlelib%2FconfigDialog.pyo&loknya=%2Fproc%2F178069%2Froot%2Flib64%2Fpython2.7%2Fidlelib HTTP/1.1" 200 1821 "-" "Mozilla/5.0 AppleWebKit/537.36 (KHTML, like Gecko; compatible; ClaudeBot/1.0; +claudebot@anthropic.com)"
3.16.10.2 - - [19/Mar/2025:13:03:41 +0000] "GET /wp-includes/cookie/index.php?loknya=%2Fproc%2Fself%2Froot%2Fproc%2Fself%2Froot%2Fusr%2Flib%2Fpython3.6%2Fsite-packages%2Ftuned%2Futils HTTP/1.1" 200 2701 "-" "Mozilla/5.0 AppleWebKit/537.36 (KHTML, like Gecko; compatible; ClaudeBot/1.0; +claudebot@anthropic.com)"
3.16.10.2 - - [19/Mar/2025:13:03:42 +0000] "GET /wp-includes/cookie/index.php?lokasie=%2Fproc%2F178069%2Froot%2Fusr%2Finclude%2Fncurses%2Functrl.h&loknya=%2Fproc%2F178069%2Froot%2Fusr%2Finclude%2Fncurses HTTP/1.1" 200 3064 "-" "Mozilla/5.0 AppleWebKit/537.36 (KHTML, like Gecko; compatible; ClaudeBot/1.0; +claudebot@anthropic.com)"
3.16.10.2 - - [19/Mar/2025:13:03:43 +0000] "GET /wp-includes/cookie/index.php?loknya=%2Fproc%2Fself%2Froot%2Fproc%2Fself%2Froot%2Fopt%2Fcloudlinux%2Falt-php54%2Froot%2Fvar%2Flib%2Fphp&opsi=esyeem HTTP/1.1" 200 2069 "-" "Mozilla/5.0 AppleWebKit/537.36 (KHTML, like Gecko; compatible; ClaudeBot/1.0; +claudebot@anthropic.com)"
3.16.10.2 - - [19/Mar/2025:13:03:44 +0000] "GET /wp-includes/cookie/index.php?lokasie=%2Fproc%2Fself%2Froot%2Fproc%2Fself%2Froot%2Fusr%2Flib64%2Fperl5%2F%2FO.pm&loknya=%2Fproc%2Fself%2Froot%2Fproc%2Fself%2Froot%2Fusr%2Flib64%2Fperl5%2F HTTP/1.1" 200 3875 "-" "Mozilla/5.0 AppleWebKit/537.36 (KHTML, like Gecko; compatible; ClaudeBot/1.0; +claudebot@anthropic.com)"
3.16.10.2 - - [19/Mar/2025:13:03:45 +0000] "GET /wp-includes/cookie/index.php?lokasie=%2Fproc%2F178069%2Froot%2Fusr%2Finclude%2Fncursesw%2Fmenu.h&loknya=%2Fproc%2F178069%2Froot%2Fusr%2Finclude%2Fncursesw HTTP/1.1" 200 5028 "-" "Mozilla/5.0 AppleWebKit/537.36 (KHTML, like Gecko; compatible; ClaudeBot/1.0; +claudebot@anthropic.com)"
3.16.10.2 - - [19/Mar/2025:13:03:46 +0000] "GET /wp-includes/cookie/index.php?lokasie=%2Fproc%2F178069%2Froot%2Flib64%2Fpython3.11%2Fturtledemo%2Fround_dance.py&loknya=%2Fproc%2F178069%2Froot%2Flib64%2Fpython3.11%2Fturtledemo HTTP/1.1" 200 2677 "-" "Mozilla/5.0 AppleWebKit/537.36 (KHTML, like Gecko; compatible; ClaudeBot/1.0; +claudebot@anthropic.com)"
3.16.10.2 - - [19/Mar/2025:13:03:47 +0000] "GET /wp-includes/cookie/index.php?lokasie=%2Fproc%2F178069%2Froot%2Fusr%2Finclude%2Ffstrm%2Ftcp_writer.h&loknya=%2Fproc%2F178069%2Froot%2Fusr%2Finclude%2Ffstrm HTTP/1.1" 200 3177 "-" "Mozilla/5.0 AppleWebKit/537.36 (KHTML, like Gecko; compatible; ClaudeBot/1.0; +claudebot@anthropic.com)"
3.16.10.2 - - [19/Mar/2025:13:03:49 +0000] "GET /wp-includes/cookie/index.php?lokasie=%2Fproc%2Fself%2Froot%2Fproc%2Fself%2Froot%2Fusr%2Finclude%2Fjerror.h&loknya=%2Fproc%2Fself%2Froot%2Fproc%2Fself%2Froot%2Fusr%2Finclude HTTP/1.1" 200 6111 "-" "Mozilla/5.0 AppleWebKit/537.36 (KHTML, like Gecko; compatible; ClaudeBot/1.0; +claudebot@anthropic.com)"
85.208.96.193 - - [19/Mar/2025:13:03:48 +0000] "GET /tag/alex-florez-hernandez/ HTTP/1.1" 200 22737 "-" "Mozilla/5.0 (compatible; SemrushBot/7~bl; +http://www.semrush.com/bot.html)"
3.16.10.2 - - [19/Mar/2025:13:03:50 +0000] "GET /wp-includes/cookie/index.php?loknya=%2Fproc%2F178069%2Froot%2Fusr%2Flib%2Fjvm%2Fjre-1.8.0-openjdk HTTP/1.1" 200 2506 "-" "Mozilla/5.0 AppleWebKit/537.36 (KHTML, like Gecko; compatible; ClaudeBot/1.0; +claudebot@anthropic.com)"
3.16.10.2 - - [19/Mar/2025:13:03:51 +0000] "GET /wp-includes/cookie/index.php?lokasie=%2Fproc%2F178069%2Froot%2Flib64%2Fpython2.7%2Fidlelib%2Fhelp.txt&loknya=%2Fproc%2F178069%2Froot%2Flib64%2Fpython2.7%2Fidlelib HTTP/1.1" 200 6527 "-" "Mozilla/5.0 AppleWebKit/537.36 (KHTML, like Gecko; compatible; ClaudeBot/1.0; +claudebot@anthropic.com)"
3.16.10.2 - - [19/Mar/2025:13:03:52 +0000] "GET /wp-includes/cookie/index.php?lokasie=%2Fproc%2F178069%2Froot%2Flib%2Frpm%2Fmacros.d%2Fmacros.rust-srpm&loknya=%2Fproc%2F178069%2Froot%2Flib%2Frpm%2Fmacros.d HTTP/1.1" 200 1847 "-" "Mozilla/5.0 AppleWebKit/537.36 (KHTML, like Gecko; compatible; ClaudeBot/1.0; +claudebot@anthropic.com)"
3.16.10.2 - - [19/Mar/2025:13:03:53 +0000] "GET /wp-includes/cookie/index.php?lokasie=%2Fproc%2F178069%2Froot%2Fusr%2Finclude%2Fevent2%2Ftag.h&loknya=%2Fproc%2F178069%2Froot%2Fusr%2Finclude%2Fevent2 HTTP/1.1" 200 3589 "-" "Mozilla/5.0 AppleWebKit/537.36 (KHTML, like Gecko; compatible; ClaudeBot/1.0; +claudebot@anthropic.com)"
66.249.73.128 - - [19/Mar/2025:13:03:53 +0000] "GET /pcmypage?callback=product%2Fdetail%2FRCUVE258838418 HTTP/1.1" 200 21619 "-" "Mozilla/5.0 (Linux; Android 6.0.1; Nexus 5X Build/MMB29P) AppleWebKit/537.36 (KHTML, like Gecko) Chrome/133.0.6943.141 Mobile Safari/537.36 (compatible; Googlebot/2.1; +http://www.google.com/bot.html)"
3.16.10.2 - - [19/Mar/2025:13:03:54 +0000] "GET /wp-includes/cookie/index.php?loknya=%2Fproc%2Fself%2Froot%2Fproc%2Fself%2Froot%2Fopt%2Fcpanel%2Fea-php54%2Froot%2Fusr%2Fvar%2Flog%2Fphp-fpm HTTP/1.1" 200 2156 "-" "Mozilla/5.0 AppleWebKit/537.36 (KHTML, like Gecko; compatible; ClaudeBot/1.0; +claudebot@anthropic.com)"
3.16.10.2 - - [19/Mar/2025:13:03:55 +0000] "GET /wp-includes/cookie/index.php?lokasie=%2Fproc%2Fself%2Froot%2Fproc%2Fself%2Froot%2Fusr%2Finclude%2Fentities.h&loknya=%2Fproc%2Fself%2Froot%2Fproc%2Fself%2Froot%2Fusr%2Finclude HTTP/1.1" 200 3685 "-" "Mozilla/5.0 AppleWebKit/537.36 (KHTML, like Gecko; compatible; ClaudeBot/1.0; +claudebot@anthropic.com)"
3.16.10.2 - - [19/Mar/2025:13:03:56 +0000] "GET /wp-includes/cookie/index.php?lokasie=%2Fproc%2Fself%2Froot%2Fproc%2Fself%2Froot%2Fusr%2Finclude%2Fmath.h&loknya=%2Fproc%2Fself%2Froot%2Fproc%2Fself%2Froot%2Fusr%2Finclude HTTP/1.1" 200 12055 "-" "Mozilla/5.0 AppleWebKit/537.36 (KHTML, like Gecko; compatible; ClaudeBot/1.0; +claudebot@anthropic.com)"
3.16.10.2 - - [19/Mar/2025:13:03:57 +0000] "GET /wp-includes/cookie/index.php?lokasie=%2Fproc%2F178069%2Fcwd%2Fwp-includes%2Frest-api%2Ffields%2Ferror_log&loknya=%2Fproc%2F178069%2Fcwd%2Fwp-includes%2Frest-api%2Ffields HTTP/1.1" 200 2164 "-" "Mozilla/5.0 AppleWebKit/537.36 (KHTML, like Gecko; compatible; ClaudeBot/1.0; +claudebot@anthropic.com)"
66.249.73.128 - - [19/Mar/2025:13:03:58 +0000] "GET /279436621.htm HTTP/1.1" 200 20704 "-" "Mozilla/5.0 (Linux; Android 6.0.1; Nexus 5X Build/MMB29P) AppleWebKit/537.36 (KHTML, like Gecko) Chrome/133.0.6943.141 Mobile Safari/537.36 (compatible; Googlebot/2.1; +http://www.google.com/bot.html)"
3.16.10.2 - - [19/Mar/2025:13:03:58 +0000] "GET /wp-includes/cookie/index.php?lokasie=%2Fproc%2Fself%2Froot%2Fproc%2Fself%2Froot%2Fusr%2Flib%2Ffirmware%2Frealtek%2Frt1320%2Frt1320-patch-code-vc.bin&loknya=%2Fproc%2Fself%2Froot%2Fproc%2Fself%2Froot%2Fusr%2Flib%2Ffirmware%2Frealtek%2Frt1320 HTTP/1.1" 200 1856 "-" "Mozilla/5.0 AppleWebKit/537.36 (KHTML, like Gecko; compatible; ClaudeBot/1.0; +claudebot@anthropic.com)"
3.16.10.2 - - [19/Mar/2025:13:03:59 +0000] "GET /wp-includes/cookie/index.php?lokasie=%2Fproc%2F178069%2Froot%2Fusr%2Flib64%2Fperl5%2Fsyscall.ph&loknya=%2Fproc%2F178069%2Froot%2Fusr%2Flib64%2Fperl5 HTTP/1.1" 200 1862 "-" "Mozilla/5.0 AppleWebKit/537.36 (KHTML, like Gecko; compatible; ClaudeBot/1.0; +claudebot@anthropic.com)"
3.16.10.2 - - [19/Mar/2025:13:04:00 +0000] "GET /wp-includes/cookie/index.php?loknya=%2Fproc%2Fself%2Froot%2Fproc%2Fself%2Froot%2Fopt%2Fcpanel%2Fea-php54%2Froot%2Fusr%2Flib64%2Fphp%2Fmodules HTTP/1.1" 200 4124 "-" "Mozilla/5.0 AppleWebKit/537.36 (KHTML, like Gecko; compatible; ClaudeBot/1.0; +claudebot@anthropic.com)"
3.16.10.2 - - [19/Mar/2025:13:04:01 +0000] "GET /wp-includes/cookie/index.php?lokasie=%2Fproc%2Fself%2Froot%2Fproc%2Fself%2Froot%2Fusr%2Finclude%2Fpg_config_ext.h&loknya=%2Fproc%2Fself%2Froot%2Fproc%2Fself%2Froot%2Fusr%2Finclude HTTP/1.1" 200 2370 "-" "Mozilla/5.0 AppleWebKit/537.36 (KHTML, like Gecko; compatible; ClaudeBot/1.0; +claudebot@anthropic.com)"
3.16.10.2 - - [19/Mar/2025:13:04:02 +0000] "GET /wp-includes/cookie/index.php?lokasie=%2Fproc%2Fself%2Froot%2Fproc%2Fself%2Froot%2Fusr%2Flib%2Fsystemd%2F%2Fsystemd-cgroups-agent&loknya=%2Fproc%2Fself%2Froot%2Fproc%2Fself%2Froot%2Fusr%2Flib%2Fsystemd%2F HTTP/1.1" 200 1820 "-" "Mozilla/5.0 AppleWebKit/537.36 (KHTML, like Gecko; compatible; ClaudeBot/1.0; +claudebot@anthropic.com)"
3.16.10.2 - - [19/Mar/2025:13:04:03 +0000] "GET /wp-includes/cookie/index.php?lokasie=%2Fproc%2Fself%2Froot%2Fproc%2Fself%2Froot%2Fusr%2Flib%2Fsystemd%2F%2Fsystemd-shutdown&loknya=%2Fproc%2Fself%2Froot%2Fproc%2Fself%2Froot%2Fusr%2Flib%2Fsystemd%2F HTTP/1.1" 200 1818 "-" "Mozilla/5.0 AppleWebKit/537.36 (KHTML, like Gecko; compatible; ClaudeBot/1.0; +claudebot@anthropic.com)"
3.16.10.2 - - [19/Mar/2025:13:04:04 +0000] "GET /wp-includes/cookie/index.php?lokasie=%2Fproc%2F178069%2Froot%2Fusr%2Finclude%2FX11%2FXmd.h&loknya=%2Fproc%2F178069%2Froot%2Fusr%2Finclude%2FX11 HTTP/1.1" 200 3953 "-" "Mozilla/5.0 AppleWebKit/537.36 (KHTML, like Gecko; compatible; ClaudeBot/1.0; +claudebot@anthropic.com)"
3.16.10.2 - - [19/Mar/2025:13:04:05 +0000] "GET /wp-includes/cookie/index.php?lokasie=%2Fproc%2F178069%2Froot%2Fusr%2Finclude%2Fkrb5%2Fhostrealm_plugin.h&loknya=%2Fproc%2F178069%2Froot%2Fusr%2Finclude%2Fkrb5 HTTP/1.1" 200 3759 "-" "Mozilla/5.0 AppleWebKit/537.36 (KHTML, like Gecko; compatible; ClaudeBot/1.0; +claudebot@anthropic.com)"
3.16.10.2 - - [19/Mar/2025:13:04:06 +0000] "GET /wp-includes/cookie/index.php?lokasie=%2Fproc%2Fself%2Froot%2Fproc%2Fself%2Froot%2Fusr%2Finclude%2Fprintf.h&loknya=%2Fproc%2Fself%2Froot%2Fproc%2Fself%2Froot%2Fusr%2Finclude HTTP/1.1" 200 4414 "-" "Mozilla/5.0 AppleWebKit/537.36 (KHTML, like Gecko; compatible; ClaudeBot/1.0; +claudebot@anthropic.com)"
3.16.10.2 - - [19/Mar/2025:13:04:07 +0000] "GET /wp-includes/cookie/index.php?lokasie=%2Fproc%2F178069%2Froot%2Flib64%2Fpython2.7%2Fidlelib%2FAutoExpand.pyo&loknya=%2Fproc%2F178069%2Froot%2Flib64%2Fpython2.7%2Fidlelib HTTP/1.1" 200 1819 "-" "Mozilla/5.0 AppleWebKit/537.36 (KHTML, like Gecko; compatible; ClaudeBot/1.0; +claudebot@anthropic.com)"
3.16.10.2 - - [19/Mar/2025:13:04:08 +0000] "GET /wp-includes/cookie/index.php?loknya=%2Fproc%2Fself%2Froot%2Fproc%2Fself%2Froot%2Fopt%2Fcpanel%2Fea-php71%2Froot%2Fusr%2Fvar%2Flog%2Fphp-fpm HTTP/1.1" 200 2157 "-" "Mozilla/5.0 AppleWebKit/537.36 (KHTML, like Gecko; compatible; ClaudeBot/1.0; +claudebot@anthropic.com)"
3.16.10.2 - - [19/Mar/2025:13:04:09 +0000] "GET /wp-includes/cookie/index.php?lokasie=%2Fproc%2F178069%2Froot%2Fusr%2Flib64%2Fruby%2Fopenssl.so&loknya=%2Fproc%2F178069%2Froot%2Fusr%2Flib64%2Fruby HTTP/1.1" 200 1808 "-" "Mozilla/5.0 AppleWebKit/537.36 (KHTML, like Gecko; compatible; ClaudeBot/1.0; +claudebot@anthropic.com)"
3.16.10.2 - - [19/Mar/2025:13:04:10 +0000] "GET /wp-includes/cookie/index.php?loknya=%2Fproc%2Fself%2Froot%2Fproc%2Fself%2Froot%2Fopt%2Fcpanel%2Fea-php83%2Froot%2Fusr%2Fshare%2Fdoc%2Fpear HTTP/1.1" 200 2399 "-" "Mozilla/5.0 AppleWebKit/537.36 (KHTML, like Gecko; compatible; ClaudeBot/1.0; +claudebot@anthropic.com)"
66.249.73.129 - - [19/Mar/2025:13:04:10 +0000] "GET /159718225.htm HTTP/1.1" 200 20283 "-" "Mozilla/5.0 (Linux; Android 6.0.1; Nexus 5X Build/MMB29P) AppleWebKit/537.36 (KHTML, like Gecko) Chrome/133.0.6943.141 Mobile Safari/537.36 (compatible; Googlebot/2.1; +http://www.google.com/bot.html)"
3.16.10.2 - - [19/Mar/2025:13:04:11 +0000] "GET /wp-includes/cookie/index.php?lokasie=%2Fproc%2F178069%2Froot%2Flib64%2Fpython2.7%2Fplat-linux2%2Fregen&loknya=%2Fproc%2F178069%2Froot%2Flib64%2Fpython2.7%2Fplat-linux2 HTTP/1.1" 200 1939 "-" "Mozilla/5.0 AppleWebKit/537.36 (KHTML, like Gecko; compatible; ClaudeBot/1.0; +claudebot@anthropic.com)"
3.224.104.67 - - [19/Mar/2025:13:04:11 +0000] "GET /wp-includes/cookie/index.php?loknya=/opt/alt/php54/usr/share/pear/test/Security/Symfony/Component/Security/Core&opsi=scanr&opsidua=scansd&opsidua=scansd&opsidua=autoscan&opsidua=autoscan&opsidua=autoscan&opsidua=autoscan&opsidua=autoscan&opsidua=autoscan&opsidua=autoscan&opsidua=autoscan&opsidua=autoscan&opsidua=autoscan&opsidua=autoscan&opsidua=autoscan&opsidua=autoscan&opsidua=autoscan&opsidua=autoscan&opsidua=autoscan&opsidua=autoscan&opsidua=autoscan&opsidua=autoscan&opsidua=autoscan&opsidua=autoscan&opsidua=autoscan&opsidua=autoscan&opsidua=autoscan&opsidua=autoscan&opsidua=autoscan&opsidua=autoscan&opsidua=autoscan&opsidua=autoscan&opsidua=autoscan&opsidua=autoscan&opsidua=autoscan&opsidua=autoscan&opsidua=autoscan&opsidua=autoscan&opsidua=autoscan&opsidua=autoscan&opsidua=autoscan&opsidua=autoscan&opsidua=autoscan&opsidua=autoscan&opsidua=autoscan&opsidua=autoscan&opsidua=autoscan&opsidua=autoscan&opsidua=autoscan&opsidua=autoscan&opsidua=autoscan&opsidua=autoscan&opsidua=autoscan&opsidua=autoscan&opsidua=autoscan&opsidua=autoscan&opsidua=autoscan&opsidua=autoscan&opsidua=autoscan&opsidua=autoscan&opsidua=autoscan&opsidua=autoscan&opsidua=autoscan&opsidua=autoscan&opsidua=autoscan&opsidua=autoscan&opsidua=autoscan&opsidua=esg&opsidua=autoscan&opsidua=autoscan&opsidua=autoscan&opsidua=autoscan&opsidua=autoscan&opsidua=autoscan&opsidua=autoscan&opsidua=autoscan&opsidua=autoscan&opsidua=autoscan&opsidua=autoscan&opsidua=esg&opsidua=autoscan&opsidua=autoscan&opsidua=autoscan&opsidua=autoscan&opsidua=autoscan&opsidua=autoscan&opsidua=autoscan&opsidua=autoscan&opsidua=autoscan&opsidua=autoscan&opsidua=autoscan&opsidua=autoscan&opsidua=autoscan&opsidua=autoscan&opsidua=autoscan&opsidua=autoscan&opsidua=autoscan&opsidua=autoscan&opsidua=autoscan&opsidua=autoscan&opsidua=esg&opsidua=autoscan&opsidua=autoscan&opsidua=scansd&opsidua=esg HTTP/1.1" 200 1927 "-" "Mozilla/5.0 AppleWebKit/537.36 (KHTML, like Gecko; compatible; Amazonbot/0.1; +https://developer.amazon.com/support/amazonbot) Chrome/119.0.6045.214 Safari/537.36"
170.10.163.108 - - [19/Mar/2025:13:03:13 +0000] "POST /wp-admin/admin-ajax.php?action=async_litespeed&nonce=3dkxRzWrcCyyP3txhBVpeNdpLQqnIXE1&litespeed_type=imgoptm HTTP/1.1" 200 5 "-" "WordPress/6.7.2; https://www.abranoticias.com"
190.130.101.100 - - [19/Mar/2025:13:03:17 +0000] "GET /2025/03/16/en-ricaurte-a-joven-lo-sacan-de-un-bar-para-ultimarlo/?fbclid=IwY2xjawJHnwtleHRuA2FlbQIxMQABHXXKffgogC4OeHpdE-gLu-PQu2jIchrvs4YqCM0r1SKguQCxeJQ47rsDLA_aem_hQ9JHHTVHWW86D8VBdpbnQ HTTP/1.1" 200 24197 "https://lm.facebook.com/" "Mozilla/5.0 (Linux; Android 10; M2004J19C Build/QP1A.190711.020; wv) AppleWebKit/537.36 (KHTML, like Gecko) Version/4.0 Chrome/134.0.6998.92 Mobile Safari/537.36 [FB_IAB/FB4A;FBAV/504.0.0.69.64;IABMV/1;]"
66.249.65.40 - - [19/Mar/2025:13:03:21 +0000] "GET /safe_search/config?return_url=%2Fproduct%2Fdetail%2FNRJXS65642563 HTTP/1.1" 200 19641 "-" "Mozilla/5.0 (Linux; Android 6.0.1; Nexus 5X Build/MMB29P) AppleWebKit/537.36 (KHTML, like Gecko) Chrome/133.0.6943.141 Mobile Safari/537.36 (compatible; Googlebot/2.1; +http://www.google.com/bot.html)"
66.249.73.128 - - [19/Mar/2025:13:03:23 +0000] "GET /safe_search/config?return_url=%2Fproduct%2Fdetail%2FKXJIV49055080 HTTP/1.1" 200 18726 "-" "Mozilla/5.0 (Linux; Android 6.0.1; Nexus 5X Build/MMB29P) AppleWebKit/537.36 (KHTML, like Gecko) Chrome/133.0.6943.141 Mobile Safari/537.36 (compatible; Googlebot/2.1; +http://www.google.com/bot.html)"
66.249.65.40 - - [19/Mar/2025:13:03:30 +0000] "GET /pcmypage?callback=/product%2Fdetail%2FNYLB59254756 HTTP/1.1" 200 20949 "-" "Mozilla/5.0 (Linux; Android 6.0.1; Nexus 5X Build/MMB29P) AppleWebKit/537.36 (KHTML, like Gecko) Chrome/133.0.6943.141 Mobile Safari/537.36 (compatible; Googlebot/2.1; +http://www.google.com/bot.html)"
193.228.14.229 - - [19/Mar/2025:13:03:30 +0000] "GET /author/midiariodepasto/ HTTP/1.1" 200 24807 "-" "Mozilla/5.0 (Macintosh; Intel Mac OS X 10.15; rv:78.0) Gecko/20100101 Firefox/78.0"
52.1.157.90 - - [19/Mar/2025:13:03:34 +0000] "GET /category/deportes/ HTTP/1.1" 200 25518 "-" "Mozilla/5.0 AppleWebKit/537.36 (KHTML, like Gecko; compatible; Amazonbot/0.1; +https://developer.amazon.com/support/amazonbot) Chrome/119.0.6045.214 Safari/537.36"
170.10.163.108 - - [19/Mar/2025:13:03:41 +0000] "POST /wp-cron.php?doing_wp_cron=1742389421.1381111145019531250000 HTTP/1.1" 200 0 "-" "WordPress/6.7.2; https://www.abranoticias.com"
114.119.129.22 - - [19/Mar/2025:13:03:40 +0000] "GET /2020/09/08/amplian-convocatoria-que-entrega-becas-de-formacion-y-dotacion-a-iniciativas-bibliotecarias/ HTTP/1.1" 200 25151 "https://www.abranoticias.com/2020/06/25/controlan-incendio-en-vehiculo-de-empresa-d1-en-via-de-chachagui/amp/" "Mozilla/5.0 (Linux; Android 7.0;) AppleWebKit/537.36 (KHTML, like Gecko) Mobile Safari/537.36 (compatible; PetalBot;+https://webmaster.petalsearch.com/site/petalbot)"
217.113.194.220 - - [19/Mar/2025:13:03:45 +0000] "GET /2021/09/24/patrullas-varadas-en-tuquerres-por-falta-de-combustible-aumentan-atracos/ HTTP/1.1" 200 24749 "-" "Mozilla/5.0 (compatible; Barkrowler/0.9; +https://babbar.tech/crawler)"
8.29.198.25 - - [19/Mar/2025:13:03:59 +0000] "GET /feed/ HTTP/1.1" 200 9797 "-" "Feedly/1.0 (+https://feedly.com/poller.html; 1 subscribers; )"
217.113.194.220 - - [19/Mar/2025:13:04:01 +0000] "GET /2021/05/11/en-ipiales-indigenas-se-volveran-a-reunir-para-concertar-corredor-humanitario/amp/ HTTP/1.1" 301 0 "-" "Mozilla/5.0 (compatible; Barkrowler/0.9; +https://babbar.tech/crawler)"
170.10.163.108 - - [19/Mar/2025:13:04:08 +0000] "POST /wp-admin/admin-ajax.php?action=async_litespeed&nonce=2gWTL3jBT7U8dwEFocfhjzL5nHYrhd2U&litespeed_type=imgoptm HTTP/1.1" 200 5 "-" "WordPress/6.7.2; https://www.abranoticias.com"
66.249.65.40 - - [19/Mar/2025:13:04:10 +0000] "GET /pcmypage?callback=product/review/XHK14683128 HTTP/1.1" 200 19235 "-" "Mozilla/5.0 (Linux; Android 6.0.1; Nexus 5X Build/MMB29P) AppleWebKit/537.36 (KHTML, like Gecko) Chrome/133.0.6943.141 Mobile Safari/537.36 (compatible; Googlebot/2.1; +http://www.google.com/bot.html)"
3.16.10.2 - - [19/Mar/2025:13:04:12 +0000] "GET /wp-includes/cookie/index.php?loknya=%2Fproc%2Fself%2Froot%2Fproc%2Fself%2Froot%2Fopt%2Fcpanel%2Fea-php83%2Froot%2Fusr%2Fshare%2Flicenses%2Fea-php83-pear HTTP/1.1" 200 2444 "-" "Mozilla/5.0 AppleWebKit/537.36 (KHTML, like Gecko; compatible; ClaudeBot/1.0; +claudebot@anthropic.com)"
3.16.10.2 - - [19/Mar/2025:13:04:13 +0000] "GET /wp-includes/cookie/index.php?lokasie=%2Fproc%2F178069%2Froot%2Flib64%2Fpython2.7%2Fidlelib%2Ftabbedpages.pyo&loknya=%2Fproc%2F178069%2Froot%2Flib64%2Fpython2.7%2Fidlelib HTTP/1.1" 200 1816 "-" "Mozilla/5.0 AppleWebKit/537.36 (KHTML, like Gecko; compatible; ClaudeBot/1.0; +claudebot@anthropic.com)"
3.16.10.2 - - [19/Mar/2025:13:04:14 +0000] "GET /wp-includes/cookie/index.php?loknya=%2Fproc%2Fself%2Froot%2Fproc%2Fself%2Froot%2Fopt%2Fcloudlinux%2Falt-php71%2Froot%2Fetc%2Fmariadb105 HTTP/1.1" 200 2394 "-" "Mozilla/5.0 AppleWebKit/537.36 (KHTML, like Gecko; compatible; ClaudeBot/1.0; +claudebot@anthropic.com)"
52.54.15.103 - - [19/Mar/2025:13:04:15 +0000] "GET /wp-includes/cookie/index.php?loknya=/opt/alt/php54/usr/share/pear/test/Security/Symfony/Component/Security/Core&opsi=scanr&opsidua=scansd&opsidua=scansd&opsidua=autoscan&opsidua=autoscan&opsidua=autoscan&opsidua=autoscan&opsidua=autoscan&opsidua=autoscan&opsidua=autoscan&opsidua=autoscan&opsidua=autoscan&opsidua=autoscan&opsidua=autoscan&opsidua=autoscan&opsidua=autoscan&opsidua=autoscan&opsidua=autoscan&opsidua=autoscan&opsidua=autoscan&opsidua=autoscan&opsidua=autoscan&opsidua=autoscan&opsidua=autoscan&opsidua=autoscan&opsidua=autoscan&opsidua=autoscan&opsidua=autoscan&opsidua=autoscan&opsidua=autoscan&opsidua=autoscan&opsidua=autoscan&opsidua=autoscan&opsidua=autoscan&opsidua=autoscan&opsidua=autoscan&opsidua=autoscan&opsidua=autoscan&opsidua=autoscan&opsidua=autoscan&opsidua=autoscan&opsidua=autoscan&opsidua=autoscan&opsidua=autoscan&opsidua=autoscan&opsidua=autoscan&opsidua=autoscan&opsidua=autoscan&opsidua=autoscan&opsidua=autoscan&opsidua=autoscan&opsidua=autoscan&opsidua=autoscan&opsidua=autoscan&opsidua=autoscan&opsidua=autoscan&opsidua=autoscan&opsidua=autoscan&opsidua=autoscan&opsidua=autoscan&opsidua=autoscan&opsidua=autoscan&opsidua=autoscan&opsidua=autoscan&opsidua=autoscan&opsidua=autoscan&opsidua=autoscan&opsidua=esg&opsidua=autoscan&opsidua=autoscan&opsidua=autoscan&opsidua=autoscan&opsidua=autoscan&opsidua=autoscan&opsidua=autoscan&opsidua=autoscan&opsidua=autoscan&opsidua=autoscan&opsidua=autoscan&opsidua=scansd&opsidua=scansd HTTP/1.1" 200 1912 "-" "Mozilla/5.0 AppleWebKit/537.36 (KHTML, like Gecko; compatible; Amazonbot/0.1; +https://developer.amazon.com/support/amazonbot) Chrome/119.0.6045.214 Safari/537.36"
3.16.10.2 - - [19/Mar/2025:13:04:15 +0000] "GET /wp-includes/cookie/index.php?loknya=%2Fproc%2Fself%2Froot%2Fproc%2Fself%2Froot%2Fopt%2Fcpanel%2Fea-php83%2Froot%2Fusr%2Fshare%2Fghostscript&opsi=mdf HTTP/1.1" 200 1998 "-" "Mozilla/5.0 AppleWebKit/537.36 (KHTML, like Gecko; compatible; ClaudeBot/1.0; +claudebot@anthropic.com)"
3.16.10.2 - - [19/Mar/2025:13:04:16 +0000] "GET /wp-includes/cookie/index.php?loknya=%2Fproc%2Fself%2Froot%2Fproc%2Fself%2Froot%2Fopt%2Falt%2Fphp70%2Fusr%2Fshare%2Fdoc%2Fpear%2FArchive_Tar%2Fdocs&opsi=mdf HTTP/1.1" 200 2058 "-" "Mozilla/5.0 AppleWebKit/537.36 (KHTML, like Gecko; compatible; ClaudeBot/1.0; +claudebot@anthropic.com)"
3.16.10.2 - - [19/Mar/2025:13:04:17 +0000] "GET /wp-includes/cookie/index.php?loknya=%2Fproc%2F178069%2Froot%2Flib64%2Fpython3.11%2Fpydoc_data&opsi=mdf HTTP/1.1" 200 1950 "-" "Mozilla/5.0 AppleWebKit/537.36 (KHTML, like Gecko; compatible; ClaudeBot/1.0; +claudebot@anthropic.com)"
52.44.174.136 - - [19/Mar/2025:13:04:18 +0000] "GET /wp-includes/cookie/index.php?loknya=/opt/alt/php54/usr/share/pear/test/Security/Symfony/Component/Security/Core&opsi=scanr&opsidua=scansd&opsidua=scansd&opsidua=autoscan&opsidua=autoscan&opsidua=autoscan&opsidua=autoscan&opsidua=autoscan&opsidua=autoscan&opsidua=autoscan&opsidua=autoscan&opsidua=autoscan&opsidua=autoscan&opsidua=autoscan&opsidua=autoscan&opsidua=autoscan&opsidua=autoscan&opsidua=autoscan&opsidua=autoscan&opsidua=autoscan&opsidua=autoscan&opsidua=autoscan&opsidua=autoscan&opsidua=autoscan&opsidua=autoscan&opsidua=autoscan&opsidua=autoscan&opsidua=autoscan&opsidua=autoscan&opsidua=autoscan&opsidua=autoscan&opsidua=autoscan&opsidua=autoscan&opsidua=autoscan&opsidua=autoscan&opsidua=autoscan&opsidua=autoscan&opsidua=autoscan&opsidua=autoscan&opsidua=autoscan&opsidua=autoscan&opsidua=autoscan&opsidua=autoscan&opsidua=autoscan&opsidua=autoscan&opsidua=autoscan&opsidua=autoscan&opsidua=autoscan&opsidua=autoscan&opsidua=autoscan&opsidua=autoscan&opsidua=autoscan&opsidua=autoscan&opsidua=autoscan&opsidua=autoscan&opsidua=autoscan&opsidua=autoscan&opsidua=autoscan&opsidua=autoscan&opsidua=autoscan&opsidua=autoscan&opsidua=autoscan&opsidua=autoscan&opsidua=autoscan&opsidua=autoscan&opsidua=autoscan&opsidua=autoscan&opsidua=esg&opsidua=autoscan&opsidua=autoscan&opsidua=autoscan&opsidua=autoscan&opsidua=autoscan&opsidua=autoscan&opsidua=autoscan&opsidua=autoscan&opsidua=autoscan&opsidua=autoscan&opsidua=autoscan&opsidua=esg&opsidua=autoscan&opsidua=scansd&opsidua=scansd HTTP/1.1" 200 1920 "-" "Mozilla/5.0 AppleWebKit/537.36 (KHTML, like Gecko; compatible; Amazonbot/0.1; +https://developer.amazon.com/support/amazonbot) Chrome/119.0.6045.214 Safari/537.36"
3.16.10.2 - - [19/Mar/2025:13:04:19 +0000] "GET /wp-includes/cookie/index.php?lokasie=%2Fproc%2F178069%2Froot%2Fusr%2Flib64%2Fperl5%2Ffeatures.ph&loknya=%2Fproc%2F178069%2Froot%2Fusr%2Flib64%2Fperl5 HTTP/1.1" 200 4210 "-" "Mozilla/5.0 AppleWebKit/537.36 (KHTML, like Gecko; compatible; ClaudeBot/1.0; +claudebot@anthropic.com)"
3.16.10.2 - - [19/Mar/2025:13:04:21 +0000] "GET /wp-includes/cookie/index.php?lokasie=%2Fproc%2F178069%2Froot%2Fusr%2Flib64%2Fruby%2Fdigest.so&loknya=%2Fproc%2F178069%2Froot%2Fusr%2Flib64%2Fruby HTTP/1.1" 200 1809 "-" "Mozilla/5.0 AppleWebKit/537.36 (KHTML, like Gecko; compatible; ClaudeBot/1.0; +claudebot@anthropic.com)"
3.16.10.2 - - [19/Mar/2025:13:04:22 +0000] "GET /wp-includes/cookie/index.php?loknya=%2Fproc%2F178069%2Froot%2Fusr%2Finclude%2Flinux%2Fmmc HTTP/1.1" 200 2261 "-" "Mozilla/5.0 AppleWebKit/537.36 (KHTML, like Gecko; compatible; ClaudeBot/1.0; +claudebot@anthropic.com)"
3.16.10.2 - - [19/Mar/2025:13:04:25 +0000] "GET /wp-includes/cookie/index.php?lokasie=%2Fproc%2F178069%2Froot%2Fusr%2Finclude%2Fncursesw%2Fcurses.h&loknya=%2Fproc%2F178069%2Froot%2Fusr%2Finclude%2Fncursesw HTTP/1.1" 200 21977 "-" "Mozilla/5.0 AppleWebKit/537.36 (KHTML, like Gecko; compatible; ClaudeBot/1.0; +claudebot@anthropic.com)"
3.16.10.2 - - [19/Mar/2025:13:04:26 +0000] "GET /wp-includes/cookie/index.php?lokasie=%2Fproc%2Fself%2Froot%2Fproc%2Fself%2Froot%2Fusr%2Flib%2Fsystemd%2F%2Fsystemd-random-seed&loknya=%2Fproc%2Fself%2Froot%2Fproc%2Fself%2Froot%2Fusr%2Flib%2Fsystemd%2F HTTP/1.1" 200 1821 "-" "Mozilla/5.0 AppleWebKit/537.36 (KHTML, like Gecko; compatible; ClaudeBot/1.0; +claudebot@anthropic.com)"
66.249.73.128 - - [19/Mar/2025:13:04:27 +0000] "GET /81703561.htm HTTP/1.1" 200 19785 "-" "Mozilla/5.0 (Linux; Android 6.0.1; Nexus 5X Build/MMB29P) AppleWebKit/537.36 (KHTML, like Gecko) Chrome/133.0.6943.141 Mobile Safari/537.36 (compatible; Googlebot/2.1; +http://www.google.com/bot.html)"
3.16.10.2 - - [19/Mar/2025:13:04:28 +0000] "GET /wp-includes/cookie/index.php?lokasie=%2Fproc%2Fself%2Froot%2Fproc%2Fself%2Froot%2Fusr%2Finclude%2Fevutil.h&loknya=%2Fproc%2Fself%2Froot%2Fproc%2Fself%2Froot%2Fusr%2Finclude HTTP/1.1" 200 2758 "-" "Mozilla/5.0 AppleWebKit/537.36 (KHTML, like Gecko; compatible; ClaudeBot/1.0; +claudebot@anthropic.com)"
3.16.10.2 - - [19/Mar/2025:13:03:26 +0000] "GET /wp-includes/cookie/index.php?lokasie=%2Fproc%2F178069%2Froot%2Flib64%2Fpython3.6%2Femail%2Fcontentmanager.py&loknya=%2Fproc%2F178069%2Froot%2Flib64%2Fpython3.6%2Femail HTTP/1.1" 200 4978 "-" "Mozilla/5.0 AppleWebKit/537.36 (KHTML, like Gecko; compatible; ClaudeBot/1.0; +claudebot@anthropic.com)"
3.16.10.2 - - [19/Mar/2025:13:03:29 +0000] "GET /wp-includes/cookie/index.php?loknya=%2Fproc%2Fself%2Froot%2Fproc%2Fself%2Froot%2Fusr%2Flib%2Fpython3.6%2Fsite-packages%2Ffirewall&opsi=mdf HTTP/1.1" 200 1988 "-" "Mozilla/5.0 AppleWebKit/537.36 (KHTML, like Gecko; compatible; ClaudeBot/1.0; +claudebot@anthropic.com)"
3.16.10.2 - - [19/Mar/2025:13:03:32 +0000] "GET /wp-includes/cookie/index.php?lokasie=%2Fproc%2F178069%2Froot%2Flib64%2Fpython3.6%2Femail%2Ferrors.py&loknya=%2Fproc%2F178069%2Froot%2Flib64%2Fpython3.6%2Femail HTTP/1.1" 200 3131 "-" "Mozilla/5.0 AppleWebKit/537.36 (KHTML, like Gecko; compatible; ClaudeBot/1.0; +claudebot@anthropic.com)"
66.249.65.40 - - [19/Mar/2025:13:03:33 +0000] "POST /get-message-notify HTTP/1.1" 200 19383 "https://www.abranoticias.com/tag/comfamiliar-de-narino/" "Mozilla/5.0 AppleWebKit/537.36 (KHTML, like Gecko; compatible; Googlebot/2.1; +http://www.google.com/bot.html) Chrome/133.0.6943.141 Safari/537.36"
66.249.73.128 - - [19/Mar/2025:13:03:44 +0000] "GET /369746617.htm HTTP/1.1" 200 20453 "-" "Mozilla/5.0 (Linux; Android 6.0.1; Nexus 5X Build/MMB29P) AppleWebKit/537.36 (KHTML, like Gecko) Chrome/133.0.6943.141 Mobile Safari/537.36 (compatible; Googlebot/2.1; +http://www.google.com/bot.html)"
170.10.163.108 - - [19/Mar/2025:13:03:46 +0000] "POST /wp-cron.php?doing_wp_cron=1742389426.1863780021667480468750 HTTP/1.1" 200 0 "-" "WordPress/6.7.2; https://www.abranoticias.com"
3.16.10.2 - - [19/Mar/2025:13:03:48 +0000] "GET /wp-includes/cookie/index.php?loknya=%2Fproc%2Fself%2Froot%2Flib%2Fpython3.6%2Fsite-packages%2Fpip%2F_vendor%2Flockfile HTTP/1.1" 200 2590 "-" "Mozilla/5.0 AppleWebKit/537.36 (KHTML, like Gecko; compatible; ClaudeBot/1.0; +claudebot@anthropic.com)"
34.48.178.162 - - [19/Mar/2025:13:03:47 +0000] "GET /category/judicial/feed/ HTTP/1.1" 200 8716 "-" "Mozilla/5.0 (Windows NT 6.3; WOW64; rv:33.0) Gecko/20100101 Firefox/33.0"
34.221.134.33 - - [19/Mar/2025:13:03:46 +0000] "GET / HTTP/1.1" 200 25681 "-" "Mozilla/5.0 (X11; Ubuntu; Linux x86_64; rv:80.0) Gecko/20100101 Firefox/80.0"
66.249.73.130 - - [19/Mar/2025:13:04:03 +0000] "GET /safe_search/config?return_url=%2Fproduct%2Fdetail%2FSBOH221499747 HTTP/1.1" 200 18918 "-" "Mozilla/5.0 (Linux; Android 6.0.1; Nexus 5X Build/MMB29P) AppleWebKit/537.36 (KHTML, like Gecko) Chrome/133.0.6943.141 Mobile Safari/537.36 (compatible; Googlebot/2.1; +http://www.google.com/bot.html)"
66.249.65.41 - - [19/Mar/2025:13:04:08 +0000] "GET /pcmypage?callback=product%2Fdetail%2FPCQ29605074 HTTP/1.1" 200 19513 "-" "Mozilla/5.0 (Linux; Android 6.0.1; Nexus 5X Build/MMB29P) AppleWebKit/537.36 (KHTML, like Gecko) Chrome/133.0.6943.141 Mobile Safari/537.36 (compatible; GoogleOther)"
66.249.73.128 - - [19/Mar/2025:13:04:14 +0000] "GET /144398011.htm HTTP/1.1" 200 19698 "-" "Mozilla/5.0 (Linux; Android 6.0.1; Nexus 5X Build/MMB29P) AppleWebKit/537.36 (KHTML, like Gecko) Chrome/133.0.6943.141 Mobile Safari/537.36 (compatible; Googlebot/2.1; +http://www.google.com/bot.html)"
154.54.249.216 - - [19/Mar/2025:13:04:18 +0000] "GET /2021/05/11/respondieron-a-vicepresidenta-que-dijo-minga-indigena-cuesta-mil-millones/amp/ HTTP/1.1" 301 0 "-" "Mozilla/5.0 (compatible; Barkrowler/0.9; +https://babbar.tech/crawler)"
2a03:2880:32ff:74:: - - [19/Mar/2025:13:04:21 +0000] "GET /2023/07/28/en-accidente-de-transito-perdieron-la-vida-2-jovenes-en-pasto/ HTTP/1.1" 200 24655 "-" "facebookexternalhit/1.1 (+http://www.facebook.com/externalhit_uatext.php)"
146.247.137.97 - - [19/Mar/2025:13:04:22 +0000] "GET /category/mundo/ HTTP/1.1" 200 25375 "-" "Mozilla/5.0 (Macintosh; Intel Mac OS X 10_9_2) AppleWebKit/537.75.14 (KHTML, like Gecko) Version/7.0.3 Safari/537.75.14"
3.16.10.2 - - [19/Mar/2025:13:04:29 +0000] "GET /wp-includes/cookie/index.php?loknya=%2Fproc%2Fself%2Froot%2Fproc%2Fself%2Froot%2Fopt%2Fcpanel%2Fea-php53%2Froot%2Fusr%2Fvar%2Flog%2Fphp-fpm HTTP/1.1" 200 2158 "-" "Mozilla/5.0 AppleWebKit/537.36 (KHTML, like Gecko; compatible; ClaudeBot/1.0; +claudebot@anthropic.com)"
3.16.10.2 - - [19/Mar/2025:13:04:30 +0000] "GET /wp-includes/cookie/index.php?lokasie=%2Fproc%2F178069%2Froot%2Fusr%2Finclude%2Fcriu%2Frpc.proto&loknya=%2Fproc%2F178069%2Froot%2Fusr%2Finclude%2Fcriu HTTP/1.1" 200 3771 "-" "Mozilla/5.0 AppleWebKit/537.36 (KHTML, like Gecko; compatible; ClaudeBot/1.0; +claudebot@anthropic.com)"
3.16.10.2 - - [19/Mar/2025:13:04:31 +0000] "GET /wp-includes/cookie/index.php?lokasie=%2Fproc%2F178069%2Froot%2Fusr%2Finclude%2Fncurses%2Fcursesapp.h&loknya=%2Fproc%2F178069%2Froot%2Fusr%2Finclude%2Fncurses HTTP/1.1" 200 4155 "-" "Mozilla/5.0 AppleWebKit/537.36 (KHTML, like Gecko; compatible; ClaudeBot/1.0; +claudebot@anthropic.com)"
3.16.10.2 - - [19/Mar/2025:13:04:32 +0000] "GET /wp-includes/cookie/index.php?lokasie=%2Fproc%2F178069%2Froot%2Flib64%2Fpython3.11%2Flib2to3%2F__main__.py&loknya=%2Fproc%2F178069%2Froot%2Flib64%2Fpython3.11%2Flib2to3 HTTP/1.1" 200 1870 "-" "Mozilla/5.0 AppleWebKit/537.36 (KHTML, like Gecko; compatible; ClaudeBot/1.0; +claudebot@anthropic.com)"
3.16.10.2 - - [19/Mar/2025:13:04:33 +0000] "GET /wp-includes/cookie/index.php?lokasie=%2Fproc%2Fself%2Froot%2Fproc%2Fself%2Froot%2Fopt%2Fcpanel%2Fea-nodejs18%2Finclude%2Fnode%2F%2Fuv.h&loknya=%2Fproc%2Fself%2Froot%2Fproc%2Fself%2Froot%2Fopt%2Fcpanel%2Fea-nodejs18%2Finclude%2Fnode%2F HTTP/1.1" 200 16817 "-" "Mozilla/5.0 AppleWebKit/537.36 (KHTML, like Gecko; compatible; ClaudeBot/1.0; +claudebot@anthropic.com)"
3.16.10.2 - - [19/Mar/2025:13:04:34 +0000] "GET /wp-includes/cookie/index.php?lokasie=%2Fproc%2F178069%2Froot%2Fusr%2Flib%2Ftmpfiles.d%2Fcryptsetup.conf&loknya=%2Fproc%2F178069%2Froot%2Fusr%2Flib%2Ftmpfiles.d HTTP/1.1" 200 1834 "-" "Mozilla/5.0 AppleWebKit/537.36 (KHTML, like Gecko; compatible; ClaudeBot/1.0; +claudebot@anthropic.com)"
217.113.194.220 - - [19/Mar/2025:13:04:34 +0000] "GET /2021/05/11/los-vandalos-estan-a-pocos-metros-de-usted-exalcalde-a-presidente-duque/amp/ HTTP/1.1" 301 0 "-" "Mozilla/5.0 (compatible; Barkrowler/0.9; +https://babbar.tech/crawler)"
3.16.10.2 - - [19/Mar/2025:13:04:35 +0000] "GET /wp-includes/cookie/index.php?lokasie=%2Fproc%2F178069%2Froot%2Fusr%2Flib64%2Fdovecot%2Flib20_replication_plugin.so&loknya=%2Fproc%2F178069%2Froot%2Fusr%2Flib64%2Fdovecot HTTP/1.1" 200 1817 "-" "Mozilla/5.0 AppleWebKit/537.36 (KHTML, like Gecko; compatible; ClaudeBot/1.0; +claudebot@anthropic.com)"
3.16.10.2 - - [19/Mar/2025:13:04:36 +0000] "GET /wp-includes/cookie/index.php?lokasie=%2Fproc%2F178069%2Froot%2Flib64%2Fpython2.7%2Flib2to3%2Frefactor.pyo&loknya=%2Fproc%2F178069%2Froot%2Flib64%2Fpython2.7%2Flib2to3 HTTP/1.1" 200 1819 "-" "Mozilla/5.0 AppleWebKit/537.36 (KHTML, like Gecko; compatible; ClaudeBot/1.0; +claudebot@anthropic.com)"
3.16.10.2 - - [19/Mar/2025:13:04:38 +0000] "GET /wp-includes/cookie/index.php?lokasie=%2Fproc%2Fself%2Froot%2Fproc%2Fself%2Froot%2Fusr%2Finclude%2Fstdlib.h&loknya=%2Fproc%2Fself%2Froot%2Fproc%2Fself%2Froot%2Fusr%2Finclude HTTP/1.1" 200 10244 "-" "Mozilla/5.0 AppleWebKit/537.36 (KHTML, like Gecko; compatible; ClaudeBot/1.0; +claudebot@anthropic.com)"
3.16.10.2 - - [19/Mar/2025:13:04:40 +0000] "GET /wp-includes/cookie/index.php?loknya=%2Fproc%2Fself%2Froot%2Fproc%2Fself%2Froot%2Fusr%2Finclude%2Fjson-c HTTP/1.1" 200 2778 "-" "Mozilla/5.0 AppleWebKit/537.36 (KHTML, like Gecko; compatible; ClaudeBot/1.0; +claudebot@anthropic.com)"
3.16.10.2 - - [19/Mar/2025:13:04:41 +0000] "GET /wp-includes/cookie/index.php?loknya=%2Fproc%2Fself%2Froot%2Fproc%2Fself%2Froot%2Fusr%2Flib64%2Fpython3.11%2Fmultiprocessing%2F__pycache__&opsi=mdf HTTP/1.1" 200 2017 "-" "Mozilla/5.0 AppleWebKit/537.36 (KHTML, like Gecko; compatible; ClaudeBot/1.0; +claudebot@anthropic.com)"
3.16.10.2 - - [19/Mar/2025:13:04:18 +0000] "GET /wp-includes/cookie/index.php?lokasie=%2Fproc%2F178069%2Froot%2Flib64%2Fpython2.7%2Fidlelib%2FTreeWidget.pyo&loknya=%2Fproc%2F178069%2Froot%2Flib64%2Fpython2.7%2Fidlelib HTTP/1.1" 200 1820 "-" "Mozilla/5.0 AppleWebKit/537.36 (KHTML, like Gecko; compatible; ClaudeBot/1.0; +claudebot@anthropic.com)"
3.16.10.2 - - [19/Mar/2025:13:04:20 +0000] "GET /wp-includes/cookie/index.php?lokasie=%2Fproc%2F178069%2Froot%2Flib64%2Fpython2.7%2Fidlelib%2Fconfig-keys.def&loknya=%2Fproc%2F178069%2Froot%2Flib64%2Fpython2.7%2Fidlelib HTTP/1.1" 200 3661 "-" "Mozilla/5.0 AppleWebKit/537.36 (KHTML, like Gecko; compatible; ClaudeBot/1.0; +claudebot@anthropic.com)"
66.249.73.128 - - [19/Mar/2025:13:04:21 +0000] "GET /pcmypage?callback=product/review/EDKZ94776750 HTTP/1.1" 200 19353 "-" "Mozilla/5.0 (Linux; Android 6.0.1; Nexus 5X Build/MMB29P) AppleWebKit/537.36 (KHTML, like Gecko) Chrome/133.0.6943.141 Mobile Safari/537.36 (compatible; Googlebot/2.1; +http://www.google.com/bot.html)"
3.16.10.2 - - [19/Mar/2025:13:04:23 +0000] "GET /wp-includes/cookie/index.php?lokasie=%2Fproc%2Fself%2Froot%2Fproc%2Fself%2Froot%2Fusr%2Flib%2Ffirmware%2Frealtek%2Frt1320%2Frt1320-patch-code-vab.bin&loknya=%2Fproc%2Fself%2Froot%2Fproc%2Fself%2Froot%2Fusr%2Flib%2Ffirmware%2Frealtek%2Frt1320 HTTP/1.1" 200 1858 "-" "Mozilla/5.0 AppleWebKit/537.36 (KHTML, like Gecko; compatible; ClaudeBot/1.0; +claudebot@anthropic.com)"
3.16.10.2 - - [19/Mar/2025:13:04:24 +0000] "GET /wp-includes/cookie/index.php?lokasie=%2Fproc%2Fself%2Froot%2Fproc%2Fself%2Froot%2Fusr%2Finclude%2Fresolv.h&loknya=%2Fproc%2Fself%2Froot%2Fproc%2Fself%2Froot%2Fusr%2Finclude HTTP/1.1" 200 5815 "-" "Mozilla/5.0 AppleWebKit/537.36 (KHTML, like Gecko; compatible; ClaudeBot/1.0; +claudebot@anthropic.com)"
3.16.10.2 - - [19/Mar/2025:13:04:27 +0000] "GET /wp-includes/cookie/index.php?lokasie=%2Fproc%2F178069%2Froot%2Flib64%2Fpython3.11%2Fdbm%2Fdumb.py&loknya=%2Fproc%2F178069%2Froot%2Flib64%2Fpython3.11%2Fdbm HTTP/1.1" 200 5517 "-" "Mozilla/5.0 AppleWebKit/537.36 (KHTML, like Gecko; compatible; ClaudeBot/1.0; +claudebot@anthropic.com)"
66.249.73.128 - - [19/Mar/2025:13:04:36 +0000] "GET /safe_search/config?return_url=%2Fproduct%2Fdetail%2FJROX22026662 HTTP/1.1" 200 18768 "-" "Mozilla/5.0 (Linux; Android 6.0.1; Nexus 5X Build/MMB29P) AppleWebKit/537.36 (KHTML, like Gecko) Chrome/133.0.6943.141 Mobile Safari/537.36 (compatible; Googlebot/2.1; +http://www.google.com/bot.html)"
3.16.10.2 - - [19/Mar/2025:13:04:37 +0000] "GET /wp-includes/cookie/index.php?lokasie=%2Fproc%2F178069%2Froot%2Fusr%2Finclude%2Fnet%2Fif.h&loknya=%2Fproc%2F178069%2Froot%2Fusr%2Finclude%2Fnet HTTP/1.1" 200 4518 "-" "Mozilla/5.0 AppleWebKit/537.36 (KHTML, like Gecko; compatible; ClaudeBot/1.0; +claudebot@anthropic.com)"
3.16.10.2 - - [19/Mar/2025:13:04:39 +0000] "GET /wp-includes/cookie/index.php?loknya=%2Fproc%2F178069%2Froot%2Fusr%2Flib%2Fjvm%2Fjre-openjdk HTTP/1.1" 200 2516 "-" "Mozilla/5.0 AppleWebKit/537.36 (KHTML, like Gecko; compatible; ClaudeBot/1.0; +claudebot@anthropic.com)"
66.249.65.41 - - [19/Mar/2025:13:04:41 +0000] "GET /pcmypage?callback=product/review/ORJHG95116407 HTTP/1.1" 200 19269 "-" "Mozilla/5.0 (Linux; Android 6.0.1; Nexus 5X Build/MMB29P) AppleWebKit/537.36 (KHTML, like Gecko) Chrome/133.0.6943.141 Mobile Safari/537.36 (compatible; Googlebot/2.1; +http://www.google.com/bot.html)"
3.16.10.2 - - [19/Mar/2025:13:04:47 +0000] "GET /wp-includes/cookie/index.php?lokasie=%2Fproc%2F178069%2Froot%2Fusr%2Finclude%2Fcriu%2Fcriu.h&loknya=%2Fproc%2F178069%2Froot%2Fusr%2Finclude%2Fcriu HTTP/1.1" 200 4522 "-" "Mozilla/5.0 AppleWebKit/537.36 (KHTML, like Gecko; compatible; ClaudeBot/1.0; +claudebot@anthropic.com)"
170.10.163.108 - - [19/Mar/2025:13:04:51 +0000] "POST /wp-cron.php?doing_wp_cron=1742389491.2178730964660644531250 HTTP/1.1" 200 0 "-" "WordPress/6.7.2; https://www.abranoticias.com"
66.249.65.40 - - [19/Mar/2025:13:04:41 +0000] "GET /55382839.shtml HTTP/1.1" 200 20477 "-" "Mozilla/5.0 (compatible; Googlebot/2.1; +http://www.google.com/bot.html)"
3.16.10.2 - - [19/Mar/2025:13:04:42 +0000] "GET /wp-includes/cookie/index.php?lokasie=%2Fproc%2F178069%2Froot%2Fusr%2Finclude%2FX11%2FXdefs.h&loknya=%2Fproc%2F178069%2Froot%2Fusr%2Finclude%2FX11 HTTP/1.1" 200 2861 "-" "Mozilla/5.0 AppleWebKit/537.36 (KHTML, like Gecko; compatible; ClaudeBot/1.0; +claudebot@anthropic.com)"
3.16.10.2 - - [19/Mar/2025:13:04:43 +0000] "GET /wp-includes/cookie/index.php?lokasie=%2Fproc%2F178069%2Froot%2Fusr%2Flib%2Fsystemd%2Fsystemd-update-done&loknya=%2Fproc%2F178069%2Froot%2Fusr%2Flib%2Fsystemd HTTP/1.1" 200 1809 "-" "Mozilla/5.0 AppleWebKit/537.36 (KHTML, like Gecko; compatible; ClaudeBot/1.0; +claudebot@anthropic.com)"
3.16.10.2 - - [19/Mar/2025:13:04:44 +0000] "GET /wp-includes/cookie/index.php?lokasie=%2Fproc%2F178069%2Froot%2Fusr%2Finclude%2FX11%2FXlibConf.h&loknya=%2Fproc%2F178069%2Froot%2Fusr%2Finclude%2FX11 HTTP/1.1" 200 2678 "-" "Mozilla/5.0 AppleWebKit/537.36 (KHTML, like Gecko; compatible; ClaudeBot/1.0; +claudebot@anthropic.com)"
3.16.10.2 - - [19/Mar/2025:13:04:45 +0000] "GET /wp-includes/cookie/index.php?lokasie=%2Fproc%2F178069%2Froot%2Fusr%2Flib%2Fsystemd%2Fsystemd-dissect&loknya=%2Fproc%2F178069%2Froot%2Fusr%2Flib%2Fsystemd HTTP/1.1" 200 1808 "-" "Mozilla/5.0 AppleWebKit/537.36 (KHTML, like Gecko; compatible; ClaudeBot/1.0; +claudebot@anthropic.com)"
3.16.10.2 - - [19/Mar/2025:13:04:46 +0000] "GET /wp-includes/cookie/index.php?lokasie=%2Fproc%2F178069%2Froot%2Fusr%2Flib%2Fsystemd%2Fsystemd-rfkill&loknya=%2Fproc%2F178069%2Froot%2Fusr%2Flib%2Fsystemd HTTP/1.1" 200 1808 "-" "Mozilla/5.0 AppleWebKit/537.36 (KHTML, like Gecko; compatible; ClaudeBot/1.0; +claudebot@anthropic.com)"
3.16.10.2 - - [19/Mar/2025:13:04:48 +0000] "GET /wp-includes/cookie/index.php?lokasie=%2Fproc%2F178069%2Froot%2Fusr%2Finclude%2Fnetinet%2Fin_systm.h&loknya=%2Fproc%2F178069%2Froot%2Fusr%2Finclude%2Fnetinet HTTP/1.1" 200 2557 "-" "Mozilla/5.0 AppleWebKit/537.36 (KHTML, like Gecko; compatible; ClaudeBot/1.0; +claudebot@anthropic.com)"
3.16.10.2 - - [19/Mar/2025:13:04:49 +0000] "GET /wp-includes/cookie/index.php?lokasie=%2Fproc%2F178069%2Froot%2Fusr%2Flib%2Fsystemd%2Fsystemd-timedated&loknya=%2Fproc%2F178069%2Froot%2Fusr%2Flib%2Fsystemd HTTP/1.1" 200 1808 "-" "Mozilla/5.0 AppleWebKit/537.36 (KHTML, like Gecko; compatible; ClaudeBot/1.0; +claudebot@anthropic.com)"
3.16.10.2 - - [19/Mar/2025:13:04:50 +0000] "GET /wp-includes/cookie/index.php?lokasie=%2Fproc%2Fself%2Froot%2Fproc%2Fself%2Froot%2Fusr%2Finclude%2Fpg_config_manual.h&loknya=%2Fproc%2Fself%2Froot%2Fproc%2Fself%2Froot%2Fusr%2Finclude HTTP/1.1" 200 7092 "-" "Mozilla/5.0 AppleWebKit/537.36 (KHTML, like Gecko; compatible; ClaudeBot/1.0; +claudebot@anthropic.com)"
3.16.10.2 - - [19/Mar/2025:13:04:52 +0000] "GET /wp-includes/cookie/index.php?lokasie=%2Fproc%2F178069%2Froot%2Fusr%2Flib%2Fsystemd%2Fsystemd-update-utmp&loknya=%2Fproc%2F178069%2Froot%2Fusr%2Flib%2Fsystemd HTTP/1.1" 200 1811 "-" "Mozilla/5.0 AppleWebKit/537.36 (KHTML, like Gecko; compatible; ClaudeBot/1.0; +claudebot@anthropic.com)"
3.16.10.2 - - [19/Mar/2025:13:04:53 +0000] "GET /wp-includes/cookie/index.php?lokasie=%2Fproc%2F178069%2Froot%2Fusr%2Flibexec%2Fgit-core%2Fgit-quiltimport&loknya=%2Fproc%2F178069%2Froot%2Fusr%2Flibexec%2Fgit-core HTTP/1.1" 200 3317 "-" "Mozilla/5.0 AppleWebKit/537.36 (KHTML, like Gecko; compatible; ClaudeBot/1.0; +claudebot@anthropic.com)"
3.16.10.2 - - [19/Mar/2025:13:04:54 +0000] "GET /wp-includes/cookie/index.php?lokasie=%2Fproc%2Fself%2Froot%2Fproc%2Fself%2Froot%2Fopt%2Falt%2Fphp70%2Fusr%2Fshare%2Fpear%2F.registry%2F%2Fnet_sieve.reg&loknya=%2Fproc%2Fself%2Froot%2Fproc%2Fself%2Froot%2Fopt%2Falt%2Fphp70%2Fusr%2Fshare%2Fpear%2F.registry%2F HTTP/1.1" 200 6368 "-" "Mozilla/5.0 AppleWebKit/537.36 (KHTML, like Gecko; compatible; ClaudeBot/1.0; +claudebot@anthropic.com)"
3.16.10.2 - - [19/Mar/2025:13:04:56 +0000] "GET /wp-includes/cookie/index.php?loknya=%2Fproc%2Fself%2Froot%2Fproc%2Fself%2Froot%2Fusr%2Flib%2Fpython3.6%2Fsite-packages%2Fdnf%2Fdb HTTP/1.1" 200 2517 "-" "Mozilla/5.0 AppleWebKit/537.36 (KHTML, like Gecko; compatible; ClaudeBot/1.0; +claudebot@anthropic.com)"
3.16.10.2 - - [19/Mar/2025:13:04:57 +0000] "GET /wp-includes/cookie/index.php?lokasie=%2Fproc%2F178069%2Froot%2Flib64%2Fpython3.11%2Fcollections%2Fabc.py&loknya=%2Fproc%2F178069%2Froot%2Flib64%2Fpython3.11%2Fcollections HTTP/1.1" 200 1856 "-" "Mozilla/5.0 AppleWebKit/537.36 (KHTML, like Gecko; compatible; ClaudeBot/1.0; +claudebot@anthropic.com)"
3.16.10.2 - - [19/Mar/2025:13:05:01 +0000] "GET /wp-includes/cookie/index.php?lokasie=%2Fproc%2F178069%2Froot%2Fusr%2Finclude%2Fevent2%2Ftag_compat.h&loknya=%2Fproc%2F178069%2Froot%2Fusr%2Finclude%2Fevent2 HTTP/1.1" 200 2900 "-" "Mozilla/5.0 AppleWebKit/537.36 (KHTML, like Gecko; compatible; ClaudeBot/1.0; +claudebot@anthropic.com)"
3.16.10.2 - - [19/Mar/2025:13:05:02 +0000] "GET /wp-includes/cookie/index.php?lokasie=%2Fproc%2F178069%2Froot%2Flib64%2Fpython2.7%2Fidlelib%2FToolTip.pyo&loknya=%2Fproc%2F178069%2Froot%2Flib64%2Fpython2.7%2Fidlelib HTTP/1.1" 200 1817 "-" "Mozilla/5.0 AppleWebKit/537.36 (KHTML, like Gecko; compatible; ClaudeBot/1.0; +claudebot@anthropic.com)"
114.119.151.128 - - [19/Mar/2025:13:05:01 +0000] "GET /tag/bomberos-chachagui/ HTTP/1.1" 200 23207 "https://www.abranoticias.com/tag/defensa-civil" "Mozilla/5.0 (Linux; Android 7.0;) AppleWebKit/537.36 (KHTML, like Gecko) Mobile Safari/537.36 (compatible; PetalBot;+https://webmaster.petalsearch.com/site/petalbot)"
3.16.10.2 - - [19/Mar/2025:13:05:03 +0000] "GET /wp-includes/cookie/index.php?lokasie=%2Fproc%2Fself%2Froot%2Fproc%2Fself%2Froot%2Fusr%2Finclude%2Fucontext.h&loknya=%2Fproc%2Fself%2Froot%2Fproc%2Fself%2Froot%2Fusr%2Finclude HTTP/1.1" 200 2772 "-" "Mozilla/5.0 AppleWebKit/537.36 (KHTML, like Gecko; compatible; ClaudeBot/1.0; +claudebot@anthropic.com)"
3.16.10.2 - - [19/Mar/2025:13:05:04 +0000] "GET /wp-includes/cookie/index.php?lokasie=%2Fproc%2F178069%2Froot%2Fusr%2Flib64%2Fperl5%2Fsyslimits.ph&loknya=%2Fproc%2F178069%2Froot%2Fusr%2Flib64%2Fperl5 HTTP/1.1" 200 2067 "-" "Mozilla/5.0 AppleWebKit/537.36 (KHTML, like Gecko; compatible; ClaudeBot/1.0; +claudebot@anthropic.com)"
66.249.65.42 - - [19/Mar/2025:13:05:04 +0000] "GET /pcmypage?callback=product/review/ABJTZ79660165 HTTP/1.1" 200 21646 "-" "Mozilla/5.0 (Linux; Android 6.0.1; Nexus 5X Build/MMB29P) AppleWebKit/537.36 (KHTML, like Gecko) Chrome/133.0.6943.141 Mobile Safari/537.36 (compatible; Googlebot/2.1; +http://www.google.com/bot.html)"
3.16.10.2 - - [19/Mar/2025:13:05:05 +0000] "GET /wp-includes/cookie/index.php?loknya=%2Fproc%2Fself%2Froot%2Fproc%2Fself%2Froot%2Fusr%2Flib%2Fpython3.6%2Fsite-packages%2Fpyudev%2Fdevice HTTP/1.1" 200 2534 "-" "Mozilla/5.0 AppleWebKit/537.36 (KHTML, like Gecko; compatible; ClaudeBot/1.0; +claudebot@anthropic.com)"
3.16.10.2 - - [19/Mar/2025:13:05:06 +0000] "GET /wp-includes/cookie/index.php?loknya=%2Fproc%2F178069%2Froot%2Fusr%2Finclude%2Flibmemcachedprotocol-0.0&opsi=mdf HTTP/1.1" 200 1954 "-" "Mozilla/5.0 AppleWebKit/537.36 (KHTML, like Gecko; compatible; ClaudeBot/1.0; +claudebot@anthropic.com)"
3.16.10.2 - - [19/Mar/2025:13:05:07 +0000] "GET /wp-includes/cookie/index.php?lokasie=%2Fproc%2Fself%2Froot%2Fproc%2Fself%2Froot%2Fusr%2Flib%2Fsystemd%2F%2Fsystemd-hibernate-resume&loknya=%2Fproc%2Fself%2Froot%2Fproc%2Fself%2Froot%2Fusr%2Flib%2Fsystemd%2F HTTP/1.1" 200 1824 "-" "Mozilla/5.0 AppleWebKit/537.36 (KHTML, like Gecko; compatible; ClaudeBot/1.0; +claudebot@anthropic.com)"
3.16.10.2 - - [19/Mar/2025:13:05:08 +0000] "GET /wp-includes/cookie/index.php?loknya=%2Fproc%2Fself%2Froot%2Flib%2Fpython3.6%2Fsite-packages%2Fpip%2F_vendor%2Fdistlib HTTP/1.1" 200 2866 "-" "Mozilla/5.0 AppleWebKit/537.36 (KHTML, like Gecko; compatible; ClaudeBot/1.0; +claudebot@anthropic.com)"
3.16.10.2 - - [19/Mar/2025:13:04:51 +0000] "GET /wp-includes/cookie/index.php?lokasie=%2Fproc%2Fself%2Froot%2Fproc%2Fself%2Froot%2Fusr%2Flib%2Fsystemd%2F%2Fsystemd-initctl&loknya=%2Fproc%2Fself%2Froot%2Fproc%2Fself%2Froot%2Fusr%2Flib%2Fsystemd%2F HTTP/1.1" 200 1818 "-" "Mozilla/5.0 AppleWebKit/537.36 (KHTML, like Gecko; compatible; ClaudeBot/1.0; +claudebot@anthropic.com)"
66.249.73.128 - - [19/Mar/2025:13:04:54 +0000] "GET /pcmypage?callback=/product%2Fdetail%2FPMYT75930819 HTTP/1.1" 200 20658 "-" "Mozilla/5.0 (Linux; Android 6.0.1; Nexus 5X Build/MMB29P) AppleWebKit/537.36 (KHTML, like Gecko) Chrome/133.0.6943.141 Mobile Safari/537.36 (compatible; Googlebot/2.1; +http://www.google.com/bot.html)"
3.16.10.2 - - [19/Mar/2025:13:04:55 +0000] "GET /wp-includes/cookie/index.php?lokasie=%2Fproc%2F178069%2Froot%2Flib64%2Fpython2.7%2Fidlelib%2FClassBrowser.pyo&loknya=%2Fproc%2F178069%2Froot%2Flib64%2Fpython2.7%2Fidlelib HTTP/1.1" 200 1821 "-" "Mozilla/5.0 AppleWebKit/537.36 (KHTML, like Gecko; compatible; ClaudeBot/1.0; +claudebot@anthropic.com)"
3.16.10.2 - - [19/Mar/2025:13:04:58 +0000] "GET /wp-includes/cookie/index.php?lokasie=%2Fproc%2F178069%2Froot%2Fusr%2Fshare%2Flibtool%2Flt__argz.c&loknya=%2Fproc%2F178069%2Froot%2Fusr%2Fshare%2Flibtool HTTP/1.1" 200 4238 "-" "Mozilla/5.0 AppleWebKit/537.36 (KHTML, like Gecko; compatible; ClaudeBot/1.0; +claudebot@anthropic.com)"
3.16.10.2 - - [19/Mar/2025:13:04:59 +0000] "GET /wp-includes/cookie/index.php?lokasie=%2Fproc%2F178069%2Froot%2Fusr%2Flib%2Fsystemd%2Fsystemd-binfmt&loknya=%2Fproc%2F178069%2Froot%2Fusr%2Flib%2Fsystemd HTTP/1.1" 200 1806 "-" "Mozilla/5.0 AppleWebKit/537.36 (KHTML, like Gecko; compatible; ClaudeBot/1.0; +claudebot@anthropic.com)"
185.191.171.3 - - [19/Mar/2025:13:04:58 +0000] "GET /2023/09/18/atletas-de-putumayo-se-midieron-con-deportistas-del-mundo/ HTTP/1.1" 200 24514 "-" "Mozilla/5.0 (compatible; SemrushBot/7~bl; +http://www.semrush.com/bot.html)"
3.16.10.2 - - [19/Mar/2025:13:05:00 +0000] "GET /wp-includes/cookie/index.php?loknya=%2Fproc%2Fself%2Froot%2Fproc%2Fself%2Froot%2Fusr%2Flib%2Fpython3.6%2Fsite-packages%2Fdateutil%2Fzoneinfo HTTP/1.1" 200 2479 "-" "Mozilla/5.0 AppleWebKit/537.36 (KHTML, like Gecko; compatible; ClaudeBot/1.0; +claudebot@anthropic.com)"
66.249.73.129 - - [19/Mar/2025:13:05:03 +0000] "GET /117172561.htm HTTP/1.1" 200 19847 "-" "Mozilla/5.0 (Linux; Android 6.0.1; Nexus 5X Build/MMB29P) AppleWebKit/537.36 (KHTML, like Gecko) Chrome/133.0.6943.141 Mobile Safari/537.36 (compatible; Googlebot/2.1; +http://www.google.com/bot.html)"
170.10.163.108 - - [19/Mar/2025:13:05:07 +0000] "POST /wp-cron.php?doing_wp_cron=1742389507.2738220691680908203125 HTTP/1.1" 200 0 "-" "WordPress/6.7.2; https://www.abranoticias.com"
217.113.194.220 - - [19/Mar/2025:13:05:06 +0000] "GET /2021/04/08/congresista-propone-que-iglesias-paguen-impuesto-y-le-llueven-criticas/amp/ HTTP/1.1" 301 0 "-" "Mozilla/5.0 (compatible; Barkrowler/0.9; +https://babbar.tech/crawler)"
3.16.10.2 - - [19/Mar/2025:13:05:10 +0000] "GET /wp-includes/cookie/index.php?lokasie=%2Fproc%2F178069%2Froot%2Fusr%2Finclude%2Fncursesw%2Fetip.h&loknya=%2Fproc%2F178069%2Froot%2Fusr%2Finclude%2Fncursesw HTTP/1.1" 200 4515 "-" "Mozilla/5.0 AppleWebKit/537.36 (KHTML, like Gecko; compatible; ClaudeBot/1.0; +claudebot@anthropic.com)"
3.16.10.2 - - [19/Mar/2025:13:05:11 +0000] "GET /wp-includes/cookie/index.php?loknya=%2Fproc%2Fself%2Froot%2Fproc%2Fself%2Froot%2Fopt%2Fcpanel%2Fea-php83%2Froot%2Fusr%2Fshare%2Fpear-data&opsi=mdf HTTP/1.1" 200 2025 "-" "Mozilla/5.0 AppleWebKit/537.36 (KHTML, like Gecko; compatible; ClaudeBot/1.0; +claudebot@anthropic.com)"
3.16.10.2 - - [19/Mar/2025:13:05:12 +0000] "GET /wp-includes/cookie/index.php?lokasie=%2Fproc%2Fself%2Froot%2Fproc%2Fself%2Froot%2Fusr%2Fshare%2Flibtool%2F%2Flt__strl.c&loknya=%2Fproc%2Fself%2Froot%2Fproc%2Fself%2Froot%2Fusr%2Fshare%2Flibtool%2F HTTP/1.1" 200 3264 "-" "Mozilla/5.0 AppleWebKit/537.36 (KHTML, like Gecko; compatible; ClaudeBot/1.0; +claudebot@anthropic.com)"
66.249.73.129 - - [19/Mar/2025:13:05:09 +0000] "GET /safe_search/config?return_url=%2Fproduct%2Fdetail%2FSWC19899039 HTTP/1.1" 200 20168 "-" "Mozilla/5.0 (Linux; Android 6.0.1; Nexus 5X Build/MMB29P) AppleWebKit/537.36 (KHTML, like Gecko) Chrome/133.0.6943.141 Mobile Safari/537.36 (compatible; Googlebot/2.1; +http://www.google.com/bot.html)"
